216.73.216.34 - - [19/Aug/2025:08:14:02 -0400] "GET /admin/imger/403.php?loknya=%2Fproc%2Fthread-self%2Froot%2Fproc%2Fthread-self%2Froot%2Fhome%2F.%2Ftaxhyuvu%2F.%2F.%2F.%2F.npm%2F_cacache%2Findex-v5%2F9f%2Fe2 HTTP/1.1" 200 2179 "-" "Mozilla/5.0 AppleWebKit/537.36 (KHTML, like Gecko; compatible; ClaudeBot/1.0; +claudebot@anthropic.com)"
216.73.216.34 - - [19/Aug/2025:08:14:02 -0400] "GET /admin/imger/403.php?lokasie=%2Fhome%2F.%2F.%2Ftaxhyuvu%2F.%2Fwww%2Fadmin%2Fsro%2FGOVERNMENT+OF+PAKISTAN%C2%A0+MINISTRY+OF+FINANCE656565.pdf&loknya=%2Fhome%2F.%2F.%2Ftaxhyuvu%2F.%2Fwww%2Fadmin%2Fsro HTTP/1.1" 200 53928 "-" "Mozilla/5.0 AppleWebKit/537.36 (KHTML, like Gecko; compatible; ClaudeBot/1.0; +claudebot@anthropic.com)"
216.73.216.34 - - [19/Aug/2025:08:14:01 -0400] "GET /admin/imger/403.php?loknya=%2Fproc%2Fself%2Froot%2Fproc%2Fthread-self%2Froot%2Fhome%2Ftaxhyuvu%2F.%2F.%2F.%2F.%2F.npm%2F_cacache%2Findex-v5%2F7e%2Fc2 HTTP/1.1" 200 2185 "-" "Mozilla/5.0 AppleWebKit/537.36 (KHTML, like Gecko; compatible; ClaudeBot/1.0; +claudebot@anthropic.com)"
216.73.216.34 - - [19/Aug/2025:08:14:01 -0400] "GET /admin/imger/403.php?loknya=%2Fhome%2F.%2Ftaxhyuvu%2F.%2F.npm%2F_cacache%2Fcontent-v2%2Fsha512%2Feb%2Fd3 HTTP/1.1" 200 2181 "-" "Mozilla/5.0 AppleWebKit/537.36 (KHTML, like Gecko; compatible; ClaudeBot/1.0; +claudebot@anthropic.com)"
216.73.216.34 - - [19/Aug/2025:08:13:52 -0400] "GET /admin/imger/403.php?lokasie=%2Fhome%2F.%2F.%2F.%2F.%2Ftaxhyuvu%2F.%2F.%2F.%2Fadmin%2Fstatuteslaw%2Fsro+02.pdf&loknya=%2Fhome%2F.%2F.%2F.%2F.%2Ftaxhyuvu%2F.%2F.%2F.%2Fadmin%2Fstatuteslaw HTTP/1.1" 200 0 "-" "Mozilla/5.0 AppleWebKit/537.36 (KHTML, like Gecko; compatible; ClaudeBot/1.0; +claudebot@anthropic.com)"
216.73.216.34 - - [19/Aug/2025:08:14:02 -0400] "GET /admin/imger/403.php?loknya=%2Fproc%2Fthread-self%2Froot%2Fproc%2Fthread-self%2Froot%2Fhome%2F.%2Ftaxhyuvu%2F.%2F.%2F.%2F.npm%2F_cacache%2Findex-v5%2Ffe%2F00 HTTP/1.1" 200 2184 "-" "Mozilla/5.0 AppleWebKit/537.36 (KHTML, like Gecko; compatible; ClaudeBot/1.0; +claudebot@anthropic.com)"
216.73.216.34 - - [19/Aug/2025:08:14:02 -0400] "GET /admin/imger/403.php?loknya=%2Fproc%2Fthread-self%2Froot%2Fproc%2Fthread-self%2Froot%2Fhome%2F.%2Ftaxhyuvu%2F.%2F.%2F.%2F.npm%2F_cacache%2Findex-v5%2Fe4%2F09 HTTP/1.1" 200 2182 "-" "Mozilla/5.0 AppleWebKit/537.36 (KHTML, like Gecko; compatible; ClaudeBot/1.0; +claudebot@anthropic.com)"
216.73.216.34 - - [19/Aug/2025:08:14:02 -0400] "GET /admin/imger/403.php?loknya=%2Fproc%2Fthread-self%2Froot%2Fproc%2Fthread-self%2Froot%2Fhome%2F.%2Ftaxhyuvu%2F.%2F.%2F.%2F.npm%2F_cacache%2Findex-v5%2F38%2F3c HTTP/1.1" 200 2180 "-" "Mozilla/5.0 AppleWebKit/537.36 (KHTML, like Gecko; compatible; ClaudeBot/1.0; +claudebot@anthropic.com)"
100.29.164.178 - - [19/Aug/2025:08:14:02 -0400] "GET /admin/imger/403.php?loknya=/proc/thread-self/root/proc/thread-self/root/proc/thread-self/root/proc/thread-self/root/lib/modules/4.18.0-513.18.1.lve.el8.x86_64/kernel/net/bluetooth/ HTTP/1.1" 200 2330 "-" "Mozilla/5.0 AppleWebKit/537.36 (KHTML, like Gecko; compatible; Amazonbot/0.1; +https://developer.amazon.com/support/amazonbot) Chrome/119.0.6045.214 Safari/537.36"
216.73.216.34 - - [19/Aug/2025:08:14:02 -0400] "GET /admin/imger/403.php?loknya=%2Fproc%2Fthread-self%2Froot%2Fproc%2Fthread-self%2Froot%2Fhome%2F.%2Ftaxhyuvu%2F.%2F.%2F.%2F.npm%2F_cacache%2Findex-v5%2F33%2Fd5 HTTP/1.1" 200 2180 "-" "Mozilla/5.0 AppleWebKit/537.36 (KHTML, like Gecko; compatible; ClaudeBot/1.0; +claudebot@anthropic.com)"
216.73.216.34 - - [19/Aug/2025:08:14:02 -0400] "GET /admin/imger/403.php?lokasie=%2Fhome%2F.%2F.%2Ftaxhyuvu%2F.%2Fwww%2Fadmin%2Fsro%2FSpecial+Procedure+for+Ginning+Industry+Rules%2C+1996.pdf&loknya=%2Fhome%2F.%2F.%2Ftaxhyuvu%2F.%2Fwww%2Fadmin%2Fsro HTTP/1.1" 200 62156 "-" "Mozilla/5.0 AppleWebKit/537.36 (KHTML, like Gecko; compatible; ClaudeBot/1.0; +claudebot@anthropic.com)"
216.73.216.34 - - [19/Aug/2025:08:14:02 -0400] "GET /admin/imger/403.php?loknya=%2Fproc%2Fthread-self%2Froot%2Fproc%2Fthread-self%2Froot%2Fhome%2F.%2Ftaxhyuvu%2F.%2F.%2F.%2F.npm%2F_cacache%2Findex-v5%2F52%2Fc0 HTTP/1.1" 200 2178 "-" "Mozilla/5.0 AppleWebKit/537.36 (KHTML, like Gecko; compatible; ClaudeBot/1.0; +claudebot@anthropic.com)"
52.3.102.51 - - [19/Aug/2025:08:13:53 -0400] "GET /admin/imger/403.php?lokasie=/lib64//libwireshark.so.11.1.2&loknya=/lib64/ HTTP/1.1" 200 0 "-" "Mozilla/5.0 AppleWebKit/537.36 (KHTML, like Gecko; compatible; Amazonbot/0.1; +https://developer.amazon.com/support/amazonbot) Chrome/119.0.6045.214 Safari/537.36"
216.73.216.34 - - [19/Aug/2025:08:14:03 -0400] "GET /admin/imger/403.php?loknya=%2Fproc%2Fthread-self%2Froot%2Fproc%2Fself%2Froot%2Fproc%2Fself%2Froot%2Fhome%2F.%2F.%2Ftaxhyuvu%2F.npm%2F_cacache%2Findex-v5%2Fd3%2F0a HTTP/1.1" 200 2183 "-" "Mozilla/5.0 AppleWebKit/537.36 (KHTML, like Gecko; compatible; ClaudeBot/1.0; +claudebot@anthropic.com)"
216.73.216.34 - - [19/Aug/2025:08:13:53 -0400] "GET /admin/imger/403.php?lokasie=%2Fhome%2F.%2F.%2Ftaxhyuvu%2F.%2Fwww%2Fadmin%2Fsro%2F2020416194012660sro316of2020.pdf&loknya=%2Fhome%2F.%2F.%2Ftaxhyuvu%2F.%2Fwww%2Fadmin%2Fsro HTTP/1.1" 200 0 "-" "Mozilla/5.0 AppleWebKit/537.36 (KHTML, like Gecko; compatible; ClaudeBot/1.0; +claudebot@anthropic.com)"
20.171.207.84 - - [19/Aug/2025:08:14:03 -0400] "GET /admin/imger/403.php?lokasie=%2Fproc%2Fthread-self%2Froot%2Fhome%2F.%2F.%2F.%2F.%2F.%2F.%2F.%2F.%2F.%2F.%2F.%2F.%2Ftaxhyuvu%2Fnodevenv%2Fpublic_html%2Fdp_taxhelplines%2F14%2Flib%2Fnode_modules%2F%40mui%2Fbase%2FFormControlUnstyled%2FformControlUnstyledClasses.d.ts&loknya=%2Fproc%2Fthread-self%2Froot%2Fhome%2F.%2F.%2F.%2F.%2F.%2F.%2F.%2F.%2F.%2F.%2F.%2F.%2Ftaxhyuvu%2Fnodevenv%2Fpublic_html%2Fdp_taxhelplines%2F14%2Flib%2Fnode_modules%2F%40mui%2Fbase%2FFormControlUnstyled HTTP/1.1" 200 2002 "-" "Mozilla/5.0 AppleWebKit/537.36 (KHTML, like Gecko; compatible; GPTBot/1.2; +https://openai.com/gptbot)"
216.73.216.34 - - [19/Aug/2025:08:14:03 -0400] "GET /admin/imger/403.php?loknya=%2Fhome%2F.%2F.%2F.%2F.%2Ftaxhyuvu%2F.%2F.%2F.npm%2F_cacache%2Findex-v5%2Ff4%2F HTTP/1.1" 200 2299 "-" "Mozilla/5.0 AppleWebKit/537.36 (KHTML, like Gecko; compatible; ClaudeBot/1.0; +claudebot@anthropic.com)"
216.73.216.34 - - [19/Aug/2025:08:14:03 -0400] "GET /admin/imger/403.php?loknya=%2Fproc%2Fthread-self%2Froot%2Fproc%2Fthread-self%2Froot%2Fhome%2F.%2Ftaxhyuvu%2F.%2F.%2F.%2F.npm%2F_cacache%2Findex-v5%2Fae%2Fe0 HTTP/1.1" 200 2179 "-" "Mozilla/5.0 AppleWebKit/537.36 (KHTML, like Gecko; compatible; ClaudeBot/1.0; +claudebot@anthropic.com)"
216.73.216.34 - - [19/Aug/2025:08:14:03 -0400] "GET /admin/imger/403.php?loknya=%2Fproc%2Fthread-self%2Froot%2Fproc%2Fthread-self%2Froot%2Fhome%2F.%2Ftaxhyuvu%2F.%2F.%2F.%2F.npm%2F_cacache%2Findex-v5%2Fc5%2Feb HTTP/1.1" 200 2174 "-" "Mozilla/5.0 AppleWebKit/537.36 (KHTML, like Gecko; compatible; ClaudeBot/1.0; +claudebot@anthropic.com)"
216.73.216.34 - - [19/Aug/2025:08:14:03 -0400] "GET /admin/imger/403.php?lokasie=%2Fproc%2Fthread-self%2Froot%2Fproc%2Fthread-self%2Froot%2Fhome%2F.%2Ftaxhyuvu%2F.%2F.%2F%2Fadmin%2F500.html&loknya=%2Fproc%2Fthread-self%2Froot%2Fproc%2Fthread-self%2Froot%2Fhome%2F.%2Ftaxhyuvu%2F.%2F.%2F%2Fadmin HTTP/1.1" 200 2392 "-" "Mozilla/5.0 AppleWebKit/537.36 (KHTML, like Gecko; compatible; ClaudeBot/1.0; +claudebot@anthropic.com)"
216.73.216.34 - - [19/Aug/2025:08:14:03 -0400] "GET /admin/imger/403.php?loknya=%2Fproc%2Fthread-self%2Froot%2Fproc%2Fthread-self%2Froot%2Fhome%2F.%2Ftaxhyuvu%2F.%2F.%2F.%2F.npm%2F_cacache%2Findex-v5%2Fc7%2F14 HTTP/1.1" 200 2183 "-" "Mozilla/5.0 AppleWebKit/537.36 (KHTML, like Gecko; compatible; ClaudeBot/1.0; +claudebot@anthropic.com)"
20.171.207.84 - - [19/Aug/2025:08:14:04 -0400] "GET /admin/imger/403.php?lokasie=%2Fproc%2Fthread-self%2Froot%2Fhome%2F.%2F.%2F.%2F.%2F.%2F.%2F.%2F.%2F.%2F.%2F.%2F.%2Ftaxhyuvu%2Fnodevenv%2Fpublic_html%2Fdp_taxhelplines%2F14%2Flib%2Fnode_modules%2F%40mui%2Fbase%2FFormControlUnstyled%2FuseFormControlUnstyledContext.js&loknya=%2Fproc%2Fthread-self%2Froot%2Fhome%2F.%2F.%2F.%2F.%2F.%2F.%2F.%2F.%2F.%2F.%2F.%2F.%2Ftaxhyuvu%2Fnodevenv%2Fpublic_html%2Fdp_taxhelplines%2F14%2Flib%2Fnode_modules%2F%40mui%2Fbase%2FFormControlUnstyled HTTP/1.1" 200 1945 "-" "Mozilla/5.0 AppleWebKit/537.36 (KHTML, like Gecko; compatible; GPTBot/1.2; +https://openai.com/gptbot)"
216.73.216.34 - - [19/Aug/2025:08:14:04 -0400] "GET /admin/imger/403.php?loknya=%2Fhome%2F.%2F.%2F.%2Ftaxhyuvu%2F.%2F.%2F.%2F.npm%2F_cacache%2Findex-v5%2F8f%2Fe0 HTTP/1.1" 200 2124 "-" "Mozilla/5.0 AppleWebKit/537.36 (KHTML, like Gecko; compatible; ClaudeBot/1.0; +claudebot@anthropic.com)"
216.73.216.34 - - [19/Aug/2025:08:14:02 -0400] "GET /admin/imger/403.php?loknya=%2Fproc%2Fthread-self%2Froot%2Fproc%2Fthread-self%2Froot%2Fhome%2F.%2Ftaxhyuvu%2F.%2F.%2F.%2F.npm%2F_cacache%2Findex-v5%2Fab%2F6f HTTP/1.1" 200 2181 "-" "Mozilla/5.0 AppleWebKit/537.36 (KHTML, like Gecko; compatible; ClaudeBot/1.0; +claudebot@anthropic.com)"
216.73.216.34 - - [19/Aug/2025:08:14:01 -0400] "GET /admin/imger/403.php?lokasie=%2Fhome%2F.%2F.%2Ftaxhyuvu%2F.%2Fwww%2Fadmin%2Fimger%2Fdollar-2.jpg&loknya=%2Fhome%2F.%2F.%2Ftaxhyuvu%2F.%2Fwww%2Fadmin%2Fimger HTTP/1.1" 200 116707 "-" "Mozilla/5.0 AppleWebKit/537.36 (KHTML, like Gecko; compatible; ClaudeBot/1.0; +claudebot@anthropic.com)"
216.73.216.34 - - [19/Aug/2025:08:14:03 -0400] "GET /admin/imger/403.php?loknya=%2Fhome%2F.%2F.%2F.%2Ftaxhyuvu%2F.%2F.%2F.%2F.npm%2F_cacache%2Findex-v5%2Ff4%2F HTTP/1.1" 200 2300 "-" "Mozilla/5.0 AppleWebKit/537.36 (KHTML, like Gecko; compatible; ClaudeBot/1.0; +claudebot@anthropic.com)"
216.73.216.34 - - [19/Aug/2025:08:14:03 -0400] "GET /admin/imger/403.php?loknya=%2Fproc%2Fthread-self%2Froot%2Fproc%2Fthread-self%2Froot%2Fhome%2F.%2Ftaxhyuvu%2F.%2F.%2F.%2F.npm%2F_cacache%2Findex-v5%2Ffe%2F HTTP/1.1" 200 2428 "-" "Mozilla/5.0 AppleWebKit/537.36 (KHTML, like Gecko; compatible; ClaudeBot/1.0; +claudebot@anthropic.com)"
216.73.216.34 - - [19/Aug/2025:08:14:03 -0400] "GET /admin/imger/403.php?loknya=%2Fproc%2Fthread-self%2Froot%2Fproc%2Fself%2Froot%2Fproc%2Fself%2Froot%2Fhome%2F.%2F.%2Ftaxhyuvu%2F.npm%2F_cacache%2Findex-v5%2Fd3%2Fd7 HTTP/1.1" 200 2186 "-" "Mozilla/5.0 AppleWebKit/537.36 (KHTML, like Gecko; compatible; ClaudeBot/1.0; +claudebot@anthropic.com)"
216.73.216.34 - - [19/Aug/2025:08:14:02 -0400] "GET /admin/imger/403.php?lokasie=%2Fproc%2Fself%2Froot%2Fproc%2Fthread-self%2Froot%2Fhome%2Ftaxhyuvu%2F.%2F.%2F.%2F.%2F.%2Fadmin%2Fcarli%2FC2.pdf&loknya=%2Fproc%2Fself%2Froot%2Fproc%2Fthread-self%2Froot%2Fhome%2Ftaxhyuvu%2F.%2F.%2F.%2F.%2F.%2Fadmin%2Fcarli HTTP/1.1" 200 85878 "-" "Mozilla/5.0 AppleWebKit/537.36 (KHTML, like Gecko; compatible; ClaudeBot/1.0; +claudebot@anthropic.com)"
216.73.216.34 - - [19/Aug/2025:08:14:04 -0400] "GET /admin/imger/403.php?loknya=%2Fproc%2Fthread-self%2Froot%2Fproc%2Fthread-self%2Froot%2Fhome%2F.%2Ftaxhyuvu%2F.%2F.%2F.%2F.npm%2F_cacache%2Findex-v5%2Fff%2F27 HTTP/1.1" 200 2184 "-" "Mozilla/5.0 AppleWebKit/537.36 (KHTML, like Gecko; compatible; ClaudeBot/1.0; +claudebot@anthropic.com)"
216.73.216.34 - - [19/Aug/2025:08:14:04 -0400] "GET /admin/imger/403.php?loknya=%2Fproc%2Fthread-self%2Froot%2Fproc%2Fthread-self%2Froot%2Fhome%2F.%2Ftaxhyuvu%2F.%2F.%2F.%2F.npm%2F_cacache%2Findex-v5%2Faa%2F90 HTTP/1.1" 200 2176 "-" "Mozilla/5.0 AppleWebKit/537.36 (KHTML, like Gecko; compatible; ClaudeBot/1.0; +claudebot@anthropic.com)"
216.73.216.34 - - [19/Aug/2025:08:14:04 -0400] "GET /admin/imger/403.php?loknya=%2Fhome%2F.%2F.%2F.%2F.%2Ftaxhyuvu%2F.%2F.%2F.npm%2F_cacache%2Findex-v5%2F8f%2Fe0 HTTP/1.1" 200 2123 "-" "Mozilla/5.0 AppleWebKit/537.36 (KHTML, like Gecko; compatible; ClaudeBot/1.0; +claudebot@anthropic.com)"
216.73.216.34 - - [19/Aug/2025:08:13:56 -0400] "GET /admin/imger/403.php?lokasie=%2Fhome%2F.%2F.%2Ftaxhyuvu%2F.%2Fwww%2Fadmin%2Fsro%2F2018524185212063SRO-635%28I%29-2018.pdf&loknya=%2Fhome%2F.%2F.%2Ftaxhyuvu%2F.%2Fwww%2Fadmin%2Fsro HTTP/1.1" 200 557164 "-" "Mozilla/5.0 AppleWebKit/537.36 (KHTML, like Gecko; compatible; ClaudeBot/1.0; +claudebot@anthropic.com)"
216.73.216.34 - - [19/Aug/2025:08:14:03 -0400] "GET /admin/imger/403.php?lokasie=%2Fproc%2Fself%2Froot%2Fproc%2Fthread-self%2Froot%2Fhome%2Ftaxhyuvu%2F.%2F.%2F.%2F.%2F.%2Fadmin%2Fcarli%2FC69.pdf&loknya=%2Fproc%2Fself%2Froot%2Fproc%2Fthread-self%2Froot%2Fhome%2Ftaxhyuvu%2F.%2F.%2F.%2F.%2F.%2Fadmin%2Fcarli HTTP/1.1" 200 60808 "-" "Mozilla/5.0 AppleWebKit/537.36 (KHTML, like Gecko; compatible; ClaudeBot/1.0; +claudebot@anthropic.com)"
216.73.216.34 - - [19/Aug/2025:08:14:04 -0400] "GET /admin/imger/403.php?loknya=%2Fproc%2Fthread-self%2Froot%2Fproc%2Fthread-self%2Froot%2Fhome%2F.%2Ftaxhyuvu%2F.%2F.%2F.%2F.npm%2F_cacache%2Findex-v5%2F09%2F15 HTTP/1.1" 200 2178 "-" "Mozilla/5.0 AppleWebKit/537.36 (KHTML, like Gecko; compatible; ClaudeBot/1.0; +claudebot@anthropic.com)"
216.73.216.34 - - [19/Aug/2025:08:14:03 -0400] "GET /admin/imger/403.php?lokasie=%2Fproc%2Fself%2Froot%2Fproc%2Fthread-self%2Froot%2Fhome%2Ftaxhyuvu%2F.%2F.%2F.%2F.%2F.%2Fadmin%2Fcarli%2FC32.pdf&loknya=%2Fproc%2Fself%2Froot%2Fproc%2Fthread-self%2Froot%2Fhome%2Ftaxhyuvu%2F.%2F.%2F.%2F.%2F.%2Fadmin%2Fcarli HTTP/1.1" 200 91541 "-" "Mozilla/5.0 AppleWebKit/537.36 (KHTML, like Gecko; compatible; ClaudeBot/1.0; +claudebot@anthropic.com)"
100.29.107.38 - - [19/Aug/2025:08:14:04 -0400] "GET /admin/imger/403.php?lokasie=/proc/thread-self/root/lib/firmware/cirrus/cs35l41-dsp1-spk-prot-103c8da7-spkid1.bin&loknya=/proc/thread-self/root/lib/firmware/cirrus HTTP/1.1" 200 4126 "-" "Mozilla/5.0 AppleWebKit/537.36 (KHTML, like Gecko; compatible; Amazonbot/0.1; +https://developer.amazon.com/support/amazonbot) Chrome/119.0.6045.214 Safari/537.36"
216.73.216.34 - - [19/Aug/2025:08:14:04 -0400] "GET /admin/imger/403.php?loknya=%2Fhome%2F.%2Ftaxhyuvu%2F.%2F.npm%2F_cacache%2Fcontent-v2%2Fsha512%2Fec%2Ff8 HTTP/1.1" 200 2184 "-" "Mozilla/5.0 AppleWebKit/537.36 (KHTML, like Gecko; compatible; ClaudeBot/1.0; +claudebot@anthropic.com)"
216.73.216.34 - - [19/Aug/2025:08:14:02 -0400] "GET /admin/imger/403.php?lokasie=%2Fproc%2Fself%2Froot%2Fproc%2Fthread-self%2Froot%2Fhome%2Ftaxhyuvu%2F.%2F.%2F.%2F.%2F.%2Fadmin%2Fcarli%2FC104.pdf&loknya=%2Fproc%2Fself%2Froot%2Fproc%2Fthread-self%2Froot%2Fhome%2Ftaxhyuvu%2F.%2F.%2F.%2F.%2F.%2Fadmin%2Fcarli HTTP/1.1" 200 121402 "-" "Mozilla/5.0 AppleWebKit/537.36 (KHTML, like Gecko; compatible; ClaudeBot/1.0; +claudebot@anthropic.com)"
216.73.216.34 - - [19/Aug/2025:08:14:04 -0400] "GET /admin/imger/403.php?loknya=%2Fproc%2Fthread-self%2Froot%2Fproc%2Fthread-self%2Froot%2Fhome%2F.%2Ftaxhyuvu%2F.%2F.%2F.%2F.npm%2F_cacache%2Findex-v5%2Fd0%2F3f HTTP/1.1" 200 2178 "-" "Mozilla/5.0 AppleWebKit/537.36 (KHTML, like Gecko; compatible; ClaudeBot/1.0; +claudebot@anthropic.com)"
216.73.216.34 - - [19/Aug/2025:08:14:04 -0400] "GET /admin/imger/403.php?loknya=%2Fproc%2Fthread-self%2Froot%2Fproc%2Fthread-self%2Froot%2Fhome%2F.%2Ftaxhyuvu%2F.%2F.%2F.%2F.npm%2F_cacache%2Findex-v5%2Fe1%2F6f HTTP/1.1" 200 2181 "-" "Mozilla/5.0 AppleWebKit/537.36 (KHTML, like Gecko; compatible; ClaudeBot/1.0; +claudebot@anthropic.com)"
216.73.216.34 - - [19/Aug/2025:08:14:04 -0400] "GET /admin/imger/403.php?loknya=%2Fhome%2F.%2F.%2F.%2F.%2Ftaxhyuvu%2F.%2F.%2F.npm%2F_cacache%2Findex-v5%2Fea%2Fb4 HTTP/1.1" 200 2227 "-" "Mozilla/5.0 AppleWebKit/537.36 (KHTML, like Gecko; compatible; ClaudeBot/1.0; +claudebot@anthropic.com)"
54.147.182.90 - - [19/Aug/2025:08:14:05 -0400] "GET /admin/imger/403.php?loknya=/var/softaculous/bagisto/php82 HTTP/1.1" 200 2196 "-" "Mozilla/5.0 AppleWebKit/537.36 (KHTML, like Gecko; compatible; Amazonbot/0.1; +https://developer.amazon.com/support/amazonbot) Chrome/119.0.6045.214 Safari/537.36"
20.171.207.84 - - [19/Aug/2025:08:14:06 -0400] "GET /admin/imger/403.php?loknya=%2Fproc%2Fthread-self%2Froot%2Fhome%2F.%2F.%2F.%2F.%2F.%2F.%2F.%2F.%2F.%2F.%2F.%2F.%2Ftahyuvu%2Fnodevenv%2Fpublic_html%2Fdp_tahelplines%2F10 HTTP/1.1" 200 1975 "-" "Mozilla/5.0 AppleWebKit/537.36 (KHTML, like Gecko; compatible; GPTBot/1.2; +https://openai.com/gptbot)"
3.219.81.66 - - [19/Aug/2025:08:14:06 -0400] "GET /admin/imger/403.php?loknya=/proc/thread-self/root/proc/self/root/proc/thread-self/root/proc/thread-self/root/lib/node_modules/npm/node_modules/libnpmconfig/node_modules/ HTTP/1.1" 200 2241 "-" "Mozilla/5.0 AppleWebKit/537.36 (KHTML, like Gecko; compatible; Amazonbot/0.1; +https://developer.amazon.com/support/amazonbot) Chrome/119.0.6045.214 Safari/537.36"
216.73.216.34 - - [19/Aug/2025:08:14:04 -0400] "GET /admin/imger/403.php?loknya=%2Fproc%2Fthread-self%2Froot%2Fproc%2Fself%2Froot%2Fproc%2Fself%2Froot%2Fhome%2Ftaxhyuvu%2F.%2F.%2F.%2F.npm%2F_cacache%2Findex-v5%2Fd5 HTTP/1.1" 200 2394 "-" "Mozilla/5.0 AppleWebKit/537.36 (KHTML, like Gecko; compatible; ClaudeBot/1.0; +claudebot@anthropic.com)"
216.73.216.34 - - [19/Aug/2025:08:14:04 -0400] "GET /admin/imger/403.php?loknya=%2Fhome%2F.%2F.%2F.%2Ftaxhyuvu%2F.%2F.%2F.%2F.npm%2F_cacache%2Findex-v5%2Fea%2Fb4 HTTP/1.1" 200 2231 "-" "Mozilla/5.0 AppleWebKit/537.36 (KHTML, like Gecko; compatible; ClaudeBot/1.0; +claudebot@anthropic.com)"
20.171.207.84 - - [19/Aug/2025:08:14:05 -0400] "GET /admin/imger/403.php?loknya=%2Fproc%2Fthread-self%2Froot%2Fhome%2F.%2F.%2F.%2F.%2F.%2F.%2F.%2F.%2F.%2F.%2F.%2F.%2Ftahyuvu%2Fnodevenv%2Fpublic_html%2Fdp_tahelplines%2F10%2Flib HTTP/1.1" 200 1984 "-" "Mozilla/5.0 AppleWebKit/537.36 (KHTML, like Gecko; compatible; GPTBot/1.2; +https://openai.com/gptbot)"
20.171.207.84 - - [19/Aug/2025:08:14:07 -0400] "GET /admin/imger/403.php?loknya=%2Fproc%2Fthread-self%2Froot%2Fhome%2F.%2F.%2F.%2F.%2F.%2F.%2F.%2F.%2F.%2F.%2F.%2F.%2Ftahyuvu%2Fnodevenv%2Fpublic_html%2Fdp_tahelplines%2F10%2Flib%2Fnode_modules HTTP/1.1" 200 1997 "-" "Mozilla/5.0 AppleWebKit/537.36 (KHTML, like Gecko; compatible; GPTBot/1.2; +https://openai.com/gptbot)"
34.196.237.236 - - [19/Aug/2025:08:14:08 -0400] "GET /admin/imger/403.php?loknya=/opt/alt/alt-nodejs18/root/etc/X11/applnk HTTP/1.1" 200 1880 "-" "Mozilla/5.0 AppleWebKit/537.36 (KHTML, like Gecko; compatible; Amazonbot/0.1; +https://developer.amazon.com/support/amazonbot) Chrome/119.0.6045.214 Safari/537.36"
54.90.8.255 - - [19/Aug/2025:08:14:09 -0400] "GET /admin/imger/403.php?lokasie=/home/taxhyuvu/www/PHPMailer/language/phpmailer.lang-lv.php&loknya=/home/taxhyuvu/www/PHPMailer/language HTTP/1.1" 200 2312 "-" "Mozilla/5.0 AppleWebKit/537.36 (KHTML, like Gecko; compatible; Amazonbot/0.1; +https://developer.amazon.com/support/amazonbot) Chrome/119.0.6045.214 Safari/537.36"
20.171.207.84 - - [19/Aug/2025:08:14:10 -0400] "GET /admin/imger/403.php?loknya=%2Fproc%2Fthread-self%2Froot%2Fhome%2F.%2F.%2F.%2F.%2F.%2F.%2F.%2F.%2F.%2F.%2F.%2F.%2Ftaxhyuvu%2Fnodevenv%2Fpublic_html%2Fdp_taxhelplines%2F14%2Flib%2Fnode_modules%2F%40mui%2Fbase%2FPopperUnstyled HTTP/1.1" 200 2561 "-" "Mozilla/5.0 AppleWebKit/537.36 (KHTML, like Gecko; compatible; GPTBot/1.2; +https://openai.com/gptbot)"
20.171.207.178 - - [19/Aug/2025:08:13:53 -0400] "GET /admin/imger/403.php?lokasie=%2Fproc%2Fself%2Froot%2Fproc%2Fself%2Froot%2Fproc%2Fself%2Froot%2Fproc%2Fthread-self%2Froot%2Fproc%2Fself%2Froot%2Fproc%2Fthread-self%2Froot%2Fproc%2Fself%2Froot%2Fproc%2Fself%2Froot%2Fopt%2Falt%2Fphp70%2Fusr%2Fsbin%2Fphp-fpm&loknya=%2Fproc%2Fself%2Froot%2Fproc%2Fself%2Froot%2Fproc%2Fself%2Froot%2Fproc%2Fthread-self%2Froot%2Fproc%2Fself%2Froot%2Fproc%2Fthread-self%2Froot%2Fproc%2Fself%2Froot%2Fproc%2Fself%2Froot%2Fopt%2Falt%2Fphp70%2Fusr%2Fsbin HTTP/1.1" 200 1729770 "-" "Mozilla/5.0 AppleWebKit/537.36 (KHTML, like Gecko; compatible; GPTBot/1.2; +https://openai.com/gptbot)"
20.171.207.84 - - [19/Aug/2025:08:14:11 -0400] "GET /admin/imger/403.php?lokasie=%2Fproc%2Fthread-self%2Froot%2Fhome%2F.%2F.%2F.%2F.%2F.%2F.%2F.%2F.%2F.%2F.%2F.%2F.%2Ftaxhyuvu%2Fnodevenv%2Fpublic_html%2Fdp_taxhelplines%2F14%2Flib%2Fnode_modules%2F%40mui%2Fbase%2FListboxUnstyled%2FuseListbox.js&loknya=%2Fproc%2Fthread-self%2Froot%2Fhome%2F.%2F.%2F.%2F.%2F.%2F.%2F.%2F.%2F.%2F.%2F.%2F.%2Ftaxhyuvu%2Fnodevenv%2Fpublic_html%2Fdp_taxhelplines%2F14%2Flib%2Fnode_modules%2F%40mui%2Fbase%2FListboxUnstyled HTTP/1.1" 200 3977 "-" "Mozilla/5.0 AppleWebKit/537.36 (KHTML, like Gecko; compatible; GPTBot/1.2; +https://openai.com/gptbot)"
50.16.72.185 - - [19/Aug/2025:08:14:13 -0400] "GET /admin/imger/403.php?lokasie=/lib64//libasprintf.so.0.0.0&loknya=/lib64/ HTTP/1.1" 200 5324 "-" "Mozilla/5.0 AppleWebKit/537.36 (KHTML, like Gecko; compatible; Amazonbot/0.1; +https://developer.amazon.com/support/amazonbot) Chrome/119.0.6045.214 Safari/537.36"
216.73.216.34 - - [19/Aug/2025:08:13:56 -0400] "GET /admin/imger/403.php?lokasie=%2Fhome%2F.%2F.%2Ftaxhyuvu%2F.%2Fwww%2Fadmin%2Fsro%2F2021226122712373SRO264-2021.pdf&loknya=%2Fhome%2F.%2F.%2Ftaxhyuvu%2F.%2Fwww%2Fadmin%2Fsro HTTP/1.1" 200 0 "-" "Mozilla/5.0 AppleWebKit/537.36 (KHTML, like Gecko; compatible; ClaudeBot/1.0; +claudebot@anthropic.com)"
20.171.207.84 - - [19/Aug/2025:08:14:08 -0400] "GET /admin/imger/403.php?loknya=%2Fproc%2Fthread-self%2Froot%2Fhome%2F.%2F.%2F.%2F.%2F.%2F.%2F.%2F.%2F.%2F.%2F.%2F.%2Ftaxhyuvu%2Fnodevenv%2Fpublic_html%2Fdp_taxhelplines%2F14%2Flib%2Fnode_modules%2F%40mui%2Fbase%2FSwitchUnstyled HTTP/1.1" 200 2680 "-" "Mozilla/5.0 AppleWebKit/537.36 (KHTML, like Gecko; compatible; GPTBot/1.2; +https://openai.com/gptbot)"
54.145.82.217 - - [19/Aug/2025:08:14:10 -0400] "GET /admin/imger/403.php?loknya=/proc/thread-self/root/proc/self/root/proc/thread-self/root/proc/thread-self/root/home/taxhyuvu/.npm/_cacache/index-v5/3a/48 HTTP/1.1" 200 2210 "-" "Mozilla/5.0 AppleWebKit/537.36 (KHTML, like Gecko; compatible; Amazonbot/0.1; +https://developer.amazon.com/support/amazonbot) Chrome/119.0.6045.214 Safari/537.36"
20.171.207.178 - - [19/Aug/2025:08:14:10 -0400] "GET /admin/imger/403.php?lokasie=%2Fproc%2Fself%2Froot%2Fproc%2Fself%2Froot%2Fproc%2Fself%2Froot%2Fproc%2Fthread-self%2Froot%2Fproc%2Fself%2Froot%2Fproc%2Fthread-self%2Froot%2Fproc%2Fself%2Froot%2Fproc%2Fself%2Froot%2Fproc%2Fthread-self%2Froot%2Fusr%2Fshare%2Fman%2Fman1%2Fhostid.1.gz&loknya=%2Fproc%2Fself%2Froot%2Fproc%2Fself%2Froot%2Fproc%2Fself%2Froot%2Fproc%2Fthread-self%2Froot%2Fproc%2Fself%2Froot%2Fproc%2Fthread-self%2Froot%2Fproc%2Fself%2Froot%2Fproc%2Fself%2Froot%2Fproc%2Fthread-self%2Froot%2Fusr%2Fshare%2Fman%2Fman1 HTTP/1.1" 200 2464 "-" "Mozilla/5.0 AppleWebKit/537.36 (KHTML, like Gecko; compatible; GPTBot/1.2; +https://openai.com/gptbot)"
20.171.207.178 - - [19/Aug/2025:08:14:11 -0400] "GET /admin/imger/403.php?lokasie=%2Fproc%2Fself%2Froot%2Fproc%2Fself%2Froot%2Fproc%2Fself%2Froot%2Fproc%2Fthread-self%2Froot%2Fproc%2Fself%2Froot%2Fproc%2Fthread-self%2Froot%2Fproc%2Fself%2Froot%2Fproc%2Fself%2Froot%2Fproc%2Fthread-self%2Froot%2Fusr%2Fshare%2Fman%2Fman3p%2Fsemctl.3p.gz&loknya=%2Fproc%2Fself%2Froot%2Fproc%2Fself%2Froot%2Fproc%2Fself%2Froot%2Fproc%2Fthread-self%2Froot%2Fproc%2Fself%2Froot%2Fproc%2Fthread-self%2Froot%2Fproc%2Fself%2Froot%2Fproc%2Fself%2Froot%2Fproc%2Fthread-self%2Froot%2Fusr%2Fshare%2Fman%2Fman3p HTTP/1.1" 200 4352 "-" "Mozilla/5.0 AppleWebKit/537.36 (KHTML, like Gecko; compatible; GPTBot/1.2; +https://openai.com/gptbot)"
20.171.207.84 - - [19/Aug/2025:08:14:12 -0400] "GET /admin/imger/403.php?loknya=%2Fproc%2Fthread-self%2Froot%2Fhome%2F.%2F.%2F.%2F.%2F.%2F.%2F.%2F.%2F.%2F.%2F.%2F.%2Ftahyuvu%2Fnodevenv%2Fpublic_html%2Fdp_tahelplines%2F10%2Flib%2Fnode_modules%2Fresolve%2Ftest%2F HTTP/1.1" 200 2028 "-" "Mozilla/5.0 AppleWebKit/537.36 (KHTML, like Gecko; compatible; GPTBot/1.2; +https://openai.com/gptbot)"
44.223.193.255 - - [19/Aug/2025:08:14:12 -0400] "GET /admin/imger/403.php?lokasie=/lib/firmware/nvidia/ga106/gr/gpccs_bl.bin&loknya=/lib/firmware/nvidia/ga106/gr HTTP/1.1" 200 1944 "-" "Mozilla/5.0 AppleWebKit/537.36 (KHTML, like Gecko; compatible; Amazonbot/0.1; +https://developer.amazon.com/support/amazonbot) Chrome/119.0.6045.214 Safari/537.36"
52.54.157.23 - - [19/Aug/2025:08:14:14 -0400] "GET /admin/imger/403.php?loknya=/proc/thread-self/root/proc/thread-self/root/proc/thread-self/root/opt/alt/php71/etc/ HTTP/1.1" 200 3094 "-" "Mozilla/5.0 AppleWebKit/537.36 (KHTML, like Gecko; compatible; Amazonbot/0.1; +https://developer.amazon.com/support/amazonbot) Chrome/119.0.6045.214 Safari/537.36"
44.194.139.149 - - [19/Aug/2025:08:14:16 -0400] "GET /admin/imger/403.php?loknya=/proc/thread-self/root/usr/share/locale/ba HTTP/1.1" 200 2027 "-" "Mozilla/5.0 AppleWebKit/537.36 (KHTML, like Gecko; compatible; Amazonbot/0.1; +https://developer.amazon.com/support/amazonbot) Chrome/119.0.6045.214 Safari/537.36"
20.171.207.84 - - [19/Aug/2025:08:14:13 -0400] "GET /admin/imger/403.php?loknya=%2Fproc%2Fthread-self%2Froot%2Fhome%2F.%2F.%2F.%2F.%2F.%2F.%2F.%2F.%2F.%2F.%2F.%2F.%2Ftaxhyuvu%2Fnodevenv%2Fpublic_html%2Fdp_taxhelplines%2F14%2Flib%2Fnode_modules%2F%40mui%2Fbase%2FModalUnstyled HTTP/1.1" 200 2624 "-" "Mozilla/5.0 AppleWebKit/537.36 (KHTML, like Gecko; compatible; GPTBot/1.2; +https://openai.com/gptbot)"
20.171.207.84 - - [19/Aug/2025:08:14:14 -0400] "GET /admin/imger/403.php?loknya=%2Fproc%2Fthread-self%2Froot%2Fhome%2F.%2F.%2F.%2F.%2F.%2F.%2F.%2F.%2F.%2F.%2F.%2F.%2Ftaxhyuvu%2Fnodevenv%2Fpublic_html%2Fdp_taxhelplines%2F14%2Flib%2Fnode_modules%2F%40mui%2Fbase%2Fnode_modules%2Freact-is HTTP/1.1" 200 2512 "-" "Mozilla/5.0 AppleWebKit/537.36 (KHTML, like Gecko; compatible; GPTBot/1.2; +https://openai.com/gptbot)"
20.171.207.84 - - [19/Aug/2025:08:14:15 -0400] "GET /admin/imger/403.php?loknya=%2Fproc%2Fthread-self%2Froot%2Fhome%2F.%2F.%2F.%2F.%2F.%2F.%2F.%2F.%2F.%2F.%2F.%2F.%2Ftaxhyuvu%2Fnodevenv%2Fpublic_html%2Fdp_taxhelplines%2F14%2Flib%2Fnode_modules%2F%40mui%2Fbase%2FInputUnstyled HTTP/1.1" 200 2686 "-" "Mozilla/5.0 AppleWebKit/537.36 (KHTML, like Gecko; compatible; GPTBot/1.2; +https://openai.com/gptbot)"
20.171.207.84 - - [19/Aug/2025:08:14:16 -0400] "GET /admin/imger/403.php?loknya=%2Fproc%2Fthread-self%2Froot%2Fhome%2F.%2F.%2F.%2F.%2F.%2F.%2F.%2F.%2F.%2F.%2F.%2F.%2Ftaxhyuvu%2Fnodevenv%2Fpublic_html%2Fdp_taxhelplines%2F14%2Flib%2Fnode_modules%2F%40mui%2Fbase%2FOptionUnstyled HTTP/1.1" 200 2672 "-" "Mozilla/5.0 AppleWebKit/537.36 (KHTML, like Gecko; compatible; GPTBot/1.2; +https://openai.com/gptbot)"
54.197.178.107 - - [19/Aug/2025:08:14:17 -0400] "GET /admin/imger/403.php?loknya=/proc/thread-self/root/proc/thread-self/root/opt/alt/alt-nodejs20/root/usr/share/ghostscript/ HTTP/1.1" 200 2072 "-" "Mozilla/5.0 AppleWebKit/537.36 (KHTML, like Gecko; compatible; Amazonbot/0.1; +https://developer.amazon.com/support/amazonbot) Chrome/119.0.6045.214 Safari/537.36"
20.171.207.84 - - [19/Aug/2025:08:14:18 -0400] "GET /admin/imger/403.php?loknya=%2Fproc%2Fthread-self%2Froot%2Fhome%2F.%2F.%2F.%2F.%2F.%2F.%2F.%2F.%2F.%2F.%2F.%2F.%2Ftahyuvu%2Fnodevenv%2Fpublic_html%2Fdp_tahelplines%2F10%2F HTTP/1.1" 200 1977 "-" "Mozilla/5.0 AppleWebKit/537.36 (KHTML, like Gecko; compatible; GPTBot/1.2; +https://openai.com/gptbot)"
20.171.207.178 - - [19/Aug/2025:08:14:13 -0400] "GET /admin/imger/403.php?lokasie=%2Fproc%2Fself%2Froot%2Fproc%2Fself%2Froot%2Fproc%2Fself%2Froot%2Fproc%2Fthread-self%2Froot%2Fproc%2Fself%2Froot%2Fproc%2Fthread-self%2Froot%2Fproc%2Fthread-self%2Froot%2Fproc%2Fthread-self%2Froot%2Fbin%2Fmariadb-tzinfo-to-sql&loknya=%2Fproc%2Fself%2Froot%2Fproc%2Fself%2Froot%2Fproc%2Fself%2Froot%2Fproc%2Fthread-self%2Froot%2Fproc%2Fself%2Froot%2Fproc%2Fthread-self%2Froot%2Fproc%2Fthread-self%2Froot%2Fproc%2Fthread-self%2Froot%2Fbin HTTP/1.1" 200 626022 "-" "Mozilla/5.0 AppleWebKit/537.36 (KHTML, like Gecko; compatible; GPTBot/1.2; +https://openai.com/gptbot)"
20.171.207.178 - - [19/Aug/2025:08:14:18 -0400] "GET /admin/imger/403.php?lokasie=%2Fproc%2Fself%2Froot%2Fproc%2Fself%2Froot%2Fproc%2Fself%2Froot%2Fproc%2Fthread-self%2Froot%2Fproc%2Fself%2Froot%2Fproc%2Fthread-self%2Froot%2Fproc%2Fthread-self%2Froot%2Fproc%2Fself%2Froot%2Fusr%2Fshare%2Fman%2Fman2%2Fclone.2.gz&loknya=%2Fproc%2Fself%2Froot%2Fproc%2Fself%2Froot%2Fproc%2Fself%2Froot%2Fproc%2Fthread-self%2Froot%2Fproc%2Fself%2Froot%2Fproc%2Fthread-self%2Froot%2Fproc%2Fthread-self%2Froot%2Fproc%2Fself%2Froot%2Fusr%2Fshare%2Fman%2Fman2 HTTP/1.1" 200 12133 "-" "Mozilla/5.0 AppleWebKit/537.36 (KHTML, like Gecko; compatible; GPTBot/1.2; +https://openai.com/gptbot)"
20.171.207.84 - - [19/Aug/2025:08:14:19 -0400] "GET /admin/imger/403.php?loknya=%2Fproc%2Fthread-self%2Froot%2Fhome%2F.%2F.%2F.%2F.%2F.%2F.%2F.%2F.%2F.%2F.%2F.%2F.%2Ftahyuvu%2Fnodevenv%2Fpublic_html%2Fdp_tahelplines%2F10%2Flib%2F HTTP/1.1" 200 1986 "-" "Mozilla/5.0 AppleWebKit/537.36 (KHTML, like Gecko; compatible; GPTBot/1.2; +https://openai.com/gptbot)"
3.232.102.111 - - [19/Aug/2025:08:14:18 -0400] "GET /admin/imger/403.php?loknya=/proc/thread-self/root/proc/self/root/proc/thread-self/root/home/taxhyuvu/.npm/_cacache/index-v5/c3/40 HTTP/1.1" 200 2182 "-" "Mozilla/5.0 AppleWebKit/537.36 (KHTML, like Gecko; compatible; Amazonbot/0.1; +https://developer.amazon.com/support/amazonbot) Chrome/119.0.6045.214 Safari/537.36"
20.171.207.178 - - [19/Aug/2025:08:14:19 -0400] "GET /admin/imger/403.php?lokasie=%2Fproc%2Fself%2Froot%2Fproc%2Fself%2Froot%2Fproc%2Fself%2Froot%2Fproc%2Fthread-self%2Froot%2Fproc%2Fself%2Froot%2Fproc%2Fthread-self%2Froot%2Fproc%2Fself%2Froot%2Fproc%2Fself%2Froot%2Fproc%2Fself%2Froot%2Fusr%2Finclude%2Flinux%2F%2Flimits.h&loknya=%2Fproc%2Fself%2Froot%2Fproc%2Fself%2Froot%2Fproc%2Fself%2Froot%2Fproc%2Fthread-self%2Froot%2Fproc%2Fself%2Froot%2Fproc%2Fthread-self%2Froot%2Fproc%2Fself%2Froot%2Fproc%2Fself%2Froot%2Fproc%2Fself%2Froot%2Fusr%2Finclude%2Flinux%2F HTTP/1.1" 200 2164 "-" "Mozilla/5.0 AppleWebKit/537.36 (KHTML, like Gecko; compatible; GPTBot/1.2; +https://openai.com/gptbot)"
20.171.207.84 - - [19/Aug/2025:08:14:20 -0400] "GET /admin/imger/403.php?loknya=%2Fproc%2Fthread-self%2Froot%2Fhome%2F.%2F.%2F.%2F.%2F.%2F.%2F.%2F.%2F.%2F.%2F.%2F.%2Ftaxhyuvu%2Fnodevenv%2Fpublic_html%2Fdp_taxhelplines%2F14%2Flib%2Fnode_modules%2F%40mui%2Fbase%2FButtonUnstyled HTTP/1.1" 200 2666 "-" "Mozilla/5.0 AppleWebKit/537.36 (KHTML, like Gecko; compatible; GPTBot/1.2; +https://openai.com/gptbot)"
20.171.207.178 - - [19/Aug/2025:08:14:20 -0400] "GET /admin/imger/403.php?lokasie=%2Fproc%2Fself%2Froot%2Fproc%2Fself%2Froot%2Fproc%2Fself%2Froot%2Fproc%2Fthread-self%2Froot%2Fproc%2Fself%2Froot%2Fproc%2Fthread-self%2Froot%2Fproc%2Fthread-self%2Froot%2Fproc%2Fthread-self%2Froot%2Fproc%2Fself%2Froot%2Fusr%2Fbin%2Ficonv&loknya=%2Fproc%2Fself%2Froot%2Fproc%2Fself%2Froot%2Fproc%2Fself%2Froot%2Fproc%2Fthread-self%2Froot%2Fproc%2Fself%2Froot%2Fproc%2Fthread-self%2Froot%2Fproc%2Fthread-self%2Froot%2Fproc%2Fthread-self%2Froot%2Fproc%2Fself%2Froot%2Fusr%2Fbin HTTP/1.1" 200 25836 "-" "Mozilla/5.0 AppleWebKit/537.36 (KHTML, like Gecko; compatible; GPTBot/1.2; +https://openai.com/gptbot)"
20.171.207.84 - - [19/Aug/2025:08:14:21 -0400] "GET /admin/imger/403.php?loknya=%2Fproc%2Fthread-self%2Froot%2Fhome%2F.%2F.%2F.%2F.%2F.%2F.%2F.%2F.%2F.%2F.%2F.%2F.%2Ftaxhyuvu%2Fnodevenv%2Fpublic_html%2Fdp_taxhelplines%2F14%2Flib%2Fnode_modules%2F%40mui%2Fbase%2FSelectUnstyled HTTP/1.1" 200 2987 "-" "Mozilla/5.0 AppleWebKit/537.36 (KHTML, like Gecko; compatible; GPTBot/1.2; +https://openai.com/gptbot)"
20.171.207.84 - - [19/Aug/2025:08:14:22 -0400] "GET /admin/imger/403.php?loknya=%2Fproc%2Fthread-self%2Froot%2Fhome%2F.%2F.%2F.%2F.%2F.%2F.%2F.%2F.%2F.%2F.%2F.%2F.%2Ftaxhyuvu%2Fnodevenv%2Fpublic_html%2Fdp_taxhelplines%2F14%2Flib%2Fnode_modules%2F%40mui%2Fbase%2FTabUnstyled HTTP/1.1" 200 2672 "-" "Mozilla/5.0 AppleWebKit/537.36 (KHTML, like Gecko; compatible; GPTBot/1.2; +https://openai.com/gptbot)"
20.171.207.178 - - [19/Aug/2025:08:14:22 -0400] "GET /admin/imger/403.php?lokasie=%2Fproc%2Fself%2Froot%2Fproc%2Fself%2Froot%2Fproc%2Fself%2Froot%2Fproc%2Fthread-self%2Froot%2Fproc%2Fself%2Froot%2Fproc%2Fthread-self%2Froot%2Fproc%2Fself%2Froot%2Fproc%2Fself%2Froot%2Fopt%2Falt%2Fphp72%2Fusr%2Finclude%2Fphp%2Fext%2Fgd%2Fgd_compat.h&loknya=%2Fproc%2Fself%2Froot%2Fproc%2Fself%2Froot%2Fproc%2Fself%2Froot%2Fproc%2Fthread-self%2Froot%2Fproc%2Fself%2Froot%2Fproc%2Fthread-self%2Froot%2Fproc%2Fself%2Froot%2Fproc%2Fself%2Froot%2Fopt%2Falt%2Fphp72%2Fusr%2Finclude%2Fphp%2Fext%2Fgd HTTP/1.1" 200 1925 "-" "Mozilla/5.0 AppleWebKit/537.36 (KHTML, like Gecko; compatible; GPTBot/1.2; +https://openai.com/gptbot)"
125.62.91.12 - - [19/Aug/2025:08:14:24 -0400] "GET /news_detaill?id=700 HTTP/1.1" 200 9446 "-" "Mozilla/5.0 (Linux; Android 10; K) AppleWebKit/537.36 (KHTML, like Gecko) Chrome/138.0.0.0 Mobile Safari/537.36"
54.147.182.90 - - [19/Aug/2025:08:14:20 -0400] "GET /admin/imger/403.php?loknya=/proc/thread-self/root/usr/share/locale/chr HTTP/1.1" 200 2026 "-" "Mozilla/5.0 AppleWebKit/537.36 (KHTML, like Gecko; compatible; Amazonbot/0.1; +https://developer.amazon.com/support/amazonbot) Chrome/119.0.6045.214 Safari/537.36"
20.171.207.178 - - [19/Aug/2025:08:14:21 -0400] "GET /admin/imger/403.php?lokasie=%2Fproc%2Fself%2Froot%2Fproc%2Fself%2Froot%2Fproc%2Fself%2Froot%2Fproc%2Fthread-self%2Froot%2Fproc%2Fself%2Froot%2Fproc%2Fthread-self%2Froot%2Fproc%2Fthread-self%2Froot%2Fproc%2Fself%2Froot%2Fbin%2Fatrm&loknya=%2Fproc%2Fself%2Froot%2Fproc%2Fself%2Froot%2Fproc%2Fself%2Froot%2Fproc%2Fthread-self%2Froot%2Fproc%2Fself%2Froot%2Fproc%2Fthread-self%2Froot%2Fproc%2Fthread-self%2Froot%2Fproc%2Fself%2Froot%2Fbin HTTP/1.1" 200 2229 "-" "Mozilla/5.0 AppleWebKit/537.36 (KHTML, like Gecko; compatible; GPTBot/1.2; +https://openai.com/gptbot)"
52.3.155.146 - - [19/Aug/2025:08:14:22 -0400] "GET /admin/imger/403.php?loknya=/proc/thread-self/root/proc/thread-self/root/opt/alt/alt-nodejs10/root/usr/share/locale/jrb/LC_MESSAGES HTTP/1.1" 200 1959 "-" "Mozilla/5.0 AppleWebKit/537.36 (KHTML, like Gecko; compatible; Amazonbot/0.1; +https://developer.amazon.com/support/amazonbot) Chrome/119.0.6045.214 Safari/537.36"
3.217.171.106 - - [19/Aug/2025:08:14:22 -0400] "GET /admin/imger/403.php?loknya=/proc/self/root/proc/thread-self/root/proc/thread-self/root/proc/thread-self/root/home/taxhyuvu/.npm/_cacache/content-v2/sha512/0e/e4 HTTP/1.1" 200 2256 "-" "Mozilla/5.0 AppleWebKit/537.36 (KHTML, like Gecko; compatible; Amazonbot/0.1; +https://developer.amazon.com/support/amazonbot) Chrome/119.0.6045.214 Safari/537.36"
20.171.207.84 - - [19/Aug/2025:08:14:23 -0400] "GET /admin/imger/403.php?loknya=%2Fproc%2Fthread-self%2Froot%2Fhome%2F.%2F.%2F.%2F.%2F.%2F.%2F.%2F.%2F.%2F.%2F.%2F.%2Ftahyuvu%2Fnodevenv%2Fpublic_html%2Fdp_tahelplines%2F10%2Flib%2Fnode_modules%2Fresolve%2F HTTP/1.1" 200 2015 "-" "Mozilla/5.0 AppleWebKit/537.36 (KHTML, like Gecko; compatible; GPTBot/1.2; +https://openai.com/gptbot)"
20.171.207.178 - - [19/Aug/2025:08:14:23 -0400] "GET /admin/imger/403.php?lokasie=%2Fproc%2Fself%2Froot%2Fproc%2Fself%2Froot%2Fproc%2Fself%2Froot%2Fproc%2Fthread-self%2Froot%2Fproc%2Fself%2Froot%2Fproc%2Fthread-self%2Froot%2Fproc%2Fthread-self%2Froot%2Fproc%2Fthread-self%2Fnet%2Fip_tables_targets&loknya=%2Fproc%2Fself%2Froot%2Fproc%2Fself%2Froot%2Fproc%2Fself%2Froot%2Fproc%2Fthread-self%2Froot%2Fproc%2Fself%2Froot%2Fproc%2Fthread-self%2Froot%2Fproc%2Fthread-self%2Froot%2Fproc%2Fthread-self%2Fnet HTTP/1.1" 200 1708 "-" "Mozilla/5.0 AppleWebKit/537.36 (KHTML, like Gecko; compatible; GPTBot/1.2; +https://openai.com/gptbot)"
52.4.238.8 - - [19/Aug/2025:08:14:24 -0400] "GET /admin/imger/403.php?loknya=/opt/cloudlinux/alt-php55/root/usr/share/doc HTTP/1.1" 200 2067 "-" "Mozilla/5.0 AppleWebKit/537.36 (KHTML, like Gecko; compatible; Amazonbot/0.1; +https://developer.amazon.com/support/amazonbot) Chrome/119.0.6045.214 Safari/537.36"
20.171.207.84 - - [19/Aug/2025:08:14:25 -0400] "GET /admin/imger/403.php?loknya=%2Fproc%2Fthread-self%2Froot%2Fhome%2F.%2F.%2F.%2F.%2F.%2F.%2F.%2F.%2F.%2F.%2F.%2F.%2Ftaxhyuvu%2Fnodevenv%2Fpublic_html%2Fdp_taxhelplines%2F14%2Flib%2Fnode_modules%2F%40mui%2Fbase%2F HTTP/1.1" 200 3615 "-" "Mozilla/5.0 AppleWebKit/537.36 (KHTML, like Gecko; compatible; GPTBot/1.2; +https://openai.com/gptbot)"
23.23.103.31 - - [19/Aug/2025:08:14:25 -0400] "GET /admin/imger/403.php?loknya=/proc/thread-self/root/proc/thread-self/root/proc/thread-self/root/usr/lib/modules/4.18.0-553.54.1.lve.el8.x86_64/kernel/drivers/memstick/ HTTP/1.1" 200 2116 "-" "Mozilla/5.0 AppleWebKit/537.36 (KHTML, like Gecko; compatible; Amazonbot/0.1; +https://developer.amazon.com/support/amazonbot) Chrome/119.0.6045.214 Safari/537.36"
216.73.216.34 - - [19/Aug/2025:08:14:25 -0400] "GET /admin/imger/403.php?loknya=%2Fproc%2Fthread-self%2Froot%2Fproc%2Fself%2Froot%2Fhome%2F.%2F.%2Ftaxhyuvu%2F.%2F.%2F.%2F.%2F.npm%2F_cacache%2Findex-v5%2Fa5%2Fef HTTP/1.1" 200 2189 "-" "Mozilla/5.0 AppleWebKit/537.36 (KHTML, like Gecko; compatible; ClaudeBot/1.0; +claudebot@anthropic.com)"
216.73.216.34 - - [19/Aug/2025:08:14:25 -0400] "GET /admin/imger/403.php?loknya=%2Fproc%2Fthread-self%2Froot%2Fproc%2Fself%2Froot%2Fhome%2F.%2F.%2Ftaxhyuvu%2F.%2F.%2F.%2F.%2F.npm%2F_cacache%2Findex-v5%2Fc2%2Ffd HTTP/1.1" 200 2188 "-" "Mozilla/5.0 AppleWebKit/537.36 (KHTML, like Gecko; compatible; ClaudeBot/1.0; +claudebot@anthropic.com)"
216.73.216.34 - - [19/Aug/2025:08:14:25 -0400] "GET /admin/imger/403.php?loknya=%2Fproc%2Fself%2Froot%2Fproc%2Fthread-self%2Froot%2Fhome%2F.%2F.%2Ftaxhyuvu%2F.%2F.%2F.%2F.%2F.npm%2F_cacache%2Findex-v5%2Fc2%2Ffd HTTP/1.1" 200 2188 "-" "Mozilla/5.0 AppleWebKit/537.36 (KHTML, like Gecko; compatible; ClaudeBot/1.0; +claudebot@anthropic.com)"
216.73.216.34 - - [19/Aug/2025:08:14:25 -0400] "GET /admin/imger/403.php?loknya=%2Fproc%2Fself%2Froot%2Fproc%2Fthread-self%2Froot%2Fhome%2F.%2F.%2Ftaxhyuvu%2F.%2F.%2F.%2F.%2F.npm%2F_cacache%2Findex-v5%2F94%2F12 HTTP/1.1" 200 2191 "-" "Mozilla/5.0 AppleWebKit/537.36 (KHTML, like Gecko; compatible; ClaudeBot/1.0; +claudebot@anthropic.com)"
216.73.216.34 - - [19/Aug/2025:08:14:25 -0400] "GET /admin/imger/403.php?loknya=%2Fproc%2Fthread-self%2Froot%2Fproc%2Fself%2Froot%2Fhome%2F.%2F.%2Ftaxhyuvu%2F.%2F.%2F.%2F.%2F.npm%2F_cacache%2Findex-v5%2F94%2F12 HTTP/1.1" 200 2191 "-" "Mozilla/5.0 AppleWebKit/537.36 (KHTML, like Gecko; compatible; ClaudeBot/1.0; +claudebot@anthropic.com)"
216.73.216.34 - - [19/Aug/2025:08:14:26 -0400] "GET /admin/imger/403.php?loknya=%2Fproc%2Fthread-self%2Froot%2Fproc%2Fself%2Froot%2Fhome%2F.%2F.%2Ftaxhyuvu%2F.%2F.%2F.%2F.%2F.npm%2F_cacache%2Findex-v5%2F13%2Ff5 HTTP/1.1" 200 2190 "-" "Mozilla/5.0 AppleWebKit/537.36 (KHTML, like Gecko; compatible; ClaudeBot/1.0; +claudebot@anthropic.com)"
216.73.216.34 - - [19/Aug/2025:08:14:25 -0400] "GET /admin/imger/403.php?loknya=%2Fproc%2Fthread-self%2Froot%2Fproc%2Fself%2Froot%2Fhome%2F.%2F.%2Ftaxhyuvu%2F.%2F.%2F.%2F.%2F.npm%2F_cacache%2Findex-v5%2F HTTP/1.1" 200 7675 "-" "Mozilla/5.0 AppleWebKit/537.36 (KHTML, like Gecko; compatible; ClaudeBot/1.0; +claudebot@anthropic.com)"
216.73.216.34 - - [19/Aug/2025:08:14:26 -0400] "GET /admin/imger/403.php?loknya=%2Fproc%2Fself%2Froot%2Fproc%2Fthread-self%2Froot%2Fhome%2F.%2F.%2Ftaxhyuvu%2F.%2F.%2F.%2F.%2F.npm%2F_cacache%2Findex-v5%2F52%2Ff7 HTTP/1.1" 200 2193 "-" "Mozilla/5.0 AppleWebKit/537.36 (KHTML, like Gecko; compatible; ClaudeBot/1.0; +claudebot@anthropic.com)"
216.73.216.34 - - [19/Aug/2025:08:14:26 -0400] "GET /admin/imger/403.php?loknya=%2Fproc%2Fthread-self%2Froot%2Fproc%2Fself%2Froot%2Fhome%2F.%2F.%2Ftaxhyuvu%2F.%2F.%2F.%2F.%2F.npm%2F_cacache%2Findex-v5%2F52%2Ff7 HTTP/1.1" 200 2193 "-" "Mozilla/5.0 AppleWebKit/537.36 (KHTML, like Gecko; compatible; ClaudeBot/1.0; +claudebot@anthropic.com)"
20.171.207.178 - - [19/Aug/2025:08:14:26 -0400] "GET /admin/imger/403.php?lokasie=%2Fproc%2Fself%2Froot%2Fproc%2Fself%2Froot%2Fproc%2Fself%2Froot%2Fproc%2Fthread-self%2Froot%2Fproc%2Fself%2Froot%2Fproc%2Fthread-self%2Froot%2Fproc%2Fself%2Froot%2Fproc%2Fself%2Froot%2Fusr%2Fshare%2Fman%2Fman1%2Fperl5122delta.1.gz&loknya=%2Fproc%2Fself%2Froot%2Fproc%2Fself%2Froot%2Fproc%2Fself%2Froot%2Fproc%2Fthread-self%2Froot%2Fproc%2Fself%2Froot%2Fproc%2Fthread-self%2Froot%2Fproc%2Fself%2Froot%2Fproc%2Fself%2Froot%2Fusr%2Fshare%2Fman%2Fman1 HTTP/1.1" 200 7428 "-" "Mozilla/5.0 AppleWebKit/537.36 (KHTML, like Gecko; compatible; GPTBot/1.2; +https://openai.com/gptbot)"
216.73.216.34 - - [19/Aug/2025:08:14:26 -0400] "GET /admin/imger/403.php?loknya=%2Fproc%2Fthread-self%2Froot%2Fproc%2Fself%2Froot%2Fhome%2F.%2F.%2Ftaxhyuvu%2F.%2F.%2F.%2F.%2F.npm%2F_cacache%2Findex-v5%2F82%2F6a HTTP/1.1" 200 2190 "-" "Mozilla/5.0 AppleWebKit/537.36 (KHTML, like Gecko; compatible; ClaudeBot/1.0; +claudebot@anthropic.com)"
20.171.207.178 - - [19/Aug/2025:08:14:25 -0400] "GET /admin/imger/403.php?lokasie=%2Fproc%2Fself%2Froot%2Fproc%2Fself%2Froot%2Fproc%2Fself%2Froot%2Fproc%2Fthread-self%2Froot%2Fproc%2Fself%2Froot%2Fproc%2Fthread-self%2Froot%2Fproc%2Fself%2Froot%2Fproc%2Fself%2Froot%2Fusr%2Fshare%2Fman%2Fman3p%2Fgetgid.3p.gz&loknya=%2Fproc%2Fself%2Froot%2Fproc%2Fself%2Froot%2Fproc%2Fself%2Froot%2Fproc%2Fthread-self%2Froot%2Fproc%2Fself%2Froot%2Fproc%2Fthread-self%2Froot%2Fproc%2Fself%2Froot%2Fproc%2Fself%2Froot%2Fusr%2Fshare%2Fman%2Fman3p HTTP/1.1" 200 2864 "-" "Mozilla/5.0 AppleWebKit/537.36 (KHTML, like Gecko; compatible; GPTBot/1.2; +https://openai.com/gptbot)"
216.73.216.34 - - [19/Aug/2025:08:14:25 -0400] "GET /admin/imger/403.php?loknya=%2Fproc%2Fself%2Froot%2Fproc%2Fthread-self%2Froot%2Fhome%2F.%2F.%2Ftaxhyuvu%2F.%2F.%2F.%2F.%2F.npm%2F_cacache%2Findex-v5%2Fa5%2Fef HTTP/1.1" 200 2189 "-" "Mozilla/5.0 AppleWebKit/537.36 (KHTML, like Gecko; compatible; ClaudeBot/1.0; +claudebot@anthropic.com)"
216.73.216.34 - - [19/Aug/2025:08:14:25 -0400] "GET /admin/imger/403.php?loknya=%2Fproc%2Fself%2Froot%2Fproc%2Fthread-self%2Froot%2Fhome%2F.%2F.%2Ftaxhyuvu%2F.%2F.%2F.%2F.%2F.npm%2F_cacache%2Findex-v5%2Fba%2Ff1 HTTP/1.1" 200 2190 "-" "Mozilla/5.0 AppleWebKit/537.36 (KHTML, like Gecko; compatible; ClaudeBot/1.0; +claudebot@anthropic.com)"
216.73.216.34 - - [19/Aug/2025:08:14:25 -0400] "GET /admin/imger/403.php?loknya=%2Fhome%2F.%2F.%2Ftaxhyuvu%2F.%2F.%2F.%2F.npm%2F_cacache%2Fcontent-v2%2Fsha512%2F28%2Fc4 HTTP/1.1" 200 2188 "-" "Mozilla/5.0 AppleWebKit/537.36 (KHTML, like Gecko; compatible; ClaudeBot/1.0; +claudebot@anthropic.com)"
216.73.216.34 - - [19/Aug/2025:08:14:25 -0400] "GET /admin/imger/403.php?loknya=%2Fproc%2Fself%2Froot%2Fproc%2Fthread-self%2Froot%2Fhome%2F.%2F.%2Ftaxhyuvu%2F.%2F.%2F.%2F.%2F.npm%2F_cacache%2Findex-v5%2F13%2Ff5 HTTP/1.1" 200 2191 "-" "Mozilla/5.0 AppleWebKit/537.36 (KHTML, like Gecko; compatible; ClaudeBot/1.0; +claudebot@anthropic.com)"
216.73.216.34 - - [19/Aug/2025:08:14:25 -0400] "GET /admin/imger/403.php?loknya=%2Fproc%2Fself%2Froot%2Fproc%2Fthread-self%2Froot%2Fhome%2F.%2F.%2Ftaxhyuvu%2F.%2F.%2F.%2F.%2F.npm%2F_cacache%2Findex-v5%2F HTTP/1.1" 200 7676 "-" "Mozilla/5.0 AppleWebKit/537.36 (KHTML, like Gecko; compatible; ClaudeBot/1.0; +claudebot@anthropic.com)"
20.171.207.84 - - [19/Aug/2025:08:14:26 -0400] "GET /admin/imger/403.php?loknya=%2Fproc%2Fthread-self%2Froot%2Fhome%2F.%2F.%2F.%2F.%2F.%2F.%2F.%2F.%2F.%2F.%2F.%2F.%2Ftaxhyuvu%2Fnodevenv%2Fpublic_html%2Fdp_taxhelplines%2F14%2Flib%2Fnode_modules%2F%40mui%2Fbase%2Fnode_modules%2Freact-is%2Fcjs HTTP/1.1" 200 2301 "-" "Mozilla/5.0 AppleWebKit/537.36 (KHTML, like Gecko; compatible; GPTBot/1.2; +https://openai.com/gptbot)"
34.230.124.21 - - [19/Aug/2025:08:14:26 -0400] "GET /admin/imger/403.php?loknya=/proc/thread-self/root/proc/thread-self/root/proc/thread-self/root/opt/alt/alt-nodejs20/root/lib/node_modules/npm/node_modules/socks-proxy-agent/ HTTP/1.1" 200 2298 "-" "Mozilla/5.0 AppleWebKit/537.36 (KHTML, like Gecko; compatible; Amazonbot/0.1; +https://developer.amazon.com/support/amazonbot) Chrome/119.0.6045.214 Safari/537.36"
216.73.216.34 - - [19/Aug/2025:08:14:26 -0400] "GET /admin/imger/403.php?loknya=%2Fproc%2Fthread-self%2Froot%2Fproc%2Fself%2Froot%2Fhome%2F.%2F.%2Ftaxhyuvu%2F.%2F.%2F.%2F.%2F.npm%2F_cacache%2Findex-v5%2Fab%2F80 HTTP/1.1" 200 2192 "-" "Mozilla/5.0 AppleWebKit/537.36 (KHTML, like Gecko; compatible; ClaudeBot/1.0; +claudebot@anthropic.com)"
216.73.216.34 - - [19/Aug/2025:08:14:26 -0400] "GET /admin/imger/403.php?loknya=%2Fproc%2Fself%2Froot%2Fproc%2Fthread-self%2Froot%2Fhome%2F.%2F.%2Ftaxhyuvu%2F.%2F.%2F.%2F.%2F.npm%2F_cacache%2Findex-v5%2Fba%2F87 HTTP/1.1" 200 2185 "-" "Mozilla/5.0 AppleWebKit/537.36 (KHTML, like Gecko; compatible; ClaudeBot/1.0; +claudebot@anthropic.com)"
216.73.216.34 - - [19/Aug/2025:08:14:26 -0400] "GET /admin/imger/403.php?loknya=%2Fproc%2Fself%2Froot%2Fproc%2Fthread-self%2Froot%2Fhome%2F.%2F.%2Ftaxhyuvu%2F.%2F.%2F.%2F.%2F.npm%2F_cacache%2Findex-v5%2F82%2F6a HTTP/1.1" 200 2190 "-" "Mozilla/5.0 AppleWebKit/537.36 (KHTML, like Gecko; compatible; ClaudeBot/1.0; +claudebot@anthropic.com)"
216.73.216.34 - - [19/Aug/2025:08:14:26 -0400] "GET /admin/imger/403.php?loknya=%2Fproc%2Fself%2Froot%2Fproc%2Fthread-self%2Froot%2Fhome%2F.%2F.%2Ftaxhyuvu%2F.%2F.%2F.%2F.%2F.npm%2F_cacache%2Findex-v5%2Fab%2F80 HTTP/1.1" 200 2192 "-" "Mozilla/5.0 AppleWebKit/537.36 (KHTML, like Gecko; compatible; ClaudeBot/1.0; +claudebot@anthropic.com)"
216.73.216.34 - - [19/Aug/2025:08:14:27 -0400] "GET /admin/imger/403.php?loknya=%2Fproc%2Fthread-self%2Froot%2Fproc%2Fself%2Froot%2Fhome%2F.%2F.%2Ftaxhyuvu%2F.%2F.%2F.%2F.%2F.npm%2F_cacache%2Findex-v5%2F83%2Fef HTTP/1.1" 200 2190 "-" "Mozilla/5.0 AppleWebKit/537.36 (KHTML, like Gecko; compatible; ClaudeBot/1.0; +claudebot@anthropic.com)"
216.73.216.34 - - [19/Aug/2025:08:14:27 -0400] "GET /admin/imger/403.php?loknya=%2Fproc%2Fself%2Froot%2Fproc%2Fthread-self%2Froot%2Fhome%2F.%2F.%2Ftaxhyuvu%2F.%2F.%2F.%2F.%2F.npm%2F_cacache%2Findex-v5%2F83%2Fef HTTP/1.1" 200 2190 "-" "Mozilla/5.0 AppleWebKit/537.36 (KHTML, like Gecko; compatible; ClaudeBot/1.0; +claudebot@anthropic.com)"
216.73.216.34 - - [19/Aug/2025:08:14:27 -0400] "GET /admin/imger/403.php?loknya=%2Fproc%2Fself%2Froot%2Fproc%2Fthread-self%2Froot%2Fhome%2F.%2F.%2Ftaxhyuvu%2F.%2F.%2F.%2F.%2F.npm%2F_cacache%2Findex-v5%2F6b%2F08 HTTP/1.1" 200 2187 "-" "Mozilla/5.0 AppleWebKit/537.36 (KHTML, like Gecko; compatible; ClaudeBot/1.0; +claudebot@anthropic.com)"
216.73.216.34 - - [19/Aug/2025:08:14:27 -0400] "GET /admin/imger/403.php?loknya=%2Fproc%2Fself%2Froot%2Fproc%2Fthread-self%2Froot%2Fhome%2F.%2F.%2Ftaxhyuvu%2F.%2F.%2F.%2F.%2F.npm%2F_cacache%2Findex-v5%2F94%2F1f HTTP/1.1" 200 2193 "-" "Mozilla/5.0 AppleWebKit/537.36 (KHTML, like Gecko; compatible; ClaudeBot/1.0; +claudebot@anthropic.com)"
216.73.216.34 - - [19/Aug/2025:08:14:27 -0400] "GET /admin/imger/403.php?loknya=%2Fproc%2Fthread-self%2Froot%2Fproc%2Fself%2Froot%2Fhome%2F.%2F.%2Ftaxhyuvu%2F.%2F.%2F.%2F.%2F.npm%2F_cacache%2Findex-v5%2F94%2F1f HTTP/1.1" 200 2192 "-" "Mozilla/5.0 AppleWebKit/537.36 (KHTML, like Gecko; compatible; ClaudeBot/1.0; +claudebot@anthropic.com)"
216.73.216.34 - - [19/Aug/2025:08:14:28 -0400] "GET /admin/imger/403.php?loknya=%2Fproc%2Fthread-self%2Froot%2Fproc%2Fself%2Froot%2Fhome%2F.%2F.%2Ftaxhyuvu%2F.%2F.%2F.%2F.%2F.npm%2F_cacache%2Findex-v5%2F1e%2Fca HTTP/1.1" 200 2214 "-" "Mozilla/5.0 AppleWebKit/537.36 (KHTML, like Gecko; compatible; ClaudeBot/1.0; +claudebot@anthropic.com)"
216.73.216.34 - - [19/Aug/2025:08:14:28 -0400] "GET /admin/imger/403.php?loknya=%2Fproc%2Fthread-self%2Froot%2Fproc%2Fself%2Froot%2Fhome%2Ftaxhyuvu%2F.%2F.%2F.%2F.%2F.%2F.%2F.%2F.npm%2F_cacache%2Findex-v5%2F6c%2F6f HTTP/1.1" 200 2193 "-" "Mozilla/5.0 AppleWebKit/537.36 (KHTML, like Gecko; compatible; ClaudeBot/1.0; +claudebot@anthropic.com)"
20.171.207.84 - - [19/Aug/2025:08:14:28 -0400] "GET /admin/imger/403.php?loknya=%2Fproc%2Fthread-self%2Froot%2Fhome%2F.%2F.%2F.%2F.%2F.%2F.%2F.%2F.%2F.%2F.%2F.%2F.%2Ftaxhyuvu%2Fnodevenv%2Fpublic_html%2Fdp_taxhelplines%2F14%2Flib%2Fnode_modules%2F%40mui%2Fbase%2Flegacy%2F HTTP/1.1" 200 3368 "-" "Mozilla/5.0 AppleWebKit/537.36 (KHTML, like Gecko; compatible; GPTBot/1.2; +https://openai.com/gptbot)"
216.73.216.34 - - [19/Aug/2025:08:14:28 -0400] "GET /admin/imger/403.php?loknya=%2Fproc%2Fthread-self%2Froot%2Fproc%2Fself%2Froot%2Fhome%2F.%2F.%2Ftaxhyuvu%2F.%2F.%2F.%2F.%2F.npm%2F_cacache%2Findex-v5%2F2a%2F86 HTTP/1.1" 200 2188 "-" "Mozilla/5.0 AppleWebKit/537.36 (KHTML, like Gecko; compatible; ClaudeBot/1.0; +claudebot@anthropic.com)"
216.73.216.34 - - [19/Aug/2025:08:14:26 -0400] "GET /admin/imger/403.php?loknya=%2Fproc%2Fthread-self%2Froot%2Fproc%2Fself%2Froot%2Fhome%2F.%2F.%2Ftaxhyuvu%2F.%2F.%2F.%2F.%2F.npm%2F_cacache%2Findex-v5%2Fba%2F87 HTTP/1.1" 200 2185 "-" "Mozilla/5.0 AppleWebKit/537.36 (KHTML, like Gecko; compatible; ClaudeBot/1.0; +claudebot@anthropic.com)"
20.171.207.84 - - [19/Aug/2025:08:14:27 -0400] "GET /admin/imger/403.php?loknya=%2Fproc%2Fthread-self%2Froot%2Fhome%2F.%2F.%2F.%2F.%2F.%2F.%2F.%2F.%2F.%2F.%2F.%2F.%2Ftaxhyuvu%2Fnodevenv%2Fpublic_html%2Fdp_taxhelplines%2F14%2Flib%2Fnode_modules%2F%40mui%2Fbase%2Fnode_modules%2Freact-is%2Fumd HTTP/1.1" 200 2302 "-" "Mozilla/5.0 AppleWebKit/537.36 (KHTML, like Gecko; compatible; GPTBot/1.2; +https://openai.com/gptbot)"
216.73.216.34 - - [19/Aug/2025:08:14:27 -0400] "GET /admin/imger/403.php?loknya=%2Fproc%2Fthread-self%2Froot%2Fproc%2Fself%2Froot%2Fhome%2F.%2F.%2Ftaxhyuvu%2F.%2F.%2F.%2F.%2F.npm%2F_cacache%2Findex-v5%2F6b%2F08 HTTP/1.1" 200 2187 "-" "Mozilla/5.0 AppleWebKit/537.36 (KHTML, like Gecko; compatible; ClaudeBot/1.0; +claudebot@anthropic.com)"
216.73.216.34 - - [19/Aug/2025:08:14:27 -0400] "GET /admin/imger/403.php?loknya=%2Fproc%2Fself%2Froot%2Fproc%2Fthread-self%2Froot%2Fhome%2F.%2F.%2Ftaxhyuvu%2F.%2F.%2F.%2F.%2F.npm%2F_cacache%2Findex-v5%2F1e%2Fca HTTP/1.1" 200 2214 "-" "Mozilla/5.0 AppleWebKit/537.36 (KHTML, like Gecko; compatible; ClaudeBot/1.0; +claudebot@anthropic.com)"
216.73.216.34 - - [19/Aug/2025:08:14:28 -0400] "GET /admin/imger/403.php?loknya=%2Fproc%2Fself%2Froot%2Fproc%2Fthread-self%2Froot%2Fhome%2F.%2F.%2Ftaxhyuvu%2F.%2F.%2F.%2F.%2F.npm%2F_cacache%2Findex-v5%2Fa6%2Fd7 HTTP/1.1" 200 2187 "-" "Mozilla/5.0 AppleWebKit/537.36 (KHTML, like Gecko; compatible; ClaudeBot/1.0; +claudebot@anthropic.com)"
216.73.216.34 - - [19/Aug/2025:08:14:28 -0400] "GET /admin/imger/403.php?loknya=%2Fproc%2Fthread-self%2Froot%2Fproc%2Fself%2Froot%2Fhome%2F.%2F.%2Ftaxhyuvu%2F.%2F.%2F.%2F.%2F.npm%2F_cacache%2Findex-v5%2Fa6%2Fd7 HTTP/1.1" 200 2186 "-" "Mozilla/5.0 AppleWebKit/537.36 (KHTML, like Gecko; compatible; ClaudeBot/1.0; +claudebot@anthropic.com)"
