66.220.149.62 - - [28/Aug/2025:11:53:00 -0400] "GET /news_detaill?id=747 HTTP/1.1" 301 795 "-" "facebookexternalhit/1.1 (+http://www.facebook.com/externalhit_uatext.php)"
173.252.79.3 - - [28/Aug/2025:11:57:11 -0400] "GET /news_detaill?id=749 HTTP/1.1" 301 795 "-" "facebookexternalhit/1.1 (+http://www.facebook.com/externalhit_uatext.php)"
173.252.87.5 - - [28/Aug/2025:11:57:12 -0400] "GET /news_detaill?id=749 HTTP/1.1" 301 795 "-" "facebookexternalhit/1.1 (+http://www.facebook.com/externalhit_uatext.php)"
216.244.66.203 - - [28/Aug/2025:11:57:27 -0400] "GET /robots.txt HTTP/1.1" 301 795 "-" "Mozilla/5.0 (compatible; DotBot/1.2; +https://opensiteexplorer.org/dotbot; help@moz.com)"
89.163.242.76 - - [28/Aug/2025:12:04:18 -0400] "GET /delpaths.php HTTP/1.1" 301 795 "www.google.com" "Mozlila/5.0 (Linux; Android 7.0; SM-G892A Bulid/NRD90M; wv) AppleWebKit/537.36 (KHTML, like Gecko) Version/4.0 Chrome/60.0.3112.107 Moblie Safari/537.36"
52.167.144.163 - - [28/Aug/2025:11:49:12 -0400] "GET /public_html/images/mybook4.png HTTP/1.1" 301 795 "-" "Mozilla/5.0 AppleWebKit/537.36 (KHTML, like Gecko; compatible; bingbot/2.0; +http://www.bing.com/bingbot.htm) Chrome/116.0.1938.76 Safari/537.36"
173.252.79.115 - - [28/Aug/2025:11:51:20 -0400] "GET /js/main.js HTTP/1.1" 301 795 "-" "facebookexternalhit/1.1 (+http://www.facebook.com/externalhit_uatext.php)"
66.220.149.57 - - [28/Aug/2025:11:52:25 -0400] "GET /news_detaill?id=750 HTTP/1.1" 301 795 "-" "facebookexternalhit/1.1 (+http://www.facebook.com/externalhit_uatext.php)"
69.171.249.10 - - [28/Aug/2025:11:52:46 -0400] "GET /news_detaill?id=749 HTTP/1.1" 301 795 "-" "facebookexternalhit/1.1 (+http://www.facebook.com/externalhit_uatext.php)"
173.252.87.10 - - [28/Aug/2025:11:57:12 -0400] "GET /news_detaill?id=749 HTTP/1.1" 301 795 "-" "facebookexternalhit/1.1 (+http://www.facebook.com/externalhit_uatext.php)"
216.244.66.203 - - [28/Aug/2025:11:57:27 -0400] "GET /robots.txt HTTP/1.1" 301 795 "-" "Mozilla/5.0 (compatible; DotBot/1.2; +https://opensiteexplorer.org/dotbot; help@moz.com)"
2a06:98c0:3600::103 - - [28/Aug/2025:12:05:08 -0400] "GET /wp-admin/setup-config.php HTTP/1.1" 301 795 "-" "Mozilla/5.0 (Windows NT 10.0; Win64; x64) AppleWebKit/537.36 (KHTML, like Gecko) Chrome/139.0.0.0 Safari/537.36"
2a06:98c0:3600::103 - - [28/Aug/2025:12:06:23 -0400] "GET /wordpress/wp-admin/setup-config.php HTTP/1.1" 301 795 "-" "Mozilla/5.0 (Windows NT 10.0; Win64; x64) AppleWebKit/537.36 (KHTML, like Gecko) Chrome/139.0.0.0 Safari/537.36"
2a06:98c0:3600::103 - - [28/Aug/2025:12:06:27 -0400] "GET /wordpress/wp-admin/setup-config.php HTTP/1.1" 301 795 "-" "Mozilla/5.0 (Windows NT 10.0; Win64; x64) AppleWebKit/537.36 (KHTML, like Gecko) Chrome/139.0.0.0 Safari/537.36"
2a06:98c0:3600::103 - - [28/Aug/2025:12:07:23 -0400] "GET /wp-admin/setup-config.php HTTP/1.1" 301 795 "-" "Mozilla/5.0 (Windows NT 10.0; Win64; x64) AppleWebKit/537.36 (KHTML, like Gecko) Chrome/139.0.0.0 Safari/537.36"
173.252.87.115 - - [28/Aug/2025:12:08:12 -0400] "GET /robots.txt HTTP/1.1" 301 795 "-" "facebookexternalhit/1.1 (+http://www.facebook.com/externalhit_uatext.php)"
89.163.242.76 - - [28/Aug/2025:12:11:24 -0400] "GET /delpaths.php HTTP/1.1" 301 795 "www.google.com" "Mozlila/5.0 (Linux; Android 7.0; SM-G892A Bulid/NRD90M; wv) AppleWebKit/537.36 (KHTML, like Gecko) Version/4.0 Chrome/60.0.3112.107 Moblie Safari/537.36"
216.244.66.236 - - [28/Aug/2025:12:20:20 -0400] "GET /robots.txt HTTP/1.1" 301 795 "-" "Mozilla/5.0 (compatible; DotBot/1.2; +https://opensiteexplorer.org/dotbot; help@moz.com)"
66.249.74.14 - - [28/Aug/2025:12:21:39 -0400] "GET /robots.txt HTTP/1.1" 301 795 "-" "Mozilla/5.0 (compatible; Googlebot/2.1; +http://www.google.com/bot.html)"
66.249.74.14 - - [28/Aug/2025:12:21:43 -0400] "GET / HTTP/1.1" 301 795 "-" "Mozilla/5.0 (Linux; Android 6.0.1; Nexus 5X Build/MMB29P) AppleWebKit/537.36 (KHTML, like Gecko) Chrome/138.0.7204.183 Mobile Safari/537.36 (compatible; Googlebot/2.1; +http://www.google.com/bot.html)"
173.252.79.114 - - [28/Aug/2025:12:06:30 -0400] "GET /news_detaill?id=750 HTTP/1.1" 301 795 "-" "facebookexternalhit/1.1 (+http://www.facebook.com/externalhit_uatext.php)"
173.252.87.116 - - [28/Aug/2025:12:08:13 -0400] "GET /robots.txt HTTP/1.1" 301 795 "-" "facebookexternalhit/1.1 (+http://www.facebook.com/externalhit_uatext.php)"
216.244.66.236 - - [28/Aug/2025:12:20:20 -0400] "GET /robots.txt HTTP/1.1" 301 795 "-" "Mozilla/5.0 (compatible; DotBot/1.2; +https://opensiteexplorer.org/dotbot; help@moz.com)"
20.191.45.212 - - [28/Aug/2025:12:35:38 -0400] "GET /favicon.ico HTTP/1.1" 301 795 "http://taxhelplines.com.pk/favicon.ico" "DuckDuckBot/1.1; (+http://duckduckgo.com/duckduckbot.html)"
162.62.63.46 - - [28/Aug/2025:12:32:15 -0400] "GET / HTTP/1.1" 301 795 "-" "Mozilla/5.0 (Windows NT 10.0; Win64; x64) AppleWebKit/537.36 (KHTML, like Gecko) Chrome/112.0.0.0 Safari/537.36"
43.163.9.217 - - [28/Aug/2025:12:32:24 -0400] "GET / HTTP/1.1" 301 795 "-" "Mozilla/5.0 (Windows NT 10.0; Win64; x64) AppleWebKit/537.36 (KHTML, like Gecko) Chrome/131.0.0.0 Safari/537.36"
20.191.45.212 - - [28/Aug/2025:12:35:37 -0400] "GET / HTTP/1.1" 301 795 "http://taxhelplines.com.pk/" "DuckDuckBot/1.1; (+http://duckduckgo.com/duckduckbot.html)"
216.244.66.203 - - [28/Aug/2025:12:44:16 -0400] "GET /robots.txt HTTP/1.1" 301 795 "-" "Mozilla/5.0 (compatible; DotBot/1.2; +https://opensiteexplorer.org/dotbot; help@moz.com)"
89.163.242.76 - - [28/Aug/2025:12:39:31 -0400] "GET /delpaths.php HTTP/1.1" 301 795 "www.google.com" "Mozlila/5.0 (Linux; Android 7.0; SM-G892A Bulid/NRD90M; wv) AppleWebKit/537.36 (KHTML, like Gecko) Version/4.0 Chrome/60.0.3112.107 Moblie Safari/537.36"
216.244.66.203 - - [28/Aug/2025:12:44:14 -0400] "GET /robots.txt HTTP/1.1" 301 795 "-" "Mozilla/5.0 (compatible; DotBot/1.2; +https://opensiteexplorer.org/dotbot; help@moz.com)"
216.244.66.236 - - [28/Aug/2025:13:05:24 -0400] "GET /robots.txt HTTP/1.1" 301 795 "-" "Mozilla/5.0 (compatible; DotBot/1.2; +https://opensiteexplorer.org/dotbot; help@moz.com)"
89.22.101.69 - - [28/Aug/2025:13:11:21 -0400] "GET / HTTP/1.1" 301 795 "-" "Mozilla/5.0 (Windows NT 10.0; Win64; x64) AppleWebKit/537.36 (KHTML, like Gecko) Chrome/61.0.3163.100 Safari/537.36"
89.22.101.69 - - [28/Aug/2025:13:19:11 -0400] "GET / HTTP/1.1" 301 795 "-" "Mozilla/5.0 (Windows NT 10.0; Win64; x64) AppleWebKit/537.36 (KHTML, like Gecko) Chrome/61.0.3163.100 Safari/537.36"
109.172.93.99 - - [28/Aug/2025:13:27:04 -0400] "GET / HTTP/1.1" 301 795 "-" "Mozilla/5.0 (X11; Linux x86_64) Chrome/19.0.1084.9 Safari/536.5"
109.172.93.99 - - [28/Aug/2025:13:27:04 -0400] "GET / HTTP/1.1" 301 795 "-" "Mozilla/5.0 (X11; Linux x86_64) Chrome/19.0.1084.9 Safari/536.5"
216.244.66.203 - - [28/Aug/2025:13:31:35 -0400] "GET /robots.txt HTTP/1.1" 301 795 "-" "Mozilla/5.0 (compatible; DotBot/1.2; +https://opensiteexplorer.org/dotbot; help@moz.com)"
216.244.66.203 - - [28/Aug/2025:13:31:35 -0400] "GET /robots.txt HTTP/1.1" 301 795 "-" "Mozilla/5.0 (compatible; DotBot/1.2; +https://opensiteexplorer.org/dotbot; help@moz.com)"
20.204.181.157 - - [28/Aug/2025:13:34:38 -0400] "GET /wp-admin/function.php HTTP/1.1" 301 795 "-" "-"
20.204.181.157 - - [28/Aug/2025:13:34:38 -0400] "GET /ALFA_DATA/index.php HTTP/1.1" 301 795 "-" "-"
20.204.181.157 - - [28/Aug/2025:13:34:39 -0400] "GET /mah.php HTTP/1.1" 301 795 "-" "-"
20.204.181.157 - - [28/Aug/2025:13:34:40 -0400] "GET /makeasmtp.php HTTP/1.1" 301 795 "-" "-"
20.204.181.157 - - [28/Aug/2025:13:34:40 -0400] "GET /wp-content/uploads/wp-conflg.php HTTP/1.1" 301 795 "-" "-"
20.204.181.157 - - [28/Aug/2025:13:34:41 -0400] "GET /.well-known/content.php HTTP/1.1" 301 795 "-" "-"
20.204.181.157 - - [28/Aug/2025:13:34:45 -0400] "GET /wp-includes/Text/Diff/alfa-rex.php HTTP/1.1" 301 795 "-" "-"
20.204.181.157 - - [28/Aug/2025:13:34:46 -0400] "GET /wp.php HTTP/1.1" 301 795 "-" "-"
20.204.181.157 - - [28/Aug/2025:13:34:46 -0400] "GET /file.php HTTP/1.1" 301 795 "-" "-"
20.204.181.157 - - [28/Aug/2025:13:34:47 -0400] "GET /wp-includes/pomo/pomo.php HTTP/1.1" 301 795 "-" "-"
20.204.181.157 - - [28/Aug/2025:13:34:48 -0400] "GET /config.php HTTP/1.1" 301 795 "-" "-"
20.204.181.157 - - [28/Aug/2025:13:34:48 -0400] "GET /wp-includes/css/wp-conflg.php HTTP/1.1" 301 795 "-" "-"
20.204.181.157 - - [28/Aug/2025:13:34:50 -0400] "GET /wp-admin/autoload_classmap.php HTTP/1.1" 301 795 "-" "-"
20.204.181.157 - - [28/Aug/2025:13:34:52 -0400] "GET /index.php HTTP/1.1" 301 795 "-" "-"
20.204.181.157 - - [28/Aug/2025:13:34:53 -0400] "GET /wp-admin/admin-post.php HTTP/1.1" 301 795 "-" "-"
20.204.181.157 - - [28/Aug/2025:13:34:56 -0400] "GET /chosen.php HTTP/1.1" 301 795 "-" "-"
43.157.170.126 - - [28/Aug/2025:13:36:39 -0400] "GET / HTTP/1.1" 301 795 "-" "Mozilla/5.0 (iPhone; CPU iPhone OS 13_2_3 like Mac OS X) AppleWebKit/605.1.15 (KHTML, like Gecko) Version/13.0.3 Mobile/15E148 Safari/604.1"
66.249.65.73 - - [28/Aug/2025:13:39:09 -0400] "GET /robots.txt HTTP/1.1" 301 795 "-" "Mozilla/5.0 (compatible; Googlebot/2.1; +http://www.google.com/bot.html)"
20.204.181.157 - - [28/Aug/2025:13:34:36 -0400] "GET /wp-content/plugins/hellopress/wp_filemanager.php HTTP/1.1" 301 795 "-" "-"
20.204.181.157 - - [28/Aug/2025:13:34:42 -0400] "GET /uploads/bigdump.php HTTP/1.1" 301 795 "-" "-"
20.204.181.157 - - [28/Aug/2025:13:34:43 -0400] "GET /wp-content/content.php HTTP/1.1" 301 795 "-" "-"
20.204.181.157 - - [28/Aug/2025:13:34:43 -0400] "GET /phpshelldownload.com/index.php HTTP/1.1" 301 795 "-" "-"
20.204.181.157 - - [28/Aug/2025:13:34:44 -0400] "GET /wp-admin/css/colors/blue/atomlib.php HTTP/1.1" 301 795 "-" "-"
20.204.181.157 - - [28/Aug/2025:13:34:49 -0400] "GET /wp-includes/fonts/index.php HTTP/1.1" 301 795 "-" "-"
20.204.181.157 - - [28/Aug/2025:13:34:51 -0400] "GET /post.php HTTP/1.1" 301 795 "-" "-"
20.204.181.157 - - [28/Aug/2025:13:34:51 -0400] "GET /wp-includes/Text/Diff/Renderer/about.php HTTP/1.1" 301 795 "-" "-"
20.204.181.157 - - [28/Aug/2025:13:34:54 -0400] "GET /wp-admin/css/colors/blue/about.php HTTP/1.1" 301 795 "-" "-"
20.204.181.157 - - [28/Aug/2025:13:34:55 -0400] "GET /cong.php HTTP/1.1" 301 795 "-" "-"
20.204.181.157 - - [28/Aug/2025:13:34:56 -0400] "GET /content.php HTTP/1.1" 301 795 "-" "-"
66.249.65.74 - - [28/Aug/2025:13:39:09 -0400] "GET /ads.txt HTTP/1.1" 301 795 "-" "Mozilla/5.0 (compatible; Googlebot/2.1; +http://www.google.com/bot.html)"
216.244.66.236 - - [28/Aug/2025:13:49:56 -0400] "GET /robots.txt HTTP/1.1" 301 795 "-" "Mozilla/5.0 (compatible; DotBot/1.2; +https://opensiteexplorer.org/dotbot; help@moz.com)"
216.244.66.236 - - [28/Aug/2025:13:49:56 -0400] "GET /robots.txt HTTP/1.1" 301 795 "-" "Mozilla/5.0 (compatible; DotBot/1.2; +https://opensiteexplorer.org/dotbot; help@moz.com)"
216.244.66.203 - - [28/Aug/2025:14:18:36 -0400] "GET /robots.txt HTTP/1.1" 301 795 "-" "Mozilla/5.0 (compatible; DotBot/1.2; +https://opensiteexplorer.org/dotbot; help@moz.com)"
216.244.66.203 - - [28/Aug/2025:14:18:36 -0400] "GET /robots.txt HTTP/1.1" 301 795 "-" "Mozilla/5.0 (compatible; DotBot/1.2; +https://opensiteexplorer.org/dotbot; help@moz.com)"
20.191.45.212 - - [28/Aug/2025:14:18:43 -0400] "GET /favicon.ico HTTP/1.1" 301 795 "http://taxhelplines.pk/favicon.ico" "DuckDuckBot/1.1; (+http://duckduckgo.com/duckduckbot.html)"
20.191.45.212 - - [28/Aug/2025:14:19:28 -0400] "GET / HTTP/1.1" 301 795 "http://taxhelplines.pk/" "DuckDuckBot/1.1; (+http://duckduckgo.com/duckduckbot.html)"
20.191.45.212 - - [28/Aug/2025:14:19:29 -0400] "GET /favicon.ico HTTP/1.1" 301 795 "http://taxhelplines.pk/favicon.ico" "DuckDuckBot/1.1; (+http://duckduckgo.com/duckduckbot.html)"
20.191.45.212 - - [28/Aug/2025:14:18:41 -0400] "GET / HTTP/1.1" 301 795 "http://taxhelplines.pk/" "DuckDuckBot/1.1; (+http://duckduckgo.com/duckduckbot.html)"
202.29.83.66 - - [28/Aug/2025:14:20:28 -0400] "GET /admin/login HTTP/1.1" 301 795 "-" "Mozilla/5.0 (Windows NT 10.0; Win64; x64) AppleWebKit/537.36"
145.220.91.19 - - [28/Aug/2025:14:20:59 -0400] "GET / HTTP/1.1" 301 795 "-" "Mozilla/5.0 (Macintosh; Intel Mac OS X 10.15; rv:122.0) Gecko/20100101 Firefox/122.0"
2a06:98c0:3600::103 - - [28/Aug/2025:14:31:38 -0400] "GET /wordpress/wp-admin/setup-config.php HTTP/1.1" 301 795 "-" "Mozilla/5.0 (Windows NT 10.0; Win64; x64) AppleWebKit/537.36 (KHTML, like Gecko) Chrome/139.0.0.0 Safari/537.36"
2a06:98c0:3600::103 - - [28/Aug/2025:14:32:34 -0400] "GET /wordpress/wp-admin/setup-config.php HTTP/1.1" 301 795 "-" "Mozilla/5.0 (Windows NT 10.0; Win64; x64) AppleWebKit/537.36 (KHTML, like Gecko) Chrome/139.0.0.0 Safari/537.36"
2a06:98c0:3600::103 - - [28/Aug/2025:14:33:30 -0400] "GET /wp-admin/setup-config.php HTTP/1.1" 301 795 "-" "Mozilla/5.0 (Windows NT 10.0; Win64; x64) AppleWebKit/537.36 (KHTML, like Gecko) Chrome/139.0.0.0 Safari/537.36"
216.244.66.236 - - [28/Aug/2025:14:34:16 -0400] "GET /robots.txt HTTP/1.1" 301 795 "-" "Mozilla/5.0 (compatible; DotBot/1.2; +https://opensiteexplorer.org/dotbot; help@moz.com)"
2a06:98c0:3600::103 - - [28/Aug/2025:14:35:11 -0400] "GET /wp-admin/setup-config.php HTTP/1.1" 301 795 "-" "Mozilla/5.0 (Windows NT 10.0; Win64; x64) AppleWebKit/537.36 (KHTML, like Gecko) Chrome/139.0.0.0 Safari/537.36"
2a06:98c0:3600::103 - - [28/Aug/2025:14:31:13 -0400] "GET /wp-admin/setup-config.php HTTP/1.1" 301 795 "-" "Mozilla/5.0 (Windows NT 10.0; Win64; x64) AppleWebKit/537.36 (KHTML, like Gecko) Chrome/139.0.0.0 Safari/537.36"
216.244.66.236 - - [28/Aug/2025:14:34:16 -0400] "GET /robots.txt HTTP/1.1" 301 795 "-" "Mozilla/5.0 (compatible; DotBot/1.2; +https://opensiteexplorer.org/dotbot; help@moz.com)"
178.70.162.11 - - [28/Aug/2025:14:42:16 -0400] "POST /xmlrpc.php HTTP/1.1" 301 795 "-" "Mozilla/5.0 (Macintosh; Intel Mac OS X 10_15_7) AppleWebKit/605.1.15 (KHTML, like Gecko) Version/17.5 Safari/605.1.15"
43.167.236.228 - - [28/Aug/2025:14:46:52 -0400] "GET / HTTP/1.1" 301 795 "-" "Mozilla/5.0 (iPhone; CPU iPhone OS 13_2_3 like Mac OS X) AppleWebKit/605.1.15 (KHTML, like Gecko) Version/13.0.3 Mobile/15E148 Safari/604.1"
4.216.140.218 - - [28/Aug/2025:14:53:28 -0400] "GET /wp-admin/function.php HTTP/1.1" 301 795 "-" "-"
4.216.140.218 - - [28/Aug/2025:14:53:29 -0400] "GET /ALFA_DATA/index.php HTTP/1.1" 301 795 "-" "-"
4.216.140.218 - - [28/Aug/2025:14:53:29 -0400] "GET /mah.php HTTP/1.1" 301 795 "-" "-"
4.216.140.218 - - [28/Aug/2025:14:53:30 -0400] "GET /makeasmtp.php HTTP/1.1" 301 795 "-" "-"
4.216.140.218 - - [28/Aug/2025:14:53:31 -0400] "GET /.well-known/content.php HTTP/1.1" 301 795 "-" "-"
4.216.140.218 - - [28/Aug/2025:14:53:33 -0400] "GET /uploads/bigdump.php HTTP/1.1" 301 795 "-" "-"
4.216.140.218 - - [28/Aug/2025:14:53:33 -0400] "GET /wp-content/content.php HTTP/1.1" 301 795 "-" "-"
4.216.140.218 - - [28/Aug/2025:14:53:34 -0400] "GET /phpshelldownload.com/index.php HTTP/1.1" 301 795 "-" "-"
4.216.140.218 - - [28/Aug/2025:14:53:35 -0400] "GET /wp-admin/css/colors/blue/atomlib.php HTTP/1.1" 301 795 "-" "-"
4.216.140.218 - - [28/Aug/2025:14:53:37 -0400] "GET /wp-includes/pomo/pomo.php HTTP/1.1" 301 795 "-" "-"
4.216.140.218 - - [28/Aug/2025:14:53:37 -0400] "GET /config.php HTTP/1.1" 301 795 "-" "-"
4.216.140.218 - - [28/Aug/2025:14:53:38 -0400] "GET /wp-includes/css/wp-conflg.php HTTP/1.1" 301 795 "-" "-"
4.216.140.218 - - [28/Aug/2025:14:53:38 -0400] "GET /wp-includes/fonts/index.php HTTP/1.1" 301 795 "-" "-"
4.216.140.218 - - [28/Aug/2025:14:53:39 -0400] "GET /wp-admin/autoload_classmap.php HTTP/1.1" 301 795 "-" "-"
4.216.140.218 - - [28/Aug/2025:14:53:40 -0400] "GET /wp-includes/Text/Diff/Renderer/about.php HTTP/1.1" 301 795 "-" "-"
4.216.140.218 - - [28/Aug/2025:14:53:40 -0400] "GET /index.php HTTP/1.1" 301 795 "-" "-"
4.216.140.218 - - [28/Aug/2025:14:53:41 -0400] "GET /wp-admin/admin-post.php HTTP/1.1" 301 795 "-" "-"
4.216.140.218 - - [28/Aug/2025:14:53:27 -0400] "GET /wp-content/plugins/hellopress/wp_filemanager.php HTTP/1.1" 301 795 "-" "-"
4.216.140.218 - - [28/Aug/2025:14:53:30 -0400] "GET /wp-content/uploads/wp-conflg.php HTTP/1.1" 301 795 "-" "-"
4.216.140.218 - - [28/Aug/2025:14:53:35 -0400] "GET /wp-includes/Text/Diff/alfa-rex.php HTTP/1.1" 301 795 "-" "-"
4.216.140.218 - - [28/Aug/2025:14:53:36 -0400] "GET /wp.php HTTP/1.1" 301 795 "-" "-"
4.216.140.218 - - [28/Aug/2025:14:53:36 -0400] "GET /file.php HTTP/1.1" 301 795 "-" "-"
4.216.140.218 - - [28/Aug/2025:14:53:39 -0400] "GET /post.php HTTP/1.1" 301 795 "-" "-"
4.216.140.218 - - [28/Aug/2025:14:53:41 -0400] "GET /wp-admin/css/colors/blue/about.php HTTP/1.1" 301 795 "-" "-"
4.216.140.218 - - [28/Aug/2025:14:53:42 -0400] "GET /cong.php HTTP/1.1" 301 795 "-" "-"
4.216.140.218 - - [28/Aug/2025:14:53:42 -0400] "GET /chosen.php HTTP/1.1" 301 795 "-" "-"
4.216.140.218 - - [28/Aug/2025:14:53:43 -0400] "GET /content.php HTTP/1.1" 301 795 "-" "-"
202.29.83.66 - - [28/Aug/2025:14:53:54 -0400] "GET /admin/login/ HTTP/1.1" 301 795 "-" "Mozilla/5.0 (Windows NT 10.0; Win64; x64) AppleWebKit/537.36"
202.29.83.66 - - [28/Aug/2025:14:54:07 -0400] "GET /admin/login/ HTTP/1.1" 301 795 "-" "Mozilla/5.0 (Windows NT 10.0; Win64; x64) AppleWebKit/537.36"
52.187.122.242 - - [28/Aug/2025:14:57:15 -0400] "GET /wp-content/plugins/hellopress/wp_filemanager.php HTTP/1.1" 301 795 "-" "-"
52.167.144.185 - - [28/Aug/2025:15:16:02 -0400] "GET /viewjudgment?id=2355 HTTP/1.1" 301 795 "-" "Mozilla/5.0 AppleWebKit/537.36 (KHTML, like Gecko; compatible; bingbot/2.0; +http://www.bing.com/bingbot.htm) Chrome/116.0.1938.76 Safari/537.36"
216.244.66.236 - - [28/Aug/2025:15:17:50 -0400] "GET /robots.txt HTTP/1.1" 301 795 "-" "Mozilla/5.0 (compatible; DotBot/1.2; +https://opensiteexplorer.org/dotbot; help@moz.com)"
216.244.66.203 - - [28/Aug/2025:15:20:06 -0400] "GET /robots.txt HTTP/1.1" 301 795 "-" "Mozilla/5.0 (compatible; DotBot/1.2; +https://opensiteexplorer.org/dotbot; help@moz.com)"
216.244.66.203 - - [28/Aug/2025:15:20:06 -0400] "GET /robots.txt HTTP/1.1" 301 795 "-" "Mozilla/5.0 (compatible; DotBot/1.2; +https://opensiteexplorer.org/dotbot; help@moz.com)"
202.29.83.66 - - [28/Aug/2025:15:34:38 -0400] "GET /admin/login/ HTTP/1.1" 301 795 "-" "Mozilla/5.0 (Windows NT 10.0; Win64; x64) AppleWebKit/537.36"
202.29.83.66 - - [28/Aug/2025:15:44:00 -0400] "GET /admin/login HTTP/1.1" 301 795 "-" "Mozilla/5.0 (Windows NT 10.0; Win64; x64) AppleWebKit/537.36"
202.29.83.66 - - [28/Aug/2025:15:36:09 -0400] "GET /admin/login/ HTTP/1.1" 301 795 "-" "Mozilla/5.0 (Windows NT 10.0; Win64; x64) AppleWebKit/537.36"
202.29.83.66 - - [28/Aug/2025:15:45:40 -0400] "GET /admin/login HTTP/1.1" 301 795 "-" "Mozilla/5.0 (Windows NT 10.0; Win64; x64) AppleWebKit/537.36"
202.29.83.66 - - [28/Aug/2025:15:45:46 -0400] "GET /admin/login/ HTTP/1.1" 301 795 "-" "Mozilla/5.0 (Windows NT 10.0; Win64; x64) AppleWebKit/537.36"
34.205.170.13 - - [28/Aug/2025:15:49:49 -0400] "GET /caselaws?tax=Income%20Tax HTTP/1.1" 301 795 "-" "Mozilla/5.0 AppleWebKit/537.36 (KHTML, like Gecko; compatible; Amazonbot/0.1; +https://developer.amazon.com/support/amazonbot) Chrome/119.0.6045.214 Safari/537.36"
185.241.208.212 - - [28/Aug/2025:15:56:54 -0400] "GET /wp-content/themes/seotheme/db.php?u HTTP/1.1" 301 795 "www.google.com" "Mozlila/5.0 (Linux; Android 7.0; SM-G892A Bulid/NRD90M; wv) AppleWebKit/537.36 (KHTML, like Gecko) Version/4.0 Chrome/60.0.3112.107 Moblie Safari/537.36"
185.241.208.212 - - [28/Aug/2025:15:56:54 -0400] "POST /ALFA_DATA/alfacgiapi/perl.alfa HTTP/1.1" 301 795 "www.google.com" "Mozlila/5.0 (Linux; Android 7.0; SM-G892A Bulid/NRD90M; wv) AppleWebKit/537.36 (KHTML, like Gecko) Version/4.0 Chrome/60.0.3112.107 Moblie Safari/537.36"
185.241.208.212 - - [28/Aug/2025:15:56:54 -0400] "GET /tqfhkfex.php?Fox=d3wL7 HTTP/1.1" 301 795 "www.google.com" "Mozilla/5.0 (Linux; Android 7.0; SM-G892A Bulid/NRD90M; wv) AppleWebKit/537.36 (KHTML, like Gecko) Version/4.0 Chrome/60.0.3112.107 Moblie Safari/537.36"
89.22.101.69 - - [28/Aug/2025:16:00:02 -0400] "GET / HTTP/1.1" 301 795 "-" "Mozilla/5.0 (Windows NT 10.0; Win64; x64) AppleWebKit/537.36 (KHTML, like Gecko) Chrome/61.0.3163.100 Safari/537.36"
185.241.208.212 - - [28/Aug/2025:15:56:55 -0400] "POST /alfacgiapi/perl.alfa HTTP/1.1" 301 795 "www.google.com" "Mozlila/5.0 (Linux; Android 7.0; SM-G892A Bulid/NRD90M; wv) AppleWebKit/537.36 (KHTML, like Gecko) Version/4.0 Chrome/60.0.3112.107 Moblie Safari/537.36"
216.244.66.236 - - [28/Aug/2025:16:02:15 -0400] "GET /robots.txt HTTP/1.1" 301 795 "-" "Mozilla/5.0 (compatible; DotBot/1.2; +https://opensiteexplorer.org/dotbot; help@moz.com)"
216.244.66.236 - - [28/Aug/2025:16:02:15 -0400] "GET /robots.txt HTTP/1.1" 301 795 "-" "Mozilla/5.0 (compatible; DotBot/1.2; +https://opensiteexplorer.org/dotbot; help@moz.com)"
216.244.66.203 - - [28/Aug/2025:16:05:56 -0400] "GET /robots.txt HTTP/1.1" 301 795 "-" "Mozilla/5.0 (compatible; DotBot/1.2; +https://opensiteexplorer.org/dotbot; help@moz.com)"
216.244.66.203 - - [28/Aug/2025:16:05:56 -0400] "GET /robots.txt HTTP/1.1" 301 795 "-" "Mozilla/5.0 (compatible; DotBot/1.2; +https://opensiteexplorer.org/dotbot; help@moz.com)"
52.167.144.146 - - [28/Aug/2025:16:14:17 -0400] "GET /public_html/images/mybook4.png HTTP/1.1" 301 795 "-" "Mozilla/5.0 AppleWebKit/537.36 (KHTML, like Gecko; compatible; bingbot/2.0; +http://www.bing.com/bingbot.htm) Chrome/116.0.1938.76 Safari/537.36"
216.73.216.175 - - [28/Aug/2025:16:31:37 -0400] "GET /robots.txt HTTP/1.1" 301 795 "-" "Mozilla/5.0 AppleWebKit/537.36 (KHTML, like Gecko; compatible; ClaudeBot/1.0; +claudebot@anthropic.com)"
216.73.216.175 - - [28/Aug/2025:16:31:38 -0400] "GET /sitemap.xml HTTP/1.1" 301 795 "-" "Mozilla/5.0 AppleWebKit/537.36 (KHTML, like Gecko; compatible; ClaudeBot/1.0; +claudebot@anthropic.com)"
216.244.66.236 - - [28/Aug/2025:16:47:37 -0400] "GET /robots.txt HTTP/1.1" 301 795 "-" "Mozilla/5.0 (compatible; DotBot/1.2; +https://opensiteexplorer.org/dotbot; help@moz.com)"
216.244.66.236 - - [28/Aug/2025:16:47:37 -0400] "GET /robots.txt HTTP/1.1" 301 795 "-" "Mozilla/5.0 (compatible; DotBot/1.2; +https://opensiteexplorer.org/dotbot; help@moz.com)"
185.139.50.29 - - [28/Aug/2025:16:47:44 -0400] "POST /xmlrpc.php HTTP/1.1" 301 795 "-" "Mozilla/5.0 (Macintosh; Intel Mac OS X 10_15_7) AppleWebKit/605.1.15 (KHTML, like Gecko) Version/17.5 Safari/605.1.15"
4.230.128.153 - - [28/Aug/2025:16:53:27 -0400] "GET /wp-content/plugins/hellopress/wp_filemanager.php HTTP/1.1" 301 795 "-" "-"
4.230.128.153 - - [28/Aug/2025:16:53:28 -0400] "GET /wp-admin/function.php HTTP/1.1" 301 795 "-" "-"
4.230.128.153 - - [28/Aug/2025:16:53:30 -0400] "GET /.well-known/content.php HTTP/1.1" 301 795 "-" "-"
4.230.128.153 - - [28/Aug/2025:16:53:31 -0400] "GET /phpshelldownload.com/index.php HTTP/1.1" 301 795 "-" "-"
4.230.128.153 - - [28/Aug/2025:16:53:33 -0400] "GET /wp.php HTTP/1.1" 301 795 "-" "-"
4.230.128.153 - - [28/Aug/2025:16:53:33 -0400] "GET /file.php HTTP/1.1" 301 795 "-" "-"
4.230.128.153 - - [28/Aug/2025:16:53:34 -0400] "GET /wp-includes/pomo/pomo.php HTTP/1.1" 301 795 "-" "-"
4.230.128.153 - - [28/Aug/2025:16:53:34 -0400] "GET /config.php HTTP/1.1" 301 795 "-" "-"
4.230.128.153 - - [28/Aug/2025:16:53:38 -0400] "GET /wp-includes/Text/Diff/Renderer/about.php HTTP/1.1" 301 795 "-" "-"
4.230.128.153 - - [28/Aug/2025:16:53:40 -0400] "GET /cong.php HTTP/1.1" 301 795 "-" "-"
4.230.128.153 - - [28/Aug/2025:16:53:41 -0400] "GET /content.php HTTP/1.1" 301 795 "-" "-"
66.249.74.37 - - [28/Aug/2025:16:59:48 -0400] "GET / HTTP/1.1" 301 795 "-" "Mozilla/5.0 (Linux; Android 6.0.1; Nexus 5X Build/MMB29P) AppleWebKit/537.36 (KHTML, like Gecko) Chrome/138.0.7204.183 Mobile Safari/537.36 (compatible; Googlebot/2.1; +http://www.google.com/bot.html)"
66.249.74.37 - - [28/Aug/2025:17:00:01 -0400] "GET / HTTP/1.1" 301 795 "-" "Mozilla/5.0 (compatible; Googlebot/2.1; +http://www.google.com/bot.html)"
4.230.128.153 - - [28/Aug/2025:16:53:28 -0400] "GET /ALFA_DATA/index.php HTTP/1.1" 301 795 "-" "-"
4.230.128.153 - - [28/Aug/2025:16:53:29 -0400] "GET /mah.php HTTP/1.1" 301 795 "-" "-"
4.230.128.153 - - [28/Aug/2025:16:53:29 -0400] "GET /makeasmtp.php HTTP/1.1" 301 795 "-" "-"
4.230.128.153 - - [28/Aug/2025:16:53:30 -0400] "GET /wp-content/uploads/wp-conflg.php HTTP/1.1" 301 795 "-" "-"
4.230.128.153 - - [28/Aug/2025:16:53:31 -0400] "GET /uploads/bigdump.php HTTP/1.1" 301 795 "-" "-"
4.230.128.153 - - [28/Aug/2025:16:53:31 -0400] "GET /wp-content/content.php HTTP/1.1" 301 795 "-" "-"
4.230.128.153 - - [28/Aug/2025:16:53:32 -0400] "GET /wp-admin/css/colors/blue/atomlib.php HTTP/1.1" 301 795 "-" "-"
4.230.128.153 - - [28/Aug/2025:16:53:32 -0400] "GET /wp-includes/Text/Diff/alfa-rex.php HTTP/1.1" 301 795 "-" "-"
4.230.128.153 - - [28/Aug/2025:16:53:36 -0400] "GET /wp-includes/css/wp-conflg.php HTTP/1.1" 301 795 "-" "-"
4.230.128.153 - - [28/Aug/2025:16:53:36 -0400] "GET /wp-includes/fonts/index.php HTTP/1.1" 301 795 "-" "-"
4.230.128.153 - - [28/Aug/2025:16:53:37 -0400] "GET /wp-admin/autoload_classmap.php HTTP/1.1" 301 795 "-" "-"
4.230.128.153 - - [28/Aug/2025:16:53:37 -0400] "GET /post.php HTTP/1.1" 301 795 "-" "-"
4.230.128.153 - - [28/Aug/2025:16:53:38 -0400] "GET /index.php HTTP/1.1" 301 795 "-" "-"
4.230.128.153 - - [28/Aug/2025:16:53:39 -0400] "GET /wp-admin/admin-post.php HTTP/1.1" 301 795 "-" "-"
4.230.128.153 - - [28/Aug/2025:16:53:39 -0400] "GET /wp-admin/css/colors/blue/about.php HTTP/1.1" 301 795 "-" "-"
4.230.128.153 - - [28/Aug/2025:16:53:40 -0400] "GET /chosen.php HTTP/1.1" 301 795 "-" "-"
66.249.74.38 - - [28/Aug/2025:16:59:58 -0400] "GET / HTTP/1.1" 301 795 "-" "Mozilla/5.0 (Linux; Android 6.0.1; Nexus 5X Build/MMB29P) AppleWebKit/537.36 (KHTML, like Gecko) Chrome/99.0.4844.84 Mobile Safari/537.36 (compatible; Googlebot/2.1; +http://www.google.com/bot.html)"
64.150.183.119 - - [28/Aug/2025:17:15:12 -0400] "GET / HTTP/1.1" 301 795 "-" "curl/7.35.0"
64.150.183.119 - - [28/Aug/2025:17:12:28 -0400] "GET / HTTP/1.1" 301 795 "-" "curl/7.35.0"
138.201.124.56 - - [28/Aug/2025:17:20:37 -0400] "GET / HTTP/1.1" 301 795 "-" "Mozilla/5.0 (Windows NT 10.0; Win64; x64; rv:127.0) Gecko/20100101 Firefox/127.0"
64.225.68.9 - - [28/Aug/2025:17:26:21 -0400] "GET / HTTP/1.1" 301 795 "-" "Mozilla/5.0 (X11; Linux x86_64) AppleWebKit/537.36 (KHTML, like Gecko) Chrome/139.0.0.0 Safari/537.36"
216.244.66.236 - - [28/Aug/2025:17:34:04 -0400] "GET /robots.txt HTTP/1.1" 301 795 "-" "Mozilla/5.0 (compatible; DotBot/1.2; +https://opensiteexplorer.org/dotbot; help@moz.com)"
216.244.66.203 - - [28/Aug/2025:17:37:29 -0400] "GET /robots.txt HTTP/1.1" 301 795 "-" "Mozilla/5.0 (compatible; DotBot/1.2; +https://opensiteexplorer.org/dotbot; help@moz.com)"
64.225.68.9 - - [28/Aug/2025:17:26:21 -0400] "GET /favicon.ico HTTP/1.1" 301 795 "http://taxhelplines.com.pk/" "Mozilla/5.0 (X11; Linux x86_64) AppleWebKit/537.36 (KHTML, like Gecko) Chrome/139.0.0.0 Safari/537.36"
88.213.208.199 - - [28/Aug/2025:17:33:30 -0400] "POST /xmlrpc.php HTTP/1.1" 301 795 "-" "Mozilla/5.0 (Windows NT 10.0; Win64; x64) AppleWebKit/537.36 (KHTML, like Gecko) Chrome/138.0.0.0 Safari/537.36"
216.244.66.236 - - [28/Aug/2025:17:34:04 -0400] "GET /robots.txt HTTP/1.1" 301 795 "-" "Mozilla/5.0 (compatible; DotBot/1.2; +https://opensiteexplorer.org/dotbot; help@moz.com)"
162.214.208.138 - - [28/Aug/2025:17:34:46 -0400] "GET / HTTP/1.1" 301 795 "-" "Mozilla/5.0 (Macintosh; Intel Mac OS X 10_15_7) AppleWebKit/537.36 (KHTML, like Gecko) Chrome/126.0.0.0 Safari/537.36"
194.233.90.149 - - [28/Aug/2025:17:36:14 -0400] "GET / HTTP/1.1" 301 795 "-" "Mozilla/5.0 (Windows NT 10.0; Win64; x64; rv:127.0) Gecko/20100101 Firefox/127.0"
132.148.222.187 - - [28/Aug/2025:17:36:47 -0400] "GET / HTTP/1.1" 301 795 "-" "Mozilla/5.0 (Windows NT 10.0; Win64; x64) AppleWebKit/537.36 (KHTML, like Gecko) Chrome/115.0.5790.102 Safari/537.36"
149.76.137.150 - - [28/Aug/2025:17:55:01 -0400] "POST /xmlrpc.php HTTP/1.1" 301 795 "-" "Mozilla/5.0 (Macintosh; Intel Mac OS X 10_15_7) AppleWebKit/605.1.15 (KHTML, like Gecko) Version/17.5 Safari/605.1.15"
43.133.46.234 - - [28/Aug/2025:18:17:15 -0400] "GET / HTTP/1.1" 301 795 "-" "Mozilla/5.0 (Windows NT 10.0; Win64; x64) AppleWebKit/537.36 (KHTML, like Gecko) Chrome/108.0.0.0 Safari/537.36"
129.226.200.178 - - [28/Aug/2025:18:17:17 -0400] "GET / HTTP/1.1" 301 795 "-" "Mozilla/5.0 (Windows NT 10.0; Win64; x64) AppleWebKit/537.36 (KHTML, like Gecko) Chrome/116.0.0.0 Safari/537.36"
216.244.66.236 - - [28/Aug/2025:18:18:56 -0400] "GET /robots.txt HTTP/1.1" 301 795 "-" "Mozilla/5.0 (compatible; DotBot/1.2; +https://opensiteexplorer.org/dotbot; help@moz.com)"
43.166.247.155 - - [28/Aug/2025:18:23:33 -0400] "GET / HTTP/1.1" 301 795 "-" "Mozilla/5.0 (iPhone; CPU iPhone OS 13_2_3 like Mac OS X) AppleWebKit/605.1.15 (KHTML, like Gecko) Version/13.0.3 Mobile/15E148 Safari/604.1"
89.22.101.69 - - [28/Aug/2025:18:24:52 -0400] "GET / HTTP/1.1" 301 795 "-" "Mozilla/5.0 (Windows NT 10.0; Win64; x64) AppleWebKit/537.36 (KHTML, like Gecko) Chrome/61.0.3163.100 Safari/537.36"
18.208.11.93 - - [28/Aug/2025:18:48:50 -0400] "GET /ordinance?tax=Federal%20Excise HTTP/1.1" 301 795 "-" "Mozilla/5.0 AppleWebKit/537.36 (KHTML, like Gecko; compatible; Amazonbot/0.1; +https://developer.amazon.com/support/amazonbot) Chrome/119.0.6045.214 Safari/537.36"
52.71.218.25 - - [28/Aug/2025:18:46:41 -0400] "GET /judgment?tax=Income%20Tax HTTP/1.1" 301 795 "-" "Mozilla/5.0 AppleWebKit/537.36 (KHTML, like Gecko; compatible; Amazonbot/0.1; +https://developer.amazon.com/support/amazonbot) Chrome/119.0.6045.214 Safari/537.36"
18.208.11.93 - - [28/Aug/2025:18:48:49 -0400] "GET /robots.txt HTTP/1.1" 301 795 "-" "Mozilla/5.0 AppleWebKit/537.36 (KHTML, like Gecko; compatible; Amazonbot/0.1; +https://developer.amazon.com/support/amazonbot) Chrome/119.0.6045.214 Safari/537.36"
216.244.66.236 - - [28/Aug/2025:19:02:18 -0400] "GET /robots.txt HTTP/1.1" 301 795 "-" "Mozilla/5.0 (compatible; DotBot/1.2; +https://opensiteexplorer.org/dotbot; help@moz.com)"
216.244.66.236 - - [28/Aug/2025:19:02:18 -0400] "GET /robots.txt HTTP/1.1" 301 795 "-" "Mozilla/5.0 (compatible; DotBot/1.2; +https://opensiteexplorer.org/dotbot; help@moz.com)"
35.237.63.74 - - [28/Aug/2025:19:15:42 -0400] "HEAD /wordpress HTTP/1.1" 301 0 "-" "Mozilla/5.0 (Windows NT 10.0; Win64; x64) AppleWebKit/537.36 (KHTML, like Gecko) Chrome/74.0.3729.169 Safari/537.36"
4.227.36.106 - - [28/Aug/2025:19:16:00 -0400] "GET /robots.txt HTTP/1.1" 301 795 "-" "Mozilla/5.0 AppleWebKit/537.36 (KHTML, like Gecko; compatible; GPTBot/1.2; +https://openai.com/gptbot)"

Youez - 2016 - github.com/yon3zu
LinuXploit