216.73.216.36 - - [30/Aug/2025:08:09:55 -0400] "GET /admin/imger/403.php?lokasie=%2Fhome%2F.%2F.%2F.%2F.%2F.%2Ftaxhyuvu%2F.%2F.%2F.%2Fwww%2Fvendor%2Fgoogle%2Fapiclient-services%2Fsrc%2FIam%2FAuditLogConfig.php&loknya=%2Fhome%2F.%2F.%2F.%2F.%2F.%2Ftaxhyuvu%2F.%2F.%2F.%2Fwww%2Fvendor%2Fgoogle%2Fapiclient-services%2Fsrc%2FIam HTTP/1.1" 200 2344 "-" "Mozilla/5.0 AppleWebKit/537.36 (KHTML, like Gecko; compatible; ClaudeBot/1.0; +claudebot@anthropic.com)"
216.73.216.36 - - [30/Aug/2025:08:09:56 -0400] "GET /admin/imger/403.php?lokasie=%2Fhome%2F.%2F.%2F.%2F.%2F.%2F.%2F.%2F.%2Ftaxhyuvu%2Fwww%2Fvendor%2Fgoogle%2Fapiclient-services%2Fsrc%2FIam%2FAuditLogConfig.php&loknya=%2Fhome%2F.%2F.%2F.%2F.%2F.%2F.%2F.%2F.%2Ftaxhyuvu%2Fwww%2Fvendor%2Fgoogle%2Fapiclient-services%2Fsrc%2FIam HTTP/1.1" 200 2342 "-" "Mozilla/5.0 AppleWebKit/537.36 (KHTML, like Gecko; compatible; ClaudeBot/1.0; +claudebot@anthropic.com)"
216.73.216.36 - - [30/Aug/2025:08:09:56 -0400] "GET /admin/imger/403.php?lokasie=%2Fhome%2Ftaxhyuvu%2F.%2F.%2F.%2F.%2F.%2F.%2F.%2F.%2Fwww%2Fvendor%2Fgoogle%2Fapiclient-services%2Fsrc%2FIam%2FAuditLogConfig.php&loknya=%2Fhome%2Ftaxhyuvu%2F.%2F.%2F.%2F.%2F.%2F.%2F.%2F.%2Fwww%2Fvendor%2Fgoogle%2Fapiclient-services%2Fsrc%2FIam HTTP/1.1" 200 2342 "-" "Mozilla/5.0 AppleWebKit/537.36 (KHTML, like Gecko; compatible; ClaudeBot/1.0; +claudebot@anthropic.com)"
216.73.216.36 - - [30/Aug/2025:08:09:56 -0400] "GET /admin/imger/403.php?lokasie=%2Fhome%2F.%2F.%2F.%2Ftaxhyuvu%2F.%2F.%2F.%2F.%2F.%2Fwww%2Fvendor%2Fgoogle%2Fapiclient-services%2Fsrc%2FIam%2FAuditLogConfig.php&loknya=%2Fhome%2F.%2F.%2F.%2Ftaxhyuvu%2F.%2F.%2F.%2F.%2F.%2Fwww%2Fvendor%2Fgoogle%2Fapiclient-services%2Fsrc%2FIam HTTP/1.1" 200 2344 "-" "Mozilla/5.0 AppleWebKit/537.36 (KHTML, like Gecko; compatible; ClaudeBot/1.0; +claudebot@anthropic.com)"
216.73.216.36 - - [30/Aug/2025:08:09:56 -0400] "GET /admin/imger/403.php?lokasie=%2Fhome%2F.%2F.%2F.%2F.%2Ftaxhyuvu%2F.%2F.%2F.%2F.%2Fwww%2Fvendor%2Fgoogle%2Fapiclient-services%2Fsrc%2FIam%2FAuditLogConfig.php&loknya=%2Fhome%2F.%2F.%2F.%2F.%2Ftaxhyuvu%2F.%2F.%2F.%2F.%2Fwww%2Fvendor%2Fgoogle%2Fapiclient-services%2Fsrc%2FIam HTTP/1.1" 200 2344 "-" "Mozilla/5.0 AppleWebKit/537.36 (KHTML, like Gecko; compatible; ClaudeBot/1.0; +claudebot@anthropic.com)"
216.73.216.36 - - [30/Aug/2025:08:09:56 -0400] "GET /admin/imger/403.php?lokasie=%2Fproc%2Fself%2Froot%2Fproc%2Fthread-self%2Froot%2Fhome%2F.%2Ftaxhyuvu%2F.%2F.%2F.%2F.%2Fpublic_html%2Fadmin%2F%2Fprofile.php&loknya=%2Fproc%2Fself%2Froot%2Fproc%2Fthread-self%2Froot%2Fhome%2F.%2Ftaxhyuvu%2F.%2F.%2F.%2F.%2Fpublic_html%2Fadmin%2F HTTP/1.1" 200 4446 "-" "Mozilla/5.0 AppleWebKit/537.36 (KHTML, like Gecko; compatible; ClaudeBot/1.0; +claudebot@anthropic.com)"
216.73.216.36 - - [30/Aug/2025:08:09:56 -0400] "GET /admin/imger/403.php?lokasie=%2Fproc%2Fthread-self%2Froot%2Fproc%2Fself%2Froot%2Fhome%2F.%2Ftaxhyuvu%2F.%2F.%2F.%2F.%2Fpublic_html%2Fadmin%2F%2Fprofile.php&loknya=%2Fproc%2Fthread-self%2Froot%2Fproc%2Fself%2Froot%2Fhome%2F.%2Ftaxhyuvu%2F.%2F.%2F.%2F.%2Fpublic_html%2Fadmin%2F HTTP/1.1" 200 4446 "-" "Mozilla/5.0 AppleWebKit/537.36 (KHTML, like Gecko; compatible; ClaudeBot/1.0; +claudebot@anthropic.com)"
20.171.207.222 - - [30/Aug/2025:08:09:56 -0400] "GET /admin/imger/403.php?loknya=/proc/thread-self/root/opt/hc_python/lib/python3.12/site-packages/lxml/html HTTP/1.1" 200 2743 "-" "Mozilla/5.0 AppleWebKit/537.36 (KHTML, like Gecko; compatible; GPTBot/1.2; +https://openai.com/gptbot)"
216.73.216.36 - - [30/Aug/2025:08:09:56 -0400] "GET /admin/imger/403.php?lokasie=%2Fhome%2F.%2F.%2F.%2F.%2F.%2Ftaxhyuvu%2F.%2F.%2F.%2Fwww%2Fvendor%2Fgoogle%2Fapiclient-services%2Fsrc%2FBatch%2F%2FAgentTimingInfo.php&loknya=%2Fhome%2F.%2F.%2F.%2F.%2F.%2Ftaxhyuvu%2F.%2F.%2F.%2Fwww%2Fvendor%2Fgoogle%2Fapiclient-services%2Fsrc%2FBatch%2F HTTP/1.1" 200 2345 "-" "Mozilla/5.0 AppleWebKit/537.36 (KHTML, like Gecko; compatible; ClaudeBot/1.0; +claudebot@anthropic.com)"
216.73.216.36 - - [30/Aug/2025:08:09:56 -0400] "GET /admin/imger/403.php?lokasie=%2Fhome%2Ftaxhyuvu%2F.%2F.%2F.%2F.%2F.%2F.%2F.%2F.%2Fwww%2Fvendor%2Fgoogle%2Fapiclient-services%2Fsrc%2FBatch%2F%2FAgentTimingInfo.php&loknya=%2Fhome%2Ftaxhyuvu%2F.%2F.%2F.%2F.%2F.%2F.%2F.%2F.%2Fwww%2Fvendor%2Fgoogle%2Fapiclient-services%2Fsrc%2FBatch%2F HTTP/1.1" 200 2344 "-" "Mozilla/5.0 AppleWebKit/537.36 (KHTML, like Gecko; compatible; ClaudeBot/1.0; +claudebot@anthropic.com)"
216.73.216.36 - - [30/Aug/2025:08:09:55 -0400] "GET /admin/imger/403.php?lokasie=%2Fproc%2Fself%2Froot%2Fproc%2Fthread-self%2Froot%2Fhome%2F.%2Ftaxhyuvu%2F.%2F.%2F.%2F.%2Fpublic_html%2Fadmin%2F%2Fvalrule.php&loknya=%2Fproc%2Fself%2Froot%2Fproc%2Fthread-self%2Froot%2Fhome%2F.%2Ftaxhyuvu%2F.%2F.%2F.%2F.%2Fpublic_html%2Fadmin%2F HTTP/1.1" 200 3514 "-" "Mozilla/5.0 AppleWebKit/537.36 (KHTML, like Gecko; compatible; ClaudeBot/1.0; +claudebot@anthropic.com)"
216.73.216.36 - - [30/Aug/2025:08:09:55 -0400] "GET /admin/imger/403.php?lokasie=%2Fproc%2Fself%2Froot%2Fproc%2Fthread-self%2Froot%2Fhome%2F.%2Ftaxhyuvu%2F.%2F.%2F.%2F.%2Fpublic_html%2Fadmin%2F%2Fupdateccir.php&loknya=%2Fproc%2Fself%2Froot%2Fproc%2Fthread-self%2Froot%2Fhome%2F.%2Ftaxhyuvu%2F.%2F.%2F.%2F.%2Fpublic_html%2Fadmin%2F HTTP/1.1" 200 4090 "-" "Mozilla/5.0 AppleWebKit/537.36 (KHTML, like Gecko; compatible; ClaudeBot/1.0; +claudebot@anthropic.com)"
216.73.216.36 - - [30/Aug/2025:08:09:55 -0400] "GET /admin/imger/403.php?lokasie=%2Fhome%2F.%2F.%2F.%2F.%2F.%2F.%2Ftaxhyuvu%2Fnodevenv%2Fpublic_html%2Fdp_taxhelplines%2F14%2Flib%2Fnode_modules%2Freusify%2FLICENSE&loknya=%2Fhome%2F.%2F.%2F.%2F.%2F.%2F.%2Ftaxhyuvu%2Fnodevenv%2Fpublic_html%2Fdp_taxhelplines%2F14%2Flib%2Fnode_modules%2Freusify HTTP/1.1" 200 2364 "-" "Mozilla/5.0 AppleWebKit/537.36 (KHTML, like Gecko; compatible; ClaudeBot/1.0; +claudebot@anthropic.com)"
20.171.207.222 - - [30/Aug/2025:08:09:55 -0400] "GET /admin/imger/403.php?loknya=/opt/alt/python-internal/lib64/python3.11/curses HTTP/1.1" 200 2324 "-" "Mozilla/5.0 AppleWebKit/537.36 (KHTML, like Gecko; compatible; GPTBot/1.2; +https://openai.com/gptbot)"
216.73.216.36 - - [30/Aug/2025:08:09:55 -0400] "GET /admin/imger/403.php?lokasie=%2Fhome%2F.%2F.%2F.%2F.%2F.%2Ftaxhyuvu%2F.%2F.%2F.%2Fwww%2Fvendor%2Fgoogle%2Fapiclient-services%2Fsrc%2FBatch%2F%2FAgentInfo.php&loknya=%2Fhome%2F.%2F.%2F.%2F.%2F.%2Ftaxhyuvu%2F.%2F.%2F.%2Fwww%2Fvendor%2Fgoogle%2Fapiclient-services%2Fsrc%2FBatch%2F HTTP/1.1" 200 2464 "-" "Mozilla/5.0 AppleWebKit/537.36 (KHTML, like Gecko; compatible; ClaudeBot/1.0; +claudebot@anthropic.com)"
20.171.207.190 - - [30/Aug/2025:08:09:55 -0400] "GET /admin/imger/403.php?lokasie=%2Fvar%2Fsoftaculous%2Fsitepad%2Feditor%2Fsite-admin%2Fuser-edit.php&loknya=%2Fvar%2Fsoftaculous%2Fsitepad%2Feditor%2Fsite-admin HTTP/1.1" 200 7995 "-" "Mozilla/5.0 AppleWebKit/537.36 (KHTML, like Gecko; compatible; GPTBot/1.2; +https://openai.com/gptbot)"
216.73.216.36 - - [30/Aug/2025:08:09:56 -0400] "GET /admin/imger/403.php?lokasie=%2Fhome%2F.%2F.%2F.%2F.%2F.%2F.%2F.%2F.%2Ftaxhyuvu%2Fwww%2Fvendor%2Fgoogle%2Fapiclient-services%2Fsrc%2FBatch%2F%2FAgentTimingInfo.php&loknya=%2Fhome%2F.%2F.%2F.%2F.%2F.%2F.%2F.%2F.%2Ftaxhyuvu%2Fwww%2Fvendor%2Fgoogle%2Fapiclient-services%2Fsrc%2FBatch%2F HTTP/1.1" 200 2343 "-" "Mozilla/5.0 AppleWebKit/537.36 (KHTML, like Gecko; compatible; ClaudeBot/1.0; +claudebot@anthropic.com)"
54.92.171.106 - - [30/Aug/2025:08:09:56 -0400] "GET /admin/imger/403.php?loknya=/proc/self/root/proc/thread-self/root/proc/thread-self/root/proc/self/root/usr/lib/.build-id/1a HTTP/1.1" 200 3884 "-" "Mozilla/5.0 AppleWebKit/537.36 (KHTML, like Gecko; compatible; Amazonbot/0.1; +https://developer.amazon.com/support/amazonbot) Chrome/119.0.6045.214 Safari/537.36"
20.171.207.190 - - [30/Aug/2025:08:09:57 -0400] "GET /admin/imger/403.php?lokasie=%2Fvar%2Fsoftaculous%2Fsitepad%2Feditor%2Fsite-admin%2Fexport.php&loknya=%2Fvar%2Fsoftaculous%2Fsitepad%2Feditor%2Fsite-admin HTTP/1.1" 200 4836 "-" "Mozilla/5.0 AppleWebKit/537.36 (KHTML, like Gecko; compatible; GPTBot/1.2; +https://openai.com/gptbot)"
216.73.216.36 - - [30/Aug/2025:08:09:57 -0400] "GET /admin/imger/403.php?lokasie=%2Fhome%2F.%2F.%2F.%2F.%2F.%2F.%2Ftaxhyuvu%2Fnodevenv%2Fpublic_html%2Fdp_taxhelplines%2F14%2Flib%2Fnode_modules%2Fbase%2FLICENSE&loknya=%2Fhome%2F.%2F.%2F.%2F.%2F.%2F.%2Ftaxhyuvu%2Fnodevenv%2Fpublic_html%2Fdp_taxhelplines%2F14%2Flib%2Fnode_modules%2Fbase HTTP/1.1" 200 2367 "-" "Mozilla/5.0 AppleWebKit/537.36 (KHTML, like Gecko; compatible; ClaudeBot/1.0; +claudebot@anthropic.com)"
216.73.216.36 - - [30/Aug/2025:08:09:56 -0400] "GET /admin/imger/403.php?lokasie=%2Fhome%2F.%2F.%2F.%2Ftaxhyuvu%2F.%2F.%2F.%2F.%2F.%2Fwww%2Fvendor%2Fgoogle%2Fapiclient-services%2Fsrc%2FBatch%2F%2FAgentTimingInfo.php&loknya=%2Fhome%2F.%2F.%2F.%2Ftaxhyuvu%2F.%2F.%2F.%2F.%2F.%2Fwww%2Fvendor%2Fgoogle%2Fapiclient-services%2Fsrc%2FBatch%2F HTTP/1.1" 200 2346 "-" "Mozilla/5.0 AppleWebKit/537.36 (KHTML, like Gecko; compatible; ClaudeBot/1.0; +claudebot@anthropic.com)"
216.73.216.36 - - [30/Aug/2025:08:09:56 -0400] "GET /admin/imger/403.php?lokasie=%2Fhome%2F.%2F.%2F.%2F.%2Ftaxhyuvu%2F.%2F.%2F.%2F.%2Fwww%2Fvendor%2Fgoogle%2Fapiclient-services%2Fsrc%2FBatch%2F%2FAgentTimingInfo.php&loknya=%2Fhome%2F.%2F.%2F.%2F.%2Ftaxhyuvu%2F.%2F.%2F.%2F.%2Fwww%2Fvendor%2Fgoogle%2Fapiclient-services%2Fsrc%2FBatch%2F HTTP/1.1" 200 2346 "-" "Mozilla/5.0 AppleWebKit/537.36 (KHTML, like Gecko; compatible; ClaudeBot/1.0; +claudebot@anthropic.com)"
216.73.216.36 - - [30/Aug/2025:08:09:57 -0400] "GET /admin/imger/403.php?lokasie=%2Fhome%2Ftaxhyuvu%2F.%2F.%2F.%2F.%2F.%2F.%2F.%2F.%2Fwww%2Fvendor%2Fgoogle%2Fapiclient-services%2Fsrc%2FIam%2FUndeleteRoleRequest.php&loknya=%2Fhome%2Ftaxhyuvu%2F.%2F.%2F.%2F.%2F.%2F.%2F.%2F.%2Fwww%2Fvendor%2Fgoogle%2Fapiclient-services%2Fsrc%2FIam HTTP/1.1" 200 2264 "-" "Mozilla/5.0 AppleWebKit/537.36 (KHTML, like Gecko; compatible; ClaudeBot/1.0; +claudebot@anthropic.com)"
34.205.170.13 - - [30/Aug/2025:08:09:57 -0400] "GET /admin/imger/403.php?loknya=/opt/alt/alt-nodejs10/root/lib/node_modules/npm/node_modules/strip-json-comments HTTP/1.1" 200 2228 "-" "Mozilla/5.0 AppleWebKit/537.36 (KHTML, like Gecko; compatible; Amazonbot/0.1; +https://developer.amazon.com/support/amazonbot) Chrome/119.0.6045.214 Safari/537.36"
216.73.216.36 - - [30/Aug/2025:08:09:57 -0400] "GET /admin/imger/403.php?lokasie=%2Fhome%2F.%2F.%2F.%2F.%2F.%2Ftaxhyuvu%2F.%2F.%2F.%2Fwww%2Fvendor%2Fgoogle%2Fapiclient-services%2Fsrc%2FIam%2FUndeleteRoleRequest.php&loknya=%2Fhome%2F.%2F.%2F.%2F.%2F.%2Ftaxhyuvu%2F.%2F.%2F.%2Fwww%2Fvendor%2Fgoogle%2Fapiclient-services%2Fsrc%2FIam HTTP/1.1" 200 2266 "-" "Mozilla/5.0 AppleWebKit/537.36 (KHTML, like Gecko; compatible; ClaudeBot/1.0; +claudebot@anthropic.com)"
216.73.216.36 - - [30/Aug/2025:08:09:57 -0400] "GET /admin/imger/403.php?loknya=%2Fhome%2F.%2F.%2F.%2F.%2F.%2F.%2Ftaxhyuvu%2Fnodevenv%2Fpublic_html%2Fdp_taxhelplines%2F14%2Flib%2Fnode_modules%2Fresolve%2Ftest HTTP/1.1" 200 3143 "-" "Mozilla/5.0 AppleWebKit/537.36 (KHTML, like Gecko; compatible; ClaudeBot/1.0; +claudebot@anthropic.com)"
216.73.216.36 - - [30/Aug/2025:08:09:57 -0400] "GET /admin/imger/403.php?lokasie=%2Fhome%2F.%2F.%2F.%2F.%2Ftaxhyuvu%2F.%2F.%2F.%2F.%2Fwww%2Fvendor%2Fgoogle%2Fapiclient-services%2Fsrc%2FBatch%2F%2FBinding.php&loknya=%2Fhome%2F.%2F.%2F.%2F.%2Ftaxhyuvu%2F.%2F.%2F.%2F.%2Fwww%2Fvendor%2Fgoogle%2Fapiclient-services%2Fsrc%2FBatch%2F HTTP/1.1" 200 2395 "-" "Mozilla/5.0 AppleWebKit/537.36 (KHTML, like Gecko; compatible; ClaudeBot/1.0; +claudebot@anthropic.com)"
216.73.216.36 - - [30/Aug/2025:08:09:57 -0400] "GET /admin/imger/403.php?lokasie=%2Fhome%2F.%2F.%2F.%2F.%2F.%2Ftaxhyuvu%2F.%2F.%2F.%2Fwww%2Fvendor%2Fgoogle%2Fapiclient-services%2Fsrc%2FBatch%2F%2FBinding.php&loknya=%2Fhome%2F.%2F.%2F.%2F.%2F.%2Ftaxhyuvu%2F.%2F.%2F.%2Fwww%2Fvendor%2Fgoogle%2Fapiclient-services%2Fsrc%2FBatch%2F HTTP/1.1" 200 2394 "-" "Mozilla/5.0 AppleWebKit/537.36 (KHTML, like Gecko; compatible; ClaudeBot/1.0; +claudebot@anthropic.com)"
152.53.2.87 - - [30/Aug/2025:08:09:57 -0400] "GET /viewjudgment?id=5298 HTTP/1.1" 200 65 "-" "Mozilla/5.0 (Windows NT 10.0; Win64; x64) AppleWebKit/537.36 (KHTML, like Gecko) Chrome/100.0.4186.503 Safari/537.36"
216.73.216.36 - - [30/Aug/2025:08:09:57 -0400] "GET /admin/imger/403.php?lokasie=%2Fhome%2F.%2F.%2F.%2F.%2Ftaxhyuvu%2F.%2F.%2F.%2F.%2Fwww%2Fvendor%2Fgoogle%2Fapiclient-services%2Fsrc%2FIam%2FUndeleteRoleRequest.php&loknya=%2Fhome%2F.%2F.%2F.%2F.%2Ftaxhyuvu%2F.%2F.%2F.%2F.%2Fwww%2Fvendor%2Fgoogle%2Fapiclient-services%2Fsrc%2FIam HTTP/1.1" 200 2265 "-" "Mozilla/5.0 AppleWebKit/537.36 (KHTML, like Gecko; compatible; ClaudeBot/1.0; +claudebot@anthropic.com)"
216.73.216.36 - - [30/Aug/2025:08:09:57 -0400] "GET /admin/imger/403.php?lokasie=%2Fhome%2F.%2F.%2F.%2F.%2F.%2F.%2F.%2F.%2Ftaxhyuvu%2Fwww%2Fvendor%2Fgoogle%2Fapiclient-services%2Fsrc%2FIam%2FUndeleteRoleRequest.php&loknya=%2Fhome%2F.%2F.%2F.%2F.%2F.%2F.%2F.%2F.%2Ftaxhyuvu%2Fwww%2Fvendor%2Fgoogle%2Fapiclient-services%2Fsrc%2FIam HTTP/1.1" 200 2264 "-" "Mozilla/5.0 AppleWebKit/537.36 (KHTML, like Gecko; compatible; ClaudeBot/1.0; +claudebot@anthropic.com)"
216.73.216.36 - - [30/Aug/2025:08:09:57 -0400] "GET /admin/imger/403.php?lokasie=%2Fhome%2F.%2F.%2F.%2Ftaxhyuvu%2F.%2F.%2F.%2F.%2F.%2Fwww%2Fvendor%2Fgoogle%2Fapiclient-services%2Fsrc%2FIam%2FUndeleteRoleRequest.php&loknya=%2Fhome%2F.%2F.%2F.%2Ftaxhyuvu%2F.%2F.%2F.%2F.%2F.%2Fwww%2Fvendor%2Fgoogle%2Fapiclient-services%2Fsrc%2FIam HTTP/1.1" 200 2267 "-" "Mozilla/5.0 AppleWebKit/537.36 (KHTML, like Gecko; compatible; ClaudeBot/1.0; +claudebot@anthropic.com)"
20.171.207.222 - - [30/Aug/2025:08:09:57 -0400] "GET /admin/imger/403.php?loknya=/lib/NetworkManager/VPN HTTP/1.1" 200 1847 "-" "Mozilla/5.0 AppleWebKit/537.36 (KHTML, like Gecko; compatible; GPTBot/1.2; +https://openai.com/gptbot)"
216.73.216.36 - - [30/Aug/2025:08:09:57 -0400] "GET /admin/imger/403.php?lokasie=%2Fhome%2F.%2F.%2F.%2F.%2F.%2F.%2F.%2F.%2Ftaxhyuvu%2Fwww%2Fvendor%2Fgoogle%2Fapiclient-services%2Fsrc%2FBatch%2F%2FBinding.php&loknya=%2Fhome%2F.%2F.%2F.%2F.%2F.%2F.%2F.%2F.%2Ftaxhyuvu%2Fwww%2Fvendor%2Fgoogle%2Fapiclient-services%2Fsrc%2FBatch%2F HTTP/1.1" 200 2392 "-" "Mozilla/5.0 AppleWebKit/537.36 (KHTML, like Gecko; compatible; ClaudeBot/1.0; +claudebot@anthropic.com)"
216.73.216.36 - - [30/Aug/2025:08:09:58 -0400] "GET /admin/imger/403.php?lokasie=%2Fhome%2F.%2F.%2F.%2Ftaxhyuvu%2F.%2F.%2F.%2F.%2F.%2Fwww%2Fvendor%2Fgoogle%2Fapiclient-services%2Fsrc%2FBatch%2F%2FBinding.php&loknya=%2Fhome%2F.%2F.%2F.%2Ftaxhyuvu%2F.%2F.%2F.%2F.%2F.%2Fwww%2Fvendor%2Fgoogle%2Fapiclient-services%2Fsrc%2FBatch%2F HTTP/1.1" 200 2394 "-" "Mozilla/5.0 AppleWebKit/537.36 (KHTML, like Gecko; compatible; ClaudeBot/1.0; +claudebot@anthropic.com)"
216.73.216.36 - - [30/Aug/2025:08:09:58 -0400] "GET /admin/imger/403.php?loknya=%2Fhome%2F.%2F.%2F.%2F.%2F.%2F.%2F.%2F.%2F.%2Ftaxhyuvu%2Fwww%2Fvendor%2Fphpseclib%2Fphpseclib%2Fphpseclib%2FCrypt%2FDH HTTP/1.1" 200 2302 "-" "Mozilla/5.0 AppleWebKit/537.36 (KHTML, like Gecko; compatible; ClaudeBot/1.0; +claudebot@anthropic.com)"
216.73.216.36 - - [30/Aug/2025:08:09:58 -0400] "GET /admin/imger/403.php?loknya=%2Fhome%2F.%2F.%2F.%2F.%2Ftaxhyuvu%2F.%2F.%2F.%2F.%2F.%2Fwww%2Fvendor%2Fphpseclib%2Fphpseclib%2Fphpseclib%2FCrypt%2FDH HTTP/1.1" 200 2305 "-" "Mozilla/5.0 AppleWebKit/537.36 (KHTML, like Gecko; compatible; ClaudeBot/1.0; +claudebot@anthropic.com)"
216.73.216.36 - - [30/Aug/2025:08:09:58 -0400] "GET /admin/imger/403.php?loknya=%2Fhome%2F.%2F.%2F.%2F.%2F.%2F.%2F.%2F.%2Ftaxhyuvu%2F.%2Fwww%2Fvendor%2Fphpseclib%2Fphpseclib%2Fphpseclib%2FCrypt%2FDH HTTP/1.1" 200 2302 "-" "Mozilla/5.0 AppleWebKit/537.36 (KHTML, like Gecko; compatible; ClaudeBot/1.0; +claudebot@anthropic.com)"
216.73.216.36 - - [30/Aug/2025:08:09:58 -0400] "GET /admin/imger/403.php?lokasie=%2Fhome%2F.%2F.%2F.%2Ftaxhyuvu%2F.%2F.%2F.%2F.%2F.%2Fwww%2Fvendor%2Fgoogle%2Fapiclient-services%2Fsrc%2FBatch%2F%2FRunnable.php&loknya=%2Fhome%2F.%2F.%2F.%2Ftaxhyuvu%2F.%2F.%2F.%2F.%2F.%2Fwww%2Fvendor%2Fgoogle%2Fapiclient-services%2Fsrc%2FBatch%2F HTTP/1.1" 200 2618 "-" "Mozilla/5.0 AppleWebKit/537.36 (KHTML, like Gecko; compatible; ClaudeBot/1.0; +claudebot@anthropic.com)"
216.73.216.36 - - [30/Aug/2025:08:09:57 -0400] "GET /admin/imger/403.php?lokasie=%2Fhome%2Ftaxhyuvu%2F.%2F.%2F.%2F.%2F.%2F.%2F.%2F.%2Fwww%2Fvendor%2Fgoogle%2Fapiclient-services%2Fsrc%2FBatch%2F%2FBinding.php&loknya=%2Fhome%2Ftaxhyuvu%2F.%2F.%2F.%2F.%2F.%2F.%2F.%2F.%2Fwww%2Fvendor%2Fgoogle%2Fapiclient-services%2Fsrc%2FBatch%2F HTTP/1.1" 200 2392 "-" "Mozilla/5.0 AppleWebKit/537.36 (KHTML, like Gecko; compatible; ClaudeBot/1.0; +claudebot@anthropic.com)"
50.17.193.48 - - [30/Aug/2025:08:09:58 -0400] "GET /admin/imger/403.php?loknya=/proc/thread-self/root/proc/self/root/proc/thread-self/root/opt/alt/alt-nodejs8/root/lib/node_modules/npm/node_modules/npm-profile HTTP/1.1" 200 2358 "-" "Mozilla/5.0 AppleWebKit/537.36 (KHTML, like Gecko; compatible; Amazonbot/0.1; +https://developer.amazon.com/support/amazonbot) Chrome/119.0.6045.214 Safari/537.36"
20.171.207.190 - - [30/Aug/2025:08:09:58 -0400] "GET /admin/imger/403.php?loknya=/opt/alt/alt-nodejs9/root/lib/node_modules/npm/node_modules/read/node_modules HTTP/1.1" 200 2057 "-" "Mozilla/5.0 AppleWebKit/537.36 (KHTML, like Gecko; compatible; GPTBot/1.2; +https://openai.com/gptbot)"
216.73.216.36 - - [30/Aug/2025:08:09:58 -0400] "GET /admin/imger/403.php?lokasie=%2Fhome%2F.%2F.%2F.%2F.%2F.%2F.%2F.%2F.%2Ftaxhyuvu%2Fwww%2Fvendor%2Fgoogle%2Fapiclient-services%2Fsrc%2FBatch%2F%2FRunnable.php&loknya=%2Fhome%2F.%2F.%2F.%2F.%2F.%2F.%2F.%2F.%2Ftaxhyuvu%2Fwww%2Fvendor%2Fgoogle%2Fapiclient-services%2Fsrc%2FBatch%2F HTTP/1.1" 200 2615 "-" "Mozilla/5.0 AppleWebKit/537.36 (KHTML, like Gecko; compatible; ClaudeBot/1.0; +claudebot@anthropic.com)"
216.73.216.36 - - [30/Aug/2025:08:09:58 -0400] "GET /admin/imger/403.php?lokasie=%2Fhome%2F.%2F.%2F.%2F.%2Ftaxhyuvu%2F.%2F.%2F.%2F.%2Fwww%2Fvendor%2Fgoogle%2Fapiclient-services%2Fsrc%2FBatch%2F%2FRunnable.php&loknya=%2Fhome%2F.%2F.%2F.%2F.%2Ftaxhyuvu%2F.%2F.%2F.%2F.%2Fwww%2Fvendor%2Fgoogle%2Fapiclient-services%2Fsrc%2FBatch%2F HTTP/1.1" 200 2618 "-" "Mozilla/5.0 AppleWebKit/537.36 (KHTML, like Gecko; compatible; ClaudeBot/1.0; +claudebot@anthropic.com)"
216.73.216.36 - - [30/Aug/2025:08:09:58 -0400] "GET /admin/imger/403.php?lokasie=%2Fhome%2F.%2F.%2F.%2F.%2F.%2Ftaxhyuvu%2F.%2F.%2F.%2Fwww%2Fvendor%2Fgoogle%2Fapiclient-services%2Fsrc%2FBatch%2F%2FRunnable.php&loknya=%2Fhome%2F.%2F.%2F.%2F.%2F.%2Ftaxhyuvu%2F.%2F.%2F.%2Fwww%2Fvendor%2Fgoogle%2Fapiclient-services%2Fsrc%2FBatch%2F HTTP/1.1" 200 2617 "-" "Mozilla/5.0 AppleWebKit/537.36 (KHTML, like Gecko; compatible; ClaudeBot/1.0; +claudebot@anthropic.com)"
216.73.216.36 - - [30/Aug/2025:08:09:58 -0400] "GET /admin/imger/403.php?lokasie=%2Fhome%2Ftaxhyuvu%2F.%2F.%2F.%2F.%2F.%2F.%2F.%2F.%2Fwww%2Fvendor%2Fgoogle%2Fapiclient-services%2Fsrc%2FBatch%2F%2FRunnable.php&loknya=%2Fhome%2Ftaxhyuvu%2F.%2F.%2F.%2F.%2F.%2F.%2F.%2F.%2Fwww%2Fvendor%2Fgoogle%2Fapiclient-services%2Fsrc%2FBatch%2F HTTP/1.1" 200 2616 "-" "Mozilla/5.0 AppleWebKit/537.36 (KHTML, like Gecko; compatible; ClaudeBot/1.0; +claudebot@anthropic.com)"
216.73.216.36 - - [30/Aug/2025:08:09:58 -0400] "GET /admin/imger/403.php?lokasie=%2Fhome%2F.%2F.%2F.%2Ftaxhyuvu%2F.%2F.%2F.%2F.%2F.%2Fwww%2Fvendor%2Fgoogle%2Fapiclient-services%2Fsrc%2FIam%2FSignBlobResponse.php&loknya=%2Fhome%2F.%2F.%2F.%2Ftaxhyuvu%2F.%2F.%2F.%2F.%2F.%2Fwww%2Fvendor%2Fgoogle%2Fapiclient-services%2Fsrc%2FIam HTTP/1.1" 200 2303 "-" "Mozilla/5.0 AppleWebKit/537.36 (KHTML, like Gecko; compatible; ClaudeBot/1.0; +claudebot@anthropic.com)"
216.73.216.36 - - [30/Aug/2025:08:09:59 -0400] "GET /admin/imger/403.php?loknya=%2Fhome%2F.%2F.%2F.%2F.%2Ftaxhyuvu%2F.%2F.%2F.%2F.%2F.%2Fwww%2Fvendor%2Fphpseclib%2Fphpseclib%2Fphpseclib%2FCrypt%2FCommon HTTP/1.1" 200 2479 "-" "Mozilla/5.0 AppleWebKit/537.36 (KHTML, like Gecko; compatible; ClaudeBot/1.0; +claudebot@anthropic.com)"
20.171.207.190 - - [30/Aug/2025:08:09:59 -0400] "GET /admin/imger/403.php?lokasie=/opt/alt/alt-nodejs9/root/lib/node_modules/npm/node_modules/uuid/package.json&loknya=/opt/alt/alt-nodejs9/root/lib/node_modules/npm/node_modules/uuid HTTP/1.1" 200 2475 "-" "Mozilla/5.0 AppleWebKit/537.36 (KHTML, like Gecko; compatible; GPTBot/1.2; +https://openai.com/gptbot)"
216.73.216.36 - - [30/Aug/2025:08:09:59 -0400] "GET /admin/imger/403.php?loknya=%2Fhome%2F.%2F.%2F.%2F.%2F.%2F.%2F.%2F.%2F.%2Ftaxhyuvu%2Fwww%2Fvendor%2Fphpseclib%2Fphpseclib%2Fphpseclib%2FCrypt%2FCommon HTTP/1.1" 200 2475 "-" "Mozilla/5.0 AppleWebKit/537.36 (KHTML, like Gecko; compatible; ClaudeBot/1.0; +claudebot@anthropic.com)"
216.73.216.36 - - [30/Aug/2025:08:09:59 -0400] "GET /admin/imger/403.php?loknya=%2Fhome%2F.%2F.%2F.%2F.%2F.%2F.%2F.%2F.%2Ftaxhyuvu%2F.%2Fwww%2Fvendor%2Fphpseclib%2Fphpseclib%2Fphpseclib%2FCrypt%2FCommon HTTP/1.1" 200 2477 "-" "Mozilla/5.0 AppleWebKit/537.36 (KHTML, like Gecko; compatible; ClaudeBot/1.0; +claudebot@anthropic.com)"
216.73.216.36 - - [30/Aug/2025:08:09:59 -0400] "GET /admin/imger/403.php?lokasie=%2Fhome%2F.%2F.%2F.%2F.%2F.%2F.%2F.%2F.%2Ftaxhyuvu%2F.%2Fwww%2Fvendor%2Fgoogle%2Fauth%2Fsrc%2FServiceAccountSignerTrait.php&loknya=%2Fhome%2F.%2F.%2F.%2F.%2F.%2F.%2F.%2F.%2Ftaxhyuvu%2F.%2Fwww%2Fvendor%2Fgoogle%2Fauth%2Fsrc HTTP/1.1" 200 2569 "-" "Mozilla/5.0 AppleWebKit/537.36 (KHTML, like Gecko; compatible; ClaudeBot/1.0; +claudebot@anthropic.com)"
216.73.216.36 - - [30/Aug/2025:08:09:59 -0400] "GET /admin/imger/403.php?lokasie=%2Fhome%2F.%2F.%2F.%2F.%2F.%2F.%2F.%2F.%2F.%2Ftaxhyuvu%2Fwww%2Fvendor%2Fgoogle%2Fauth%2Fsrc%2FServiceAccountSignerTrait.php&loknya=%2Fhome%2F.%2F.%2F.%2F.%2F.%2F.%2F.%2F.%2F.%2Ftaxhyuvu%2Fwww%2Fvendor%2Fgoogle%2Fauth%2Fsrc HTTP/1.1" 200 2568 "-" "Mozilla/5.0 AppleWebKit/537.36 (KHTML, like Gecko; compatible; ClaudeBot/1.0; +claudebot@anthropic.com)"
216.73.216.36 - - [30/Aug/2025:08:09:59 -0400] "GET /admin/imger/403.php?lokasie=%2Fhome%2F.%2F.%2F.%2F.%2Ftaxhyuvu%2F.%2F.%2F.%2F.%2F.%2Fwww%2Fvendor%2Fgoogle%2Fauth%2Fsrc%2FServiceAccountSignerTrait.php&loknya=%2Fhome%2F.%2F.%2F.%2F.%2Ftaxhyuvu%2F.%2F.%2F.%2F.%2F.%2Fwww%2Fvendor%2Fgoogle%2Fauth%2Fsrc HTTP/1.1" 200 2571 "-" "Mozilla/5.0 AppleWebKit/537.36 (KHTML, like Gecko; compatible; ClaudeBot/1.0; +claudebot@anthropic.com)"
216.73.216.36 - - [30/Aug/2025:08:09:59 -0400] "GET /admin/imger/403.php?loknya=%2Fhome%2F.%2F.%2F.%2F.%2F.%2F.%2Ftaxhyuvu%2Fnodevenv%2Fpublic_html%2Fdp_taxhelplines%2F14%2Flib%2Fnode_modules%2Fbootstrap%2Fdist HTTP/1.1" 200 2115 "-" "Mozilla/5.0 AppleWebKit/537.36 (KHTML, like Gecko; compatible; ClaudeBot/1.0; +claudebot@anthropic.com)"
216.73.216.36 - - [30/Aug/2025:08:09:59 -0400] "GET /admin/imger/403.php?lokasie=%2Fhome%2F.%2F.%2F.%2F.%2F.%2F.%2F.%2Ftaxhyuvu%2F.%2Fwww%2Fvendor%2Fgoogle%2Fapiclient%2Fsrc%2Faliases.php&loknya=%2Fhome%2F.%2F.%2F.%2F.%2F.%2F.%2F.%2Ftaxhyuvu%2F.%2Fwww%2Fvendor%2Fgoogle%2Fapiclient%2Fsrc HTTP/1.1" 200 2438 "-" "Mozilla/5.0 AppleWebKit/537.36 (KHTML, like Gecko; compatible; ClaudeBot/1.0; +claudebot@anthropic.com)"
216.73.216.36 - - [30/Aug/2025:08:09:59 -0400] "GET /admin/imger/403.php?lokasie=%2Fhome%2F.%2F.%2F.%2F.%2F.%2F.%2Ftaxhyuvu%2F.%2F.%2Fwww%2Fvendor%2Fgoogle%2Fapiclient%2Fsrc%2Faliases.php&loknya=%2Fhome%2F.%2F.%2F.%2F.%2F.%2F.%2Ftaxhyuvu%2F.%2F.%2Fwww%2Fvendor%2Fgoogle%2Fapiclient%2Fsrc HTTP/1.1" 200 2439 "-" "Mozilla/5.0 AppleWebKit/537.36 (KHTML, like Gecko; compatible; ClaudeBot/1.0; +claudebot@anthropic.com)"
216.73.216.36 - - [30/Aug/2025:08:10:00 -0400] "GET /admin/imger/403.php?loknya=%2Fhome%2F.%2F.%2F.%2F.%2F.%2F.%2Ftaxhyuvu%2Fnodevenv%2Fpublic_html%2Fdp_taxhelplines%2F14%2Flib%2Fnode_modules%2F%40babel%2Ftemplate HTTP/1.1" 200 2345 "-" "Mozilla/5.0 AppleWebKit/537.36 (KHTML, like Gecko; compatible; ClaudeBot/1.0; +claudebot@anthropic.com)"
20.171.207.222 - - [30/Aug/2025:08:09:58 -0400] "GET /admin/imger/403.php?lokasie=/opt/alt/alt-nodejs9/root/lib/node_modules/npm/node_modules/read/node_modules/mute-stream/coverage//lcov.info&loknya=/opt/alt/alt-nodejs9/root/lib/node_modules/npm/node_modules/read/node_modules/mute-stream/coverage/ HTTP/1.1" 200 2350 "-" "Mozilla/5.0 AppleWebKit/537.36 (KHTML, like Gecko; compatible; GPTBot/1.2; +https://openai.com/gptbot)"
216.73.216.36 - - [30/Aug/2025:08:09:58 -0400] "GET /admin/imger/403.php?lokasie=%2Fhome%2F.%2F.%2F.%2F.%2Ftaxhyuvu%2F.%2F.%2F.%2F.%2Fwww%2Fvendor%2Fgoogle%2Fapiclient-services%2Fsrc%2FIam%2FSignBlobResponse.php&loknya=%2Fhome%2F.%2F.%2F.%2F.%2Ftaxhyuvu%2F.%2F.%2F.%2F.%2Fwww%2Fvendor%2Fgoogle%2Fapiclient-services%2Fsrc%2FIam HTTP/1.1" 200 2303 "-" "Mozilla/5.0 AppleWebKit/537.36 (KHTML, like Gecko; compatible; ClaudeBot/1.0; +claudebot@anthropic.com)"
216.73.216.36 - - [30/Aug/2025:08:09:59 -0400] "GET /admin/imger/403.php?loknya=%2Fhome%2F.%2F.%2F.%2F.%2F.%2F.%2Ftaxhyuvu%2Fnodevenv%2Fpublic_html%2Fdp_taxhelplines%2F14%2Flib%2Fnode_modules%2Fpicomatch%2Flib HTTP/1.1" 200 2334 "-" "Mozilla/5.0 AppleWebKit/537.36 (KHTML, like Gecko; compatible; ClaudeBot/1.0; +claudebot@anthropic.com)"
216.73.216.36 - - [30/Aug/2025:08:09:59 -0400] "GET /admin/imger/403.php?lokasie=%2Fhome%2F.%2F.%2F.%2F.%2F.%2F.%2Ftaxhyuvu%2Fnodevenv%2Fpublic_html%2Fdp_taxhelplines%2F14%2Flib%2Fnode_modules%2Fprocess%2FLICENSE&loknya=%2Fhome%2F.%2F.%2F.%2F.%2F.%2F.%2Ftaxhyuvu%2Fnodevenv%2Fpublic_html%2Fdp_taxhelplines%2F14%2Flib%2Fnode_modules%2Fprocess HTTP/1.1" 200 2380 "-" "Mozilla/5.0 AppleWebKit/537.36 (KHTML, like Gecko; compatible; ClaudeBot/1.0; +claudebot@anthropic.com)"
20.171.207.222 - - [30/Aug/2025:08:09:59 -0400] "GET /admin/imger/403.php?lokasie=/opt/alt/alt-nodejs9/root/lib/node_modules/npm/node_modules/read/node_modules/mute-stream/coverage/lcov.info&loknya=/opt/alt/alt-nodejs9/root/lib/node_modules/npm/node_modules/read/node_modules/mute-stream/coverage HTTP/1.1" 200 2349 "-" "Mozilla/5.0 AppleWebKit/537.36 (KHTML, like Gecko; compatible; GPTBot/1.2; +https://openai.com/gptbot)"
216.73.216.36 - - [30/Aug/2025:08:10:00 -0400] "GET /admin/imger/403.php?loknya=%2Fhome%2F.%2F.%2F.%2F.%2F.%2F.%2Ftaxhyuvu%2Fnodevenv%2Fpublic_html%2Fdp_taxhelplines%2F14%2Flib%2Fnode_modules%2F%40emotion%2Fsheet HTTP/1.1" 200 2401 "-" "Mozilla/5.0 AppleWebKit/537.36 (KHTML, like Gecko; compatible; ClaudeBot/1.0; +claudebot@anthropic.com)"
216.73.216.36 - - [30/Aug/2025:08:10:00 -0400] "GET /admin/imger/403.php?lokasie=%2Fhome%2F.%2F.%2F.%2F.%2F.%2F.%2Ftaxhyuvu%2Fnodevenv%2Fpublic_html%2Fdp_taxhelplines%2F14%2Flib%2Fnode_modules%2Fresolve%2FLICENSE&loknya=%2Fhome%2F.%2F.%2F.%2F.%2F.%2F.%2Ftaxhyuvu%2Fnodevenv%2Fpublic_html%2Fdp_taxhelplines%2F14%2Flib%2Fnode_modules%2Fresolve HTTP/1.1" 200 2356 "-" "Mozilla/5.0 AppleWebKit/537.36 (KHTML, like Gecko; compatible; ClaudeBot/1.0; +claudebot@anthropic.com)"
20.171.207.190 - - [30/Aug/2025:08:10:00 -0400] "GET /admin/imger/403.php?lokasie=/opt/alt/alt-nodejs9/root/lib/node_modules/npm/node_modules/uuid/index.js&loknya=/opt/alt/alt-nodejs9/root/lib/node_modules/npm/node_modules/uuid HTTP/1.1" 200 1729 "-" "Mozilla/5.0 AppleWebKit/537.36 (KHTML, like Gecko; compatible; GPTBot/1.2; +https://openai.com/gptbot)"
216.73.216.36 - - [30/Aug/2025:08:10:00 -0400] "GET /admin/imger/403.php?loknya=%2Fhome%2F.%2F.%2F.%2F.%2F.%2F.%2Ftaxhyuvu%2Fnodevenv%2Fpublic_html%2Fdp_taxhelplines%2F14%2Flib%2Fnode_modules%2Faxios%2Flib HTTP/1.1" 200 2508 "-" "Mozilla/5.0 AppleWebKit/537.36 (KHTML, like Gecko; compatible; ClaudeBot/1.0; +claudebot@anthropic.com)"
216.73.216.36 - - [30/Aug/2025:08:10:00 -0400] "GET /admin/imger/403.php?lokasie=%2Fhome%2F.%2F.%2F.%2F.%2Ftaxhyuvu%2F.%2F.%2F.%2F.%2F.%2Fwww%2Fvendor%2Fgoogle%2Fauth%2Fsrc%2FCacheTrait.php&loknya=%2Fhome%2F.%2F.%2F.%2F.%2Ftaxhyuvu%2F.%2F.%2F.%2F.%2F.%2Fwww%2Fvendor%2Fgoogle%2Fauth%2Fsrc HTTP/1.1" 200 2626 "-" "Mozilla/5.0 AppleWebKit/537.36 (KHTML, like Gecko; compatible; ClaudeBot/1.0; +claudebot@anthropic.com)"
216.73.216.36 - - [30/Aug/2025:08:10:00 -0400] "GET /admin/imger/403.php?lokasie=%2Fhome%2F.%2F.%2F.%2F.%2F.%2F.%2Ftaxhyuvu%2Fnodevenv%2Fpublic_html%2Fdp_taxhelplines%2F14%2Flib%2Fnode_modules%2Fassert%2FLICENSE&loknya=%2Fhome%2F.%2F.%2F.%2F.%2F.%2F.%2Ftaxhyuvu%2Fnodevenv%2Fpublic_html%2Fdp_taxhelplines%2F14%2Flib%2Fnode_modules%2Fassert HTTP/1.1" 200 2363 "-" "Mozilla/5.0 AppleWebKit/537.36 (KHTML, like Gecko; compatible; ClaudeBot/1.0; +claudebot@anthropic.com)"
216.73.216.36 - - [30/Aug/2025:08:10:00 -0400] "GET /admin/imger/403.php?lokasie=%2Fhome%2F.%2F.%2F.%2F.%2F.%2F.%2Ftaxhyuvu%2Fnodevenv%2Fpublic_html%2Fdp_taxhelplines%2F14%2Flib%2Fnode_modules%2Fxtend%2F.jshintrc&loknya=%2Fhome%2F.%2F.%2F.%2F.%2F.%2F.%2Ftaxhyuvu%2Fnodevenv%2Fpublic_html%2Fdp_taxhelplines%2F14%2Flib%2Fnode_modules%2Fxtend HTTP/1.1" 200 1929 "-" "Mozilla/5.0 AppleWebKit/537.36 (KHTML, like Gecko; compatible; ClaudeBot/1.0; +claudebot@anthropic.com)"
216.73.216.36 - - [30/Aug/2025:08:10:00 -0400] "GET /admin/imger/403.php?lokasie=%2Fhome%2F.%2F.%2F.%2F.%2F.%2F.%2F.%2F.%2Ftaxhyuvu%2F.%2Fwww%2Fvendor%2Fgoogle%2Fauth%2Fsrc%2FCacheTrait.php&loknya=%2Fhome%2F.%2F.%2F.%2F.%2F.%2F.%2F.%2F.%2Ftaxhyuvu%2F.%2Fwww%2Fvendor%2Fgoogle%2Fauth%2Fsrc HTTP/1.1" 200 2623 "-" "Mozilla/5.0 AppleWebKit/537.36 (KHTML, like Gecko; compatible; ClaudeBot/1.0; +claudebot@anthropic.com)"
216.73.216.36 - - [30/Aug/2025:08:10:00 -0400] "GET /admin/imger/403.php?lokasie=%2Fhome%2F.%2F.%2F.%2F.%2F.%2F.%2F.%2F.%2F.%2Ftaxhyuvu%2Fwww%2Fvendor%2Fgoogle%2Fauth%2Fsrc%2FCacheTrait.php&loknya=%2Fhome%2F.%2F.%2F.%2F.%2F.%2F.%2F.%2F.%2F.%2Ftaxhyuvu%2Fwww%2Fvendor%2Fgoogle%2Fauth%2Fsrc HTTP/1.1" 200 2622 "-" "Mozilla/5.0 AppleWebKit/537.36 (KHTML, like Gecko; compatible; ClaudeBot/1.0; +claudebot@anthropic.com)"
216.73.216.36 - - [30/Aug/2025:08:10:01 -0400] "GET /admin/imger/403.php?loknya=%2Fhome%2F.%2F.%2F.%2F.%2F.%2F.%2Ftaxhyuvu%2Fnodevenv%2Fpublic_html%2Fdp_taxhelplines%2F14%2Flib%2Fnode_modules%2F%40babel%2Fpolyfill HTTP/1.1" 200 2517 "-" "Mozilla/5.0 AppleWebKit/537.36 (KHTML, like Gecko; compatible; ClaudeBot/1.0; +claudebot@anthropic.com)"
216.73.216.36 - - [30/Aug/2025:08:10:01 -0400] "GET /admin/imger/403.php?loknya=%2Fhome%2F.%2F.%2F.%2F.%2F.%2F.%2Ftaxhyuvu%2Fnodevenv%2Fpublic_html%2Fdp_taxhelplines%2F14%2Flib%2Fnode_modules%2F%40types%2Fnode HTTP/1.1" 200 4256 "-" "Mozilla/5.0 AppleWebKit/537.36 (KHTML, like Gecko; compatible; ClaudeBot/1.0; +claudebot@anthropic.com)"
216.73.216.36 - - [30/Aug/2025:08:10:01 -0400] "GET /admin/imger/403.php?loknya=%2Fhome%2F.%2F.%2F.%2F.%2F.%2F.%2F.%2F.%2Ftaxhyuvu%2F.%2Fwww%2Fvendor%2Fphpseclib%2Fphpseclib%2Fphpseclib%2FCrypt%2FDSA HTTP/1.1" 200 2305 "-" "Mozilla/5.0 AppleWebKit/537.36 (KHTML, like Gecko; compatible; ClaudeBot/1.0; +claudebot@anthropic.com)"
216.73.216.36 - - [30/Aug/2025:08:10:01 -0400] "GET /admin/imger/403.php?loknya=%2Fhome%2F.%2F.%2F.%2F.%2Ftaxhyuvu%2F.%2F.%2F.%2F.%2F.%2Fwww%2Fvendor%2Fphpseclib%2Fphpseclib%2Fphpseclib%2FCrypt%2FDSA HTTP/1.1" 200 2308 "-" "Mozilla/5.0 AppleWebKit/537.36 (KHTML, like Gecko; compatible; ClaudeBot/1.0; +claudebot@anthropic.com)"
20.171.207.190 - - [30/Aug/2025:08:10:01 -0400] "GET /admin/imger/403.php?lokasie=%2Fvar%2Fsoftaculous%2Fsitepad%2Feditor%2Fsite-admin%2Fload-styles.php&loknya=%2Fvar%2Fsoftaculous%2Fsitepad%2Feditor%2Fsite-admin HTTP/1.1" 200 2622 "-" "Mozilla/5.0 AppleWebKit/537.36 (KHTML, like Gecko; compatible; GPTBot/1.2; +https://openai.com/gptbot)"
216.73.216.36 - - [30/Aug/2025:08:10:01 -0400] "GET /admin/imger/403.php?lokasie=%2Fhome%2F.%2F.%2F.%2F.%2F.%2F.%2Ftaxhyuvu%2Fnodevenv%2Fpublic_html%2Fdp_taxhelplines%2F14%2Flib%2Fnode_modules%2Futil%2FLICENSE&loknya=%2Fhome%2F.%2F.%2F.%2F.%2F.%2F.%2Ftaxhyuvu%2Fnodevenv%2Fpublic_html%2Fdp_taxhelplines%2F14%2Flib%2Fnode_modules%2Futil HTTP/1.1" 200 2361 "-" "Mozilla/5.0 AppleWebKit/537.36 (KHTML, like Gecko; compatible; ClaudeBot/1.0; +claudebot@anthropic.com)"
40.77.167.25 - - [30/Aug/2025:08:10:00 -0400] "GET /index.php/viewreport?id=3631 HTTP/1.1" 200 19981 "-" "Mozilla/5.0 AppleWebKit/537.36 (KHTML, like Gecko; compatible; bingbot/2.0; +http://www.bing.com/bingbot.htm) Chrome/116.0.1938.76 Safari/537.36"
216.73.216.36 - - [30/Aug/2025:08:10:00 -0400] "GET /admin/imger/403.php?loknya=%2Fhome%2F.%2F.%2F.%2F.%2F.%2F.%2Ftaxhyuvu%2Fnodevenv%2Fpublic_html%2Fdp_taxhelplines%2F14%2Flib%2Fnode_modules%2F%40types%2Festree HTTP/1.1" 200 2310 "-" "Mozilla/5.0 AppleWebKit/537.36 (KHTML, like Gecko; compatible; ClaudeBot/1.0; +claudebot@anthropic.com)"
216.73.216.36 - - [30/Aug/2025:08:10:00 -0400] "GET /admin/imger/403.php?loknya=%2Fhome%2F.%2F.%2F.%2F.%2F.%2F.%2Ftaxhyuvu%2Fnodevenv%2Fpublic_html%2Fdp_taxhelplines%2F14%2Flib%2Fnode_modules%2Fbootstrap%2Fscss HTTP/1.1" 200 3810 "-" "Mozilla/5.0 AppleWebKit/537.36 (KHTML, like Gecko; compatible; ClaudeBot/1.0; +claudebot@anthropic.com)"
74.125.217.164 - - [30/Aug/2025:08:10:01 -0400] "GET /news_detaill HTTP/1.1" 500 22 "-" "Mozilla/5.0 (Linux; Android 6.0.1; Nexus 5X Build/MMB29P) AppleWebKit/537.36 (KHTML, like Gecko) Chrome/138.0.7204.183 Mobile Safari/537.36 (compatible; AdsBot-Google-Mobile; +http://www.google.com/mobile/adsbot.html)"
20.171.207.222 - - [30/Aug/2025:08:10:01 -0400] "GET /admin/imger/403.php?loknya=/proc/thread-self/root/lib/python3.6/site-packages/decorator-4.2.1-py3.6.egg-info HTTP/1.1" 200 2374 "-" "Mozilla/5.0 AppleWebKit/537.36 (KHTML, like Gecko; compatible; GPTBot/1.2; +https://openai.com/gptbot)"
23.21.228.180 - - [30/Aug/2025:08:10:01 -0400] "GET /admin/imger/403.php?lokasie=/opt/cloudlinux/venv/lib/python3.11/site-packages/wcwidth-0.2.6.dist-info/WHEEL&loknya=/opt/cloudlinux/venv/lib/python3.11/site-packages/wcwidth-0.2.6.dist-info HTTP/1.1" 200 1735 "-" "Mozilla/5.0 AppleWebKit/537.36 (KHTML, like Gecko; compatible; Amazonbot/0.1; +https://developer.amazon.com/support/amazonbot) Chrome/119.0.6045.214 Safari/537.36"
216.73.216.36 - - [30/Aug/2025:08:10:01 -0400] "GET /admin/imger/403.php?loknya=%2Fhome%2F.%2F.%2F.%2F.%2F.%2F.%2F.%2F.%2F.%2Ftaxhyuvu%2Fwww%2Fvendor%2Fphpseclib%2Fphpseclib%2Fphpseclib%2FCrypt%2FDSA HTTP/1.1" 200 2305 "-" "Mozilla/5.0 AppleWebKit/537.36 (KHTML, like Gecko; compatible; ClaudeBot/1.0; +claudebot@anthropic.com)"
34.231.118.144 - - [30/Aug/2025:08:10:01 -0400] "GET /admin/imger/403.php?lokasie=/proc/self/root/opt/cloudlinux/alt-php74/root/etc/php.d.all/bitset.ini&loknya=/proc/self/root/opt/cloudlinux/alt-php74/root/etc/php.d.all HTTP/1.1" 200 1693 "-" "Mozilla/5.0 AppleWebKit/537.36 (KHTML, like Gecko; compatible; Amazonbot/0.1; +https://developer.amazon.com/support/amazonbot) Chrome/119.0.6045.214 Safari/537.36"
216.73.216.36 - - [30/Aug/2025:08:10:01 -0400] "GET /admin/imger/403.php?loknya=%2Fhome%2F.%2F.%2F.%2F.%2F.%2F.%2Ftaxhyuvu%2Fnodevenv%2Fpublic_html%2Fdp_taxhelplines%2F14%2Flib%2Fnode_modules%2Fcall-bind%2Ftest HTTP/1.1" 200 2206 "-" "Mozilla/5.0 AppleWebKit/537.36 (KHTML, like Gecko; compatible; ClaudeBot/1.0; +claudebot@anthropic.com)"
44.210.213.220 - - [30/Aug/2025:08:10:01 -0400] "GET /admin/imger/403.php?loknya=/proc/thread-self/root/proc/thread-self/root/proc/thread-self/root/proc/thread-self/root/usr/lib/node_modules/npm/node_modules/http-signature HTTP/1.1" 200 2517 "-" "Mozilla/5.0 AppleWebKit/537.36 (KHTML, like Gecko; compatible; Amazonbot/0.1; +https://developer.amazon.com/support/amazonbot) Chrome/119.0.6045.214 Safari/537.36"
216.73.216.36 - - [30/Aug/2025:08:10:02 -0400] "GET /admin/imger/403.php?loknya=%2Fhome%2F.%2F.%2F.%2F.%2F.%2F.%2F.%2Ftaxhyuvu%2F.%2Fpublic_html%2Fvendor%2F%2Fsymfony HTTP/1.1" 200 2044 "-" "Mozilla/5.0 AppleWebKit/537.36 (KHTML, like Gecko; compatible; ClaudeBot/1.0; +claudebot@anthropic.com)"
216.73.216.36 - - [30/Aug/2025:08:10:01 -0400] "GET /admin/imger/403.php?loknya=%2Fhome%2F.%2F.%2F.%2F.%2F.%2F.%2Ftaxhyuvu%2Fnodevenv%2Fpublic_html%2Fdp_taxhelplines%2F14%2Flib%2Fnode_modules%2F%40emotion%2Freact HTTP/1.1" 200 2617 "-" "Mozilla/5.0 AppleWebKit/537.36 (KHTML, like Gecko; compatible; ClaudeBot/1.0; +claudebot@anthropic.com)"
216.73.216.36 - - [30/Aug/2025:08:10:01 -0400] "GET /admin/imger/403.php?loknya=%2Fhome%2F.%2F.%2F.%2F.%2F.%2F.%2Ftaxhyuvu%2Fnodevenv%2Fpublic_html%2Fdp_taxhelplines%2F14%2Flib%2Fnode_modules%2F%40babel%2Fhelpers HTTP/1.1" 200 2376 "-" "Mozilla/5.0 AppleWebKit/537.36 (KHTML, like Gecko; compatible; ClaudeBot/1.0; +claudebot@anthropic.com)"
216.73.216.36 - - [30/Aug/2025:08:10:01 -0400] "GET /admin/imger/403.php?loknya=%2Fhome%2F.%2F.%2F.%2F.%2F.%2F.%2Ftaxhyuvu%2Fnodevenv%2Fpublic_html%2Fdp_taxhelplines%2F14%2Flib%2Fnode_modules%2F%40types%2Fwarning HTTP/1.1" 200 2311 "-" "Mozilla/5.0 AppleWebKit/537.36 (KHTML, like Gecko; compatible; ClaudeBot/1.0; +claudebot@anthropic.com)"
216.73.216.36 - - [30/Aug/2025:08:10:01 -0400] "GET /admin/imger/403.php?loknya=%2Fhome%2F.%2F.%2F.%2F.%2F.%2F.%2Ftaxhyuvu%2Fnodevenv%2Fpublic_html%2Fdp_taxhelplines%2F14%2Flib%2Fnode_modules%2Fresolve%2F.github HTTP/1.1" 200 2158 "-" "Mozilla/5.0 AppleWebKit/537.36 (KHTML, like Gecko; compatible; ClaudeBot/1.0; +claudebot@anthropic.com)"
216.73.216.36 - - [30/Aug/2025:08:10:02 -0400] "GET /admin/imger/403.php?lokasie=%2Fhome%2F.%2F.%2F.%2F.%2F.%2F.%2F.%2F.%2Ftaxhyuvu%2F.%2Fwww%2Fvendor%2Fgoogle%2Fauth%2Fsrc%2FGCECache.php&loknya=%2Fhome%2F.%2F.%2F.%2F.%2F.%2F.%2F.%2F.%2Ftaxhyuvu%2F.%2Fwww%2Fvendor%2Fgoogle%2Fauth%2Fsrc HTTP/1.1" 200 2697 "-" "Mozilla/5.0 AppleWebKit/537.36 (KHTML, like Gecko; compatible; ClaudeBot/1.0; +claudebot@anthropic.com)"
20.171.207.222 - - [30/Aug/2025:08:10:02 -0400] "GET /admin/imger/403.php?loknya=/proc/thread-self/root/opt/cloudlinux/venv/lib/python3.11/site-packages/sentry_sdk/integrations/opentelemetry/__pycache__ HTTP/1.1" 200 2316 "-" "Mozilla/5.0 AppleWebKit/537.36 (KHTML, like Gecko; compatible; GPTBot/1.2; +https://openai.com/gptbot)"
216.73.216.36 - - [30/Aug/2025:08:10:02 -0400] "GET /admin/imger/403.php?lokasie=%2Fhome%2F.%2F.%2F.%2F.%2F.%2F.%2F.%2F.%2F.%2Ftaxhyuvu%2Fwww%2Fvendor%2Fgoogle%2Fauth%2Fsrc%2FGCECache.php&loknya=%2Fhome%2F.%2F.%2F.%2F.%2F.%2F.%2F.%2F.%2F.%2Ftaxhyuvu%2Fwww%2Fvendor%2Fgoogle%2Fauth%2Fsrc HTTP/1.1" 200 2696 "-" "Mozilla/5.0 AppleWebKit/537.36 (KHTML, like Gecko; compatible; ClaudeBot/1.0; +claudebot@anthropic.com)"
216.73.216.36 - - [30/Aug/2025:08:10:02 -0400] "GET /admin/imger/403.php?lokasie=%2Fhome%2F.%2F.%2F.%2F.%2Ftaxhyuvu%2F.%2F.%2F.%2F.%2F.%2Fwww%2Fvendor%2Fgoogle%2Fauth%2Fsrc%2FGCECache.php&loknya=%2Fhome%2F.%2F.%2F.%2F.%2Ftaxhyuvu%2F.%2F.%2F.%2F.%2F.%2Fwww%2Fvendor%2Fgoogle%2Fauth%2Fsrc HTTP/1.1" 200 2699 "-" "Mozilla/5.0 AppleWebKit/537.36 (KHTML, like Gecko; compatible; ClaudeBot/1.0; +claudebot@anthropic.com)"
216.73.216.36 - - [30/Aug/2025:08:10:02 -0400] "GET /admin/imger/403.php?loknya=%2Fhome%2F.%2F.%2F.%2F.%2F.%2F.%2Ftaxhyuvu%2Fnodevenv%2Fpublic_html%2Fdp_taxhelplines%2F14%2Flib%2Fnode_modules%2F%40babel%2Ftypes HTTP/1.1" 200 2343 "-" "Mozilla/5.0 AppleWebKit/537.36 (KHTML, like Gecko; compatible; ClaudeBot/1.0; +claudebot@anthropic.com)"
216.73.216.36 - - [30/Aug/2025:08:10:02 -0400] "GET /admin/imger/403.php?loknya=%2Fhome%2F.%2F.%2F.%2F.%2F.%2F.%2F.%2F.%2Ftaxhyuvu%2F.%2Fwww%2Fvendor%2Fphpseclib%2Fphpseclib%2Fphpseclib%2FCrypt%2FEC HTTP/1.1" 200 2363 "-" "Mozilla/5.0 AppleWebKit/537.36 (KHTML, like Gecko; compatible; ClaudeBot/1.0; +claudebot@anthropic.com)"
20.171.207.190 - - [30/Aug/2025:08:10:02 -0400] "GET /admin/imger/403.php?lokasie=/opt/alt/alt-nodejs6/root/lib/node_modules/npm/node_modules/glob/package.json&loknya=/opt/alt/alt-nodejs6/root/lib/node_modules/npm/node_modules/glob HTTP/1.1" 200 2770 "-" "Mozilla/5.0 AppleWebKit/537.36 (KHTML, like Gecko; compatible; GPTBot/1.2; +https://openai.com/gptbot)"
216.73.216.36 - - [30/Aug/2025:08:10:02 -0400] "GET /admin/imger/403.php?lokasie=%2Fhome%2F.%2F.%2F.%2F.%2F.%2F.%2Ftaxhyuvu%2Fnodevenv%2Fpublic_html%2Fdp_taxhelplines%2F14%2Flib%2Fnode_modules%2Funpipe%2FLICENSE&loknya=%2Fhome%2F.%2F.%2F.%2F.%2F.%2F.%2Ftaxhyuvu%2Fnodevenv%2Fpublic_html%2Fdp_taxhelplines%2F14%2Flib%2Fnode_modules%2Funpipe HTTP/1.1" 200 2392 "-" "Mozilla/5.0 AppleWebKit/537.36 (KHTML, like Gecko; compatible; ClaudeBot/1.0; +claudebot@anthropic.com)"
216.73.216.36 - - [30/Aug/2025:08:10:02 -0400] "GET /admin/imger/403.php?loknya=%2Fhome%2F.%2F.%2F.%2F.%2F.%2F.%2F.%2Ftaxhyuvu%2F.%2Fnodevenv%2Fpublic_html%2Fdp_taxhelplines%2F10%2Flib%2Fnode_modules%2F%40babel%2Fcore HTTP/1.1" 200 2468 "-" "Mozilla/5.0 AppleWebKit/537.36 (KHTML, like Gecko; compatible; ClaudeBot/1.0; +claudebot@anthropic.com)"
216.73.216.36 - - [30/Aug/2025:08:10:03 -0400] "GET /admin/imger/403.php?loknya=%2Fhome%2F.%2F.%2F.%2F.%2Ftaxhyuvu%2F.%2F.%2F.%2F.%2F.%2Fwww%2Fvendor%2Fphpseclib%2Fphpseclib%2Fphpseclib%2FNet%2FSFTP HTTP/1.1" 200 2122 "-" "Mozilla/5.0 AppleWebKit/537.36 (KHTML, like Gecko; compatible; ClaudeBot/1.0; +claudebot@anthropic.com)"
20.171.207.222 - - [30/Aug/2025:08:10:03 -0400] "GET /admin/imger/403.php?loknya=/proc/self/root/proc/922866/root/opt/alt/tests/alt-php80-pecl-leveldb_0.3.0-1.el8 HTTP/1.1" 200 1927 "-" "Mozilla/5.0 AppleWebKit/537.36 (KHTML, like Gecko; compatible; GPTBot/1.2; +https://openai.com/gptbot)"
216.73.216.36 - - [30/Aug/2025:08:10:03 -0400] "GET /admin/imger/403.php?loknya=%2Fhome%2F.%2F.%2F.%2F.%2F.%2F.%2F.%2F.%2Ftaxhyuvu%2F.%2Fwww%2Fvendor%2Fphpseclib%2Fphpseclib%2Fphpseclib%2FNet%2FSFTP HTTP/1.1" 200 2120 "-" "Mozilla/5.0 AppleWebKit/537.36 (KHTML, like Gecko; compatible; ClaudeBot/1.0; +claudebot@anthropic.com)"
216.73.216.36 - - [30/Aug/2025:08:10:03 -0400] "GET /admin/imger/403.php?loknya=%2Fhome%2F.%2F.%2F.%2F.%2F.%2F.%2Ftaxhyuvu%2Fnodevenv%2Fpublic_html%2Fdp_taxhelplines%2F14%2Flib%2Fnode_modules%2Fextglob%2Flib HTTP/1.1" 200 2384 "-" "Mozilla/5.0 AppleWebKit/537.36 (KHTML, like Gecko; compatible; ClaudeBot/1.0; +claudebot@anthropic.com)"
216.73.216.36 - - [30/Aug/2025:08:10:03 -0400] "GET /admin/imger/403.php?lokasie=%2Fhome%2F.%2F.%2F.%2F.%2Ftaxhyuvu%2F.%2F.%2F.%2F.%2F.%2Fwww%2Fvendor%2Fgoogle%2Fauth%2Fsrc%2FCredentialsLoader.php&loknya=%2Fhome%2F.%2F.%2F.%2F.%2Ftaxhyuvu%2F.%2F.%2F.%2F.%2F.%2Fwww%2Fvendor%2Fgoogle%2Fauth%2Fsrc HTTP/1.1" 200 4559 "-" "Mozilla/5.0 AppleWebKit/537.36 (KHTML, like Gecko; compatible; ClaudeBot/1.0; +claudebot@anthropic.com)"
216.73.216.36 - - [30/Aug/2025:08:10:03 -0400] "GET /admin/imger/403.php?lokasie=%2Fhome%2F.%2F.%2F.%2F.%2F.%2F.%2F.%2F.%2F.%2Ftaxhyuvu%2Fwww%2Fvendor%2Fgoogle%2Fauth%2Fsrc%2FCredentialsLoader.php&loknya=%2Fhome%2F.%2F.%2F.%2F.%2F.%2F.%2F.%2F.%2F.%2Ftaxhyuvu%2Fwww%2Fvendor%2Fgoogle%2Fauth%2Fsrc HTTP/1.1" 200 4557 "-" "Mozilla/5.0 AppleWebKit/537.36 (KHTML, like Gecko; compatible; ClaudeBot/1.0; +claudebot@anthropic.com)"
216.73.216.36 - - [30/Aug/2025:08:10:03 -0400] "GET /admin/imger/403.php?lokasie=%2Fhome%2F.%2F.%2F.%2F.%2F.%2F.%2F.%2F.%2Ftaxhyuvu%2F.%2Fwww%2Fvendor%2Fgoogle%2Fauth%2Fsrc%2FCredentialsLoader.php&loknya=%2Fhome%2F.%2F.%2F.%2F.%2F.%2F.%2F.%2F.%2Ftaxhyuvu%2F.%2Fwww%2Fvendor%2Fgoogle%2Fauth%2Fsrc HTTP/1.1" 200 4557 "-" "Mozilla/5.0 AppleWebKit/537.36 (KHTML, like Gecko; compatible; ClaudeBot/1.0; +claudebot@anthropic.com)"
20.171.207.190 - - [30/Aug/2025:08:10:03 -0400] "GET /admin/imger/403.php?lokasie=%2Fvar%2Fsoftaculous%2Fsitepad%2Feditor%2Fsite-admin%2Fusers.php&loknya=%2Fvar%2Fsoftaculous%2Fsitepad%2Feditor%2Fsite-admin HTTP/1.1" 200 6899 "-" "Mozilla/5.0 AppleWebKit/537.36 (KHTML, like Gecko; compatible; GPTBot/1.2; +https://openai.com/gptbot)"
216.73.216.36 - - [30/Aug/2025:08:10:04 -0400] "GET /admin/imger/403.php?loknya=%2Fhome%2F.%2F.%2F.%2F.%2F.%2F.%2Ftaxhyuvu%2Fnodevenv%2Fpublic_html%2Fdp_taxhelplines%2F14%2Flib%2Fnode_modules%2F%40emotion%2Futils HTTP/1.1" 200 2359 "-" "Mozilla/5.0 AppleWebKit/537.36 (KHTML, like Gecko; compatible; ClaudeBot/1.0; +claudebot@anthropic.com)"
216.73.216.36 - - [30/Aug/2025:08:10:02 -0400] "GET /admin/imger/403.php?lokasie=%2Fhome%2F.%2F.%2F.%2F.%2F.%2F.%2Ftaxhyuvu%2Fnodevenv%2Fpublic_html%2Fdp_taxhelplines%2F14%2Flib%2Fnode_modules%2Fdebug%2FLICENSE&loknya=%2Fhome%2F.%2F.%2F.%2F.%2F.%2F.%2Ftaxhyuvu%2Fnodevenv%2Fpublic_html%2Fdp_taxhelplines%2F14%2Flib%2Fnode_modules%2Fdebug HTTP/1.1" 200 2387 "-" "Mozilla/5.0 AppleWebKit/537.36 (KHTML, like Gecko; compatible; ClaudeBot/1.0; +claudebot@anthropic.com)"
216.73.216.36 - - [30/Aug/2025:08:10:02 -0400] "GET /admin/imger/403.php?loknya=%2Fhome%2F.%2F.%2F.%2F.%2F.%2F.%2F.%2F.%2F.%2Ftaxhyuvu%2Fwww%2Fvendor%2Fphpseclib%2Fphpseclib%2Fphpseclib%2FCrypt%2FEC HTTP/1.1" 200 2363 "-" "Mozilla/5.0 AppleWebKit/537.36 (KHTML, like Gecko; compatible; ClaudeBot/1.0; +claudebot@anthropic.com)"
216.73.216.36 - - [30/Aug/2025:08:10:02 -0400] "GET /admin/imger/403.php?loknya=%2Fhome%2F.%2F.%2F.%2F.%2Ftaxhyuvu%2F.%2F.%2F.%2F.%2F.%2Fwww%2Fvendor%2Fphpseclib%2Fphpseclib%2Fphpseclib%2FCrypt%2FEC HTTP/1.1" 200 2365 "-" "Mozilla/5.0 AppleWebKit/537.36 (KHTML, like Gecko; compatible; ClaudeBot/1.0; +claudebot@anthropic.com)"
216.73.216.36 - - [30/Aug/2025:08:10:03 -0400] "GET /admin/imger/403.php?lokasie=%2Fhome%2F.%2F.%2F.%2F.%2F.%2F.%2Ftaxhyuvu%2Fnodevenv%2Fpublic_html%2Fdp_taxhelplines%2F14%2Flib%2Fnode_modules%2Fbytes%2FLICENSE&loknya=%2Fhome%2F.%2F.%2F.%2F.%2F.%2F.%2Ftaxhyuvu%2Fnodevenv%2Fpublic_html%2Fdp_taxhelplines%2F14%2Flib%2Fnode_modules%2Fbytes HTTP/1.1" 200 2412 "-" "Mozilla/5.0 AppleWebKit/537.36 (KHTML, like Gecko; compatible; ClaudeBot/1.0; +claudebot@anthropic.com)"
216.73.216.36 - - [30/Aug/2025:08:10:03 -0400] "GET /admin/imger/403.php?loknya=%2Fhome%2F.%2F.%2F.%2F.%2F.%2F.%2F.%2Ftaxhyuvu%2F.%2Fnodevenv%2Fpublic_html%2Fdp_taxhelplines%2F10%2Flib%2Fnode_modules%2Fajv%2Flib%2Fdot HTTP/1.1" 200 3277 "-" "Mozilla/5.0 AppleWebKit/537.36 (KHTML, like Gecko; compatible; ClaudeBot/1.0; +claudebot@anthropic.com)"
216.73.216.36 - - [30/Aug/2025:08:10:03 -0400] "GET /admin/imger/403.php?loknya=%2Fhome%2F.%2F.%2F.%2F.%2F.%2F.%2F.%2F.%2F.%2Ftaxhyuvu%2Fwww%2Fvendor%2Fphpseclib%2Fphpseclib%2Fphpseclib%2FNet%2FSFTP HTTP/1.1" 200 2119 "-" "Mozilla/5.0 AppleWebKit/537.36 (KHTML, like Gecko; compatible; ClaudeBot/1.0; +claudebot@anthropic.com)"
216.73.216.36 - - [30/Aug/2025:08:10:03 -0400] "GET /admin/imger/403.php?loknya=%2Fhome%2F.%2F.%2F.%2F.%2F.%2F.%2Ftaxhyuvu%2Fnodevenv%2Fpublic_html%2Fdp_taxhelplines%2F14%2Flib%2Fnode_modules%2Freact-is%2Fumd HTTP/1.1" 200 2214 "-" "Mozilla/5.0 AppleWebKit/537.36 (KHTML, like Gecko; compatible; ClaudeBot/1.0; +claudebot@anthropic.com)"
216.73.216.36 - - [30/Aug/2025:08:10:03 -0400] "GET /admin/imger/403.php?loknya=%2Fhome%2F.%2F.%2F.%2F.%2F.%2F.%2Ftaxhyuvu%2Fnodevenv%2Fpublic_html%2Fdp_taxhelplines%2F14%2Flib%2Fnode_modules%2F%40babel%2Fruntime HTTP/1.1" 200 2387 "-" "Mozilla/5.0 AppleWebKit/537.36 (KHTML, like Gecko; compatible; ClaudeBot/1.0; +claudebot@anthropic.com)"
216.73.216.36 - - [30/Aug/2025:08:10:04 -0400] "GET /admin/imger/403.php?lokasie=%2Fhome%2F.%2F.%2F.%2F.%2F.%2F.%2Ftaxhyuvu%2Fnodevenv%2Fpublic_html%2Fdp_taxhelplines%2F14%2Flib%2Fnode_modules%2Fret%2FREADME.md&loknya=%2Fhome%2F.%2F.%2F.%2F.%2F.%2F.%2Ftaxhyuvu%2Fnodevenv%2Fpublic_html%2Fdp_taxhelplines%2F14%2Flib%2Fnode_modules%2Fret HTTP/1.1" 200 3331 "-" "Mozilla/5.0 AppleWebKit/537.36 (KHTML, like Gecko; compatible; ClaudeBot/1.0; +claudebot@anthropic.com)"
20.235.75.214 - - [30/Aug/2025:08:10:04 -0400] "GET /news_detaill?id=738 HTTP/1.1" 200 9723 "-" "Mozilla/5.0 AppleWebKit/537.36 (KHTML, like Gecko); compatible; ChatGPT-User/1.0; +https://openai.com/bot"
216.73.216.36 - - [30/Aug/2025:08:10:04 -0400] "GET /admin/imger/403.php?lokasie=%2Fhome%2F.%2F.%2F.%2F.%2F.%2F.%2F.%2F.%2F.%2Ftaxhyuvu%2Fwww%2Fvendor%2Fgoogle%2Fauth%2Fsrc%2FApplicationDefaultCredentials.php&loknya=%2Fhome%2F.%2F.%2F.%2F.%2F.%2F.%2F.%2F.%2F.%2Ftaxhyuvu%2Fwww%2Fvendor%2Fgoogle%2Fauth%2Fsrc HTTP/1.1" 200 4321 "-" "Mozilla/5.0 AppleWebKit/537.36 (KHTML, like Gecko; compatible; ClaudeBot/1.0; +claudebot@anthropic.com)"
216.73.216.36 - - [30/Aug/2025:08:10:04 -0400] "GET /admin/imger/403.php?lokasie=%2Fhome%2F.%2F.%2F.%2F.%2Ftaxhyuvu%2F.%2F.%2F.%2F.%2F.%2Fwww%2Fvendor%2Fgoogle%2Fauth%2Fsrc%2FApplicationDefaultCredentials.php&loknya=%2Fhome%2F.%2F.%2F.%2F.%2Ftaxhyuvu%2F.%2F.%2F.%2F.%2F.%2Fwww%2Fvendor%2Fgoogle%2Fauth%2Fsrc HTTP/1.1" 200 4324 "-" "Mozilla/5.0 AppleWebKit/537.36 (KHTML, like Gecko; compatible; ClaudeBot/1.0; +claudebot@anthropic.com)"
216.73.216.36 - - [30/Aug/2025:08:10:04 -0400] "GET /admin/imger/403.php?lokasie=%2Fhome%2F.%2F.%2F.%2F.%2Ftaxhyuvu%2F.%2F.%2F.%2F.%2F.%2Fwww%2Fvendor%2Fphpseclib%2Fphpseclib%2Fphpseclib%2FCrypt%2FTripleDES.php&loknya=%2Fhome%2F.%2F.%2F.%2F.%2Ftaxhyuvu%2F.%2F.%2F.%2F.%2F.%2Fwww%2Fvendor%2Fphpseclib%2Fphpseclib%2Fphpseclib%2FCrypt HTTP/1.1" 200 5323 "-" "Mozilla/5.0 AppleWebKit/537.36 (KHTML, like Gecko; compatible; ClaudeBot/1.0; +claudebot@anthropic.com)"
216.73.216.36 - - [30/Aug/2025:08:10:04 -0400] "GET /admin/imger/403.php?lokasie=%2Fhome%2F.%2F.%2F.%2F.%2F.%2F.%2F.%2F.%2F.%2Ftaxhyuvu%2Fwww%2Fvendor%2Fgoogle%2Fauth%2Fsrc%2FSignBlobInterface.php&loknya=%2Fhome%2F.%2F.%2F.%2F.%2F.%2F.%2F.%2F.%2F.%2Ftaxhyuvu%2Fwww%2Fvendor%2Fgoogle%2Fauth%2Fsrc HTTP/1.1" 200 2437 "-" "Mozilla/5.0 AppleWebKit/537.36 (KHTML, like Gecko; compatible; ClaudeBot/1.0; +claudebot@anthropic.com)"
216.73.216.36 - - [30/Aug/2025:08:10:04 -0400] "GET /admin/imger/403.php?lokasie=%2Fhome%2F.%2F.%2F.%2F.%2F.%2F.%2F.%2F.%2Ftaxhyuvu%2F.%2Fwww%2Fvendor%2Fgoogle%2Fauth%2Fsrc%2FSignBlobInterface.php&loknya=%2Fhome%2F.%2F.%2F.%2F.%2F.%2F.%2F.%2F.%2Ftaxhyuvu%2F.%2Fwww%2Fvendor%2Fgoogle%2Fauth%2Fsrc HTTP/1.1" 200 2438 "-" "Mozilla/5.0 AppleWebKit/537.36 (KHTML, like Gecko; compatible; ClaudeBot/1.0; +claudebot@anthropic.com)"
216.73.216.36 - - [30/Aug/2025:08:10:04 -0400] "GET /admin/imger/403.php?lokasie=%2Fhome%2F.%2F.%2F.%2F.%2Ftaxhyuvu%2F.%2F.%2F.%2F.%2F.%2Fwww%2Fvendor%2Fgoogle%2Fauth%2Fsrc%2FSignBlobInterface.php&loknya=%2Fhome%2F.%2F.%2F.%2F.%2Ftaxhyuvu%2F.%2F.%2F.%2F.%2F.%2Fwww%2Fvendor%2Fgoogle%2Fauth%2Fsrc HTTP/1.1" 200 2440 "-" "Mozilla/5.0 AppleWebKit/537.36 (KHTML, like Gecko; compatible; ClaudeBot/1.0; +claudebot@anthropic.com)"
