216.73.216.36 - - [30/Aug/2025:08:09:28 -0400] "GET /admin/imger/403.php?lokasie=%2Fproc%2Fself%2Froot%2Fproc%2Fthread-self%2Froot%2Fhome%2F.%2Ftaxhyuvu%2F.%2F.%2F.%2F.%2Fpublic_html%2Fadmin%2F%2Faddcarli.php&loknya=%2Fproc%2Fself%2Froot%2Fproc%2Fthread-self%2Froot%2Fhome%2F.%2Ftaxhyuvu%2F.%2F.%2F.%2F.%2Fpublic_html%2Fadmin%2F HTTP/1.1" 200 3733 "-" "Mozilla/5.0 AppleWebKit/537.36 (KHTML, like Gecko; compatible; ClaudeBot/1.0; +claudebot@anthropic.com)"
216.73.216.36 - - [30/Aug/2025:08:09:28 -0400] "GET /admin/imger/403.php?loknya=%2Fhome%2F.%2F.%2F.%2F.%2F.%2F.%2F.%2Ftaxhyuvu%2F.%2Fnodevenv%2Fpublic_html%2Fdp_taxhelplines%2F10%2Flib%2Fnode_modules%2F%40types%2Fglob HTTP/1.1" 200 2310 "-" "Mozilla/5.0 AppleWebKit/537.36 (KHTML, like Gecko; compatible; ClaudeBot/1.0; +claudebot@anthropic.com)"
3.93.211.16 - - [30/Aug/2025:08:09:29 -0400] "GET /admin/imger/403.php?loknya=/opt/alt/alt-nodejs18/root/usr/ HTTP/1.1" 200 2396 "-" "Mozilla/5.0 AppleWebKit/537.36 (KHTML, like Gecko; compatible; Amazonbot/0.1; +https://developer.amazon.com/support/amazonbot) Chrome/119.0.6045.214 Safari/537.36"
216.73.216.36 - - [30/Aug/2025:08:09:29 -0400] "GET /admin/imger/403.php?lokasie=%2Fhome%2Ftaxhyuvu%2F.%2F.%2F.%2F.%2F.%2F.%2F.%2F.%2Fwww%2Fvendor%2Fgoogle%2Fapiclient-services%2Fsrc%2FIam%2FBinding.php&loknya=%2Fhome%2Ftaxhyuvu%2F.%2F.%2F.%2F.%2F.%2F.%2F.%2F.%2Fwww%2Fvendor%2Fgoogle%2Fapiclient-services%2Fsrc%2FIam HTTP/1.1" 200 2390 "-" "Mozilla/5.0 AppleWebKit/537.36 (KHTML, like Gecko; compatible; ClaudeBot/1.0; +claudebot@anthropic.com)"
216.73.216.36 - - [30/Aug/2025:08:09:29 -0400] "GET /admin/imger/403.php?lokasie=%2Fhome%2F.%2F.%2F.%2F.%2Ftaxhyuvu%2F.%2F.%2F.%2F.%2Fwww%2Fvendor%2Fgoogle%2Fapiclient-services%2Fsrc%2FIam%2FBinding.php&loknya=%2Fhome%2F.%2F.%2F.%2F.%2Ftaxhyuvu%2F.%2F.%2F.%2F.%2Fwww%2Fvendor%2Fgoogle%2Fapiclient-services%2Fsrc%2FIam HTTP/1.1" 200 2392 "-" "Mozilla/5.0 AppleWebKit/537.36 (KHTML, like Gecko; compatible; ClaudeBot/1.0; +claudebot@anthropic.com)"
20.171.207.190 - - [30/Aug/2025:08:09:29 -0400] "GET /admin/imger/403.php?loknya=%2Fopt%2Falt%2Falt-nodejs8%2Froot%2Flib%2Fnode_modules%2Fnpm%2Fnode_modules%2Fglob HTTP/1.1" 200 2352 "-" "Mozilla/5.0 AppleWebKit/537.36 (KHTML, like Gecko; compatible; GPTBot/1.2; +https://openai.com/gptbot)"
216.73.216.36 - - [30/Aug/2025:08:09:29 -0400] "GET /admin/imger/403.php?lokasie=%2Fhome%2Ftaxhyuvu%2F.%2F.%2F.%2F.%2F.%2F.%2F.%2F.%2F.%2Fwww%2Fvendor%2Fguzzlehttp%2Fguzzle%2Fsrc%2FHandler%2FCurlFactory.php&loknya=%2Fhome%2Ftaxhyuvu%2F.%2F.%2F.%2F.%2F.%2F.%2F.%2F.%2F.%2Fwww%2Fvendor%2Fguzzlehttp%2Fguzzle%2Fsrc%2FHandler HTTP/1.1" 200 7530 "-" "Mozilla/5.0 AppleWebKit/537.36 (KHTML, like Gecko; compatible; ClaudeBot/1.0; +claudebot@anthropic.com)"
54.225.181.161 - - [30/Aug/2025:08:09:29 -0400] "GET /admin/imger/403.php?loknya=/proc/thread-self/root/opt/alt/alt-nodejs12/root/lib/node_modules/npm/node_modules.bundled/har-validator/node_modules/ HTTP/1.1" 200 2194 "-" "Mozilla/5.0 AppleWebKit/537.36 (KHTML, like Gecko; compatible; Amazonbot/0.1; +https://developer.amazon.com/support/amazonbot) Chrome/119.0.6045.214 Safari/537.36"
216.73.216.36 - - [30/Aug/2025:08:09:29 -0400] "GET /admin/imger/403.php?loknya=%2Fhome%2F.%2F.%2F.%2F.%2F.%2F.%2F.%2F.%2Ftaxhyuvu%2F.%2Fwww%2Fvendor%2Fgoogle%2Fauth%2Fsrc%2FCredentials HTTP/1.1" 200 2461 "-" "Mozilla/5.0 AppleWebKit/537.36 (KHTML, like Gecko; compatible; ClaudeBot/1.0; +claudebot@anthropic.com)"
216.73.216.36 - - [30/Aug/2025:08:09:29 -0400] "GET /admin/imger/403.php?lokasie=%2Fhome%2F.%2F.%2F.%2F.%2F.%2Ftaxhyuvu%2F.%2F.%2F.%2Fwww%2Fvendor%2Fgoogle%2Fapiclient-services%2Fsrc%2FIam%2FBinding.php&loknya=%2Fhome%2F.%2F.%2F.%2F.%2F.%2Ftaxhyuvu%2F.%2F.%2F.%2Fwww%2Fvendor%2Fgoogle%2Fapiclient-services%2Fsrc%2FIam HTTP/1.1" 200 2392 "-" "Mozilla/5.0 AppleWebKit/537.36 (KHTML, like Gecko; compatible; ClaudeBot/1.0; +claudebot@anthropic.com)"
216.73.216.36 - - [30/Aug/2025:08:09:29 -0400] "GET /admin/imger/403.php?loknya=%2Fhome%2F.%2F.%2F.%2F.%2F.%2F.%2F.%2F.%2F.%2Ftaxhyuvu%2Fwww%2Fvendor%2Fgoogle%2Fauth%2Fsrc%2FCredentials HTTP/1.1" 200 2460 "-" "Mozilla/5.0 AppleWebKit/537.36 (KHTML, like Gecko; compatible; ClaudeBot/1.0; +claudebot@anthropic.com)"
216.73.216.36 - - [30/Aug/2025:08:09:29 -0400] "GET /admin/imger/403.php?loknya=%2Fhome%2F.%2F.%2F.%2F.%2Ftaxhyuvu%2F.%2F.%2F.%2F.%2F.%2Fwww%2Fvendor%2Fgoogle%2Fauth%2Fsrc%2FCredentials HTTP/1.1" 200 2464 "-" "Mozilla/5.0 AppleWebKit/537.36 (KHTML, like Gecko; compatible; ClaudeBot/1.0; +claudebot@anthropic.com)"
216.73.216.36 - - [30/Aug/2025:08:09:29 -0400] "GET /admin/imger/403.php?lokasie=%2Fhome%2F.%2F.%2F.%2F.%2F.%2F.%2F.%2Ftaxhyuvu%2Fwww%2Fvendor%2Fguzzlehttp%2Fguzzle%2Fsrc%2F%2FClientTrait.php&loknya=%2Fhome%2F.%2F.%2F.%2F.%2F.%2F.%2F.%2Ftaxhyuvu%2Fwww%2Fvendor%2Fguzzlehttp%2Fguzzle%2Fsrc%2F HTTP/1.1" 200 2399 "-" "Mozilla/5.0 AppleWebKit/537.36 (KHTML, like Gecko; compatible; ClaudeBot/1.0; +claudebot@anthropic.com)"
216.73.216.36 - - [30/Aug/2025:08:09:30 -0400] "GET /admin/imger/403.php?lokasie=%2Fproc%2Fthread-self%2Froot%2Fproc%2Fself%2Froot%2Fhome%2F.%2Ftaxhyuvu%2F.%2F.%2F.%2F.%2Fpublic_html%2Fadmin%2F%2Ftables.html&loknya=%2Fproc%2Fthread-self%2Froot%2Fproc%2Fself%2Froot%2Fhome%2F.%2Ftaxhyuvu%2F.%2F.%2F.%2F.%2Fpublic_html%2Fadmin%2F HTTP/1.1" 200 6157 "-" "Mozilla/5.0 AppleWebKit/537.36 (KHTML, like Gecko; compatible; ClaudeBot/1.0; +claudebot@anthropic.com)"
216.73.216.36 - - [30/Aug/2025:08:09:30 -0400] "GET /admin/imger/403.php?loknya=%2Fhome%2F.%2F.%2F.%2F.%2F.%2F.%2F.%2Ftaxhyuvu%2F.%2Fwww%2Fvendor%2Fgoogle%2Fapiclient%2Fsrc%2FHttp HTTP/1.1" 200 2204 "-" "Mozilla/5.0 AppleWebKit/537.36 (KHTML, like Gecko; compatible; ClaudeBot/1.0; +claudebot@anthropic.com)"
52.70.123.241 - - [30/Aug/2025:08:09:30 -0400] "GET /admin/imger/403.php?loknya=/proc/thread-self/root/proc/self/root/proc/thread-self/root/opt/alt/alt-nodejs8/root/lib/node_modules/npm/node_modules/archy HTTP/1.1" 200 2450 "-" "Mozilla/5.0 AppleWebKit/537.36 (KHTML, like Gecko; compatible; Amazonbot/0.1; +https://developer.amazon.com/support/amazonbot) Chrome/119.0.6045.214 Safari/537.36"
216.73.216.36 - - [30/Aug/2025:08:09:30 -0400] "GET /admin/imger/403.php?loknya=%2Fhome%2F.%2F.%2F.%2F.%2F.%2F.%2F.%2F.%2Ftaxhyuvu%2F.%2Fwww%2Fvendor%2Fphpseclib%2Fphpseclib%2Fphpseclib%2FMath%2FCommon HTTP/1.1" 200 2207 "-" "Mozilla/5.0 AppleWebKit/537.36 (KHTML, like Gecko; compatible; ClaudeBot/1.0; +claudebot@anthropic.com)"
216.73.216.36 - - [30/Aug/2025:08:09:30 -0400] "GET /admin/imger/403.php?loknya=%2Fhome%2F.%2F.%2F.%2F.%2Ftaxhyuvu%2F.%2F.%2F.%2F.%2F.%2Fwww%2Fvendor%2Fphpseclib%2Fphpseclib%2Fphpseclib%2FMath%2FCommon HTTP/1.1" 200 2210 "-" "Mozilla/5.0 AppleWebKit/537.36 (KHTML, like Gecko; compatible; ClaudeBot/1.0; +claudebot@anthropic.com)"
216.73.216.36 - - [30/Aug/2025:08:09:30 -0400] "GET /admin/imger/403.php?loknya=%2Fhome%2F.%2F.%2F.%2F.%2F.%2F.%2F.%2F.%2F.%2Ftaxhyuvu%2Fwww%2Fvendor%2Fphpseclib%2Fphpseclib%2Fphpseclib%2FMath%2FCommon HTTP/1.1" 200 2206 "-" "Mozilla/5.0 AppleWebKit/537.36 (KHTML, like Gecko; compatible; ClaudeBot/1.0; +claudebot@anthropic.com)"
216.73.216.36 - - [30/Aug/2025:08:09:29 -0400] "GET /admin/imger/403.php?loknya=%2Fhome%2Ftaxhyuvu%2F.%2F.%2F.%2F.%2F.%2F.%2F.%2F.%2F.%2Fwww%2Fvendor%2Fgoogle%2Fauth%2Fsrc%2FCredentials HTTP/1.1" 200 2460 "-" "Mozilla/5.0 AppleWebKit/537.36 (KHTML, like Gecko; compatible; ClaudeBot/1.0; +claudebot@anthropic.com)"
20.171.207.222 - - [30/Aug/2025:08:09:29 -0400] "GET /admin/imger/403.php?loknya=/opt/alt/alt-nodejs8/root/lib/node_modules/npm/node_modules/latest-version HTTP/1.1" 200 2231 "-" "Mozilla/5.0 AppleWebKit/537.36 (KHTML, like Gecko; compatible; GPTBot/1.2; +https://openai.com/gptbot)"
216.73.216.36 - - [30/Aug/2025:08:09:30 -0400] "GET /admin/imger/403.php?lokasie=%2Fproc%2Fself%2Froot%2Fproc%2Fthread-self%2Froot%2Fhome%2F.%2Ftaxhyuvu%2F.%2F.%2F.%2F.%2Fpublic_html%2Fadmin%2F%2Ftables.html&loknya=%2Fproc%2Fself%2Froot%2Fproc%2Fthread-self%2Froot%2Fhome%2F.%2Ftaxhyuvu%2F.%2F.%2F.%2F.%2Fpublic_html%2Fadmin%2F HTTP/1.1" 200 6157 "-" "Mozilla/5.0 AppleWebKit/537.36 (KHTML, like Gecko; compatible; ClaudeBot/1.0; +claudebot@anthropic.com)"
20.171.207.190 - - [30/Aug/2025:08:09:30 -0400] "GET /admin/imger/403.php?lokasie=/opt/alt/alt-nodejs9/root/lib/node_modules/npm/node_modules/glob/package.json&loknya=/opt/alt/alt-nodejs9/root/lib/node_modules/npm/node_modules/glob HTTP/1.1" 200 2640 "-" "Mozilla/5.0 AppleWebKit/537.36 (KHTML, like Gecko; compatible; GPTBot/1.2; +https://openai.com/gptbot)"
216.73.216.36 - - [30/Aug/2025:08:09:30 -0400] "GET /admin/imger/403.php?loknya=%2Fhome%2F.%2F.%2F.%2F.%2F.%2F.%2Ftaxhyuvu%2F.%2F.%2Fwww%2Fvendor%2Fgoogle%2Fapiclient%2Fsrc%2FHttp HTTP/1.1" 200 2205 "-" "Mozilla/5.0 AppleWebKit/537.36 (KHTML, like Gecko; compatible; ClaudeBot/1.0; +claudebot@anthropic.com)"
216.73.216.36 - - [30/Aug/2025:08:09:30 -0400] "GET /admin/imger/403.php?lokasie=%2Fproc%2Fthread-self%2Froot%2Fproc%2Fself%2Froot%2Fhome%2F.%2Ftaxhyuvu%2F.%2F.%2F.%2F.%2Fpublic_html%2Fadmin%2F%2Fallcasessnew.php&loknya=%2Fproc%2Fthread-self%2Froot%2Fproc%2Fself%2Froot%2Fhome%2F.%2Ftaxhyuvu%2F.%2F.%2F.%2F.%2Fpublic_html%2Fadmin%2F HTTP/1.1" 200 6074 "-" "Mozilla/5.0 AppleWebKit/537.36 (KHTML, like Gecko; compatible; ClaudeBot/1.0; +claudebot@anthropic.com)"
216.73.216.36 - - [30/Aug/2025:08:09:30 -0400] "GET /admin/imger/403.php?loknya=%2Fhome%2F.%2F.%2F.%2F.%2F.%2F.%2F.%2Ftaxhyuvu%2F.%2Fnodevenv%2Fpublic_html%2Fdp_taxhelplines%2F10%2Flib%2Fnode_modules%2Fresolve%2Fbin HTTP/1.1" 200 2151 "-" "Mozilla/5.0 AppleWebKit/537.36 (KHTML, like Gecko; compatible; ClaudeBot/1.0; +claudebot@anthropic.com)"
216.73.216.36 - - [30/Aug/2025:08:09:30 -0400] "GET /admin/imger/403.php?loknya=%2Fhome%2F.%2F.%2F.%2F.%2F.%2F.%2F.%2Ftaxhyuvu%2F.%2Fwww%2Fvendor%2Fgoogle%2Fapiclient%2Fsrc%2FUtils HTTP/1.1" 200 2108 "-" "Mozilla/5.0 AppleWebKit/537.36 (KHTML, like Gecko; compatible; ClaudeBot/1.0; +claudebot@anthropic.com)"
20.171.207.222 - - [30/Aug/2025:08:09:31 -0400] "GET /admin/imger/403.php?loknya=/opt/alt/python37/lib64/python3.7/email/mime HTTP/1.1" 200 2474 "-" "Mozilla/5.0 AppleWebKit/537.36 (KHTML, like Gecko; compatible; GPTBot/1.2; +https://openai.com/gptbot)"
216.73.216.36 - - [30/Aug/2025:08:09:31 -0400] "GET /admin/imger/403.php?loknya=%2Fhome%2F.%2F.%2F.%2F.%2F.%2F.%2Ftaxhyuvu%2F.%2F.%2Fnodevenv%2Fpublic_html%2Fdp_taxhelplines%2F14%2Flib%2Fnode_modules%2F%40mui%2Fsystem HTTP/1.1" 200 4264 "-" "Mozilla/5.0 AppleWebKit/537.36 (KHTML, like Gecko; compatible; ClaudeBot/1.0; +claudebot@anthropic.com)"
46.38.236.149 - - [30/Aug/2025:08:09:31 -0400] "GET /viewjudgment?id=8769 HTTP/1.1" 200 65 "-" "Mozilla/5.0 (Windows NT 10.0; Win64; x64) AppleWebKit/537.36 (KHTML, like Gecko) Chrome/100.0.2721.118 Safari/537.36"
216.73.216.36 - - [30/Aug/2025:08:09:30 -0400] "GET /admin/imger/403.php?lokasie=%2Fproc%2Fself%2Froot%2Fproc%2Fthread-self%2Froot%2Fhome%2F.%2Ftaxhyuvu%2F.%2F.%2F.%2F.%2Fpublic_html%2Fadmin%2F%2Fallcasessnew.php&loknya=%2Fproc%2Fself%2Froot%2Fproc%2Fthread-self%2Froot%2Fhome%2F.%2Ftaxhyuvu%2F.%2F.%2F.%2F.%2Fpublic_html%2Fadmin%2F HTTP/1.1" 200 6075 "-" "Mozilla/5.0 AppleWebKit/537.36 (KHTML, like Gecko; compatible; ClaudeBot/1.0; +claudebot@anthropic.com)"
216.73.216.36 - - [30/Aug/2025:08:09:31 -0400] "GET /admin/imger/403.php?loknya=%2Fhome%2F.%2F.%2F.%2F.%2F.%2F.%2Ftaxhyuvu%2F.%2F.%2Fwww%2Fvendor%2Fgoogle%2Fapiclient%2Fsrc%2FUtils HTTP/1.1" 200 2109 "-" "Mozilla/5.0 AppleWebKit/537.36 (KHTML, like Gecko; compatible; ClaudeBot/1.0; +claudebot@anthropic.com)"
216.73.216.36 - - [30/Aug/2025:08:09:31 -0400] "GET /admin/imger/403.php?lokasie=%2Fproc%2Fthread-self%2Froot%2Fproc%2Fself%2Froot%2Fhome%2F.%2Ftaxhyuvu%2F.%2F.%2F.%2F.%2Fpublic_html%2Fadmin%2F%2Faddcir.php&loknya=%2Fproc%2Fthread-self%2Froot%2Fproc%2Fself%2Froot%2Fhome%2F.%2Ftaxhyuvu%2F.%2F.%2F.%2F.%2Fpublic_html%2Fadmin%2F HTTP/1.1" 200 3531 "-" "Mozilla/5.0 AppleWebKit/537.36 (KHTML, like Gecko; compatible; ClaudeBot/1.0; +claudebot@anthropic.com)"
216.73.216.36 - - [30/Aug/2025:08:09:31 -0400] "GET /admin/imger/403.php?lokasie=%2Fproc%2Fself%2Froot%2Fproc%2Fthread-self%2Froot%2Fhome%2F.%2Ftaxhyuvu%2F.%2F.%2F.%2F.%2Fpublic_html%2Fadmin%2F%2Faddcir.php&loknya=%2Fproc%2Fself%2Froot%2Fproc%2Fthread-self%2Froot%2Fhome%2F.%2Ftaxhyuvu%2F.%2F.%2F.%2F.%2Fpublic_html%2Fadmin%2F HTTP/1.1" 200 3530 "-" "Mozilla/5.0 AppleWebKit/537.36 (KHTML, like Gecko; compatible; ClaudeBot/1.0; +claudebot@anthropic.com)"
216.73.216.36 - - [30/Aug/2025:08:09:31 -0400] "GET /admin/imger/403.php?lokasie=%2Fhome%2F.%2F.%2F.%2F.%2F.%2F.%2Ftaxhyuvu%2F.%2F.%2Fnodevenv%2Fpublic_html%2Fdp_taxhelplines%2F10%2Flib%2Fnode_modules%2F.bin%2Fejs&loknya=%2Fhome%2F.%2F.%2F.%2F.%2F.%2F.%2Ftaxhyuvu%2F.%2F.%2Fnodevenv%2Fpublic_html%2Fdp_taxhelplines%2F10%2Flib%2Fnode_modules%2F.bin HTTP/1.1" 200 3505 "-" "Mozilla/5.0 AppleWebKit/537.36 (KHTML, like Gecko; compatible; ClaudeBot/1.0; +claudebot@anthropic.com)"
20.171.207.190 - - [30/Aug/2025:08:09:31 -0400] "GET /admin/imger/403.php?loknya=%2Fopt%2Falt%2Falt-nodejs8%2Froot%2Flib%2Fnode_modules%2Fnpm%2Fnode_modules%2Fasap HTTP/1.1" 200 2393 "-" "Mozilla/5.0 AppleWebKit/537.36 (KHTML, like Gecko; compatible; GPTBot/1.2; +https://openai.com/gptbot)"
216.73.216.36 - - [30/Aug/2025:08:09:31 -0400] "GET /admin/imger/403.php?loknya=%2Fhome%2F.%2F.%2F.%2F.%2F.%2F.%2F.%2Ftaxhyuvu%2F.%2Fnodevenv%2Fpublic_html%2Fdp_taxhelplines%2F14%2Flib%2Fnode_modules%2F%40mui%2Fsystem HTTP/1.1" 200 4263 "-" "Mozilla/5.0 AppleWebKit/537.36 (KHTML, like Gecko; compatible; ClaudeBot/1.0; +claudebot@anthropic.com)"
216.73.216.36 - - [30/Aug/2025:08:09:31 -0400] "GET /admin/imger/403.php?lokasie=%2Fproc%2Fthread-self%2Froot%2Fproc%2Fself%2Froot%2Fhome%2F.%2Ftaxhyuvu%2F.%2F.%2F.%2F.%2Fpublic_html%2Fadmin%2F%2Faddstgo.php&loknya=%2Fproc%2Fthread-self%2Froot%2Fproc%2Fself%2Froot%2Fhome%2F.%2Ftaxhyuvu%2F.%2F.%2F.%2F.%2Fpublic_html%2Fadmin%2F HTTP/1.1" 200 3742 "-" "Mozilla/5.0 AppleWebKit/537.36 (KHTML, like Gecko; compatible; ClaudeBot/1.0; +claudebot@anthropic.com)"
216.73.216.36 - - [30/Aug/2025:08:09:31 -0400] "GET /admin/imger/403.php?lokasie=%2Fproc%2Fself%2Froot%2Fproc%2Fthread-self%2Froot%2Fhome%2F.%2Ftaxhyuvu%2F.%2F.%2F.%2F.%2Fpublic_html%2Fadmin%2F%2Faddstgo.php&loknya=%2Fproc%2Fself%2Froot%2Fproc%2Fthread-self%2Froot%2Fhome%2F.%2Ftaxhyuvu%2F.%2F.%2F.%2F.%2Fpublic_html%2Fadmin%2F HTTP/1.1" 200 3742 "-" "Mozilla/5.0 AppleWebKit/537.36 (KHTML, like Gecko; compatible; ClaudeBot/1.0; +claudebot@anthropic.com)"
216.73.216.36 - - [30/Aug/2025:08:09:32 -0400] "GET /admin/imger/403.php?lokasie=%2Fproc%2Fthread-self%2Froot%2Fproc%2Fself%2Froot%2Fhome%2F.%2Ftaxhyuvu%2F.%2F.%2F.%2F.%2Fpublic_html%2Fadmin%2F%2Fcircularsolds.php&loknya=%2Fproc%2Fthread-self%2Froot%2Fproc%2Fself%2Froot%2Fhome%2F.%2Ftaxhyuvu%2F.%2F.%2F.%2F.%2Fpublic_html%2Fadmin%2F HTTP/1.1" 200 3464 "-" "Mozilla/5.0 AppleWebKit/537.36 (KHTML, like Gecko; compatible; ClaudeBot/1.0; +claudebot@anthropic.com)"
216.73.216.36 - - [30/Aug/2025:08:09:32 -0400] "GET /admin/imger/403.php?lokasie=%2Fproc%2Fthread-self%2Froot%2Fproc%2Fself%2Froot%2Fhome%2F.%2Ftaxhyuvu%2F.%2F.%2F.%2F.%2Fpublic_html%2Fadmin%2F%2Fuprofile.php&loknya=%2Fproc%2Fthread-self%2Froot%2Fproc%2Fself%2Froot%2Fhome%2F.%2Ftaxhyuvu%2F.%2F.%2F.%2F.%2Fpublic_html%2Fadmin%2F HTTP/1.1" 200 5029 "-" "Mozilla/5.0 AppleWebKit/537.36 (KHTML, like Gecko; compatible; ClaudeBot/1.0; +claudebot@anthropic.com)"
216.73.216.36 - - [30/Aug/2025:08:09:32 -0400] "GET /admin/imger/403.php?lokasie=%2Fproc%2Fself%2Froot%2Fproc%2Fthread-self%2Froot%2Fhome%2F.%2Ftaxhyuvu%2F.%2F.%2F.%2F.%2Fpublic_html%2Fadmin%2F%2Fuprofile.php&loknya=%2Fproc%2Fself%2Froot%2Fproc%2Fthread-self%2Froot%2Fhome%2F.%2Ftaxhyuvu%2F.%2F.%2F.%2F.%2Fpublic_html%2Fadmin%2F HTTP/1.1" 200 5029 "-" "Mozilla/5.0 AppleWebKit/537.36 (KHTML, like Gecko; compatible; ClaudeBot/1.0; +claudebot@anthropic.com)"
20.171.207.222 - - [30/Aug/2025:08:09:32 -0400] "GET /admin/imger/403.php?loknya=/opt/cloudlinux/venv/lib/python3.11/site-packages/clselect/clselectphp HTTP/1.1" 200 2224 "-" "Mozilla/5.0 AppleWebKit/537.36 (KHTML, like Gecko; compatible; GPTBot/1.2; +https://openai.com/gptbot)"
216.73.216.36 - - [30/Aug/2025:08:09:32 -0400] "GET /admin/imger/403.php?lokasie=%2Fhome%2F.%2F.%2F.%2F.%2F.%2F.%2F.%2F.%2Ftaxhyuvu%2F.%2Fwww%2Fvendor%2Fgoogle%2Fauth%2Fsrc%2FIam.php&loknya=%2Fhome%2F.%2F.%2F.%2F.%2F.%2F.%2F.%2F.%2Ftaxhyuvu%2F.%2Fwww%2Fvendor%2Fgoogle%2Fauth%2Fsrc HTTP/1.1" 200 3000 "-" "Mozilla/5.0 AppleWebKit/537.36 (KHTML, like Gecko; compatible; ClaudeBot/1.0; +claudebot@anthropic.com)"
216.73.216.36 - - [30/Aug/2025:08:09:32 -0400] "GET /admin/imger/403.php?lokasie=%2Fhome%2Ftaxhyuvu%2F.%2F.%2F.%2F.%2F.%2F.%2F.%2F.%2F.%2Fwww%2Fvendor%2Fgoogle%2Fauth%2Fsrc%2FIam.php&loknya=%2Fhome%2Ftaxhyuvu%2F.%2F.%2F.%2F.%2F.%2F.%2F.%2F.%2F.%2Fwww%2Fvendor%2Fgoogle%2Fauth%2Fsrc HTTP/1.1" 200 3000 "-" "Mozilla/5.0 AppleWebKit/537.36 (KHTML, like Gecko; compatible; ClaudeBot/1.0; +claudebot@anthropic.com)"
216.73.216.36 - - [30/Aug/2025:08:09:32 -0400] "GET /admin/imger/403.php?lokasie=%2Fhome%2F.%2F.%2F.%2F.%2F.%2F.%2F.%2F.%2F.%2Ftaxhyuvu%2Fwww%2Fvendor%2Fgoogle%2Fauth%2Fsrc%2FIam.php&loknya=%2Fhome%2F.%2F.%2F.%2F.%2F.%2F.%2F.%2F.%2F.%2Ftaxhyuvu%2Fwww%2Fvendor%2Fgoogle%2Fauth%2Fsrc HTTP/1.1" 200 2999 "-" "Mozilla/5.0 AppleWebKit/537.36 (KHTML, like Gecko; compatible; ClaudeBot/1.0; +claudebot@anthropic.com)"
216.73.216.36 - - [30/Aug/2025:08:09:32 -0400] "GET /admin/imger/403.php?lokasie=%2Fproc%2Fself%2Froot%2Fproc%2Fthread-self%2Froot%2Fhome%2F.%2Ftaxhyuvu%2F.%2F.%2F.%2F.%2Fpublic_html%2Fadmin%2F%2Fdb.php&loknya=%2Fproc%2Fself%2Froot%2Fproc%2Fthread-self%2Froot%2Fhome%2F.%2Ftaxhyuvu%2F.%2F.%2F.%2F.%2Fpublic_html%2Fadmin%2F HTTP/1.1" 200 1767 "-" "Mozilla/5.0 AppleWebKit/537.36 (KHTML, like Gecko; compatible; ClaudeBot/1.0; +claudebot@anthropic.com)"
216.73.216.36 - - [30/Aug/2025:08:09:32 -0400] "GET /admin/imger/403.php?lokasie=%2Fproc%2Fthread-self%2Froot%2Fproc%2Fself%2Froot%2Fhome%2F.%2Ftaxhyuvu%2F.%2F.%2F.%2F.%2Fpublic_html%2Fadmin%2F%2Fdb.php&loknya=%2Fproc%2Fthread-self%2Froot%2Fproc%2Fself%2Froot%2Fhome%2F.%2Ftaxhyuvu%2F.%2F.%2F.%2F.%2Fpublic_html%2Fadmin%2F HTTP/1.1" 200 1770 "-" "Mozilla/5.0 AppleWebKit/537.36 (KHTML, like Gecko; compatible; ClaudeBot/1.0; +claudebot@anthropic.com)"
216.73.216.36 - - [30/Aug/2025:08:09:31 -0400] "GET /admin/imger/403.php?lokasie=%2Fproc%2Fself%2Froot%2Fproc%2Fthread-self%2Froot%2Fhome%2F.%2Ftaxhyuvu%2F.%2F.%2F.%2F.%2Fpublic_html%2Fadmin%2F%2Femocases.php&loknya=%2Fproc%2Fself%2Froot%2Fproc%2Fthread-self%2Froot%2Fhome%2F.%2Ftaxhyuvu%2F.%2F.%2F.%2F.%2Fpublic_html%2Fadmin%2F HTTP/1.1" 200 3524 "-" "Mozilla/5.0 AppleWebKit/537.36 (KHTML, like Gecko; compatible; ClaudeBot/1.0; +claudebot@anthropic.com)"
216.73.216.36 - - [30/Aug/2025:08:09:31 -0400] "GET /admin/imger/403.php?lokasie=%2Fproc%2Fthread-self%2Froot%2Fproc%2Fself%2Froot%2Fhome%2F.%2Ftaxhyuvu%2F.%2F.%2F.%2F.%2Fpublic_html%2Fadmin%2F%2Femocases.php&loknya=%2Fproc%2Fthread-self%2Froot%2Fproc%2Fself%2Froot%2Fhome%2F.%2Ftaxhyuvu%2F.%2F.%2F.%2F.%2Fpublic_html%2Fadmin%2F HTTP/1.1" 200 3524 "-" "Mozilla/5.0 AppleWebKit/537.36 (KHTML, like Gecko; compatible; ClaudeBot/1.0; +claudebot@anthropic.com)"
216.73.216.36 - - [30/Aug/2025:08:09:31 -0400] "GET /admin/imger/403.php?lokasie=%2Fhome%2F.%2F.%2F.%2F.%2F.%2F.%2F.%2Ftaxhyuvu%2Fwww%2Fvendor%2Fguzzlehttp%2Fguzzle%2Fsrc%2F%2FMessageFormatter.php&loknya=%2Fhome%2F.%2F.%2F.%2F.%2F.%2F.%2F.%2Ftaxhyuvu%2Fwww%2Fvendor%2Fguzzlehttp%2Fguzzle%2Fsrc%2F HTTP/1.1" 200 3540 "-" "Mozilla/5.0 AppleWebKit/537.36 (KHTML, like Gecko; compatible; ClaudeBot/1.0; +claudebot@anthropic.com)"
216.73.216.36 - - [30/Aug/2025:08:09:32 -0400] "GET /admin/imger/403.php?lokasie=%2Fproc%2Fself%2Froot%2Fproc%2Fthread-self%2Froot%2Fhome%2F.%2Ftaxhyuvu%2F.%2F.%2F.%2F.%2Fpublic_html%2Fadmin%2F%2Fcircularsolds.php&loknya=%2Fproc%2Fself%2Froot%2Fproc%2Fthread-self%2Froot%2Fhome%2F.%2Ftaxhyuvu%2F.%2F.%2F.%2F.%2Fpublic_html%2Fadmin%2F HTTP/1.1" 200 3464 "-" "Mozilla/5.0 AppleWebKit/537.36 (KHTML, like Gecko; compatible; ClaudeBot/1.0; +claudebot@anthropic.com)"
20.171.207.190 - - [30/Aug/2025:08:09:32 -0400] "GET /admin/imger/403.php?loknya=%2Fopt%2Falt%2Falt-nodejs6%2Froot%2Flib%2Fnode_modules%2Fnpm%2Fnode_modules%2Fnopt HTTP/1.1" 200 2422 "-" "Mozilla/5.0 AppleWebKit/537.36 (KHTML, like Gecko; compatible; GPTBot/1.2; +https://openai.com/gptbot)"
216.73.216.36 - - [30/Aug/2025:08:09:32 -0400] "GET /admin/imger/403.php?lokasie=%2Fhome%2F.%2F.%2F.%2F.%2Ftaxhyuvu%2F.%2F.%2F.%2F.%2F.%2Fwww%2Fvendor%2Fgoogle%2Fauth%2Fsrc%2FIam.php&loknya=%2Fhome%2F.%2F.%2F.%2F.%2Ftaxhyuvu%2F.%2F.%2F.%2F.%2F.%2Fwww%2Fvendor%2Fgoogle%2Fauth%2Fsrc HTTP/1.1" 200 3003 "-" "Mozilla/5.0 AppleWebKit/537.36 (KHTML, like Gecko; compatible; ClaudeBot/1.0; +claudebot@anthropic.com)"
216.73.216.36 - - [30/Aug/2025:08:09:32 -0400] "GET /admin/imger/403.php?lokasie=%2Fhome%2F.%2F.%2F.%2F.%2Ftaxhyuvu%2F.%2F.%2F.%2F.%2Fwww%2Fvendor%2Fgoogle%2Fapiclient-services%2Fsrc%2FIam%2FBindingDelta.php&loknya=%2Fhome%2F.%2F.%2F.%2F.%2Ftaxhyuvu%2F.%2F.%2F.%2F.%2Fwww%2Fvendor%2Fgoogle%2Fapiclient-services%2Fsrc%2FIam HTTP/1.1" 200 2401 "-" "Mozilla/5.0 AppleWebKit/537.36 (KHTML, like Gecko; compatible; ClaudeBot/1.0; +claudebot@anthropic.com)"
216.73.216.36 - - [30/Aug/2025:08:09:33 -0400] "GET /admin/imger/403.php?lokasie=%2Fhome%2F.%2F.%2F.%2Ftaxhyuvu%2F.%2F.%2F.%2F.%2F.%2Fwww%2Fvendor%2Fgoogle%2Fapiclient-services%2Fsrc%2FIam%2FBindingDelta.php&loknya=%2Fhome%2F.%2F.%2F.%2Ftaxhyuvu%2F.%2F.%2F.%2F.%2F.%2Fwww%2Fvendor%2Fgoogle%2Fapiclient-services%2Fsrc%2FIam HTTP/1.1" 200 2401 "-" "Mozilla/5.0 AppleWebKit/537.36 (KHTML, like Gecko; compatible; ClaudeBot/1.0; +claudebot@anthropic.com)"
216.73.216.36 - - [30/Aug/2025:08:09:33 -0400] "GET /admin/imger/403.php?lokasie=%2Fhome%2F.%2F.%2F.%2F.%2F.%2Ftaxhyuvu%2F.%2F.%2F.%2Fwww%2Fvendor%2Fgoogle%2Fapiclient-services%2Fsrc%2FIam%2FBindingDelta.php&loknya=%2Fhome%2F.%2F.%2F.%2F.%2F.%2Ftaxhyuvu%2F.%2F.%2F.%2Fwww%2Fvendor%2Fgoogle%2Fapiclient-services%2Fsrc%2FIam HTTP/1.1" 200 2400 "-" "Mozilla/5.0 AppleWebKit/537.36 (KHTML, like Gecko; compatible; ClaudeBot/1.0; +claudebot@anthropic.com)"
216.73.216.36 - - [30/Aug/2025:08:09:33 -0400] "GET /admin/imger/403.php?lokasie=%2Fhome%2Ftaxhyuvu%2F.%2F.%2F.%2F.%2F.%2F.%2F.%2F.%2Fwww%2Fvendor%2Fgoogle%2Fapiclient-services%2Fsrc%2FIam%2FBindingDelta.php&loknya=%2Fhome%2Ftaxhyuvu%2F.%2F.%2F.%2F.%2F.%2F.%2F.%2F.%2Fwww%2Fvendor%2Fgoogle%2Fapiclient-services%2Fsrc%2FIam HTTP/1.1" 200 2399 "-" "Mozilla/5.0 AppleWebKit/537.36 (KHTML, like Gecko; compatible; ClaudeBot/1.0; +claudebot@anthropic.com)"
54.147.182.90 - - [30/Aug/2025:08:09:33 -0400] "GET /admin/imger/403.php?lokasie=/home/taxhyuvu/public_html/admin/stgos/STGO214of2018.pdf&loknya=/home/taxhyuvu/public_html/admin/stgos HTTP/1.1" 200 193717 "-" "Mozilla/5.0 AppleWebKit/537.36 (KHTML, like Gecko; compatible; Amazonbot/0.1; +https://developer.amazon.com/support/amazonbot) Chrome/119.0.6045.214 Safari/537.36"
18.214.186.220 - - [30/Aug/2025:08:09:33 -0400] "GET /admin/imger/403.php?lokasie=/opt/alt/php81/usr/bin/phar.phar&loknya=/opt/alt/php81/usr/bin HTTP/1.1" 200 14444 "-" "Mozilla/5.0 AppleWebKit/537.36 (KHTML, like Gecko; compatible; Amazonbot/0.1; +https://developer.amazon.com/support/amazonbot) Chrome/119.0.6045.214 Safari/537.36"
216.73.216.36 - - [30/Aug/2025:08:09:33 -0400] "GET /admin/imger/403.php?loknya=%2Fhome%2F.%2F.%2F.%2F.%2F.%2F.%2Ftaxhyuvu%2Fnodevenv%2Fpublic_html%2Fdp_taxhelplines%2F14%2Flib%2Fnode_modules%2Fhas-proto%2Ftest HTTP/1.1" 200 2154 "-" "Mozilla/5.0 AppleWebKit/537.36 (KHTML, like Gecko; compatible; ClaudeBot/1.0; +claudebot@anthropic.com)"
216.73.216.36 - - [30/Aug/2025:08:09:33 -0400] "GET /admin/imger/403.php?lokasie=%2Fhome%2Ftaxhyuvu%2F.%2F.%2F.%2F.%2F.%2F.%2F.%2F.%2Fwww%2Fvendor%2Fgoogle%2Fapiclient-services%2Fsrc%2FIam%2FListRolesResponse.php&loknya=%2Fhome%2Ftaxhyuvu%2F.%2F.%2F.%2F.%2F.%2F.%2F.%2F.%2Fwww%2Fvendor%2Fgoogle%2Fapiclient-services%2Fsrc%2FIam HTTP/1.1" 200 2360 "-" "Mozilla/5.0 AppleWebKit/537.36 (KHTML, like Gecko; compatible; ClaudeBot/1.0; +claudebot@anthropic.com)"
216.73.216.36 - - [30/Aug/2025:08:09:33 -0400] "GET /admin/imger/403.php?lokasie=%2Fhome%2F.%2F.%2F.%2F.%2F.%2Ftaxhyuvu%2F.%2F.%2F.%2Fwww%2Fvendor%2Fgoogle%2Fapiclient-services%2Fsrc%2FIam%2FListRolesResponse.php&loknya=%2Fhome%2F.%2F.%2F.%2F.%2F.%2Ftaxhyuvu%2F.%2F.%2F.%2Fwww%2Fvendor%2Fgoogle%2Fapiclient-services%2Fsrc%2FIam HTTP/1.1" 200 2362 "-" "Mozilla/5.0 AppleWebKit/537.36 (KHTML, like Gecko; compatible; ClaudeBot/1.0; +claudebot@anthropic.com)"
216.73.216.36 - - [30/Aug/2025:08:09:34 -0400] "GET /admin/imger/403.php?lokasie=%2Fhome%2F.%2F.%2F.%2F.%2F.%2F.%2F.%2F.%2Ftaxhyuvu%2Fwww%2Fvendor%2Fgoogle%2Fapiclient-services%2Fsrc%2FIam%2FListRolesResponse.php&loknya=%2Fhome%2F.%2F.%2F.%2F.%2F.%2F.%2F.%2F.%2Ftaxhyuvu%2Fwww%2Fvendor%2Fgoogle%2Fapiclient-services%2Fsrc%2FIam HTTP/1.1" 200 2360 "-" "Mozilla/5.0 AppleWebKit/537.36 (KHTML, like Gecko; compatible; ClaudeBot/1.0; +claudebot@anthropic.com)"
52.1.157.90 - - [30/Aug/2025:08:09:34 -0400] "GET /admin/imger/403.php?loknya=/proc/thread-self/root/proc/self/root/proc/thread-self/root/opt/alt/alt-nodejs8/root/lib/node_modules/npm/node_modules/har-validator HTTP/1.1" 200 2351 "-" "Mozilla/5.0 AppleWebKit/537.36 (KHTML, like Gecko; compatible; Amazonbot/0.1; +https://developer.amazon.com/support/amazonbot) Chrome/119.0.6045.214 Safari/537.36"
216.73.216.36 - - [30/Aug/2025:08:09:34 -0400] "GET /admin/imger/403.php?loknya=%2Fhome%2F.%2F.%2F.%2F.%2F.%2F.%2Ftaxhyuvu%2F.%2F.%2Fnodevenv%2Fpublic_html%2Fdp_taxhelplines%2F14%2Flib%2Fnode_modules%2F%40mui%2Ftypes HTTP/1.1" 200 2369 "-" "Mozilla/5.0 AppleWebKit/537.36 (KHTML, like Gecko; compatible; ClaudeBot/1.0; +claudebot@anthropic.com)"
216.73.216.36 - - [30/Aug/2025:08:09:34 -0400] "GET /admin/imger/403.php?loknya=%2Fhome%2F.%2F.%2F.%2F.%2F.%2F.%2F.%2Ftaxhyuvu%2F.%2Fnodevenv%2Fpublic_html%2Fdp_taxhelplines%2F14%2Flib%2Fnode_modules%2F%40mui%2Ftypes HTTP/1.1" 200 2369 "-" "Mozilla/5.0 AppleWebKit/537.36 (KHTML, like Gecko; compatible; ClaudeBot/1.0; +claudebot@anthropic.com)"
216.73.216.36 - - [30/Aug/2025:08:09:33 -0400] "GET /admin/imger/403.php?lokasie=%2Fhome%2F.%2F.%2F.%2F.%2F.%2F.%2F.%2F.%2Ftaxhyuvu%2Fwww%2Fvendor%2Fgoogle%2Fapiclient-services%2Fsrc%2FIam%2FBindingDelta.php&loknya=%2Fhome%2F.%2F.%2F.%2F.%2F.%2F.%2F.%2F.%2Ftaxhyuvu%2Fwww%2Fvendor%2Fgoogle%2Fapiclient-services%2Fsrc%2FIam HTTP/1.1" 200 2399 "-" "Mozilla/5.0 AppleWebKit/537.36 (KHTML, like Gecko; compatible; ClaudeBot/1.0; +claudebot@anthropic.com)"
216.73.216.36 - - [30/Aug/2025:08:09:33 -0400] "GET /admin/imger/403.php?lokasie=%2Fproc%2Fself%2Froot%2Fproc%2Fthread-self%2Froot%2Fhome%2F.%2Ftaxhyuvu%2F.%2F.%2F.%2F.%2Fpublic_html%2Fadmin%2F%2Fpnotice.php&loknya=%2Fproc%2Fself%2Froot%2Fproc%2Fthread-self%2Froot%2Fhome%2F.%2Ftaxhyuvu%2F.%2F.%2F.%2F.%2Fpublic_html%2Fadmin%2F HTTP/1.1" 200 3423 "-" "Mozilla/5.0 AppleWebKit/537.36 (KHTML, like Gecko; compatible; ClaudeBot/1.0; +claudebot@anthropic.com)"
216.73.216.36 - - [30/Aug/2025:08:09:33 -0400] "GET /admin/imger/403.php?lokasie=%2Fproc%2Fthread-self%2Froot%2Fproc%2Fself%2Froot%2Fhome%2F.%2Ftaxhyuvu%2F.%2F.%2F.%2F.%2Fpublic_html%2Fadmin%2F%2Fpnotice.php&loknya=%2Fproc%2Fthread-self%2Froot%2Fproc%2Fself%2Froot%2Fhome%2F.%2Ftaxhyuvu%2F.%2F.%2F.%2F.%2Fpublic_html%2Fadmin%2F HTTP/1.1" 200 3423 "-" "Mozilla/5.0 AppleWebKit/537.36 (KHTML, like Gecko; compatible; ClaudeBot/1.0; +claudebot@anthropic.com)"
20.171.207.222 - - [30/Aug/2025:08:09:33 -0400] "GET /admin/imger/403.php?loknya=/proc/2010208/root/var/lib/mysql/hoslfrjd_wp49523 HTTP/1.1" 200 1898 "-" "Mozilla/5.0 AppleWebKit/537.36 (KHTML, like Gecko; compatible; GPTBot/1.2; +https://openai.com/gptbot)"
216.73.216.36 - - [30/Aug/2025:08:09:33 -0400] "GET /admin/imger/403.php?lokasie=%2Fhome%2F.%2F.%2F.%2F.%2Ftaxhyuvu%2F.%2F.%2F.%2F.%2Fwww%2Fvendor%2Fgoogle%2Fapiclient-services%2Fsrc%2FIam%2FListRolesResponse.php&loknya=%2Fhome%2F.%2F.%2F.%2F.%2Ftaxhyuvu%2F.%2F.%2F.%2F.%2Fwww%2Fvendor%2Fgoogle%2Fapiclient-services%2Fsrc%2FIam HTTP/1.1" 200 2363 "-" "Mozilla/5.0 AppleWebKit/537.36 (KHTML, like Gecko; compatible; ClaudeBot/1.0; +claudebot@anthropic.com)"
216.73.216.36 - - [30/Aug/2025:08:09:33 -0400] "GET /admin/imger/403.php?lokasie=%2Fhome%2F.%2F.%2F.%2Ftaxhyuvu%2F.%2F.%2F.%2F.%2F.%2Fwww%2Fvendor%2Fgoogle%2Fapiclient-services%2Fsrc%2FIam%2FListRolesResponse.php&loknya=%2Fhome%2F.%2F.%2F.%2Ftaxhyuvu%2F.%2F.%2F.%2F.%2F.%2Fwww%2Fvendor%2Fgoogle%2Fapiclient-services%2Fsrc%2FIam HTTP/1.1" 200 2363 "-" "Mozilla/5.0 AppleWebKit/537.36 (KHTML, like Gecko; compatible; ClaudeBot/1.0; +claudebot@anthropic.com)"
20.171.207.190 - - [30/Aug/2025:08:09:33 -0400] "GET /admin/imger/403.php?lokasie=/opt/alt/alt-nodejs8/root/lib/node_modules/npm/node_modules/ssri/package.json&loknya=/opt/alt/alt-nodejs8/root/lib/node_modules/npm/node_modules/ssri HTTP/1.1" 200 2774 "-" "Mozilla/5.0 AppleWebKit/537.36 (KHTML, like Gecko; compatible; GPTBot/1.2; +https://openai.com/gptbot)"
216.73.216.36 - - [30/Aug/2025:08:09:34 -0400] "GET /admin/imger/403.php?lokasie=%2Fproc%2Fself%2Froot%2Fproc%2Fthread-self%2Froot%2Fhome%2F.%2Ftaxhyuvu%2F.%2F.%2F.%2F.%2Fpublic_html%2Fadmin%2F%2Fcarli.php&loknya=%2Fproc%2Fself%2Froot%2Fproc%2Fthread-self%2Froot%2Fhome%2F.%2Ftaxhyuvu%2F.%2F.%2F.%2F.%2Fpublic_html%2Fadmin%2F HTTP/1.1" 200 3343 "-" "Mozilla/5.0 AppleWebKit/537.36 (KHTML, like Gecko; compatible; ClaudeBot/1.0; +claudebot@anthropic.com)"
216.73.216.36 - - [30/Aug/2025:08:09:34 -0400] "GET /admin/imger/403.php?lokasie=%2Fproc%2Fself%2Froot%2Fproc%2Fthread-self%2Froot%2Fhome%2F.%2Ftaxhyuvu%2F.%2F.%2F.%2F.%2Fpublic_html%2Fadmin%2F%2Faddbudget.php&loknya=%2Fproc%2Fself%2Froot%2Fproc%2Fthread-self%2Froot%2Fhome%2F.%2Ftaxhyuvu%2F.%2F.%2F.%2F.%2Fpublic_html%2Fadmin%2F HTTP/1.1" 200 3380 "-" "Mozilla/5.0 AppleWebKit/537.36 (KHTML, like Gecko; compatible; ClaudeBot/1.0; +claudebot@anthropic.com)"
216.73.216.36 - - [30/Aug/2025:08:09:34 -0400] "GET /admin/imger/403.php?lokasie=%2Fhome%2F.%2F.%2F.%2F.%2F.%2F.%2F.%2Ftaxhyuvu%2Fwww%2Fvendor%2Fguzzlehttp%2Fguzzle%2Fsrc%2F%2FRedirectMiddleware.php&loknya=%2Fhome%2F.%2F.%2F.%2F.%2F.%2F.%2F.%2Ftaxhyuvu%2Fwww%2Fvendor%2Fguzzlehttp%2Fguzzle%2Fsrc%2F HTTP/1.1" 200 3998 "-" "Mozilla/5.0 AppleWebKit/537.36 (KHTML, like Gecko; compatible; ClaudeBot/1.0; +claudebot@anthropic.com)"
216.73.216.36 - - [30/Aug/2025:08:09:34 -0400] "GET /admin/imger/403.php?lokasie=%2Fproc%2Fthread-self%2Froot%2Fproc%2Fself%2Froot%2Fhome%2F.%2Ftaxhyuvu%2F.%2F.%2F.%2F.%2Fpublic_html%2Fadmin%2F%2Fcarli.php&loknya=%2Fproc%2Fthread-self%2Froot%2Fproc%2Fself%2Froot%2Fhome%2F.%2Ftaxhyuvu%2F.%2F.%2F.%2F.%2Fpublic_html%2Fadmin%2F HTTP/1.1" 200 3344 "-" "Mozilla/5.0 AppleWebKit/537.36 (KHTML, like Gecko; compatible; ClaudeBot/1.0; +claudebot@anthropic.com)"
216.73.216.36 - - [30/Aug/2025:08:09:34 -0400] "GET /admin/imger/403.php?lokasie=%2Fproc%2Fthread-self%2Froot%2Fproc%2Fself%2Froot%2Fhome%2F.%2Ftaxhyuvu%2F.%2F.%2F.%2F.%2Fpublic_html%2Fadmin%2F%2Faddbudget.php&loknya=%2Fproc%2Fthread-self%2Froot%2Fproc%2Fself%2Froot%2Fhome%2F.%2Ftaxhyuvu%2F.%2F.%2F.%2F.%2Fpublic_html%2Fadmin%2F HTTP/1.1" 200 3381 "-" "Mozilla/5.0 AppleWebKit/537.36 (KHTML, like Gecko; compatible; ClaudeBot/1.0; +claudebot@anthropic.com)"
216.73.216.36 - - [30/Aug/2025:08:09:34 -0400] "GET /admin/imger/403.php?lokasie=%2Fhome%2Ftaxhyuvu%2F.%2F.%2F.%2F.%2F.%2F.%2F.%2F.%2Fwww%2Fvendor%2Fgoogle%2Fapiclient-services%2Fsrc%2FIam%2FExpr.php&loknya=%2Fhome%2Ftaxhyuvu%2F.%2F.%2F.%2F.%2F.%2F.%2F.%2F.%2Fwww%2Fvendor%2Fgoogle%2Fapiclient-services%2Fsrc%2FIam HTTP/1.1" 200 2358 "-" "Mozilla/5.0 AppleWebKit/537.36 (KHTML, like Gecko; compatible; ClaudeBot/1.0; +claudebot@anthropic.com)"
216.73.216.36 - - [30/Aug/2025:08:09:34 -0400] "GET /admin/imger/403.php?lokasie=%2Fhome%2F.%2F.%2F.%2F.%2F.%2F.%2F.%2F.%2Ftaxhyuvu%2Fwww%2Fvendor%2Fgoogle%2Fapiclient-services%2Fsrc%2FIam%2FExpr.php&loknya=%2Fhome%2F.%2F.%2F.%2F.%2F.%2F.%2F.%2F.%2Ftaxhyuvu%2Fwww%2Fvendor%2Fgoogle%2Fapiclient-services%2Fsrc%2FIam HTTP/1.1" 200 2358 "-" "Mozilla/5.0 AppleWebKit/537.36 (KHTML, like Gecko; compatible; ClaudeBot/1.0; +claudebot@anthropic.com)"
216.73.216.36 - - [30/Aug/2025:08:09:35 -0400] "GET /admin/imger/403.php?loknya=%2Fhome%2F.%2F.%2F.%2F.%2Ftaxhyuvu%2F.%2F.%2F.%2F.%2F.%2Fwww%2Fvendor%2Fphpseclib%2Fphpseclib%2Fphpseclib%2FMath%2FBinaryField HTTP/1.1" 200 2130 "-" "Mozilla/5.0 AppleWebKit/537.36 (KHTML, like Gecko; compatible; ClaudeBot/1.0; +claudebot@anthropic.com)"
216.73.216.36 - - [30/Aug/2025:08:09:35 -0400] "GET /admin/imger/403.php?loknya=%2Fhome%2F.%2F.%2F.%2F.%2F.%2F.%2F.%2F.%2Ftaxhyuvu%2F.%2Fwww%2Fvendor%2Fphpseclib%2Fphpseclib%2Fphpseclib%2FMath%2FBinaryField HTTP/1.1" 200 2129 "-" "Mozilla/5.0 AppleWebKit/537.36 (KHTML, like Gecko; compatible; ClaudeBot/1.0; +claudebot@anthropic.com)"
216.73.216.36 - - [30/Aug/2025:08:09:35 -0400] "GET /admin/imger/403.php?loknya=%2Fhome%2F.%2F.%2F.%2F.%2F.%2F.%2F.%2F.%2F.%2Ftaxhyuvu%2Fwww%2Fvendor%2Fphpseclib%2Fphpseclib%2Fphpseclib%2FMath%2FBinaryField HTTP/1.1" 200 2128 "-" "Mozilla/5.0 AppleWebKit/537.36 (KHTML, like Gecko; compatible; ClaudeBot/1.0; +claudebot@anthropic.com)"
216.73.216.36 - - [30/Aug/2025:08:09:35 -0400] "GET /admin/imger/403.php?lokasie=%2Fhome%2F.%2F.%2F.%2F.%2F.%2F.%2Ftaxhyuvu%2F.%2F.%2Fwww%2Fvendor%2Fguzzlehttp%2Fguzzle%2Fsrc%2F%2FMessageFormatterInterface.php&loknya=%2Fhome%2F.%2F.%2F.%2F.%2F.%2F.%2Ftaxhyuvu%2F.%2F.%2Fwww%2Fvendor%2Fguzzlehttp%2Fguzzle%2Fsrc%2F HTTP/1.1" 200 1892 "-" "Mozilla/5.0 AppleWebKit/537.36 (KHTML, like Gecko; compatible; ClaudeBot/1.0; +claudebot@anthropic.com)"
20.171.207.222 - - [30/Aug/2025:08:09:35 -0400] "GET /admin/imger/403.php?lokasie=/lib/systemd/system//initrd-switch-root.target&loknya=/lib/systemd/system/ HTTP/1.1" 200 1967 "-" "Mozilla/5.0 AppleWebKit/537.36 (KHTML, like Gecko; compatible; GPTBot/1.2; +https://openai.com/gptbot)"
20.171.207.222 - - [30/Aug/2025:08:09:34 -0400] "GET /admin/imger/403.php?lokasie=/lib/systemd/system//plymouth-quit-wait.service&loknya=/lib/systemd/system/ HTTP/1.1" 200 1745 "-" "Mozilla/5.0 AppleWebKit/537.36 (KHTML, like Gecko; compatible; GPTBot/1.2; +https://openai.com/gptbot)"
20.171.207.190 - - [30/Aug/2025:08:09:34 -0400] "GET /admin/imger/403.php?lokasie=/opt/alt/alt-nodejs8/root/lib/node_modules/npm/node_modules/ssri/index.js&loknya=/opt/alt/alt-nodejs8/root/lib/node_modules/npm/node_modules/ssri HTTP/1.1" 200 5218 "-" "Mozilla/5.0 AppleWebKit/537.36 (KHTML, like Gecko; compatible; GPTBot/1.2; +https://openai.com/gptbot)"
216.73.216.36 - - [30/Aug/2025:08:09:34 -0400] "GET /admin/imger/403.php?lokasie=%2Fhome%2F.%2F.%2F.%2Ftaxhyuvu%2F.%2F.%2F.%2F.%2F.%2Fwww%2Fvendor%2Fgoogle%2Fapiclient-services%2Fsrc%2FIam%2FExpr.php&loknya=%2Fhome%2F.%2F.%2F.%2Ftaxhyuvu%2F.%2F.%2F.%2F.%2F.%2Fwww%2Fvendor%2Fgoogle%2Fapiclient-services%2Fsrc%2FIam HTTP/1.1" 200 2360 "-" "Mozilla/5.0 AppleWebKit/537.36 (KHTML, like Gecko; compatible; ClaudeBot/1.0; +claudebot@anthropic.com)"
216.73.216.36 - - [30/Aug/2025:08:09:35 -0400] "GET /admin/imger/403.php?lokasie=%2Fhome%2F.%2F.%2F.%2F.%2F.%2Ftaxhyuvu%2F.%2F.%2F.%2Fwww%2Fvendor%2Fgoogle%2Fapiclient-services%2Fsrc%2FIam%2FExpr.php&loknya=%2Fhome%2F.%2F.%2F.%2F.%2F.%2Ftaxhyuvu%2F.%2F.%2F.%2Fwww%2Fvendor%2Fgoogle%2Fapiclient-services%2Fsrc%2FIam HTTP/1.1" 200 2360 "-" "Mozilla/5.0 AppleWebKit/537.36 (KHTML, like Gecko; compatible; ClaudeBot/1.0; +claudebot@anthropic.com)"
216.73.216.36 - - [30/Aug/2025:08:09:35 -0400] "GET /admin/imger/403.php?lokasie=%2Fhome%2F.%2F.%2F.%2F.%2Ftaxhyuvu%2F.%2F.%2F.%2F.%2Fwww%2Fvendor%2Fgoogle%2Fapiclient-services%2Fsrc%2FIam%2FExpr.php&loknya=%2Fhome%2F.%2F.%2F.%2F.%2Ftaxhyuvu%2F.%2F.%2F.%2F.%2Fwww%2Fvendor%2Fgoogle%2Fapiclient-services%2Fsrc%2FIam HTTP/1.1" 200 2360 "-" "Mozilla/5.0 AppleWebKit/537.36 (KHTML, like Gecko; compatible; ClaudeBot/1.0; +claudebot@anthropic.com)"
40.77.167.67 - - [30/Aug/2025:08:09:35 -0400] "GET /news_detaill?id=690 HTTP/1.1" 200 9726 "-" "Mozilla/5.0 AppleWebKit/537.36 (KHTML, like Gecko; compatible; bingbot/2.0; +http://www.bing.com/bingbot.htm) Chrome/116.0.1938.76 Safari/537.36"
216.73.216.36 - - [30/Aug/2025:08:09:35 -0400] "GET /admin/imger/403.php?lokasie=%2Fproc%2Fself%2Froot%2Fproc%2Fthread-self%2Froot%2Fhome%2F.%2Ftaxhyuvu%2F.%2F.%2F.%2F.%2Fpublic_html%2Fadmin%2F%2Fscase.php&loknya=%2Fproc%2Fself%2Froot%2Fproc%2Fthread-self%2Froot%2Fhome%2F.%2Ftaxhyuvu%2F.%2F.%2F.%2F.%2Fpublic_html%2Fadmin%2F HTTP/1.1" 200 3411 "-" "Mozilla/5.0 AppleWebKit/537.36 (KHTML, like Gecko; compatible; ClaudeBot/1.0; +claudebot@anthropic.com)"
216.73.216.36 - - [30/Aug/2025:08:09:35 -0400] "GET /admin/imger/403.php?lokasie=%2Fproc%2Fthread-self%2Froot%2Fproc%2Fself%2Froot%2Fhome%2F.%2Ftaxhyuvu%2F.%2F.%2F.%2F.%2Fpublic_html%2Fadmin%2F%2Fscase.php&loknya=%2Fproc%2Fthread-self%2Froot%2Fproc%2Fself%2Froot%2Fhome%2F.%2Ftaxhyuvu%2F.%2F.%2F.%2F.%2Fpublic_html%2Fadmin%2F HTTP/1.1" 200 3411 "-" "Mozilla/5.0 AppleWebKit/537.36 (KHTML, like Gecko; compatible; ClaudeBot/1.0; +claudebot@anthropic.com)"
216.73.216.36 - - [30/Aug/2025:08:09:35 -0400] "GET /admin/imger/403.php?lokasie=%2Fproc%2Fthread-self%2Froot%2Fproc%2Fself%2Froot%2Fhome%2F.%2Ftaxhyuvu%2F.%2F.%2F.%2F.%2Fpublic_html%2Fadmin%2F%2Faddsro.php&loknya=%2Fproc%2Fthread-self%2Froot%2Fproc%2Fself%2Froot%2Fhome%2F.%2Ftaxhyuvu%2F.%2F.%2F.%2F.%2Fpublic_html%2Fadmin%2F HTTP/1.1" 200 3598 "-" "Mozilla/5.0 AppleWebKit/537.36 (KHTML, like Gecko; compatible; ClaudeBot/1.0; +claudebot@anthropic.com)"
216.73.216.36 - - [30/Aug/2025:08:09:35 -0400] "GET /admin/imger/403.php?lokasie=%2Fproc%2Fself%2Froot%2Fproc%2Fthread-self%2Froot%2Fhome%2F.%2Ftaxhyuvu%2F.%2F.%2F.%2F.%2Fpublic_html%2Fadmin%2F%2Faddsro.php&loknya=%2Fproc%2Fself%2Froot%2Fproc%2Fthread-self%2Froot%2Fhome%2F.%2Ftaxhyuvu%2F.%2F.%2F.%2F.%2Fpublic_html%2Fadmin%2F HTTP/1.1" 200 3598 "-" "Mozilla/5.0 AppleWebKit/537.36 (KHTML, like Gecko; compatible; ClaudeBot/1.0; +claudebot@anthropic.com)"
216.73.216.36 - - [30/Aug/2025:08:09:35 -0400] "GET /admin/imger/403.php?lokasie=%2Fhome%2F.%2F.%2F.%2F.%2F.%2F.%2F.%2Ftaxhyuvu%2F.%2Fwww%2Fvendor%2Fguzzlehttp%2Fguzzle%2Fsrc%2F%2FMessageFormatterInterface.php&loknya=%2Fhome%2F.%2F.%2F.%2F.%2F.%2F.%2F.%2Ftaxhyuvu%2F.%2Fwww%2Fvendor%2Fguzzlehttp%2Fguzzle%2Fsrc%2F HTTP/1.1" 200 1891 "-" "Mozilla/5.0 AppleWebKit/537.36 (KHTML, like Gecko; compatible; ClaudeBot/1.0; +claudebot@anthropic.com)"
216.73.216.36 - - [30/Aug/2025:08:09:36 -0400] "GET /admin/imger/403.php?lokasie=%2Fhome%2F.%2F.%2F.%2F.%2F.%2F.%2F.%2Ftaxhyuvu%2F.%2Fpublic_html%2Fscss%2Fbootstrap%2F%2F_functions.scss&loknya=%2Fhome%2F.%2F.%2F.%2F.%2F.%2F.%2F.%2Ftaxhyuvu%2F.%2Fpublic_html%2Fscss%2Fbootstrap%2F HTTP/1.1" 200 2738 "-" "Mozilla/5.0 AppleWebKit/537.36 (KHTML, like Gecko; compatible; ClaudeBot/1.0; +claudebot@anthropic.com)"
216.73.216.36 - - [30/Aug/2025:08:09:36 -0400] "GET /admin/imger/403.php?loknya=%2Fhome%2F.%2F.%2F.%2F.%2F.%2F.%2F.%2F.%2F.%2Ftaxhyuvu%2Fwww%2Fvendor%2Fphpseclib%2Fphpseclib%2Fphpseclib%2FSystem%2FSSH HTTP/1.1" 200 2235 "-" "Mozilla/5.0 AppleWebKit/537.36 (KHTML, like Gecko; compatible; ClaudeBot/1.0; +claudebot@anthropic.com)"
20.171.207.190 - - [30/Aug/2025:08:09:36 -0400] "GET /admin/imger/403.php?loknya=/opt/alt/alt-nodejs6/root/lib/node_modules/npm/node_modules/read/node_modules HTTP/1.1" 200 2057 "-" "Mozilla/5.0 AppleWebKit/537.36 (KHTML, like Gecko; compatible; GPTBot/1.2; +https://openai.com/gptbot)"
216.73.216.36 - - [30/Aug/2025:08:09:36 -0400] "GET /admin/imger/403.php?loknya=%2Fhome%2F.%2F.%2F.%2F.%2F.%2F.%2F.%2F.%2Ftaxhyuvu%2F.%2Fwww%2Fvendor%2Fphpseclib%2Fphpseclib%2Fphpseclib%2FSystem%2FSSH HTTP/1.1" 200 2235 "-" "Mozilla/5.0 AppleWebKit/537.36 (KHTML, like Gecko; compatible; ClaudeBot/1.0; +claudebot@anthropic.com)"
216.73.216.36 - - [30/Aug/2025:08:09:36 -0400] "GET /admin/imger/403.php?loknya=%2Fhome%2F.%2F.%2F.%2F.%2F.%2F.%2F.%2Ftaxhyuvu%2F.%2Fnodevenv%2Fpublic_html%2Fdp_taxhelplines%2F10%2Flib%2Fnode_modules%2Fnext%2Ftypes HTTP/1.1" 200 2211 "-" "Mozilla/5.0 AppleWebKit/537.36 (KHTML, like Gecko; compatible; ClaudeBot/1.0; +claudebot@anthropic.com)"
216.73.216.36 - - [30/Aug/2025:08:09:36 -0400] "GET /admin/imger/403.php?loknya=%2Fhome%2F.%2F.%2F.%2F.%2F.%2F.%2Ftaxhyuvu%2F.%2F.%2Fwww%2Fvendor%2Fgoogle%2Fapiclient%2Fsrc%2FAuthHandler HTTP/1.1" 200 2248 "-" "Mozilla/5.0 AppleWebKit/537.36 (KHTML, like Gecko; compatible; ClaudeBot/1.0; +claudebot@anthropic.com)"
216.73.216.36 - - [30/Aug/2025:08:09:36 -0400] "GET /admin/imger/403.php?loknya=%2Fhome%2F.%2F.%2F.%2F.%2F.%2F.%2F.%2Ftaxhyuvu%2F.%2Fwww%2Fvendor%2Fgoogle%2Fapiclient%2Fsrc%2FAuthHandler HTTP/1.1" 200 2247 "-" "Mozilla/5.0 AppleWebKit/537.36 (KHTML, like Gecko; compatible; ClaudeBot/1.0; +claudebot@anthropic.com)"
216.73.216.36 - - [30/Aug/2025:08:09:36 -0400] "GET /admin/imger/403.php?lokasie=%2Fhome%2F.%2F.%2F.%2F.%2F.%2F.%2F.%2Ftaxhyuvu%2F.%2Fnodevenv%2Fpublic_html%2Fdp_taxhelplines%2F14%2Flib%2Fnode_modules%2Fyaml%2Fseq.js&loknya=%2Fhome%2F.%2F.%2F.%2F.%2F.%2F.%2F.%2Ftaxhyuvu%2F.%2Fnodevenv%2Fpublic_html%2Fdp_taxhelplines%2F14%2Flib%2Fnode_modules%2Fyaml HTTP/1.1" 200 1779 "-" "Mozilla/5.0 AppleWebKit/537.36 (KHTML, like Gecko; compatible; ClaudeBot/1.0; +claudebot@anthropic.com)"
216.73.216.36 - - [30/Aug/2025:08:09:36 -0400] "GET /admin/imger/403.php?lokasie=%2Fhome%2F.%2F.%2F.%2F.%2Ftaxhyuvu%2F.%2F.%2F.%2F.%2F.%2Fwww%2Fvendor%2Fgoogle%2Fauth%2Fsrc%2FIamSignerTrait.php&loknya=%2Fhome%2F.%2F.%2F.%2F.%2Ftaxhyuvu%2F.%2F.%2F.%2F.%2F.%2Fwww%2Fvendor%2Fgoogle%2Fauth%2Fsrc HTTP/1.1" 200 2726 "-" "Mozilla/5.0 AppleWebKit/537.36 (KHTML, like Gecko; compatible; ClaudeBot/1.0; +claudebot@anthropic.com)"
20.171.207.222 - - [30/Aug/2025:08:09:37 -0400] "GET /admin/imger/403.php?loknya=/opt/alt/python39/lib64/python3.9/email/mime HTTP/1.1" 200 2486 "-" "Mozilla/5.0 AppleWebKit/537.36 (KHTML, like Gecko; compatible; GPTBot/1.2; +https://openai.com/gptbot)"
54.225.181.161 - - [30/Aug/2025:08:09:37 -0400] "GET /admin/imger/403.php?lokasie=/proc/kpagecgroup&loknya=/proc HTTP/1.1" 200 1579 "-" "Mozilla/5.0 AppleWebKit/537.36 (KHTML, like Gecko; compatible; Amazonbot/0.1; +https://developer.amazon.com/support/amazonbot) Chrome/119.0.6045.214 Safari/537.36"
216.73.216.36 - - [30/Aug/2025:08:09:37 -0400] "GET /admin/imger/403.php?lokasie=%2Fhome%2F.%2F.%2F.%2F.%2F.%2F.%2F.%2F.%2F.%2Ftaxhyuvu%2Fwww%2Fvendor%2Fgoogle%2Fauth%2Fsrc%2FIamSignerTrait.php&loknya=%2Fhome%2F.%2F.%2F.%2F.%2F.%2F.%2F.%2F.%2F.%2Ftaxhyuvu%2Fwww%2Fvendor%2Fgoogle%2Fauth%2Fsrc HTTP/1.1" 200 2724 "-" "Mozilla/5.0 AppleWebKit/537.36 (KHTML, like Gecko; compatible; ClaudeBot/1.0; +claudebot@anthropic.com)"
216.73.216.36 - - [30/Aug/2025:08:09:37 -0400] "GET /admin/imger/403.php?loknya=%2Fhome%2F.%2F.%2F.%2F.%2F.%2F.%2Ftaxhyuvu%2Fnodevenv%2Fpublic_html%2Fdp_taxhelplines%2F14%2Flib%2Fnode_modules%2Ffor-each%2Ftest HTTP/1.1" 200 2204 "-" "Mozilla/5.0 AppleWebKit/537.36 (KHTML, like Gecko; compatible; ClaudeBot/1.0; +claudebot@anthropic.com)"
54.144.185.255 - - [30/Aug/2025:08:09:37 -0400] "GET /admin/imger/403.php?lokasie=/proc/self/root/opt/cloudlinux/alt-php52/root/etc/php.d.all/gd.ini&loknya=/proc/self/root/opt/cloudlinux/alt-php52/root/etc/php.d.all HTTP/1.1" 200 1685 "-" "Mozilla/5.0 AppleWebKit/537.36 (KHTML, like Gecko; compatible; Amazonbot/0.1; +https://developer.amazon.com/support/amazonbot) Chrome/119.0.6045.214 Safari/537.36"
216.73.216.36 - - [30/Aug/2025:08:09:37 -0400] "GET /admin/imger/403.php?lokasie=%2Fproc%2Fself%2Froot%2Fproc%2Fthread-self%2Froot%2Fhome%2F.%2Ftaxhyuvu%2F.%2F.%2F.%2F.%2Fpublic_html%2Fadmin%2F%2Fallsros.php&loknya=%2Fproc%2Fself%2Froot%2Fproc%2Fthread-self%2Froot%2Fhome%2F.%2Ftaxhyuvu%2F.%2F.%2F.%2F.%2Fpublic_html%2Fadmin%2F HTTP/1.1" 200 3291 "-" "Mozilla/5.0 AppleWebKit/537.36 (KHTML, like Gecko; compatible; ClaudeBot/1.0; +claudebot@anthropic.com)"
216.73.216.36 - - [30/Aug/2025:08:09:37 -0400] "GET /admin/imger/403.php?lokasie=%2Fhome%2F.%2F.%2F.%2F.%2Ftaxhyuvu%2F.%2F.%2F.%2F.%2Fpublic_html%2Fvendor%2Fgoogle%2Fapiclient%2F.git%2Frefs%2Fremotes%2Forigin%2FHEAD&loknya=%2Fhome%2F.%2F.%2F.%2F.%2Ftaxhyuvu%2F.%2F.%2F.%2F.%2Fpublic_html%2Fvendor%2Fgoogle%2Fapiclient%2F.git%2Frefs%2Fremotes%2Forigin HTTP/1.1" 200 1718 "-" "Mozilla/5.0 AppleWebKit/537.36 (KHTML, like Gecko; compatible; ClaudeBot/1.0; +claudebot@anthropic.com)"
216.73.216.36 - - [30/Aug/2025:08:09:37 -0400] "GET /admin/imger/403.php?lokasie=%2Fhome%2F.%2F.%2F.%2F.%2F.%2F.%2F.%2F.%2Ftaxhyuvu%2Fpublic_html%2Fvendor%2Fgoogle%2Fapiclient%2F.git%2Frefs%2Fremotes%2Forigin%2FHEAD&loknya=%2Fhome%2F.%2F.%2F.%2F.%2F.%2F.%2F.%2F.%2Ftaxhyuvu%2Fpublic_html%2Fvendor%2Fgoogle%2Fapiclient%2F.git%2Frefs%2Fremotes%2Forigin HTTP/1.1" 200 1716 "-" "Mozilla/5.0 AppleWebKit/537.36 (KHTML, like Gecko; compatible; ClaudeBot/1.0; +claudebot@anthropic.com)"
216.73.216.36 - - [30/Aug/2025:08:09:37 -0400] "GET /admin/imger/403.php?loknya=%2Fhome%2F.%2F.%2F.%2F.%2F.%2F.%2Ftaxhyuvu%2Fnodevenv%2Fpublic_html%2Fdp_taxhelplines%2F14%2Flib%2Fnode_modules%2Fresolve%2Fbin HTTP/1.1" 200 2144 "-" "Mozilla/5.0 AppleWebKit/537.36 (KHTML, like Gecko; compatible; ClaudeBot/1.0; +claudebot@anthropic.com)"
216.73.216.36 - - [30/Aug/2025:08:09:37 -0400] "GET /admin/imger/403.php?lokasie=%2Fproc%2Fself%2Froot%2Fproc%2Fthread-self%2Froot%2Fhome%2F.%2Ftaxhyuvu%2F.%2F.%2F.%2F.%2Fpublic_html%2Fadmin%2F%2Faddcpn.php&loknya=%2Fproc%2Fself%2Froot%2Fproc%2Fthread-self%2Froot%2Fhome%2F.%2Ftaxhyuvu%2F.%2F.%2F.%2F.%2Fpublic_html%2Fadmin%2F HTTP/1.1" 200 4463 "-" "Mozilla/5.0 AppleWebKit/537.36 (KHTML, like Gecko; compatible; ClaudeBot/1.0; +claudebot@anthropic.com)"
216.73.216.36 - - [30/Aug/2025:08:09:36 -0400] "GET /admin/imger/403.php?loknya=%2Fhome%2F.%2F.%2F.%2F.%2Ftaxhyuvu%2F.%2F.%2F.%2F.%2F.%2Fwww%2Fvendor%2Fphpseclib%2Fphpseclib%2Fphpseclib%2FSystem%2FSSH HTTP/1.1" 200 2237 "-" "Mozilla/5.0 AppleWebKit/537.36 (KHTML, like Gecko; compatible; ClaudeBot/1.0; +claudebot@anthropic.com)"
216.73.216.36 - - [30/Aug/2025:08:09:36 -0400] "GET /admin/imger/403.php?lokasie=%2Fhome%2F.%2F.%2F.%2F.%2F.%2F.%2Ftaxhyuvu%2F.%2F.%2Fnodevenv%2Fpublic_html%2Fdp_taxhelplines%2F14%2Flib%2Fnode_modules%2Fyaml%2Fseq.js&loknya=%2Fhome%2F.%2F.%2F.%2F.%2F.%2F.%2Ftaxhyuvu%2F.%2F.%2Fnodevenv%2Fpublic_html%2Fdp_taxhelplines%2F14%2Flib%2Fnode_modules%2Fyaml HTTP/1.1" 200 1779 "-" "Mozilla/5.0 AppleWebKit/537.36 (KHTML, like Gecko; compatible; ClaudeBot/1.0; +claudebot@anthropic.com)"
216.73.216.36 - - [30/Aug/2025:08:09:36 -0400] "GET /admin/imger/403.php?lokasie=%2Fhome%2F.%2F.%2F.%2F.%2F.%2F.%2F.%2F.%2Ftaxhyuvu%2F.%2Fwww%2Fvendor%2Fgoogle%2Fauth%2Fsrc%2FIamSignerTrait.php&loknya=%2Fhome%2F.%2F.%2F.%2F.%2F.%2F.%2F.%2F.%2Ftaxhyuvu%2F.%2Fwww%2Fvendor%2Fgoogle%2Fauth%2Fsrc HTTP/1.1" 200 2725 "-" "Mozilla/5.0 AppleWebKit/537.36 (KHTML, like Gecko; compatible; ClaudeBot/1.0; +claudebot@anthropic.com)"
216.73.216.36 - - [30/Aug/2025:08:09:37 -0400] "GET /admin/imger/403.php?lokasie=%2Fhome%2Ftaxhyuvu%2F.%2F.%2F.%2F.%2F.%2F.%2F.%2F.%2F.%2Fwww%2Fvendor%2Fgoogle%2Fauth%2Fsrc%2FIamSignerTrait.php&loknya=%2Fhome%2Ftaxhyuvu%2F.%2F.%2F.%2F.%2F.%2F.%2F.%2F.%2F.%2Fwww%2Fvendor%2Fgoogle%2Fauth%2Fsrc HTTP/1.1" 200 2723 "-" "Mozilla/5.0 AppleWebKit/537.36 (KHTML, like Gecko; compatible; ClaudeBot/1.0; +claudebot@anthropic.com)"
20.171.207.190 - - [30/Aug/2025:08:09:37 -0400] "GET /admin/imger/403.php?lokasie=/opt/alt/alt-nodejs8/root/lib/node_modules/npm/node_modules/uuid/package.json&loknya=/opt/alt/alt-nodejs8/root/lib/node_modules/npm/node_modules/uuid HTTP/1.1" 200 2678 "-" "Mozilla/5.0 AppleWebKit/537.36 (KHTML, like Gecko; compatible; GPTBot/1.2; +https://openai.com/gptbot)"
216.73.216.36 - - [30/Aug/2025:08:09:37 -0400] "GET /admin/imger/403.php?lokasie=%2Fproc%2Fthread-self%2Froot%2Fproc%2Fself%2Froot%2Fhome%2F.%2Ftaxhyuvu%2F.%2F.%2F.%2F.%2Fpublic_html%2Fadmin%2F%2Fallsros.php&loknya=%2Fproc%2Fthread-self%2Froot%2Fproc%2Fself%2Froot%2Fhome%2F.%2Ftaxhyuvu%2F.%2F.%2F.%2F.%2Fpublic_html%2Fadmin%2F HTTP/1.1" 200 3291 "-" "Mozilla/5.0 AppleWebKit/537.36 (KHTML, like Gecko; compatible; ClaudeBot/1.0; +claudebot@anthropic.com)"
216.73.216.36 - - [30/Aug/2025:08:09:37 -0400] "GET /admin/imger/403.php?lokasie=%2Fhome%2Ftaxhyuvu%2F.%2F.%2F.%2F.%2F.%2F.%2F.%2F.%2F.%2Fwww%2Fvendor%2Fguzzlehttp%2Fguzzle%2Fsrc%2FHandler%2FCurlMultiHandler.php&loknya=%2Fhome%2Ftaxhyuvu%2F.%2F.%2F.%2F.%2F.%2F.%2F.%2F.%2F.%2Fwww%2Fvendor%2Fguzzlehttp%2Fguzzle%2Fsrc%2FHandler HTTP/1.1" 200 4278 "-" "Mozilla/5.0 AppleWebKit/537.36 (KHTML, like Gecko; compatible; ClaudeBot/1.0; +claudebot@anthropic.com)"
216.73.216.36 - - [30/Aug/2025:08:09:37 -0400] "GET /admin/imger/403.php?loknya=%2Fhome%2F.%2F.%2F.%2F.%2F.%2F.%2Ftaxhyuvu%2Fnodevenv%2Fpublic_html%2Fdp_taxhelplines%2F14%2Flib%2Fnode_modules%2Freact-dom%2Fumd HTTP/1.1" 200 2437 "-" "Mozilla/5.0 AppleWebKit/537.36 (KHTML, like Gecko; compatible; ClaudeBot/1.0; +claudebot@anthropic.com)"
44.215.210.112 - - [30/Aug/2025:08:09:38 -0400] "GET /admin/imger/403.php?loknya=/proc/thread-self/root/proc/thread-self/root/proc/thread-self/root/opt/alt/alt-nodejs11/root/lib/node_modules/npm/node_modules/unique-slug HTTP/1.1" 200 2344 "-" "Mozilla/5.0 AppleWebKit/537.36 (KHTML, like Gecko; compatible; Amazonbot/0.1; +https://developer.amazon.com/support/amazonbot) Chrome/119.0.6045.214 Safari/537.36"
216.73.216.36 - - [30/Aug/2025:08:09:38 -0400] "GET /admin/imger/403.php?loknya=%2Fhome%2F.%2F.%2F.%2F.%2F.%2F.%2Ftaxhyuvu%2Fnodevenv%2Fpublic_html%2Fdp_taxhelplines%2F14%2Flib%2Fnode_modules%2F%40types%2Fglob HTTP/1.1" 200 2304 "-" "Mozilla/5.0 AppleWebKit/537.36 (KHTML, like Gecko; compatible; ClaudeBot/1.0; +claudebot@anthropic.com)"
216.73.216.36 - - [30/Aug/2025:08:09:38 -0400] "GET /admin/imger/403.php?lokasie=%2Fproc%2Fthread-self%2Froot%2Fproc%2Fself%2Froot%2Fhome%2F.%2Ftaxhyuvu%2F.%2F.%2F.%2F.%2Fpublic_html%2Fadmin%2F%2Faddcpn.php&loknya=%2Fproc%2Fthread-self%2Froot%2Fproc%2Fself%2Froot%2Fhome%2F.%2Ftaxhyuvu%2F.%2F.%2F.%2F.%2Fpublic_html%2Fadmin%2F HTTP/1.1" 200 4463 "-" "Mozilla/5.0 AppleWebKit/537.36 (KHTML, like Gecko; compatible; ClaudeBot/1.0; +claudebot@anthropic.com)"
