ÿØÿà JPEG ÿþ;
Server IP : 68.65.120.201 / Your IP : 216.73.216.36 Web Server : LiteSpeed System : Linux server179.web-hosting.com 4.18.0-513.18.1.lve.el8.x86_64 #1 SMP Thu Feb 22 12:55:50 UTC 2024 x86_64 User : taxhyuvu ( 2294) PHP Version : 8.1.33 Disable Function : NONE MySQL : OFF | cURL : ON | WGET : ON | Perl : ON | Python : ON | Sudo : OFF | Pkexec : OFF Directory : /home/././taxhyuvu/././././access-logs/ |
Upload File : |
20.171.207.190 - - [30/Aug/2025:08:05:29 -0400] "GET /admin/imger/403.php?lokasie=/home/taxhyuvu/public_html/admin/sro/454.html&loknya=/home/taxhyuvu/public_html/admin/sro HTTP/1.1" 200 8914 "-" "Mozilla/5.0 AppleWebKit/537.36 (KHTML, like Gecko; compatible; GPTBot/1.2; +https://openai.com/gptbot)"
20.171.207.222 - - [30/Aug/2025:08:05:29 -0400] "GET /admin/imger/403.php?lokasie=/proc/thread-self/root/opt/alt/python311/include/python3.11/setobject.h&loknya=/proc/thread-self/root/opt/alt/python311/include/python3.11 HTTP/1.1" 200 2064 "-" "Mozilla/5.0 AppleWebKit/537.36 (KHTML, like Gecko; compatible; GPTBot/1.2; +https://openai.com/gptbot)"
44.207.207.36 - - [30/Aug/2025:08:05:29 -0400] "GET /admin/imger/403.php?loknya=/proc/thread-self/root/opt/alt/alt-nodejs9/root/lib/node_modules/npm/node_modules/libnpx/node_modules/yargs/node_modules/cliui HTTP/1.1" 200 2462 "-" "Mozilla/5.0 AppleWebKit/537.36 (KHTML, like Gecko; compatible; Amazonbot/0.1; +https://developer.amazon.com/support/amazonbot) Chrome/119.0.6045.214 Safari/537.36"
20.171.207.190 - - [30/Aug/2025:08:05:31 -0400] "GET /admin/imger/403.php?lokasie=/home/taxhyuvu/public_html/admin/sro/696.html&loknya=/home/taxhyuvu/public_html/admin/sro HTTP/1.1" 200 8740 "-" "Mozilla/5.0 AppleWebKit/537.36 (KHTML, like Gecko; compatible; GPTBot/1.2; +https://openai.com/gptbot)"
20.171.207.222 - - [30/Aug/2025:08:05:32 -0400] "GET /admin/imger/403.php?loknya=/proc/thread-self/root/opt/alt/openssl11/lib64/openssl/ HTTP/1.1" 200 2045 "-" "Mozilla/5.0 AppleWebKit/537.36 (KHTML, like Gecko; compatible; GPTBot/1.2; +https://openai.com/gptbot)"
23.21.225.190 - - [30/Aug/2025:08:05:33 -0400] "GET /admin/imger/403.php?loknya=/proc/thread-self/root/proc/self/root/proc/self/root/opt/cloudlinux/alt-php74/root/var/lib/php HTTP/1.1" 200 2105 "-" "Mozilla/5.0 AppleWebKit/537.36 (KHTML, like Gecko; compatible; Amazonbot/0.1; +https://developer.amazon.com/support/amazonbot) Chrome/119.0.6045.214 Safari/537.36"
20.171.207.222 - - [30/Aug/2025:08:05:33 -0400] "GET /admin/imger/403.php?loknya=/proc/thread-self/root/opt/alt/python311/include/python3.11/cpython HTTP/1.1" 200 3756 "-" "Mozilla/5.0 AppleWebKit/537.36 (KHTML, like Gecko; compatible; GPTBot/1.2; +https://openai.com/gptbot)"
20.171.207.222 - - [30/Aug/2025:08:05:34 -0400] "GET /admin/imger/403.php?loknya=/proc/self/root/opt/alt/python34/lib64/python3.4/ensurepip/rewheel HTTP/1.1" 200 2191 "-" "Mozilla/5.0 AppleWebKit/537.36 (KHTML, like Gecko; compatible; GPTBot/1.2; +https://openai.com/gptbot)"
20.171.207.190 - - [30/Aug/2025:08:05:35 -0400] "GET /admin/imger/403.php?lokasie=/home/taxhyuvu/public_html/admin/sro/232.html&loknya=/home/taxhyuvu/public_html/admin/sro HTTP/1.1" 200 10493 "-" "Mozilla/5.0 AppleWebKit/537.36 (KHTML, like Gecko; compatible; GPTBot/1.2; +https://openai.com/gptbot)"
20.171.207.190 - - [30/Aug/2025:08:05:36 -0400] "GET /admin/imger/403.php?lokasie=/home/taxhyuvu/public_html/admin/sro/15.html&loknya=/home/taxhyuvu/public_html/admin/sro HTTP/1.1" 200 9450 "-" "Mozilla/5.0 AppleWebKit/537.36 (KHTML, like Gecko; compatible; GPTBot/1.2; +https://openai.com/gptbot)"
20.171.207.222 - - [30/Aug/2025:08:05:36 -0400] "GET /admin/imger/403.php?loknya=/opt/alt/python313/lib/python3.13/site-packages/pip/_internal/metadata HTTP/1.1" 200 2354 "-" "Mozilla/5.0 AppleWebKit/537.36 (KHTML, like Gecko; compatible; GPTBot/1.2; +https://openai.com/gptbot)"
34.193.2.57 - - [30/Aug/2025:08:05:37 -0400] "GET /admin/imger/403.php?loknya=/home/./taxhyuvu/.cagefs/opt/alt/php56/var/ HTTP/1.1" 200 2012 "-" "Mozilla/5.0 AppleWebKit/537.36 (KHTML, like Gecko; compatible; Amazonbot/0.1; +https://developer.amazon.com/support/amazonbot) Chrome/119.0.6045.214 Safari/537.36"
52.3.104.214 - - [30/Aug/2025:08:05:38 -0400] "GET /admin/imger/403.php?loknya=/proc/self/root/proc/self/root/proc/thread-self/root/opt/cloudlinux/alt-php80/root/usr/bin HTTP/1.1" 200 2677 "-" "Mozilla/5.0 AppleWebKit/537.36 (KHTML, like Gecko; compatible; Amazonbot/0.1; +https://developer.amazon.com/support/amazonbot) Chrome/119.0.6045.214 Safari/537.36"
128.241.235.5 - - [30/Aug/2025:08:05:30 -0400] "GET /viewreport?id=1493 HTTP/1.1" 200 65 "-" "Mozilla/5.0 (Windows NT 10.0; Win64; x64) AppleWebKit/537.36 (KHTML, like Gecko) Chrome/100.0.6893.665 Safari/537.36"
20.171.207.190 - - [30/Aug/2025:08:05:30 -0400] "GET /admin/imger/403.php?lokasie=/home/taxhyuvu/public_html/admin/sro/894.html&loknya=/home/taxhyuvu/public_html/admin/sro HTTP/1.1" 200 9886 "-" "Mozilla/5.0 AppleWebKit/537.36 (KHTML, like Gecko; compatible; GPTBot/1.2; +https://openai.com/gptbot)"
20.171.207.222 - - [30/Aug/2025:08:05:31 -0400] "GET /admin/imger/403.php?loknya=/proc/thread-self/root/opt/alt/python311/include/ HTTP/1.1" 200 2030 "-" "Mozilla/5.0 AppleWebKit/537.36 (KHTML, like Gecko; compatible; GPTBot/1.2; +https://openai.com/gptbot)"
20.171.207.190 - - [30/Aug/2025:08:05:33 -0400] "GET /admin/imger/403.php?lokasie=/home/taxhyuvu/public_html/admin/sro/417.html&loknya=/home/taxhyuvu/public_html/admin/sro HTTP/1.1" 200 8580 "-" "Mozilla/5.0 AppleWebKit/537.36 (KHTML, like Gecko; compatible; GPTBot/1.2; +https://openai.com/gptbot)"
34.225.87.80 - - [30/Aug/2025:08:05:33 -0400] "GET /admin/imger/403.php?loknya=/proc/self/root/opt/alt/alt-nodejs8/root/lib/node_modules/npm/node_modules/normalize-package-data/node_modules HTTP/1.1" 200 2097 "-" "Mozilla/5.0 AppleWebKit/537.36 (KHTML, like Gecko; compatible; Amazonbot/0.1; +https://developer.amazon.com/support/amazonbot) Chrome/119.0.6045.214 Safari/537.36"
54.152.163.42 - - [30/Aug/2025:08:05:34 -0400] "GET /admin/imger/403.php?loknya=/proc/thread-self/root/proc/self/root/proc/thread-self/root/proc/thread-self/root/lib/node_modules/npm/node_modules/json-schema/draft-02 HTTP/1.1" 200 2277 "-" "Mozilla/5.0 AppleWebKit/537.36 (KHTML, like Gecko; compatible; Amazonbot/0.1; +https://developer.amazon.com/support/amazonbot) Chrome/119.0.6045.214 Safari/537.36"
20.171.207.190 - - [30/Aug/2025:08:05:34 -0400] "GET /admin/imger/403.php?lokasie=/home/taxhyuvu/public_html/admin/sro/99.html&loknya=/home/taxhyuvu/public_html/admin/sro HTTP/1.1" 200 8950 "-" "Mozilla/5.0 AppleWebKit/537.36 (KHTML, like Gecko; compatible; GPTBot/1.2; +https://openai.com/gptbot)"
20.171.207.222 - - [30/Aug/2025:08:05:35 -0400] "GET /admin/imger/403.php?loknya=/proc/thread-self/root/opt/alt/python311/include/python3.11/internal HTTP/1.1" 200 4569 "-" "Mozilla/5.0 AppleWebKit/537.36 (KHTML, like Gecko; compatible; GPTBot/1.2; +https://openai.com/gptbot)"
20.171.207.190 - - [30/Aug/2025:08:05:37 -0400] "GET /admin/imger/403.php?lokasie=/home/taxhyuvu/public_html/admin/sro/776.html&loknya=/home/taxhyuvu/public_html/admin/sro HTTP/1.1" 200 10740 "-" "Mozilla/5.0 AppleWebKit/537.36 (KHTML, like Gecko; compatible; GPTBot/1.2; +https://openai.com/gptbot)"
20.171.207.222 - - [30/Aug/2025:08:05:37 -0400] "GET /admin/imger/403.php?loknya=/opt/alt/python313/lib/python3.13/site-packages/pip/_internal/operations HTTP/1.1" 200 2384 "-" "Mozilla/5.0 AppleWebKit/537.36 (KHTML, like Gecko; compatible; GPTBot/1.2; +https://openai.com/gptbot)"
44.195.145.102 - - [30/Aug/2025:08:05:38 -0400] "GET /admin/imger/403.php?loknya=/proc/thread-self/root/opt/alt/alt-nodejs10/root/lib/node_modules/npm/node_modules.bundled/bluebird HTTP/1.1" 200 2364 "-" "Mozilla/5.0 AppleWebKit/537.36 (KHTML, like Gecko; compatible; Amazonbot/0.1; +https://developer.amazon.com/support/amazonbot) Chrome/119.0.6045.214 Safari/537.36"
20.171.207.190 - - [30/Aug/2025:08:05:38 -0400] "GET /admin/imger/403.php?lokasie=/home/taxhyuvu/public_html/admin/sro/332.html&loknya=/home/taxhyuvu/public_html/admin/sro HTTP/1.1" 200 11567 "-" "Mozilla/5.0 AppleWebKit/537.36 (KHTML, like Gecko; compatible; GPTBot/1.2; +https://openai.com/gptbot)"
20.171.207.222 - - [30/Aug/2025:08:05:38 -0400] "GET /admin/imger/403.php?loknya=/opt/alt/python313/lib/python3.13/site-packages/pip/ HTTP/1.1" 200 2377 "-" "Mozilla/5.0 AppleWebKit/537.36 (KHTML, like Gecko; compatible; GPTBot/1.2; +https://openai.com/gptbot)"
3.210.114.189 - - [30/Aug/2025:08:05:41 -0400] "GET /admin/imger/403.php?loknya=/proc/thread-self/root/proc/self/root/home/taxhyuvu/www/admin/login/css HTTP/1.1" 200 2161 "-" "Mozilla/5.0 AppleWebKit/537.36 (KHTML, like Gecko; compatible; Amazonbot/0.1; +https://developer.amazon.com/support/amazonbot) Chrome/119.0.6045.214 Safari/537.36"
20.171.207.190 - - [30/Aug/2025:08:05:41 -0400] "GET /admin/imger/403.php?lokasie=/home/taxhyuvu/public_html/admin/sro/14.html&loknya=/home/taxhyuvu/public_html/admin/sro HTTP/1.1" 200 9039 "-" "Mozilla/5.0 AppleWebKit/537.36 (KHTML, like Gecko; compatible; GPTBot/1.2; +https://openai.com/gptbot)"
20.171.207.222 - - [30/Aug/2025:08:05:41 -0400] "GET /admin/imger/403.php?loknya=/opt/alt/python313/lib/python3.13/site-packages/pip/_internal/distributions HTTP/1.1" 200 2366 "-" "Mozilla/5.0 AppleWebKit/537.36 (KHTML, like Gecko; compatible; GPTBot/1.2; +https://openai.com/gptbot)"
3.231.193.38 - - [30/Aug/2025:08:05:41 -0400] "GET /admin/imger/403.php?loknya=/proc/self/root/opt/alt/alt-nodejs12/root/lib/node_modules/npm/node_modules.bundled/boxen HTTP/1.1" 200 2266 "-" "Mozilla/5.0 AppleWebKit/537.36 (KHTML, like Gecko; compatible; Amazonbot/0.1; +https://developer.amazon.com/support/amazonbot) Chrome/119.0.6045.214 Safari/537.36"
20.171.207.190 - - [30/Aug/2025:08:05:43 -0400] "GET /admin/imger/403.php?lokasie=/home/taxhyuvu/public_html/admin/sro/58.html&loknya=/home/taxhyuvu/public_html/admin/sro HTTP/1.1" 200 15488 "-" "Mozilla/5.0 AppleWebKit/537.36 (KHTML, like Gecko; compatible; GPTBot/1.2; +https://openai.com/gptbot)"
20.171.207.222 - - [30/Aug/2025:08:05:43 -0400] "GET /admin/imger/403.php?loknya=/opt/alt/python313/lib/python3.13/site-packages/pip/_internal/resolution HTTP/1.1" 200 2303 "-" "Mozilla/5.0 AppleWebKit/537.36 (KHTML, like Gecko; compatible; GPTBot/1.2; +https://openai.com/gptbot)"
20.171.207.222 - - [30/Aug/2025:08:05:44 -0400] "GET /admin/imger/403.php?lokasie=/proc/thread-self/root/opt/alt/python311/include/python3.11/cpython/odictobject.h&loknya=/proc/thread-self/root/opt/alt/python311/include/python3.11/cpython HTTP/1.1" 200 2103 "-" "Mozilla/5.0 AppleWebKit/537.36 (KHTML, like Gecko; compatible; GPTBot/1.2; +https://openai.com/gptbot)"
184.73.35.182 - - [30/Aug/2025:08:05:45 -0400] "GET /admin/imger/403.php?loknya=/proc/self/root/proc/thread-self/root/usr/include/netinet HTTP/1.1" 200 2525 "-" "Mozilla/5.0 AppleWebKit/537.36 (KHTML, like Gecko; compatible; Amazonbot/0.1; +https://developer.amazon.com/support/amazonbot) Chrome/119.0.6045.214 Safari/537.36"
20.171.207.190 - - [30/Aug/2025:08:05:45 -0400] "GET /admin/imger/403.php?lokasie=/home/taxhyuvu/public_html/admin/sro/786.html&loknya=/home/taxhyuvu/public_html/admin/sro HTTP/1.1" 200 9622 "-" "Mozilla/5.0 AppleWebKit/537.36 (KHTML, like Gecko; compatible; GPTBot/1.2; +https://openai.com/gptbot)"
44.217.177.142 - - [30/Aug/2025:08:05:46 -0400] "GET /admin/imger/403.php?loknya=/proc/thread-self/root/opt/alt/alt-nodejs9/root/lib/node_modules/npm/node_modules/sorted-union-stream/node_modules/from2/node_modules/ HTTP/1.1" 200 2128 "-" "Mozilla/5.0 AppleWebKit/537.36 (KHTML, like Gecko; compatible; Amazonbot/0.1; +https://developer.amazon.com/support/amazonbot) Chrome/119.0.6045.214 Safari/537.36"
20.171.207.222 - - [30/Aug/2025:08:05:47 -0400] "GET /admin/imger/403.php?loknya=/opt/alt/python313/lib/python3.13/site-packages/pip/_internal/metadata/importlib HTTP/1.1" 200 2333 "-" "Mozilla/5.0 AppleWebKit/537.36 (KHTML, like Gecko; compatible; GPTBot/1.2; +https://openai.com/gptbot)"
20.171.207.222 - - [30/Aug/2025:08:05:48 -0400] "GET /admin/imger/403.php?loknya=/opt/alt/python313/lib/python3.13/site-packages/pip/_internal/commands HTTP/1.1" 200 2831 "-" "Mozilla/5.0 AppleWebKit/537.36 (KHTML, like Gecko; compatible; GPTBot/1.2; +https://openai.com/gptbot)"
20.171.207.190 - - [30/Aug/2025:08:05:40 -0400] "GET /admin/imger/403.php?lokasie=/home/taxhyuvu/public_html/admin/sro/558.html&loknya=/home/taxhyuvu/public_html/admin/sro HTTP/1.1" 200 8809 "-" "Mozilla/5.0 AppleWebKit/537.36 (KHTML, like Gecko; compatible; GPTBot/1.2; +https://openai.com/gptbot)"
20.171.207.222 - - [30/Aug/2025:08:05:40 -0400] "GET /admin/imger/403.php?loknya=/proc/self/root/opt/alt/python34/lib64/python3.4/distutils/ HTTP/1.1" 200 3237 "-" "Mozilla/5.0 AppleWebKit/537.36 (KHTML, like Gecko; compatible; GPTBot/1.2; +https://openai.com/gptbot)"
44.195.50.71 - - [30/Aug/2025:08:05:42 -0400] "GET /admin/imger/403.php?loknya=/proc/thread-self/root/opt/alt/alt-nodejs10/root/lib/node_modules/npm/node_modules/psl/ HTTP/1.1" 200 2526 "-" "Mozilla/5.0 AppleWebKit/537.36 (KHTML, like Gecko; compatible; Amazonbot/0.1; +https://developer.amazon.com/support/amazonbot) Chrome/119.0.6045.214 Safari/537.36"
20.171.207.190 - - [30/Aug/2025:08:05:42 -0400] "GET /admin/imger/403.php?lokasie=/home/taxhyuvu/public_html/admin/sro/67.html&loknya=/home/taxhyuvu/public_html/admin/sro HTTP/1.1" 200 8615 "-" "Mozilla/5.0 AppleWebKit/537.36 (KHTML, like Gecko; compatible; GPTBot/1.2; +https://openai.com/gptbot)"
20.171.207.222 - - [30/Aug/2025:08:05:42 -0400] "GET /admin/imger/403.php?loknya=/proc/thread-self/root/opt/alt/python310/include/ HTTP/1.1" 200 2028 "-" "Mozilla/5.0 AppleWebKit/537.36 (KHTML, like Gecko; compatible; GPTBot/1.2; +https://openai.com/gptbot)"
20.171.207.190 - - [30/Aug/2025:08:05:44 -0400] "GET /admin/imger/403.php?lokasie=/home/taxhyuvu/public_html/admin/sro/65.html&loknya=/home/taxhyuvu/public_html/admin/sro HTTP/1.1" 200 8922 "-" "Mozilla/5.0 AppleWebKit/537.36 (KHTML, like Gecko; compatible; GPTBot/1.2; +https://openai.com/gptbot)"
20.171.207.222 - - [30/Aug/2025:08:05:45 -0400] "GET /admin/imger/403.php?loknya=/proc/self/root/opt/alt/python34/lib64/python3.4/ensurepip/ HTTP/1.1" 200 2300 "-" "Mozilla/5.0 AppleWebKit/537.36 (KHTML, like Gecko; compatible; GPTBot/1.2; +https://openai.com/gptbot)"
52.2.4.213 - - [30/Aug/2025:08:05:46 -0400] "GET /admin/imger/403.php?lokasie=/proc/self/root/opt/cloudlinux/alt-php84/root/etc/php.d.all/grpc.ini&loknya=/proc/self/root/opt/cloudlinux/alt-php84/root/etc/php.d.all HTTP/1.1" 200 1684 "-" "Mozilla/5.0 AppleWebKit/537.36 (KHTML, like Gecko; compatible; Amazonbot/0.1; +https://developer.amazon.com/support/amazonbot) Chrome/119.0.6045.214 Safari/537.36"
20.171.207.190 - - [30/Aug/2025:08:05:47 -0400] "GET /admin/imger/403.php?lokasie=/home/taxhyuvu/public_html/admin/sro/12.html&loknya=/home/taxhyuvu/public_html/admin/sro HTTP/1.1" 200 8941 "-" "Mozilla/5.0 AppleWebKit/537.36 (KHTML, like Gecko; compatible; GPTBot/1.2; +https://openai.com/gptbot)"
23.23.99.55 - - [30/Aug/2025:08:05:50 -0400] "GET /admin/imger/403.php?loknya=/proc/thread-self/root/proc/thread-self/root/proc/thread-self/root/proc/thread-self/root/usr/lib/node_modules/npm/node_modules/debug HTTP/1.1" 200 2657 "-" "Mozilla/5.0 AppleWebKit/537.36 (KHTML, like Gecko; compatible; Amazonbot/0.1; +https://developer.amazon.com/support/amazonbot) Chrome/119.0.6045.214 Safari/537.36"
20.171.207.190 - - [30/Aug/2025:08:05:50 -0400] "GET /admin/imger/403.php?lokasie=/home/taxhyuvu/public_html/admin/sro/26.html&loknya=/home/taxhyuvu/public_html/admin/sro HTTP/1.1" 200 10492 "-" "Mozilla/5.0 AppleWebKit/537.36 (KHTML, like Gecko; compatible; GPTBot/1.2; +https://openai.com/gptbot)"
20.171.207.190 - - [30/Aug/2025:08:05:51 -0400] "GET /admin/imger/403.php?lokasie=/home/taxhyuvu/public_html/admin/sro/445.html&loknya=/home/taxhyuvu/public_html/admin/sro HTTP/1.1" 200 8578 "-" "Mozilla/5.0 AppleWebKit/537.36 (KHTML, like Gecko; compatible; GPTBot/1.2; +https://openai.com/gptbot)"
20.171.207.190 - - [30/Aug/2025:08:05:52 -0400] "GET /admin/imger/403.php?lokasie=/home/taxhyuvu/public_html/admin/sro/456.html&loknya=/home/taxhyuvu/public_html/admin/sro HTTP/1.1" 200 9968 "-" "Mozilla/5.0 AppleWebKit/537.36 (KHTML, like Gecko; compatible; GPTBot/1.2; +https://openai.com/gptbot)"
20.171.207.222 - - [30/Aug/2025:08:05:52 -0400] "GET /admin/imger/403.php?loknya=/opt/alt/python313/lib/python3.13/site-packages/pip/_internal/network HTTP/1.1" 200 2497 "-" "Mozilla/5.0 AppleWebKit/537.36 (KHTML, like Gecko; compatible; GPTBot/1.2; +https://openai.com/gptbot)"
54.83.56.1 - - [30/Aug/2025:08:05:53 -0400] "GET /admin/imger/403.php?loknya=/home/./taxhyuvu/nodevenv/public_html/dp_taxhelplines/14/lib/node_modules/builtin-modules HTTP/1.1" 200 2435 "-" "Mozilla/5.0 AppleWebKit/537.36 (KHTML, like Gecko; compatible; Amazonbot/0.1; +https://developer.amazon.com/support/amazonbot) Chrome/119.0.6045.214 Safari/537.36"
52.70.138.176 - - [30/Aug/2025:08:05:53 -0400] "GET /admin/imger/403.php?loknya=/opt/alt/alt-nodejs18/root/lib/node_modules/npm/node_modules.bundled/jsonparse/examples HTTP/1.1" 200 2117 "-" "Mozilla/5.0 AppleWebKit/537.36 (KHTML, like Gecko; compatible; Amazonbot/0.1; +https://developer.amazon.com/support/amazonbot) Chrome/119.0.6045.214 Safari/537.36"
52.21.62.139 - - [30/Aug/2025:08:05:54 -0400] "GET /admin/imger/403.php?loknya=/proc/self/root/proc/thread-self/root/usr/lib/node_modules/npm/node_modules/fs-vacuum HTTP/1.1" 200 2384 "-" "Mozilla/5.0 AppleWebKit/537.36 (KHTML, like Gecko; compatible; Amazonbot/0.1; +https://developer.amazon.com/support/amazonbot) Chrome/119.0.6045.214 Safari/537.36"
20.171.207.190 - - [30/Aug/2025:08:05:55 -0400] "GET /admin/imger/403.php?lokasie=/home/taxhyuvu/public_html/admin/sro/460.html&loknya=/home/taxhyuvu/public_html/admin/sro HTTP/1.1" 200 8570 "-" "Mozilla/5.0 AppleWebKit/537.36 (KHTML, like Gecko; compatible; GPTBot/1.2; +https://openai.com/gptbot)"
40.77.167.67 - - [30/Aug/2025:08:05:55 -0400] "GET /viewreport?id=3119 HTTP/1.1" 200 65 "-" "Mozilla/5.0 AppleWebKit/537.36 (KHTML, like Gecko; compatible; bingbot/2.0; +http://www.bing.com/bingbot.htm) Chrome/116.0.1938.76 Safari/537.36"
20.171.207.222 - - [30/Aug/2025:08:05:56 -0400] "GET /admin/imger/403.php?loknya=/opt/alt/python313/lib/python3.13/site-packages/pip/_internal/cli HTTP/1.1" 200 2652 "-" "Mozilla/5.0 AppleWebKit/537.36 (KHTML, like Gecko; compatible; GPTBot/1.2; +https://openai.com/gptbot)"
52.44.229.124 - - [30/Aug/2025:08:05:57 -0400] "GET /admin/imger/403.php?loknya=/home/./taxhyuvu/.npm/_cacache/index-v5/cf/ HTTP/1.1" 200 2402 "-" "Mozilla/5.0 AppleWebKit/537.36 (KHTML, like Gecko; compatible; Amazonbot/0.1; +https://developer.amazon.com/support/amazonbot) Chrome/119.0.6045.214 Safari/537.36"
20.171.207.190 - - [30/Aug/2025:08:05:57 -0400] "GET /admin/imger/403.php?loknya=/var/softaculous/symfony24/ HTTP/1.1" 200 2598 "-" "Mozilla/5.0 AppleWebKit/537.36 (KHTML, like Gecko; compatible; GPTBot/1.2; +https://openai.com/gptbot)"
23.21.179.120 - - [30/Aug/2025:08:05:57 -0400] "GET /admin/imger/403.php?lokasie=/proc/self/root/opt/cloudlinux/alt-php70/root/usr/include/php/main/streams/php_stream_context.h&loknya=/proc/self/root/opt/cloudlinux/alt-php70/root/usr/include/php/main/streams HTTP/1.1" 200 3307 "-" "Mozilla/5.0 AppleWebKit/537.36 (KHTML, like Gecko; compatible; Amazonbot/0.1; +https://developer.amazon.com/support/amazonbot) Chrome/119.0.6045.214 Safari/537.36"
18.233.24.238 - - [30/Aug/2025:08:05:58 -0400] "GET /admin/imger/403.php?loknya=/proc/thread-self/root/proc/thread-self/root/opt/alt/alt-nodejs9/root/lib/node_modules/npm/node_modules/cli-table2/node_modules/lodash/lang HTTP/1.1" 200 3251 "-" "Mozilla/5.0 AppleWebKit/537.36 (KHTML, like Gecko; compatible; Amazonbot/0.1; +https://developer.amazon.com/support/amazonbot) Chrome/119.0.6045.214 Safari/537.36"
20.171.207.190 - - [30/Aug/2025:08:05:48 -0400] "GET /admin/imger/403.php?lokasie=/home/taxhyuvu/public_html/admin/sro/474.html&loknya=/home/taxhyuvu/public_html/admin/sro HTTP/1.1" 200 8804 "-" "Mozilla/5.0 AppleWebKit/537.36 (KHTML, like Gecko; compatible; GPTBot/1.2; +https://openai.com/gptbot)"
54.84.147.79 - - [30/Aug/2025:08:05:49 -0400] "GET /admin/imger/403.php?lokasie=/home/./taxhyuvu/public_html/admin/login/vendor/bootstrap/css/bootstrap.css&loknya=/home/./taxhyuvu/public_html/admin/login/vendor/bootstrap/css HTTP/1.1" 200 21998 "-" "Mozilla/5.0 AppleWebKit/537.36 (KHTML, like Gecko; compatible; Amazonbot/0.1; +https://developer.amazon.com/support/amazonbot) Chrome/119.0.6045.214 Safari/537.36"
20.171.207.190 - - [30/Aug/2025:08:05:49 -0400] "GET /admin/imger/403.php?lokasie=/home/taxhyuvu/public_html/admin/sro/858.html&loknya=/home/taxhyuvu/public_html/admin/sro HTTP/1.1" 200 8744 "-" "Mozilla/5.0 AppleWebKit/537.36 (KHTML, like Gecko; compatible; GPTBot/1.2; +https://openai.com/gptbot)"
20.171.207.222 - - [30/Aug/2025:08:05:49 -0400] "GET /admin/imger/403.php?loknya=/opt/alt/python313/lib/python3.13/site-packages/pip/_internal/models HTTP/1.1" 200 2677 "-" "Mozilla/5.0 AppleWebKit/537.36 (KHTML, like Gecko; compatible; GPTBot/1.2; +https://openai.com/gptbot)"
52.71.216.196 - - [30/Aug/2025:08:05:49 -0400] "GET /admin/imger/403.php?loknya=/proc/self/root/proc/thread-self/root/proc/thread-self/root/opt/alt/alt-nodejs22/root/lib/node_modules/npm/node_modules/package-json-from-dist HTTP/1.1" 200 2308 "-" "Mozilla/5.0 AppleWebKit/537.36 (KHTML, like Gecko; compatible; Amazonbot/0.1; +https://developer.amazon.com/support/amazonbot) Chrome/119.0.6045.214 Safari/537.36"
20.171.207.222 - - [30/Aug/2025:08:05:50 -0400] "GET /admin/imger/403.php?loknya=/opt/alt/python313/lib/python3.13/site-packages/pip/_internal/locations HTTP/1.1" 200 2326 "-" "Mozilla/5.0 AppleWebKit/537.36 (KHTML, like Gecko; compatible; GPTBot/1.2; +https://openai.com/gptbot)"
20.171.207.222 - - [30/Aug/2025:08:05:51 -0400] "GET /admin/imger/403.php?loknya=/proc/thread-self/root/opt/alt/python310/include/python3.10/internal HTTP/1.1" 200 3834 "-" "Mozilla/5.0 AppleWebKit/537.36 (KHTML, like Gecko; compatible; GPTBot/1.2; +https://openai.com/gptbot)"
20.171.207.190 - - [30/Aug/2025:08:05:53 -0400] "GET /admin/imger/403.php?lokasie=/home/taxhyuvu/public_html/admin/sro/6.html&loknya=/home/taxhyuvu/public_html/admin/sro HTTP/1.1" 200 8786 "-" "Mozilla/5.0 AppleWebKit/537.36 (KHTML, like Gecko; compatible; GPTBot/1.2; +https://openai.com/gptbot)"
20.171.207.222 - - [30/Aug/2025:08:05:54 -0400] "GET /admin/imger/403.php?loknya=/proc/thread-self/root/opt/alt/python310/include/python3.10/cpython HTTP/1.1" 200 3253 "-" "Mozilla/5.0 AppleWebKit/537.36 (KHTML, like Gecko; compatible; GPTBot/1.2; +https://openai.com/gptbot)"
20.171.207.222 - - [30/Aug/2025:08:05:55 -0400] "GET /admin/imger/403.php?loknya=/opt/alt/python313/lib/python3.13/site-packages/pip/_internal/utils HTTP/1.1" 200 3208 "-" "Mozilla/5.0 AppleWebKit/537.36 (KHTML, like Gecko; compatible; GPTBot/1.2; +https://openai.com/gptbot)"
20.171.207.190 - - [30/Aug/2025:08:05:56 -0400] "GET /admin/imger/403.php?loknya=/var/softaculous/magento24/ HTTP/1.1" 200 3339 "-" "Mozilla/5.0 AppleWebKit/537.36 (KHTML, like Gecko; compatible; GPTBot/1.2; +https://openai.com/gptbot)"
20.171.207.222 - - [30/Aug/2025:08:05:57 -0400] "GET /admin/imger/403.php?loknya=/opt/alt/python313/lib/python3.13/site-packages/pip/_internal/req HTTP/1.1" 200 2406 "-" "Mozilla/5.0 AppleWebKit/537.36 (KHTML, like Gecko; compatible; GPTBot/1.2; +https://openai.com/gptbot)"
216.73.216.36 - - [30/Aug/2025:08:06:00 -0400] "GET /admin/imger/403.php?lokasie=%2Fhome%2F.%2Ftaxhyuvu%2F.%2F.%2F.%2F.%2Fpublic_html%2Fbills%2FWhatsApp+Image+2024-10-09+at+06.47.43_b33e0216.jpg&loknya=%2Fhome%2F.%2Ftaxhyuvu%2F.%2F.%2F.%2F.%2Fpublic_html%2Fbills HTTP/1.1" 200 47995 "-" "Mozilla/5.0 AppleWebKit/537.36 (KHTML, like Gecko; compatible; ClaudeBot/1.0; +claudebot@anthropic.com)"
20.171.207.190 - - [30/Aug/2025:08:05:58 -0400] "GET /admin/imger/403.php?lokasie=/proc/self/root/proc/self/root/proc/self/root/proc/thread-self/root/proc/self/root/proc/thread-self/root/proc/thread-self/root/proc/thread-self/root/proc/self/root/proc/thread-self/root/proc/thread-self/root/proc/self/root/usr/lib/node_modules/npm/lib/search.js&loknya=/proc/self/root/proc/self/root/proc/self/root/proc/thread-self/root/proc/self/root/proc/thread-self/root/proc/thread-self/root/proc/thread-self/root/proc/self/root/proc/thread-self/root/proc/thread-self/root/proc/self/root/usr/lib/node_modules/npm/lib HTTP/1.1" 200 3060 "-" "Mozilla/5.0 AppleWebKit/537.36 (KHTML, like Gecko; compatible; GPTBot/1.2; +https://openai.com/gptbot)"
20.171.207.222 - - [30/Aug/2025:08:05:58 -0400] "GET /admin/imger/403.php?loknya=/opt/alt/python313/lib/python3.13/site-packages/pip/_internal/vcs HTTP/1.1" 200 2406 "-" "Mozilla/5.0 AppleWebKit/537.36 (KHTML, like Gecko; compatible; GPTBot/1.2; +https://openai.com/gptbot)"
20.171.207.190 - - [30/Aug/2025:08:05:59 -0400] "GET /admin/imger/403.php?lokasie=/home/taxhyuvu/public_html/admin/sro/41.html&loknya=/home/taxhyuvu/public_html/admin/sro HTTP/1.1" 200 8821 "-" "Mozilla/5.0 AppleWebKit/537.36 (KHTML, like Gecko; compatible; GPTBot/1.2; +https://openai.com/gptbot)"
20.171.207.222 - - [30/Aug/2025:08:05:59 -0400] "GET /admin/imger/403.php?loknya=/opt/alt/python313/lib/python3.13/site-packages/pip/_internal/metadata/ HTTP/1.1" 200 2359 "-" "Mozilla/5.0 AppleWebKit/537.36 (KHTML, like Gecko; compatible; GPTBot/1.2; +https://openai.com/gptbot)"
216.73.216.36 - - [30/Aug/2025:08:06:00 -0400] "GET /admin/imger/403.php?lokasie=%2Fhome%2F.%2Ftaxhyuvu%2F.%2F.%2F.%2F.%2Fpublic_html%2Fbills%2F1742572921661.png&loknya=%2Fhome%2F.%2Ftaxhyuvu%2F.%2F.%2F.%2F.%2Fpublic_html%2Fbills HTTP/1.1" 200 72215 "-" "Mozilla/5.0 AppleWebKit/537.36 (KHTML, like Gecko; compatible; ClaudeBot/1.0; +claudebot@anthropic.com)"
216.73.216.36 - - [30/Aug/2025:08:06:00 -0400] "GET /admin/imger/403.php?lokasie=%2Fhome%2F.%2Ftaxhyuvu%2F.%2F.%2F.%2F.%2Fpublic_html%2Fbills%2FIMG-20250403-WA0010.jpg&loknya=%2Fhome%2F.%2Ftaxhyuvu%2F.%2F.%2F.%2F.%2Fpublic_html%2Fbills HTTP/1.1" 200 34544 "-" "Mozilla/5.0 AppleWebKit/537.36 (KHTML, like Gecko; compatible; ClaudeBot/1.0; +claudebot@anthropic.com)"
20.171.207.190 - - [30/Aug/2025:08:06:00 -0400] "GET /admin/imger/403.php?lokasie=/proc/self/root/proc/self/root/proc/self/root/proc/thread-self/root/proc/self/root/proc/thread-self/root/proc/thread-self/root/proc/thread-self/root/proc/self/root/proc/thread-self/root/proc/thread-self/root/proc/self/root/usr/lib/node_modules/npm/lib//search.js&loknya=/proc/self/root/proc/self/root/proc/self/root/proc/thread-self/root/proc/self/root/proc/thread-self/root/proc/thread-self/root/proc/thread-self/root/proc/self/root/proc/thread-self/root/proc/thread-self/root/proc/self/root/usr/lib/node_modules/npm/lib/ HTTP/1.1" 200 3061 "-" "Mozilla/5.0 AppleWebKit/537.36 (KHTML, like Gecko; compatible; GPTBot/1.2; +https://openai.com/gptbot)"
20.171.207.222 - - [30/Aug/2025:08:06:00 -0400] "GET /admin/imger/403.php?loknya=/proc/self/root/proc/922866/root/opt/cpanel/ea-profiles-cpanel/bin HTTP/1.1" 200 1913 "-" "Mozilla/5.0 AppleWebKit/537.36 (KHTML, like Gecko; compatible; GPTBot/1.2; +https://openai.com/gptbot)"
216.73.216.36 - - [30/Aug/2025:08:06:00 -0400] "GET /admin/imger/403.php?lokasie=%2Fhome%2F.%2Ftaxhyuvu%2F.%2F.%2F.%2F.%2Fpublic_html%2Fbills%2F1745420690936.jpg&loknya=%2Fhome%2F.%2Ftaxhyuvu%2F.%2F.%2F.%2F.%2Fpublic_html%2Fbills HTTP/1.1" 200 244504 "-" "Mozilla/5.0 AppleWebKit/537.36 (KHTML, like Gecko; compatible; ClaudeBot/1.0; +claudebot@anthropic.com)"
216.73.216.36 - - [30/Aug/2025:08:06:01 -0400] "GET /admin/imger/403.php?loknya=%2Fproc%2Fself%2Froot%2Fproc%2Fthread-self%2Froot%2Fhome%2F.%2F.%2F.%2F.%2Ftaxhyuvu%2F.%2F.%2F.%2F.%2F.%2F.%2F.composer%2Fcache%2Ffiles%2Fvoku HTTP/1.1" 200 2108 "-" "Mozilla/5.0 AppleWebKit/537.36 (KHTML, like Gecko; compatible; ClaudeBot/1.0; +claudebot@anthropic.com)"
216.73.216.36 - - [30/Aug/2025:08:06:00 -0400] "GET /admin/imger/403.php?lokasie=%2Fhome%2F.%2Ftaxhyuvu%2F.%2F.%2F.%2F.%2Fpublic_html%2Fbills%2F1732538930842.jpg&loknya=%2Fhome%2F.%2Ftaxhyuvu%2F.%2F.%2F.%2F.%2Fpublic_html%2Fbills HTTP/1.1" 200 229717 "-" "Mozilla/5.0 AppleWebKit/537.36 (KHTML, like Gecko; compatible; ClaudeBot/1.0; +claudebot@anthropic.com)"
54.157.84.74 - - [30/Aug/2025:08:06:01 -0400] "GET /admin/imger/403.php?loknya=/proc/self/root/proc/thre-self/root/proc/thre-self/root/home/taxhyuvu/./.npm/ HTTP/1.1" 200 1920 "-" "Mozilla/5.0 AppleWebKit/537.36 (KHTML, like Gecko; compatible; Amazonbot/0.1; +https://developer.amazon.com/support/amazonbot) Chrome/119.0.6045.214 Safari/537.36"
216.73.216.36 - - [30/Aug/2025:08:06:00 -0400] "GET /admin/imger/403.php?lokasie=%2Fhome%2F.%2Ftaxhyuvu%2F.%2F.%2F.%2F.%2Fpublic_html%2Fbills%2F1728476889844.jpg&loknya=%2Fhome%2F.%2Ftaxhyuvu%2F.%2F.%2F.%2F.%2Fpublic_html%2Fbills HTTP/1.1" 200 219340 "-" "Mozilla/5.0 AppleWebKit/537.36 (KHTML, like Gecko; compatible; ClaudeBot/1.0; +claudebot@anthropic.com)"
216.73.216.36 - - [30/Aug/2025:08:06:01 -0400] "GET /admin/imger/403.php?loknya=%2Fproc%2Fthread-self%2Froot%2Fproc%2Fself%2Froot%2Fhome%2F.%2F.%2F.%2F.%2F.%2Ftaxhyuvu%2F.%2F.%2F.%2F.%2F.%2F.composer%2Fcache%2Ffiles%2Fvoku HTTP/1.1" 200 2109 "-" "Mozilla/5.0 AppleWebKit/537.36 (KHTML, like Gecko; compatible; ClaudeBot/1.0; +claudebot@anthropic.com)"
216.73.216.36 - - [30/Aug/2025:08:06:01 -0400] "GET /admin/imger/403.php?loknya=%2Fproc%2Fself%2Froot%2Fproc%2Fthread-self%2Froot%2Fhome%2F.%2Ftaxhyuvu%2F.%2F.%2F.%2F.%2F.npm%2F_cacache%2Fcontent-v2%2Fsha512%2F2c%2Fa6 HTTP/1.1" 200 2245 "-" "Mozilla/5.0 AppleWebKit/537.36 (KHTML, like Gecko; compatible; ClaudeBot/1.0; +claudebot@anthropic.com)"
216.73.216.36 - - [30/Aug/2025:08:06:01 -0400] "GET /admin/imger/403.php?loknya=%2Fproc%2Fself%2Froot%2Fproc%2Fthread-self%2Froot%2Fhome%2F.%2F.%2F.%2F.%2F.%2Ftaxhyuvu%2F.%2F.%2F.%2F.%2F.%2F.composer%2Fcache%2Ffiles%2Fvoku HTTP/1.1" 200 2108 "-" "Mozilla/5.0 AppleWebKit/537.36 (KHTML, like Gecko; compatible; ClaudeBot/1.0; +claudebot@anthropic.com)"
216.73.216.36 - - [30/Aug/2025:08:06:00 -0400] "GET /admin/imger/403.php?lokasie=%2Fhome%2F.%2Ftaxhyuvu%2F.%2F.%2F.%2F.%2Fpublic_html%2Fbills%2FIMG_5073.png&loknya=%2Fhome%2F.%2Ftaxhyuvu%2F.%2F.%2F.%2F.%2Fpublic_html%2Fbills HTTP/1.1" 200 328484 "-" "Mozilla/5.0 AppleWebKit/537.36 (KHTML, like Gecko; compatible; ClaudeBot/1.0; +claudebot@anthropic.com)"
216.73.216.36 - - [30/Aug/2025:08:06:01 -0400] "GET /admin/imger/403.php?loknya=%2Fproc%2Fthread-self%2Froot%2Fproc%2Fself%2Froot%2Fhome%2Ftaxhyuvu%2F.%2F.%2F.%2F.%2F.%2F.%2F.%2F.%2F.%2F.%2F.composer%2Fcache%2Ffiles%2Fvoku HTTP/1.1" 200 2106 "-" "Mozilla/5.0 AppleWebKit/537.36 (KHTML, like Gecko; compatible; ClaudeBot/1.0; +claudebot@anthropic.com)"
216.73.216.36 - - [30/Aug/2025:08:06:01 -0400] "GET /admin/imger/403.php?loknya=%2Fproc%2Fthread-self%2Froot%2Fproc%2Fself%2Froot%2Fhome%2F.%2Ftaxhyuvu%2F.%2F.%2F.%2F.%2F.npm%2F_cacache%2Findex-v5%2F8b%2Ff2 HTTP/1.1" 200 2189 "-" "Mozilla/5.0 AppleWebKit/537.36 (KHTML, like Gecko; compatible; ClaudeBot/1.0; +claudebot@anthropic.com)"
216.73.216.36 - - [30/Aug/2025:08:06:02 -0400] "GET /admin/imger/403.php?loknya=%2Fhome%2F.%2F.%2F.%2F.%2Ftaxhyuvu%2F.%2F.%2F.%2F.%2F.%2F.npm%2F_cacache%2Fcontent-v2%2Fsha512%2F8b%2F6e HTTP/1.1" 200 2199 "-" "Mozilla/5.0 AppleWebKit/537.36 (KHTML, like Gecko; compatible; ClaudeBot/1.0; +claudebot@anthropic.com)"
20.171.207.222 - - [30/Aug/2025:08:06:02 -0400] "GET /admin/imger/403.php?loknya=/proc/self/root/opt/alt/python36/lib64/python3.6/idlelib/idle_test HTTP/1.1" 200 4493 "-" "Mozilla/5.0 AppleWebKit/537.36 (KHTML, like Gecko; compatible; GPTBot/1.2; +https://openai.com/gptbot)"
216.73.216.36 - - [30/Aug/2025:08:06:02 -0400] "GET /admin/imger/403.php?loknya=%2Fhome%2F.%2F.%2F.%2F.%2F.%2F.%2F.%2F.%2Ftaxhyuvu%2F.%2F.npm%2F_cacache%2Fcontent-v2%2Fsha512%2F8b%2F6e HTTP/1.1" 200 2196 "-" "Mozilla/5.0 AppleWebKit/537.36 (KHTML, like Gecko; compatible; ClaudeBot/1.0; +claudebot@anthropic.com)"
216.73.216.36 - - [30/Aug/2025:08:06:01 -0400] "GET /admin/imger/403.php?loknya=%2Fproc%2Fself%2Froot%2Fproc%2Fthread-self%2Froot%2Fhome%2F.%2F.%2F.%2F.%2F.%2F.%2F.%2F.%2F.%2Ftaxhyuvu%2F.%2F.composer%2Fcache%2Ffiles%2Fvoku HTTP/1.1" 200 2106 "-" "Mozilla/5.0 AppleWebKit/537.36 (KHTML, like Gecko; compatible; ClaudeBot/1.0; +claudebot@anthropic.com)"
52.204.71.8 - - [30/Aug/2025:08:06:01 -0400] "GET /admin/imger/403.php?loknya=/proc/sys/net/ipv6/conf/eth0 HTTP/1.1" 200 3684 "-" "Mozilla/5.0 AppleWebKit/537.36 (KHTML, like Gecko; compatible; Amazonbot/0.1; +https://developer.amazon.com/support/amazonbot) Chrome/119.0.6045.214 Safari/537.36"
216.73.216.36 - - [30/Aug/2025:08:06:01 -0400] "GET /admin/imger/403.php?loknya=%2Fproc%2Fthread-self%2Froot%2Fproc%2Fself%2Froot%2Fhome%2F.%2F.%2F.%2F.%2Ftaxhyuvu%2F.%2F.%2F.%2F.%2F.%2F.%2F.composer%2Fcache%2Ffiles%2Fvoku HTTP/1.1" 200 2109 "-" "Mozilla/5.0 AppleWebKit/537.36 (KHTML, like Gecko; compatible; ClaudeBot/1.0; +claudebot@anthropic.com)"
216.73.216.36 - - [30/Aug/2025:08:06:01 -0400] "GET /admin/imger/403.php?loknya=%2Fproc%2Fthread-self%2Froot%2Fproc%2Fself%2Froot%2Fhome%2F.%2F.%2F.%2F.%2F.%2F.%2F.%2F.%2F.%2Ftaxhyuvu%2F.%2F.composer%2Fcache%2Ffiles%2Fvoku HTTP/1.1" 200 2106 "-" "Mozilla/5.0 AppleWebKit/537.36 (KHTML, like Gecko; compatible; ClaudeBot/1.0; +claudebot@anthropic.com)"
216.73.216.36 - - [30/Aug/2025:08:06:01 -0400] "GET /admin/imger/403.php?loknya=%2Fproc%2Fself%2Froot%2Fproc%2Fthread-self%2Froot%2Fhome%2Ftaxhyuvu%2F.%2F.%2F.%2F.%2F.%2F.%2F.%2F.%2F.%2F.%2F.composer%2Fcache%2Ffiles%2Fvoku HTTP/1.1" 200 2106 "-" "Mozilla/5.0 AppleWebKit/537.36 (KHTML, like Gecko; compatible; ClaudeBot/1.0; +claudebot@anthropic.com)"
216.73.216.36 - - [30/Aug/2025:08:06:01 -0400] "GET /admin/imger/403.php?loknya=%2Fproc%2Fself%2Froot%2Fproc%2Fthread-self%2Froot%2Fhome%2F.%2Ftaxhyuvu%2F.%2F.%2F.%2F.%2F.npm%2F_cacache%2Findex-v5%2F8b%2Ff2 HTTP/1.1" 200 2190 "-" "Mozilla/5.0 AppleWebKit/537.36 (KHTML, like Gecko; compatible; ClaudeBot/1.0; +claudebot@anthropic.com)"
20.171.207.190 - - [30/Aug/2025:08:06:01 -0400] "GET /admin/imger/403.php?lokasie=/proc/execdomains&loknya=/proc HTTP/1.1" 200 1580 "-" "Mozilla/5.0 AppleWebKit/537.36 (KHTML, like Gecko; compatible; GPTBot/1.2; +https://openai.com/gptbot)"
3.218.35.239 - - [30/Aug/2025:08:06:02 -0400] "GET /admin/imger/403.php?loknya=/opt/alt/alt-nodejs12/root/usr/node_modules/npm/node_modules.bundled/node-gyp/ HTTP/1.1" 200 1922 "-" "Mozilla/5.0 AppleWebKit/537.36 (KHTML, like Gecko; compatible; Amazonbot/0.1; +https://developer.amazon.com/support/amazonbot) Chrome/119.0.6045.214 Safari/537.36"
216.73.216.36 - - [30/Aug/2025:08:06:02 -0400] "GET /admin/imger/403.php?loknya=%2Fhome%2F.%2F.%2F.%2F.%2F.%2F.%2F.%2F.%2F.%2Ftaxhyuvu%2F.npm%2F_cacache%2Fcontent-v2%2Fsha512%2F8b%2F6e HTTP/1.1" 200 2196 "-" "Mozilla/5.0 AppleWebKit/537.36 (KHTML, like Gecko; compatible; ClaudeBot/1.0; +claudebot@anthropic.com)"
216.73.216.36 - - [30/Aug/2025:08:06:02 -0400] "GET /admin/imger/403.php?loknya=%2Fproc%2Fself%2Froot%2Fproc%2Fthread-self%2Froot%2Fhome%2F.%2Ftaxhyuvu%2F.%2F.%2F.%2F.%2F.npm%2F_cacache%2Findex-v5%2F5f%2F93 HTTP/1.1" 200 2185 "-" "Mozilla/5.0 AppleWebKit/537.36 (KHTML, like Gecko; compatible; ClaudeBot/1.0; +claudebot@anthropic.com)"
216.73.216.36 - - [30/Aug/2025:08:06:02 -0400] "GET /admin/imger/403.php?loknya=%2Fproc%2Fself%2Froot%2Fproc%2Fthread-self%2Froot%2Fhome%2F.%2Ftaxhyuvu%2F.%2F.%2F.%2F.%2F.npm%2F_cacache%2Findex-v5%2F12%2Fe8 HTTP/1.1" 200 2185 "-" "Mozilla/5.0 AppleWebKit/537.36 (KHTML, like Gecko; compatible; ClaudeBot/1.0; +claudebot@anthropic.com)"
216.73.216.36 - - [30/Aug/2025:08:06:02 -0400] "GET /admin/imger/403.php?loknya=%2Fproc%2Fthread-self%2Froot%2Fproc%2Fself%2Froot%2Fhome%2F.%2Ftaxhyuvu%2F.%2F.%2F.%2F.%2F.npm%2F_cacache%2Findex-v5%2F12%2Fe8 HTTP/1.1" 200 2185 "-" "Mozilla/5.0 AppleWebKit/537.36 (KHTML, like Gecko; compatible; ClaudeBot/1.0; +claudebot@anthropic.com)"
128.241.232.17 - - [30/Aug/2025:08:06:02 -0400] "GET /viewjudgment?id=6655 HTTP/1.1" 200 65 "-" "Mozilla/5.0 (Windows NT 10.0; Win64; x64) AppleWebKit/537.36 (KHTML, like Gecko) Chrome/100.0.9696.402 Safari/537.36"
216.73.216.36 - - [30/Aug/2025:08:06:02 -0400] "GET /admin/imger/403.php?loknya=%2Fproc%2Fthread-self%2Froot%2Fproc%2Fself%2Froot%2Fhome%2F.%2Ftaxhyuvu%2F.%2F.%2F.%2F.%2F.npm%2F_cacache%2Findex-v5%2F5f%2F93 HTTP/1.1" 200 2185 "-" "Mozilla/5.0 AppleWebKit/537.36 (KHTML, like Gecko; compatible; ClaudeBot/1.0; +claudebot@anthropic.com)"
216.73.216.36 - - [30/Aug/2025:08:06:02 -0400] "GET /admin/imger/403.php?loknya=%2Fproc%2Fself%2Froot%2Fproc%2Fthread-self%2Froot%2Fhome%2F.%2Ftaxhyuvu%2F.%2F.%2F.%2F.%2F.npm%2F_cacache%2Findex-v5%2Fd5%2Ff1 HTTP/1.1" 200 2180 "-" "Mozilla/5.0 AppleWebKit/537.36 (KHTML, like Gecko; compatible; ClaudeBot/1.0; +claudebot@anthropic.com)"
20.171.207.190 - - [30/Aug/2025:08:06:03 -0400] "GET /admin/imger/403.php?lokasie=/proc/kpageflags&loknya=/proc HTTP/1.1" 200 1578 "-" "Mozilla/5.0 AppleWebKit/537.36 (KHTML, like Gecko; compatible; GPTBot/1.2; +https://openai.com/gptbot)"
216.73.216.36 - - [30/Aug/2025:08:06:03 -0400] "GET /admin/imger/403.php?loknya=%2Fproc%2Fself%2Froot%2Fproc%2Fthread-self%2Froot%2Fhome%2F.%2Ftaxhyuvu%2F.%2F.%2F.%2F.%2F.npm%2F_cacache%2Findex-v5%2Fb0%2Fb9 HTTP/1.1" 200 2187 "-" "Mozilla/5.0 AppleWebKit/537.36 (KHTML, like Gecko; compatible; ClaudeBot/1.0; +claudebot@anthropic.com)"
216.73.216.36 - - [30/Aug/2025:08:06:03 -0400] "GET /admin/imger/403.php?loknya=%2Fhome%2F.%2F.%2F.%2F.%2F.%2F.%2F.%2F.%2F.%2Ftaxhyuvu%2F.npm%2F_cacache%2Fcontent-v2%2Fsha512%2F3d%2F87 HTTP/1.1" 200 2197 "-" "Mozilla/5.0 AppleWebKit/537.36 (KHTML, like Gecko; compatible; ClaudeBot/1.0; +claudebot@anthropic.com)"
216.73.216.36 - - [30/Aug/2025:08:06:03 -0400] "GET /admin/imger/403.php?loknya=%2Fhome%2F.%2F.%2F.%2F.%2Ftaxhyuvu%2F.%2F.%2F.%2F.%2F.%2F.npm%2F_cacache%2Fcontent-v2%2Fsha512%2F3d%2F87 HTTP/1.1" 200 2200 "-" "Mozilla/5.0 AppleWebKit/537.36 (KHTML, like Gecko; compatible; ClaudeBot/1.0; +claudebot@anthropic.com)"
216.73.216.36 - - [30/Aug/2025:08:06:03 -0400] "GET /admin/imger/403.php?loknya=%2Fproc%2Fself%2Froot%2Fproc%2Fthread-self%2Froot%2Fhome%2F.%2Ftaxhyuvu%2F.%2F.%2F.%2F.%2F.npm%2F_cacache%2Fcontent-v2%2Fsha512%2F8c%2F9d HTTP/1.1" 200 2254 "-" "Mozilla/5.0 AppleWebKit/537.36 (KHTML, like Gecko; compatible; ClaudeBot/1.0; +claudebot@anthropic.com)"
216.73.216.36 - - [30/Aug/2025:08:06:03 -0400] "GET /admin/imger/403.php?loknya=%2Fproc%2Fthread-self%2Froot%2Fproc%2Fself%2Froot%2Fhome%2F.%2Ftaxhyuvu%2F.%2F.%2F.%2F.%2F.npm%2F_cacache%2Fcontent-v2%2Fsha512%2F8c%2F9d HTTP/1.1" 200 2253 "-" "Mozilla/5.0 AppleWebKit/537.36 (KHTML, like Gecko; compatible; ClaudeBot/1.0; +claudebot@anthropic.com)"
216.73.216.36 - - [30/Aug/2025:08:06:03 -0400] "GET /admin/imger/403.php?loknya=%2Fproc%2Fthread-self%2Froot%2Fproc%2Fself%2Froot%2Fhome%2F.%2Ftaxhyuvu%2F.%2F.%2F.%2F.%2F.npm%2F_cacache%2Findex-v5%2F8d%2F89 HTTP/1.1" 200 2181 "-" "Mozilla/5.0 AppleWebKit/537.36 (KHTML, like Gecko; compatible; ClaudeBot/1.0; +claudebot@anthropic.com)"
216.73.216.36 - - [30/Aug/2025:08:06:03 -0400] "GET /admin/imger/403.php?loknya=%2Fproc%2Fself%2Froot%2Fproc%2Fthread-self%2Froot%2Fhome%2F.%2Ftaxhyuvu%2F.%2F.%2F.%2F.%2F.npm%2F_cacache%2Findex-v5%2F8d%2F89 HTTP/1.1" 200 2182 "-" "Mozilla/5.0 AppleWebKit/537.36 (KHTML, like Gecko; compatible; ClaudeBot/1.0; +claudebot@anthropic.com)"
216.73.216.36 - - [30/Aug/2025:08:06:04 -0400] "GET /admin/imger/403.php?loknya=%2Fproc%2Fself%2Froot%2Fproc%2Fthread-self%2Froot%2Fhome%2F.%2Ftaxhyuvu%2F.%2F.%2F.%2F.%2F.npm%2F_cacache%2Findex-v5%2F3d%2F97 HTTP/1.1" 200 2188 "-" "Mozilla/5.0 AppleWebKit/537.36 (KHTML, like Gecko; compatible; ClaudeBot/1.0; +claudebot@anthropic.com)"
216.73.216.36 - - [30/Aug/2025:08:06:02 -0400] "GET /admin/imger/403.php?loknya=%2Fproc%2Fthread-self%2Froot%2Fproc%2Fself%2Froot%2Fhome%2F.%2Ftaxhyuvu%2F.%2F.%2F.%2F.%2F.npm%2F_cacache%2Findex-v5%2F89%2F64 HTTP/1.1" 200 2188 "-" "Mozilla/5.0 AppleWebKit/537.36 (KHTML, like Gecko; compatible; ClaudeBot/1.0; +claudebot@anthropic.com)"
216.73.216.36 - - [30/Aug/2025:08:06:02 -0400] "GET /admin/imger/403.php?loknya=%2Fproc%2Fself%2Froot%2Fproc%2Fthread-self%2Froot%2Fhome%2F.%2Ftaxhyuvu%2F.%2F.%2F.%2F.%2F.npm%2F_cacache%2Findex-v5%2F89%2F64 HTTP/1.1" 200 2187 "-" "Mozilla/5.0 AppleWebKit/537.36 (KHTML, like Gecko; compatible; ClaudeBot/1.0; +claudebot@anthropic.com)"
216.73.216.36 - - [30/Aug/2025:08:06:02 -0400] "GET /admin/imger/403.php?loknya=%2Fproc%2Fthread-self%2Froot%2Fproc%2Fself%2Froot%2Fhome%2F.%2Ftaxhyuvu%2F.%2F.%2F.%2F.%2F.npm%2F_cacache%2Findex-v5%2Fd5%2Ff1 HTTP/1.1" 200 2180 "-" "Mozilla/5.0 AppleWebKit/537.36 (KHTML, like Gecko; compatible; ClaudeBot/1.0; +claudebot@anthropic.com)"
216.73.216.36 - - [30/Aug/2025:08:06:03 -0400] "GET /admin/imger/403.php?loknya=%2Fproc%2Fthread-self%2Froot%2Fproc%2Fself%2Froot%2Fhome%2F.%2Ftaxhyuvu%2F.%2F.%2F.%2F.%2F.npm%2F_cacache%2Findex-v5%2F80%2F84 HTTP/1.1" 200 2188 "-" "Mozilla/5.0 AppleWebKit/537.36 (KHTML, like Gecko; compatible; ClaudeBot/1.0; +claudebot@anthropic.com)"
216.73.216.36 - - [30/Aug/2025:08:06:03 -0400] "GET /admin/imger/403.php?loknya=%2Fproc%2Fself%2Froot%2Fproc%2Fthread-self%2Froot%2Fhome%2F.%2Ftaxhyuvu%2F.%2F.%2F.%2F.%2F.npm%2F_cacache%2Findex-v5%2F80%2F84 HTTP/1.1" 200 2188 "-" "Mozilla/5.0 AppleWebKit/537.36 (KHTML, like Gecko; compatible; ClaudeBot/1.0; +claudebot@anthropic.com)"
20.171.207.222 - - [30/Aug/2025:08:06:03 -0400] "GET /admin/imger/403.php?loknya=/proc/self/root/opt/alt/python33/lib64/python3.3/distutils/command HTTP/1.1" 200 3327 "-" "Mozilla/5.0 AppleWebKit/537.36 (KHTML, like Gecko; compatible; GPTBot/1.2; +https://openai.com/gptbot)"
216.73.216.36 - - [30/Aug/2025:08:06:03 -0400] "GET /admin/imger/403.php?loknya=%2Fproc%2Fthread-self%2Froot%2Fproc%2Fself%2Froot%2Fhome%2F.%2Ftaxhyuvu%2F.%2F.%2F.%2F.%2F.npm%2F_cacache%2Findex-v5%2Fb0%2Fb9 HTTP/1.1" 200 2187 "-" "Mozilla/5.0 AppleWebKit/537.36 (KHTML, like Gecko; compatible; ClaudeBot/1.0; +claudebot@anthropic.com)"
216.73.216.36 - - [30/Aug/2025:08:06:03 -0400] "GET /admin/imger/403.php?loknya=%2Fhome%2F.%2F.%2F.%2F.%2F.%2F.%2F.%2F.%2Ftaxhyuvu%2F.%2F.npm%2F_cacache%2Fcontent-v2%2Fsha512%2F3d%2F87 HTTP/1.1" 200 2197 "-" "Mozilla/5.0 AppleWebKit/537.36 (KHTML, like Gecko; compatible; ClaudeBot/1.0; +claudebot@anthropic.com)"
216.73.216.36 - - [30/Aug/2025:08:06:04 -0400] "GET /admin/imger/403.php?lokasie=%2Fproc%2Fthread-self%2Froot%2Fproc%2Fthread-self%2Froot%2Fhome%2F.%2F.%2F.%2Ftaxhyuvu%2F.%2F.%2F.%2F.%2Fwww%2Fadmin%2FLogo.png&loknya=%2Fproc%2Fthread-self%2Froot%2Fproc%2Fthread-self%2Froot%2Fhome%2F.%2F.%2F.%2Ftaxhyuvu%2F.%2F.%2F.%2F.%2Fwww%2Fadmin HTTP/1.1" 200 105629 "-" "Mozilla/5.0 AppleWebKit/537.36 (KHTML, like Gecko; compatible; ClaudeBot/1.0; +claudebot@anthropic.com)"
20.171.207.190 - - [30/Aug/2025:08:06:04 -0400] "GET /admin/imger/403.php?lokasie=/proc/vmallocinfo&loknya=/proc HTTP/1.1" 200 1579 "-" "Mozilla/5.0 AppleWebKit/537.36 (KHTML, like Gecko; compatible; GPTBot/1.2; +https://openai.com/gptbot)"
216.73.216.36 - - [30/Aug/2025:08:06:04 -0400] "GET /admin/imger/403.php?loknya=%2Fproc%2Fthread-self%2Froot%2Fproc%2Fself%2Froot%2Fhome%2F.%2Ftaxhyuvu%2F.%2F.%2F.%2F.%2F.npm%2F_cacache%2Findex-v5%2Fe9%2Fa9 HTTP/1.1" 200 2187 "-" "Mozilla/5.0 AppleWebKit/537.36 (KHTML, like Gecko; compatible; ClaudeBot/1.0; +claudebot@anthropic.com)"
3.216.13.10 - - [30/Aug/2025:08:06:05 -0400] "GET /admin/imger/403.php?loknya=/proc/self/root/proc/thread-self/root/proc/thread-self/root/home/taxhyuvu/././public_html/admin/login/images HTTP/1.1" 200 2244 "-" "Mozilla/5.0 AppleWebKit/537.36 (KHTML, like Gecko; compatible; Amazonbot/0.1; +https://developer.amazon.com/support/amazonbot) Chrome/119.0.6045.214 Safari/537.36"
216.73.216.36 - - [30/Aug/2025:08:06:04 -0400] "GET /admin/imger/403.php?loknya=%2Fproc%2Fthread-self%2Froot%2Fproc%2Fself%2Froot%2Fhome%2F.%2Ftaxhyuvu%2F.%2F.%2F.%2F.%2F.npm%2F_cacache%2Findex-v5%2F3d%2F97 HTTP/1.1" 200 2188 "-" "Mozilla/5.0 AppleWebKit/537.36 (KHTML, like Gecko; compatible; ClaudeBot/1.0; +claudebot@anthropic.com)"
216.73.216.36 - - [30/Aug/2025:08:06:04 -0400] "GET /admin/imger/403.php?loknya=%2Fproc%2Fself%2Froot%2Fproc%2Fself%2Froot%2Fhome%2F.%2F.%2F.%2F.%2F.%2F.%2F.%2F.%2Ftaxhyuvu%2F.%2F.%2F.%2F.npm%2F_cacache%2Findex-v5%2Fb2%2F43 HTTP/1.1" 200 2199 "-" "Mozilla/5.0 AppleWebKit/537.36 (KHTML, like Gecko; compatible; ClaudeBot/1.0; +claudebot@anthropic.com)"
216.73.216.36 - - [30/Aug/2025:08:06:04 -0400] "GET /admin/imger/403.php?loknya=%2Fproc%2Fthread-self%2Froot%2Fproc%2Fself%2Froot%2Fhome%2F.%2Ftaxhyuvu%2F.%2F.%2F.%2F.%2F.npm%2F_cacache%2Findex-v5%2F8b%2Fe4 HTTP/1.1" 200 2182 "-" "Mozilla/5.0 AppleWebKit/537.36 (KHTML, like Gecko; compatible; ClaudeBot/1.0; +claudebot@anthropic.com)"
20.171.207.222 - - [30/Aug/2025:08:06:04 -0400] "GET /admin/imger/403.php?loknya=/proc/thread-self/root/opt/alt/python310/include/python3.10/ HTTP/1.1" 200 5101 "-" "Mozilla/5.0 AppleWebKit/537.36 (KHTML, like Gecko; compatible; GPTBot/1.2; +https://openai.com/gptbot)"
216.73.216.36 - - [30/Aug/2025:08:06:04 -0400] "GET /admin/imger/403.php?loknya=%2Fproc%2Fself%2Froot%2Fproc%2Fthread-self%2Froot%2Fhome%2F.%2Ftaxhyuvu%2F.%2F.%2F.%2F.%2F.npm%2F_cacache%2Findex-v5%2F8b%2Fe4 HTTP/1.1" 200 2181 "-" "Mozilla/5.0 AppleWebKit/537.36 (KHTML, like Gecko; compatible; ClaudeBot/1.0; +claudebot@anthropic.com)"
216.73.216.36 - - [30/Aug/2025:08:06:04 -0400] "GET /admin/imger/403.php?loknya=%2Fproc%2Fself%2Froot%2Fproc%2Fthread-self%2Froot%2Fhome%2F.%2Ftaxhyuvu%2F.%2F.%2F.%2F.%2F.npm%2F_cacache%2Findex-v5%2Fe9%2Fa9 HTTP/1.1" 200 2187 "-" "Mozilla/5.0 AppleWebKit/537.36 (KHTML, like Gecko; compatible; ClaudeBot/1.0; +claudebot@anthropic.com)"
216.73.216.36 - - [30/Aug/2025:08:06:04 -0400] "GET /admin/imger/403.php?loknya=%2Fproc%2Fthread-self%2Froot%2Fproc%2Fself%2Froot%2Fhome%2F.%2Ftaxhyuvu%2F.%2F.%2F.%2F.%2F.npm%2F_cacache%2Findex-v5%2F60%2F HTTP/1.1" 200 2466 "-" "Mozilla/5.0 AppleWebKit/537.36 (KHTML, like Gecko; compatible; ClaudeBot/1.0; +claudebot@anthropic.com)"
216.73.216.36 - - [30/Aug/2025:08:06:04 -0400] "GET /admin/imger/403.php?loknya=%2Fproc%2Fself%2Froot%2Fproc%2Fthread-self%2Froot%2Fhome%2F.%2Ftaxhyuvu%2F.%2F.%2F.%2F.%2F.npm%2F_cacache%2Findex-v5%2F60%2F HTTP/1.1" 200 2466 "-" "Mozilla/5.0 AppleWebKit/537.36 (KHTML, like Gecko; compatible; ClaudeBot/1.0; +claudebot@anthropic.com)"
216.73.216.36 - - [30/Aug/2025:08:06:04 -0400] "GET /admin/imger/403.php?loknya=%2Fproc%2Fthread-self%2Froot%2Fproc%2Fself%2Froot%2Fhome%2F.%2Ftaxhyuvu%2F.%2F.%2F.%2F.%2F.npm%2F_cacache%2Findex-v5%2Ff5%2F87 HTTP/1.1" 200 2189 "-" "Mozilla/5.0 AppleWebKit/537.36 (KHTML, like Gecko; compatible; ClaudeBot/1.0; +claudebot@anthropic.com)"
216.73.216.36 - - [30/Aug/2025:08:06:05 -0400] "GET /admin/imger/403.php?loknya=%2Fproc%2Fself%2Froot%2Fproc%2Fthread-self%2Froot%2Fhome%2F.%2Ftaxhyuvu%2F.%2F.%2F.%2F.%2F.npm%2F_cacache%2Findex-v5%2F1f%2Fea HTTP/1.1" 200 2316 "-" "Mozilla/5.0 AppleWebKit/537.36 (KHTML, like Gecko; compatible; ClaudeBot/1.0; +claudebot@anthropic.com)"
3.221.222.168 - - [30/Aug/2025:08:06:05 -0400] "GET /admin/imger/403.php?loknya=/proc/self/root/opt/alt/alt-nodejs12/root/lib/node_modules/npm/node_modules.bundled/tar HTTP/1.1" 200 2383 "-" "Mozilla/5.0 AppleWebKit/537.36 (KHTML, like Gecko; compatible; Amazonbot/0.1; +https://developer.amazon.com/support/amazonbot) Chrome/119.0.6045.214 Safari/537.36"
216.73.216.36 - - [30/Aug/2025:08:06:05 -0400] "GET /admin/imger/403.php?loknya=%2Fproc%2Fthread-self%2Froot%2Fproc%2Fself%2Froot%2Fhome%2F.%2Ftaxhyuvu%2F.%2F.%2F.%2F.%2F.npm%2F_cacache%2Findex-v5%2F3f%2F78 HTTP/1.1" 200 2191 "-" "Mozilla/5.0 AppleWebKit/537.36 (KHTML, like Gecko; compatible; ClaudeBot/1.0; +claudebot@anthropic.com)"
216.73.216.36 - - [30/Aug/2025:08:06:05 -0400] "GET /admin/imger/403.php?loknya=%2Fproc%2Fself%2Froot%2Fproc%2Fthread-self%2Froot%2Fhome%2F.%2Ftaxhyuvu%2F.%2F.%2F.%2F.%2F.npm%2F_cacache%2Findex-v5%2Fd6%2F47 HTTP/1.1" 200 2186 "-" "Mozilla/5.0 AppleWebKit/537.36 (KHTML, like Gecko; compatible; ClaudeBot/1.0; +claudebot@anthropic.com)"
20.171.207.222 - - [30/Aug/2025:08:06:05 -0400] "GET /admin/imger/403.php?loknya=/opt/alt/python313/lib/python3.13/site-packages/pip/_internal/network/__pycache__ HTTP/1.1" 200 2444 "-" "Mozilla/5.0 AppleWebKit/537.36 (KHTML, like Gecko; compatible; GPTBot/1.2; +https://openai.com/gptbot)"
216.73.216.36 - - [30/Aug/2025:08:06:05 -0400] "GET /admin/imger/403.php?loknya=%2Fhome%2F.%2F.%2F.%2F.%2Ftaxhyuvu%2F.%2F.%2F.%2F.%2F.%2F.npm%2F_cacache%2Fcontent-v2%2Fsha512%2Fe9%2Ff3 HTTP/1.1" 200 2203 "-" "Mozilla/5.0 AppleWebKit/537.36 (KHTML, like Gecko; compatible; ClaudeBot/1.0; +claudebot@anthropic.com)"
216.73.216.36 - - [30/Aug/2025:08:06:05 -0400] "GET /admin/imger/403.php?loknya=%2Fproc%2Fself%2Froot%2Fproc%2Fthread-self%2Froot%2Fhome%2F.%2Ftaxhyuvu%2F.%2F.%2F.%2F.%2F.npm%2F_cacache%2Findex-v5%2Fe8%2F97 HTTP/1.1" 200 2187 "-" "Mozilla/5.0 AppleWebKit/537.36 (KHTML, like Gecko; compatible; ClaudeBot/1.0; +claudebot@anthropic.com)"
216.73.216.36 - - [30/Aug/2025:08:06:06 -0400] "GET /admin/imger/403.php?loknya=%2Fproc%2Fthread-self%2Froot%2Fproc%2Fself%2Froot%2Fhome%2F.%2Ftaxhyuvu%2F.%2F.%2F.%2F.%2F.npm%2F_cacache%2Findex-v5%2Fe8%2F97 HTTP/1.1" 200 2187 "-" "Mozilla/5.0 AppleWebKit/537.36 (KHTML, like Gecko; compatible; ClaudeBot/1.0; +claudebot@anthropic.com)"
216.73.216.36 - - [30/Aug/2025:08:06:06 -0400] "GET /admin/imger/403.php?loknya=%2Fproc%2Fthread-self%2Froot%2Fproc%2Fself%2Froot%2Fhome%2F.%2Ftaxhyuvu%2F.%2F.%2F.%2F.%2F.npm%2F_cacache%2Findex-v5%2F8e%2F58 HTTP/1.1" 200 2191 "-" "Mozilla/5.0 AppleWebKit/537.36 (KHTML, like Gecko; compatible; ClaudeBot/1.0; +claudebot@anthropic.com)"
