207.154.220.84 - - [26/Jul/2025:02:29:59 -0400] "GET /wp-content/plugins/HelloDollyV2/hello_dolly_v2.php HTTP/1.1" 301 795 "www.google.com" "Mozilla/5.0 (Linux; Android 7.0; SM-G892A Build/NRD90M; wv) AppleWebKit/537.36 (KHTML, like Gecko) Version/4.0 Chrome/60.0.3112.107 Mobile Safari/537.36"
156.253.166.69 - - [26/Jul/2025:02:33:37 -0400] "GET /wp-json/wp/v2/users HTTP/1.1" 301 795 "https://www.google.com" "Mozilla/5.0 (X11; Linux x86_64) AppleWebKit/537.36 (KHTML, like Gecko) Chrome/119.0.0.0 Safari/537.36"
216.244.66.203 - - [26/Jul/2025:02:37:40 -0400] "GET /robots.txt HTTP/1.1" 301 795 "-" "Mozilla/5.0 (compatible; DotBot/1.2; +https://opensiteexplorer.org/dotbot; help@moz.com)"
216.244.66.203 - - [26/Jul/2025:02:37:40 -0400] "GET /robots.txt HTTP/1.1" 301 795 "-" "Mozilla/5.0 (compatible; DotBot/1.2; +https://opensiteexplorer.org/dotbot; help@moz.com)"
43.153.86.78 - - [26/Jul/2025:02:51:21 -0400] "GET / HTTP/1.1" 301 795 "-" "Mozilla/5.0 (iPhone; CPU iPhone OS 13_2_3 like Mac OS X) AppleWebKit/605.1.15 (KHTML, like Gecko) Version/13.0.3 Mobile/15E148 Safari/604.1"
216.244.66.236 - - [26/Jul/2025:02:56:46 -0400] "GET /robots.txt HTTP/1.1" 301 795 "-" "Mozilla/5.0 (compatible; DotBot/1.2; +https://opensiteexplorer.org/dotbot; help@moz.com)"
43.130.60.195 - - [26/Jul/2025:02:58:52 -0400] "GET / HTTP/1.1" 301 795 "-" "Mozilla/5.0 (iPhone; CPU iPhone OS 13_2_3 like Mac OS X) AppleWebKit/605.1.15 (KHTML, like Gecko) Version/13.0.3 Mobile/15E148 Safari/604.1"
216.244.66.236 - - [26/Jul/2025:02:56:46 -0400] "GET /robots.txt HTTP/1.1" 301 795 "-" "Mozilla/5.0 (compatible; DotBot/1.2; +https://opensiteexplorer.org/dotbot; help@moz.com)"
94.130.151.174 - - [26/Jul/2025:03:15:41 -0400] "HEAD /public_html.zip HTTP/1.1" 301 0 "-" "-"
66.249.79.133 - - [26/Jul/2025:03:16:49 -0400] "GET /robots.txt HTTP/1.1" 301 795 "-" "Mozilla/5.0 (compatible; Googlebot/2.1; +http://www.google.com/bot.html)"
66.249.79.131 - - [26/Jul/2025:03:16:49 -0400] "GET /ads.txt HTTP/1.1" 301 795 "-" "Google-adstxt"
94.130.151.174 - - [26/Jul/2025:03:15:39 -0400] "HEAD /archive.zip HTTP/1.1" 301 0 "-" "-"
94.130.151.174 - - [26/Jul/2025:03:15:40 -0400] "HEAD /Backup.zip HTTP/1.1" 301 0 "-" "-"
94.130.151.174 - - [26/Jul/2025:03:15:41 -0400] "HEAD /wordpress.zip HTTP/1.1" 301 0 "-" "-"
101.44.186.165 - - [26/Jul/2025:03:19:40 -0400] "GET /news_detaill?id=638 HTTP/1.1" 301 795 "http://taxhelplines.pk/news_detaill?id=638" "Mozilla/5.0 (Windows NT 10.0; Win64; x64) AppleWebKit/537.36 (KHTML, like Gecko) Chrome/101.0.4951.67 Safari/537.36"
2a06:98c0:3600::103 - - [26/Jul/2025:03:23:13 -0400] "GET /wordpress/wp-admin/setup-config.php HTTP/1.1" 301 795 "-" "Mozilla/5.0 (Windows NT 10.0; Win64; x64) AppleWebKit/537.36 (KHTML, like Gecko) Chrome/138.0.0.0 Safari/537.36"
2a06:98c0:3600::103 - - [26/Jul/2025:03:26:44 -0400] "GET /wordpress/wp-admin/setup-config.php HTTP/1.1" 301 795 "-" "Mozilla/5.0 (Windows NT 10.0; Win64; x64) AppleWebKit/537.36 (KHTML, like Gecko) Chrome/138.0.0.0 Safari/537.36"
34.194.233.48 - - [26/Jul/2025:03:27:03 -0400] "GET /robots.txt HTTP/1.1" 301 795 "-" "Mozilla/5.0 AppleWebKit/537.36 (KHTML, like Gecko; compatible; Amazonbot/0.1; +https://developer.amazon.com/support/amazonbot) Chrome/119.0.6045.214 Safari/537.36"
2a06:98c0:3600::103 - - [26/Jul/2025:03:28:36 -0400] "GET /wp-admin/setup-config.php HTTP/1.1" 301 795 "-" "Mozilla/5.0 (Windows NT 10.0; Win64; x64) AppleWebKit/537.36 (KHTML, like Gecko) Chrome/138.0.0.0 Safari/537.36"
2a06:98c0:3600::103 - - [26/Jul/2025:03:23:58 -0400] "GET /wp-admin/setup-config.php HTTP/1.1" 301 795 "-" "Mozilla/5.0 (Windows NT 10.0; Win64; x64) AppleWebKit/537.36 (KHTML, like Gecko) Chrome/138.0.0.0 Safari/537.36"
57.141.2.1 - - [26/Jul/2025:03:24:10 -0400] "GET /federalexcise HTTP/1.1" 301 795 "-" "meta-externalagent/1.1 (+https://developers.facebook.com/docs/sharing/webmasters/crawler)"
2a06:98c0:3600::103 - - [26/Jul/2025:03:26:49 -0400] "GET /wp-admin/setup-config.php HTTP/1.1" 301 795 "-" "Mozilla/5.0 (Windows NT 10.0; Win64; x64) AppleWebKit/537.36 (KHTML, like Gecko) Chrome/138.0.0.0 Safari/537.36"
44.207.252.58 - - [26/Jul/2025:03:27:03 -0400] "GET /ordinance?tax=Sales%20Tax HTTP/1.1" 301 795 "-" "Mozilla/5.0 AppleWebKit/537.36 (KHTML, like Gecko; compatible; Amazonbot/0.1; +https://developer.amazon.com/support/amazonbot) Chrome/119.0.6045.214 Safari/537.36"
44.246.235.9 - - [26/Jul/2025:03:30:10 -0400] "GET /robots.txt HTTP/1.1" 301 795 "-" "HawaiiBot"
216.244.66.203 - - [26/Jul/2025:03:40:49 -0400] "GET /robots.txt HTTP/1.1" 301 795 "-" "Mozilla/5.0 (compatible; DotBot/1.2; +https://opensiteexplorer.org/dotbot; help@moz.com)"
52.167.144.158 - - [26/Jul/2025:03:39:07 -0400] "GET /public_html/frontend/image/sro/sro_S.R.O.833(I)2018.pdf HTTP/1.1" 301 795 "-" "Mozilla/5.0 AppleWebKit/537.36 (KHTML, like Gecko; compatible; bingbot/2.0; +http://www.bing.com/bingbot.htm) Chrome/116.0.1938.76 Safari/537.36"
216.244.66.203 - - [26/Jul/2025:03:40:49 -0400] "GET /robots.txt HTTP/1.1" 301 795 "-" "Mozilla/5.0 (compatible; DotBot/1.2; +https://opensiteexplorer.org/dotbot; help@moz.com)"
216.244.66.236 - - [26/Jul/2025:03:41:10 -0400] "GET /robots.txt HTTP/1.1" 301 795 "-" "Mozilla/5.0 (compatible; DotBot/1.2; +https://opensiteexplorer.org/dotbot; help@moz.com)"
216.244.66.236 - - [26/Jul/2025:03:41:10 -0400] "GET /robots.txt HTTP/1.1" 301 795 "-" "Mozilla/5.0 (compatible; DotBot/1.2; +https://opensiteexplorer.org/dotbot; help@moz.com)"
111.119.251.162 - - [26/Jul/2025:03:59:02 -0400] "GET /viewjudgment?id=5738 HTTP/1.1" 301 795 "-" "Mozilla/5.0 (Macintosh; Intel Mac OS X 10_14_6) AppleWebKit/537.36 (KHTML, like Gecko) Chrome/129.0.0.0 Safari/537.36"
185.195.233.153 - - [26/Jul/2025:04:03:09 -0400] "GET /.env HTTP/1.1" 301 795 "-" "-"
185.195.233.153 - - [26/Jul/2025:04:03:13 -0400] "GET /.env HTTP/1.1" 301 795 "-" "-"
216.244.66.236 - - [26/Jul/2025:04:26:06 -0400] "GET /robots.txt HTTP/1.1" 301 795 "-" "Mozilla/5.0 (compatible; DotBot/1.2; +https://opensiteexplorer.org/dotbot; help@moz.com)"
216.244.66.203 - - [26/Jul/2025:04:26:41 -0400] "GET /robots.txt HTTP/1.1" 301 795 "-" "Mozilla/5.0 (compatible; DotBot/1.2; +https://opensiteexplorer.org/dotbot; help@moz.com)"
52.167.144.234 - - [26/Jul/2025:04:30:48 -0400] "GET /viewreport?id=575 HTTP/1.1" 301 795 "-" "Mozilla/5.0 AppleWebKit/537.36 (KHTML, like Gecko; compatible; bingbot/2.0; +http://www.bing.com/bingbot.htm) Chrome/116.0.1938.76 Safari/537.36"
216.244.66.203 - - [26/Jul/2025:04:26:43 -0400] "GET /robots.txt HTTP/1.1" 301 795 "-" "Mozilla/5.0 (compatible; DotBot/1.2; +https://opensiteexplorer.org/dotbot; help@moz.com)"
156.248.83.106 - - [26/Jul/2025:04:37:44 -0400] "GET /wp-json/wp/v2/users HTTP/1.1" 301 795 "https://www.google.com" "Mozilla/5.0 (X11; Linux x86_64) AppleWebKit/537.36 (KHTML, like Gecko) Chrome/119.0.0.0 Safari/537.36"
46.250.160.91 - - [26/Jul/2025:04:38:08 -0400] "GET /viewjudgment?id=5738 HTTP/1.1" 301 795 "-" "Mozilla/5.0 (iPhone; CPU iPhone OS 16_0 like Mac OS X) AppleWebKit/605.1.15 (KHTML, like Gecko) Version/18.0 Mobile/15E148 Safari/604.1"
69.171.249.7 - - [26/Jul/2025:04:38:35 -0400] "GET /robots.txt HTTP/1.1" 301 795 "-" "facebookexternalhit/1.1 (+http://www.facebook.com/externalhit_uatext.php)"
147.185.132.30 - - [26/Jul/2025:04:57:56 -0400] "GET / HTTP/1.1" 301 795 "-" "Hello from Palo Alto Networks, find out more about our scans in https://docs-cortex.paloaltonetworks.com/r/1/Cortex-Xpanse/Scanning-activity"
216.244.66.203 - - [26/Jul/2025:05:13:09 -0400] "GET /robots.txt HTTP/1.1" 301 795 "-" "Mozilla/5.0 (compatible; DotBot/1.2; +https://opensiteexplorer.org/dotbot; help@moz.com)"
216.244.66.236 - - [26/Jul/2025:05:10:18 -0400] "GET /robots.txt HTTP/1.1" 301 795 "-" "Mozilla/5.0 (compatible; DotBot/1.2; +https://opensiteexplorer.org/dotbot; help@moz.com)"
216.244.66.203 - - [26/Jul/2025:05:13:09 -0400] "GET /robots.txt HTTP/1.1" 301 795 "-" "Mozilla/5.0 (compatible; DotBot/1.2; +https://opensiteexplorer.org/dotbot; help@moz.com)"
198.199.72.40 - - [26/Jul/2025:05:15:12 -0400] "GET / HTTP/1.1" 301 795 "-" "Mozilla/5.0 (X11; Linux x86_64; rv:137.0) Gecko/20100101 Firefox/137.0"
198.199.72.40 - - [26/Jul/2025:05:15:13 -0400] "GET /favicon.ico HTTP/1.1" 301 795 "http://customshelpline.com.pk/" "Mozilla/5.0 (X11; Linux x86_64; rv:137.0) Gecko/20100101 Firefox/137.0"
43.167.241.46 - - [26/Jul/2025:05:16:39 -0400] "GET / HTTP/1.1" 301 795 "-" "Mozilla/5.0 (iPhone; CPU iPhone OS 13_2_3 like Mac OS X) AppleWebKit/605.1.15 (KHTML, like Gecko) Version/13.0.3 Mobile/15E148 Safari/604.1"
40.77.167.116 - - [26/Jul/2025:05:30:33 -0400] "GET /viewreport?id=550 HTTP/1.1" 301 795 "-" "Mozilla/5.0 AppleWebKit/537.36 (KHTML, like Gecko; compatible; bingbot/2.0; +http://www.bing.com/bingbot.htm) Chrome/116.0.1938.76 Safari/537.36"
45.89.70.31 - - [26/Jul/2025:05:27:36 -0400] "GET / HTTP/1.0" 301 795 "http://taxhelplines.pk/" "Mozilla/5.0 (Windows NT 10.0; Win64; x64) AppleWebKit/537.36 (KHTML, like Gecko) Chrome/129.0.0.0 Safari/537.36"
185.195.233.153 - - [26/Jul/2025:05:36:00 -0400] "GET /.env HTTP/1.1" 301 795 "-" "-"
66.249.79.74 - - [26/Jul/2025:05:46:40 -0400] "GET /ads.txt HTTP/1.1" 200 58 "-" "Mozilla/5.0 (compatible; Googlebot/2.1; +http://www.google.com/bot.html)"
170.106.84.136 - - [26/Jul/2025:05:47:51 -0400] "GET / HTTP/1.1" 301 795 "-" "Mozilla/5.0 (iPhone; CPU iPhone OS 13_2_3 like Mac OS X) AppleWebKit/605.1.15 (KHTML, like Gecko) Version/13.0.3 Mobile/15E148 Safari/604.1"
142.202.190.32 - - [26/Jul/2025:05:48:42 -0400] "POST / HTTP/1.1" 301 795 "-" "python-requests/2.26.0"
4.227.36.111 - - [26/Jul/2025:05:33:16 -0400] "GET /robots.txt HTTP/1.1" 301 795 "-" "Mozilla/5.0 AppleWebKit/537.36 (KHTML, like Gecko; compatible; GPTBot/1.2; +https://openai.com/gptbot)"
185.195.233.153 - - [26/Jul/2025:05:36:00 -0400] "GET /.env HTTP/1.1" 301 795 "-" "-"
142.202.190.32 - - [26/Jul/2025:05:48:41 -0400] "GET /.env HTTP/1.1" 301 795 "-" "python-requests/2.26.0"
173.252.83.9 - - [26/Jul/2025:05:55:12 -0400] "GET /robots.txt HTTP/1.1" 301 795 "-" "facebookexternalhit/1.1 (+http://www.facebook.com/externalhit_uatext.php)"
173.252.83.15 - - [26/Jul/2025:05:55:13 -0400] "GET /contact HTTP/1.1" 301 795 "-" "facebookexternalhit/1.1 (+http://www.facebook.com/externalhit_uatext.php)"
216.244.66.203 - - [26/Jul/2025:06:01:08 -0400] "GET /robots.txt HTTP/1.1" 301 795 "-" "Mozilla/5.0 (compatible; DotBot/1.2; +https://opensiteexplorer.org/dotbot; help@moz.com)"
216.244.66.236 - - [26/Jul/2025:05:55:26 -0400] "GET /robots.txt HTTP/1.1" 301 795 "-" "Mozilla/5.0 (compatible; DotBot/1.2; +https://opensiteexplorer.org/dotbot; help@moz.com)"
216.244.66.236 - - [26/Jul/2025:05:55:27 -0400] "GET /robots.txt HTTP/1.1" 301 795 "-" "Mozilla/5.0 (compatible; DotBot/1.2; +https://opensiteexplorer.org/dotbot; help@moz.com)"
216.244.66.203 - - [26/Jul/2025:06:01:08 -0400] "GET /robots.txt HTTP/1.1" 301 795 "-" "Mozilla/5.0 (compatible; DotBot/1.2; +https://opensiteexplorer.org/dotbot; help@moz.com)"
2a06:98c0:3600::103 - - [26/Jul/2025:06:02:36 -0400] "GET /wp-admin/setup-config.php HTTP/1.1" 301 795 "-" "Mozilla/5.0 (Windows NT 10.0; Win64; x64) AppleWebKit/537.36 (KHTML, like Gecko) Chrome/138.0.0.0 Safari/537.36"
2a06:98c0:3600::103 - - [26/Jul/2025:06:03:26 -0400] "GET /wp-admin/setup-config.php HTTP/1.1" 301 795 "-" "Mozilla/5.0 (Windows NT 10.0; Win64; x64) AppleWebKit/537.36 (KHTML, like Gecko) Chrome/138.0.0.0 Safari/537.36"
2a06:98c0:3600::103 - - [26/Jul/2025:06:04:46 -0400] "GET /wordpress/wp-admin/setup-config.php HTTP/1.1" 301 795 "-" "Mozilla/5.0 (Windows NT 10.0; Win64; x64) AppleWebKit/537.36 (KHTML, like Gecko) Chrome/138.0.0.0 Safari/537.36"
2a06:98c0:3600::103 - - [26/Jul/2025:06:06:18 -0400] "GET /wordpress/wp-admin/setup-config.php HTTP/1.1" 301 795 "-" "Mozilla/5.0 (Windows NT 10.0; Win64; x64) AppleWebKit/537.36 (KHTML, like Gecko) Chrome/138.0.0.0 Safari/537.36"
176.126.103.125 - - [26/Jul/2025:06:16:52 -0400] "GET /test.php HTTP/1.1" 301 795 "-" "Mozilla/5.0 (Windows NT 10.0; Win64; x64) AppleWebKit/537.36 (KHTML, like Gecko) Chrome/91.0.4472.124 Safari/537.36"
176.126.103.125 - - [26/Jul/2025:06:16:54 -0400] "GET /info.php HTTP/1.1" 301 795 "-" "Mozilla/5.0 (Windows NT 10.0; Win64; x64) AppleWebKit/537.36 (KHTML, like Gecko) Chrome/91.0.4472.124 Safari/537.36"
176.126.103.125 - - [26/Jul/2025:06:16:54 -0400] "GET /php.php HTTP/1.1" 301 795 "-" "Mozilla/5.0 (Windows NT 10.0; Win64; x64) AppleWebKit/537.36 (KHTML, like Gecko) Chrome/91.0.4472.124 Safari/537.36"
176.126.103.125 - - [26/Jul/2025:06:16:55 -0400] "GET /php_info.php HTTP/1.1" 301 795 "-" "Mozilla/5.0 (Windows NT 10.0; Win64; x64) AppleWebKit/537.36 (KHTML, like Gecko) Chrome/91.0.4472.124 Safari/537.36"
176.126.103.125 - - [26/Jul/2025:06:16:55 -0400] "GET /i.php HTTP/1.1" 301 795 "-" "Mozilla/5.0 (X11; Linux x86_64) AppleWebKit/537.36 (KHTML, like Gecko) Chrome/91.0.4472.124 Safari/537.36"
176.126.103.125 - - [26/Jul/2025:06:16:56 -0400] "GET /config.phpinfo HTTP/1.1" 301 795 "-" "Mozilla/5.0 (Macintosh; Intel Mac OS X 10_15_7) AppleWebKit/537.36 (KHTML, like Gecko) Chrome/91.0.4472.124 Safari/537.36"
176.126.103.125 - - [26/Jul/2025:06:16:57 -0400] "GET /admin/phpinfo.php HTTP/1.1" 301 795 "-" "Mozilla/5.0 (X11; Linux x86_64) AppleWebKit/537.36 (KHTML, like Gecko) Chrome/91.0.4472.124 Safari/537.36"
176.126.103.125 - - [26/Jul/2025:06:16:57 -0400] "GET /.aws/credentials HTTP/1.1" 301 795 "-" "Mozilla/5.0 (Macintosh; Intel Mac OS X 10_15_7) AppleWebKit/537.36 (KHTML, like Gecko) Chrome/91.0.4472.124 Safari/537.36"
176.126.103.125 - - [26/Jul/2025:06:16:58 -0400] "GET /pinfo.php HTTP/1.1" 301 795 "-" "Mozilla/5.0 (Windows NT 10.0; Win64; x64) AppleWebKit/537.36 (KHTML, like Gecko) Chrome/91.0.4472.124 Safari/537.36"
176.126.103.125 - - [26/Jul/2025:06:16:59 -0400] "GET /phpinfo2.php HTTP/1.1" 301 795 "-" "Mozilla/5.0 (Windows NT 10.0; Win64; x64) AppleWebKit/537.36 (KHTML, like Gecko) Chrome/91.0.4472.124 Safari/537.36"
20.171.207.104 - - [26/Jul/2025:06:19:55 -0400] "GET /admin/imger/403.php?lokasie=%2Fhome%2Ftaxhyuvu%2Fpublic_html%2Fadmin%2Fimger%2F1648938399_62-vsegda-pomnim-com-p-lesa-pakistana-foto-68.jpg&loknya=%2Fhome%2Ftaxhyuvu%2Fpublic_html%2Fadmin%2Fimger HTTP/1.1" 301 795 "-" "Mozilla/5.0 AppleWebKit/537.36 (KHTML, like Gecko; compatible; GPTBot/1.2; +https://openai.com/gptbot)"
142.202.190.32 - - [26/Jul/2025:06:14:20 -0400] "GET /.env HTTP/1.1" 301 795 "-" "python-requests/2.26.0"
176.126.103.125 - - [26/Jul/2025:06:16:42 -0400] "GET /phpinfo HTTP/1.1" 301 795 "-" "Mozilla/5.0 (Windows NT 10.0; Win64; x64) AppleWebKit/537.36 (KHTML, like Gecko) Chrome/91.0.4472.124 Safari/537.36"
176.126.103.125 - - [26/Jul/2025:06:16:51 -0400] "GET /phpinfo.php HTTP/1.1" 301 795 "-" "Mozilla/5.0 (Windows NT 10.0; Win64; x64) AppleWebKit/537.36 (KHTML, like Gecko) Chrome/91.0.4472.124 Safari/537.36"
176.126.103.125 - - [26/Jul/2025:06:16:53 -0400] "GET /_profiler/phpinfo HTTP/1.1" 301 795 "-" "Mozilla/5.0 (Macintosh; Intel Mac OS X 10_15_7) AppleWebKit/537.36 (KHTML, like Gecko) Chrome/91.0.4472.124 Safari/537.36"
176.126.103.125 - - [26/Jul/2025:06:16:56 -0400] "GET /pi.php HTTP/1.1" 301 795 "-" "Mozilla/5.0 (X11; Linux x86_64) AppleWebKit/537.36 (KHTML, like Gecko) Chrome/91.0.4472.124 Safari/537.36"
176.126.103.125 - - [26/Jul/2025:06:16:59 -0400] "GET /php_version.php HTTP/1.1" 301 795 "-" "Mozilla/5.0 (X11; Linux x86_64) AppleWebKit/537.36 (KHTML, like Gecko) Chrome/91.0.4472.124 Safari/537.36"
176.126.103.125 - - [26/Jul/2025:06:17:00 -0400] "GET /version.php HTTP/1.1" 301 795 "-" "Mozilla/5.0 (X11; Linux x86_64) AppleWebKit/537.36 (KHTML, like Gecko) Chrome/91.0.4472.124 Safari/537.36"
176.126.103.125 - - [26/Jul/2025:06:17:01 -0400] "GET /server-info.php HTTP/1.1" 301 795 "-" "Mozilla/5.0 (Macintosh; Intel Mac OS X 10_15_7) AppleWebKit/537.36 (KHTML, like Gecko) Chrome/91.0.4472.124 Safari/537.36"
176.126.103.125 - - [26/Jul/2025:06:17:01 -0400] "GET /env.php HTTP/1.1" 301 795 "-" "Mozilla/5.0 (Windows NT 10.0; Win64; x64) AppleWebKit/537.36 (KHTML, like Gecko) Chrome/91.0.4472.124 Safari/537.36"
176.126.103.125 - - [26/Jul/2025:06:17:02 -0400] "GET /init.php HTTP/1.1" 301 795 "-" "Mozilla/5.0 (X11; Linux x86_64) AppleWebKit/537.36 (KHTML, like Gecko) Chrome/91.0.4472.124 Safari/537.36"
4.227.36.17 - - [26/Jul/2025:06:19:45 -0400] "GET /robots.txt HTTP/1.1" 301 795 "-" "Mozilla/5.0 AppleWebKit/537.36 (KHTML, like Gecko; compatible; GPTBot/1.2; +https://openai.com/gptbot)"
20.171.207.104 - - [26/Jul/2025:06:20:00 -0400] "GET /admin/imger/403.php?loknya=%2Fopt%2Falt%2Fpcre802%2Fusr%2Fshare%2Fdoc%2Falt-pcre802 HTTP/1.1" 301 795 "-" "Mozilla/5.0 AppleWebKit/537.36 (KHTML, like Gecko; compatible; GPTBot/1.2; +https://openai.com/gptbot)"
176.126.103.125 - - [26/Jul/2025:06:23:13 -0400] "GET /phpinfo HTTP/1.1" 301 795 "-" "Mozilla/5.0 (X11; Linux x86_64) AppleWebKit/537.36 (KHTML, like Gecko) Chrome/91.0.4472.124 Safari/537.36"
176.126.103.125 - - [26/Jul/2025:06:23:24 -0400] "GET /test.php HTTP/1.1" 301 795 "-" "Mozilla/5.0 (X11; Linux x86_64) AppleWebKit/537.36 (KHTML, like Gecko) Chrome/91.0.4472.124 Safari/537.36"
176.126.103.125 - - [26/Jul/2025:06:23:24 -0400] "GET /_profiler/phpinfo HTTP/1.1" 301 795 "-" "Mozilla/5.0 (Macintosh; Intel Mac OS X 10_15_7) AppleWebKit/537.36 (KHTML, like Gecko) Chrome/91.0.4472.124 Safari/537.36"
176.126.103.125 - - [26/Jul/2025:06:23:26 -0400] "GET /php_info.php HTTP/1.1" 301 795 "-" "Mozilla/5.0 (Windows NT 10.0; Win64; x64) AppleWebKit/537.36 (KHTML, like Gecko) Chrome/91.0.4472.124 Safari/537.36"
176.126.103.125 - - [26/Jul/2025:06:23:28 -0400] "GET /config.phpinfo HTTP/1.1" 301 795 "-" "Mozilla/5.0 (X11; Linux x86_64) AppleWebKit/537.36 (KHTML, like Gecko) Chrome/91.0.4472.124 Safari/537.36"
176.126.103.125 - - [26/Jul/2025:06:23:29 -0400] "GET /pinfo.php HTTP/1.1" 301 795 "-" "Mozilla/5.0 (Macintosh; Intel Mac OS X 10_15_7) AppleWebKit/537.36 (KHTML, like Gecko) Chrome/91.0.4472.124 Safari/537.36"
176.126.103.125 - - [26/Jul/2025:06:23:30 -0400] "GET /phpinfo2.php HTTP/1.1" 301 795 "-" "Mozilla/5.0 (X11; Linux x86_64) AppleWebKit/537.36 (KHTML, like Gecko) Chrome/91.0.4472.124 Safari/537.36"
176.126.103.125 - - [26/Jul/2025:06:23:31 -0400] "GET /php_version.php HTTP/1.1" 301 795 "-" "Mozilla/5.0 (Windows NT 10.0; Win64; x64) AppleWebKit/537.36 (KHTML, like Gecko) Chrome/91.0.4472.124 Safari/537.36"
176.126.103.125 - - [26/Jul/2025:06:23:31 -0400] "GET /test.php HTTP/1.1" 301 795 "-" "Mozilla/5.0 (Macintosh; Intel Mac OS X 10_15_7) AppleWebKit/537.36 (KHTML, like Gecko) Chrome/91.0.4472.124 Safari/537.36"
176.126.103.125 - - [26/Jul/2025:06:23:41 -0400] "GET /_profiler/phpinfo HTTP/1.1" 301 795 "-" "Mozilla/5.0 (Macintosh; Intel Mac OS X 10_15_7) AppleWebKit/537.36 (KHTML, like Gecko) Chrome/91.0.4472.124 Safari/537.36"
176.126.103.125 - - [26/Jul/2025:06:23:42 -0400] "GET /env.php HTTP/1.1" 301 795 "-" "Mozilla/5.0 (Windows NT 10.0; Win64; x64) AppleWebKit/537.36 (KHTML, like Gecko) Chrome/91.0.4472.124 Safari/537.36"
176.126.103.125 - - [26/Jul/2025:06:23:52 -0400] "GET /init.php HTTP/1.1" 301 795 "-" "Mozilla/5.0 (X11; Linux x86_64) AppleWebKit/537.36 (KHTML, like Gecko) Chrome/91.0.4472.124 Safari/537.36"
176.126.103.125 - - [26/Jul/2025:06:23:52 -0400] "GET /php_info.php HTTP/1.1" 301 795 "-" "Mozilla/5.0 (X11; Linux x86_64) AppleWebKit/537.36 (KHTML, like Gecko) Chrome/91.0.4472.124 Safari/537.36"
176.126.103.125 - - [26/Jul/2025:06:23:53 -0400] "GET /pi.php HTTP/1.1" 301 795 "-" "Mozilla/5.0 (Windows NT 10.0; Win64; x64) AppleWebKit/537.36 (KHTML, like Gecko) Chrome/91.0.4472.124 Safari/537.36"
176.126.103.125 - - [26/Jul/2025:06:23:54 -0400] "GET /config.phpinfo HTTP/1.1" 301 795 "-" "Mozilla/5.0 (Macintosh; Intel Mac OS X 10_15_7) AppleWebKit/537.36 (KHTML, like Gecko) Chrome/91.0.4472.124 Safari/537.36"
176.126.103.125 - - [26/Jul/2025:06:23:55 -0400] "GET /admin/phpinfo.php HTTP/1.1" 301 795 "-" "Mozilla/5.0 (X11; Linux x86_64) AppleWebKit/537.36 (KHTML, like Gecko) Chrome/91.0.4472.124 Safari/537.36"
176.126.103.125 - - [26/Jul/2025:06:23:56 -0400] "GET /phpinfo2.php HTTP/1.1" 301 795 "-" "Mozilla/5.0 (Macintosh; Intel Mac OS X 10_15_7) AppleWebKit/537.36 (KHTML, like Gecko) Chrome/91.0.4472.124 Safari/537.36"
176.126.103.125 - - [26/Jul/2025:06:23:57 -0400] "GET /php_version.php HTTP/1.1" 301 795 "-" "Mozilla/5.0 (Windows NT 10.0; Win64; x64) AppleWebKit/537.36 (KHTML, like Gecko) Chrome/91.0.4472.124 Safari/537.36"
176.126.103.125 - - [26/Jul/2025:06:23:58 -0400] "GET /server-info.php HTTP/1.1" 301 795 "-" "Mozilla/5.0 (Windows NT 10.0; Win64; x64) AppleWebKit/537.36 (KHTML, like Gecko) Chrome/91.0.4472.124 Safari/537.36"
176.126.103.125 - - [26/Jul/2025:06:23:14 -0400] "GET /phpinfo.php HTTP/1.1" 301 795 "-" "Mozilla/5.0 (X11; Linux x86_64) AppleWebKit/537.36 (KHTML, like Gecko) Chrome/91.0.4472.124 Safari/537.36"
176.126.103.125 - - [26/Jul/2025:06:23:25 -0400] "GET /info.php HTTP/1.1" 301 795 "-" "Mozilla/5.0 (X11; Linux x86_64) AppleWebKit/537.36 (KHTML, like Gecko) Chrome/91.0.4472.124 Safari/537.36"
176.126.103.125 - - [26/Jul/2025:06:23:25 -0400] "GET /php.php HTTP/1.1" 301 795 "-" "Mozilla/5.0 (X11; Linux x86_64) AppleWebKit/537.36 (KHTML, like Gecko) Chrome/91.0.4472.124 Safari/537.36"
176.126.103.125 - - [26/Jul/2025:06:23:27 -0400] "GET /i.php HTTP/1.1" 301 795 "-" "Mozilla/5.0 (Windows NT 10.0; Win64; x64) AppleWebKit/537.36 (KHTML, like Gecko) Chrome/91.0.4472.124 Safari/537.36"
176.126.103.125 - - [26/Jul/2025:06:23:27 -0400] "GET /pi.php HTTP/1.1" 301 795 "-" "Mozilla/5.0 (Windows NT 10.0; Win64; x64) AppleWebKit/537.36 (KHTML, like Gecko) Chrome/91.0.4472.124 Safari/537.36"
176.126.103.125 - - [26/Jul/2025:06:23:28 -0400] "GET /admin/phpinfo.php HTTP/1.1" 301 795 "-" "Mozilla/5.0 (Windows NT 10.0; Win64; x64) AppleWebKit/537.36 (KHTML, like Gecko) Chrome/91.0.4472.124 Safari/537.36"
176.126.103.125 - - [26/Jul/2025:06:23:29 -0400] "GET /.aws/credentials HTTP/1.1" 301 795 "-" "Mozilla/5.0 (X11; Linux x86_64) AppleWebKit/537.36 (KHTML, like Gecko) Chrome/91.0.4472.124 Safari/537.36"
176.126.103.125 - - [26/Jul/2025:06:23:30 -0400] "GET /phpinfo.php HTTP/1.1" 301 795 "-" "Mozilla/5.0 (X11; Linux x86_64) AppleWebKit/537.36 (KHTML, like Gecko) Chrome/91.0.4472.124 Safari/537.36"
176.126.103.125 - - [26/Jul/2025:06:23:41 -0400] "GET /version.php HTTP/1.1" 301 795 "-" "Mozilla/5.0 (Windows NT 10.0; Win64; x64) AppleWebKit/537.36 (KHTML, like Gecko) Chrome/91.0.4472.124 Safari/537.36"
176.126.103.125 - - [26/Jul/2025:06:23:41 -0400] "GET /server-info.php HTTP/1.1" 301 795 "-" "Mozilla/5.0 (X11; Linux x86_64) AppleWebKit/537.36 (KHTML, like Gecko) Chrome/91.0.4472.124 Safari/537.36"
176.126.103.125 - - [26/Jul/2025:06:23:42 -0400] "GET /info.php HTTP/1.1" 301 795 "-" "Mozilla/5.0 (Macintosh; Intel Mac OS X 10_15_7) AppleWebKit/537.36 (KHTML, like Gecko) Chrome/91.0.4472.124 Safari/537.36"
176.126.103.125 - - [26/Jul/2025:06:23:52 -0400] "GET /php.php HTTP/1.1" 301 795 "-" "Mozilla/5.0 (X11; Linux x86_64) AppleWebKit/537.36 (KHTML, like Gecko) Chrome/91.0.4472.124 Safari/537.36"
176.126.103.125 - - [26/Jul/2025:06:23:53 -0400] "GET /i.php HTTP/1.1" 301 795 "-" "Mozilla/5.0 (X11; Linux x86_64) AppleWebKit/537.36 (KHTML, like Gecko) Chrome/91.0.4472.124 Safari/537.36"
176.126.103.125 - - [26/Jul/2025:06:23:55 -0400] "GET /.aws/credentials HTTP/1.1" 301 795 "-" "Mozilla/5.0 (Windows NT 10.0; Win64; x64) AppleWebKit/537.36 (KHTML, like Gecko) Chrome/91.0.4472.124 Safari/537.36"
176.126.103.125 - - [26/Jul/2025:06:23:56 -0400] "GET /pinfo.php HTTP/1.1" 301 795 "-" "Mozilla/5.0 (X11; Linux x86_64) AppleWebKit/537.36 (KHTML, like Gecko) Chrome/91.0.4472.124 Safari/537.36"
176.126.103.125 - - [26/Jul/2025:06:23:57 -0400] "GET /version.php HTTP/1.1" 301 795 "-" "Mozilla/5.0 (Macintosh; Intel Mac OS X 10_15_7) AppleWebKit/537.36 (KHTML, like Gecko) Chrome/91.0.4472.124 Safari/537.36"
176.126.103.125 - - [26/Jul/2025:06:23:59 -0400] "GET /env.php HTTP/1.1" 301 795 "-" "Mozilla/5.0 (X11; Linux x86_64) AppleWebKit/537.36 (KHTML, like Gecko) Chrome/91.0.4472.124 Safari/537.36"
142.202.190.32 - - [26/Jul/2025:06:28:23 -0400] "GET /.env HTTP/1.1" 301 795 "-" "python-requests/2.26.0"
74.176.198.224 - - [26/Jul/2025:06:29:04 -0400] "GET /wp-content/plugins/hellopress/wp_filemanager.php HTTP/1.1" 301 795 "-" "-"
176.126.103.125 - - [26/Jul/2025:06:24:09 -0400] "GET /init.php HTTP/1.1" 301 795 "-" "Mozilla/5.0 (Windows NT 10.0; Win64; x64) AppleWebKit/537.36 (KHTML, like Gecko) Chrome/91.0.4472.124 Safari/537.36"
142.202.190.32 - - [26/Jul/2025:06:28:23 -0400] "POST / HTTP/1.1" 301 795 "-" "python-requests/2.26.0"
142.202.190.32 - - [26/Jul/2025:06:36:21 -0400] "GET /.env HTTP/1.1" 301 795 "-" "python-requests/2.26.0"
216.244.66.236 - - [26/Jul/2025:06:40:06 -0400] "GET /robots.txt HTTP/1.1" 301 795 "-" "Mozilla/5.0 (compatible; DotBot/1.2; +https://opensiteexplorer.org/dotbot; help@moz.com)"
216.244.66.236 - - [26/Jul/2025:06:40:08 -0400] "GET /robots.txt HTTP/1.1" 301 795 "-" "Mozilla/5.0 (compatible; DotBot/1.2; +https://opensiteexplorer.org/dotbot; help@moz.com)"
20.171.207.91 - - [26/Jul/2025:06:50:54 -0400] "GET /admin/imger/403.php?lokasie=%2Fhome%2Ftaxhyuvu%2Fwww%2Fadmin%2Fsro%2F20235231453849755SRO611%28I%292023dated16.05.2023.pdf&loknya=%2Fhome%2Ftaxhyuvu%2Fwww%2Fadmin%2Fsro HTTP/1.1" 301 795 "-" "Mozilla/5.0 AppleWebKit/537.36 (KHTML, like Gecko; compatible; GPTBot/1.2; +https://openai.com/gptbot)"
216.244.66.203 - - [26/Jul/2025:06:56:39 -0400] "GET /robots.txt HTTP/1.1" 301 795 "-" "Mozilla/5.0 (compatible; DotBot/1.2; +https://opensiteexplorer.org/dotbot; help@moz.com)"
216.244.66.203 - - [26/Jul/2025:06:56:39 -0400] "GET /robots.txt HTTP/1.1" 301 795 "-" "Mozilla/5.0 (compatible; DotBot/1.2; +https://opensiteexplorer.org/dotbot; help@moz.com)"
48.210.208.30 - - [26/Jul/2025:07:11:48 -0400] "GET /wp-content/plugins/wp-file-manager/lib/php/elFinderVolumeFTP.class.php HTTP/1.1" 301 795 "-" "-"
48.210.208.30 - - [26/Jul/2025:07:11:48 -0400] "GET /wp-content/plugins/file-manager-advanced/application/library/php/elFinderVolumeFTP.class.php HTTP/1.1" 301 795 "-" "-"
48.210.208.30 - - [26/Jul/2025:07:11:50 -0400] "GET /wp-includes/images/autoload_classmap.php HTTP/1.1" 301 795 "-" "-"
48.210.208.30 - - [26/Jul/2025:07:11:50 -0400] "GET /wp-includes/images/install.php HTTP/1.1" 301 795 "-" "-"
48.210.208.30 - - [26/Jul/2025:07:11:51 -0400] "GET /wp-includes/images/brand.php HTTP/1.1" 301 795 "-" "-"
48.210.208.30 - - [26/Jul/2025:07:11:52 -0400] "GET /wp-includes/images/mah.php HTTP/1.1" 301 795 "-" "-"
48.210.208.30 - - [26/Jul/2025:07:11:52 -0400] "GET /wp-includes/images/defaults.php/wp-admin/includes/class-wp-filesystem-base.php HTTP/1.1" 301 795 "-" "-"
48.210.208.30 - - [26/Jul/2025:07:11:53 -0400] "GET /simple.php HTTP/1.1" 301 795 "-" "-"
48.210.208.30 - - [26/Jul/2025:07:11:53 -0400] "GET /chosen.php HTTP/1.1" 301 795 "-" "-"
48.210.208.30 - - [26/Jul/2025:07:11:54 -0400] "GET /core/includes/includes/includes/includes/includes/cache.php HTTP/1.1" 301 795 "-" "-"
48.210.208.30 - - [26/Jul/2025:07:11:55 -0400] "GET /wp-content/moon.php HTTP/1.1" 301 795 "-" "-"
48.210.208.30 - - [26/Jul/2025:07:11:55 -0400] "GET /wp-content/upgrade/autoload_classmap.php HTTP/1.1" 301 795 "-" "-"
48.210.208.30 - - [26/Jul/2025:07:11:57 -0400] "GET /wp-includes/images/defaults.php HTTP/1.1" 301 795 "-" "-"
48.210.208.30 - - [26/Jul/2025:07:11:46 -0400] "GET /wp-content/plugins/hellopress/wp_filemanager.php HTTP/1.1" 301 795 "-" "-"
48.210.208.30 - - [26/Jul/2025:07:11:47 -0400] "GET /wp-includes/blocks/button/ff2.php HTTP/1.1" 301 795 "-" "-"
48.210.208.30 - - [26/Jul/2025:07:11:48 -0400] "GET /wp-admin/includes/class-wp-filesystem-base.php HTTP/1.1" 301 795 "-" "-"
48.210.208.30 - - [26/Jul/2025:07:11:49 -0400] "GET /amp.php HTTP/1.1" 301 795 "-" "-"
48.210.208.30 - - [26/Jul/2025:07:11:49 -0400] "GET /wp-content/wp-conflg.php HTTP/1.1" 301 795 "-" "-"
48.210.208.30 - - [26/Jul/2025:07:11:50 -0400] "GET /networks.php HTTP/1.1" 301 795 "-" "-"
48.210.208.30 - - [26/Jul/2025:07:11:51 -0400] "GET /wp-includes/images/ORVX-l3B0tq.php HTTP/1.1" 301 795 "-" "-"
48.210.208.30 - - [26/Jul/2025:07:11:51 -0400] "GET /wp-includes/images/chosen.php HTTP/1.1" 301 795 "-" "-"
48.210.208.30 - - [26/Jul/2025:07:11:53 -0400] "GET /buy.php HTTP/1.1" 301 795 "-" "-"
48.210.208.30 - - [26/Jul/2025:07:11:54 -0400] "GET /core/includes/includes/includes/includes/includes/includes/includes/cache.php HTTP/1.1" 301 795 "-" "-"
48.210.208.30 - - [26/Jul/2025:07:11:55 -0400] "GET /core/includes/includes/cache.php HTTP/1.1" 301 795 "-" "-"
48.210.208.30 - - [26/Jul/2025:07:11:56 -0400] "GET /v0.php HTTP/1.1" 301 795 "-" "-"
48.210.208.30 - - [26/Jul/2025:07:11:56 -0400] "GET /wp-includes/ID3/wp-conflg.php HTTP/1.1" 301 795 "-" "-"
48.210.208.30 - - [26/Jul/2025:07:11:56 -0400] "GET /wp-includes/SimplePie/chosen.php HTTP/1.1" 301 795 "-" "-"