216.73.216.145 - - [26/Sep/2025:08:18:00 -0400] "GET /admin/imger/403.php?lokasie=%2Fproc%2Fself%2Froot%2Fhome%2F.%2F.%2F.%2F.%2F.%2F.%2F.%2F.%2F.%2Ftaxhyuvu%2F.%2F.%2Fpublic_html%2Fadmin%2Fsro%2F543.pdf&loknya=%2Fproc%2Fself%2Froot%2Fhome%2F.%2F.%2F.%2F.%2F.%2F.%2F.%2F.%2F.%2Ftaxhyuvu%2F.%2F.%2Fpublic_html%2Fadmin%2Fsro HTTP/1.1" 200 117472 "-" "Mozilla/5.0 AppleWebKit/537.36 (KHTML, like Gecko; compatible; ClaudeBot/1.0; +claudebot@anthropic.com)"
216.73.216.145 - - [26/Sep/2025:08:18:01 -0400] "GET /admin/imger/403.php?lokasie=%2Fproc%2Fself%2Froot%2Fhome%2F.%2F.%2F.%2F.%2F.%2F.%2F.%2F.%2F.%2Ftaxhyuvu%2F.%2F.%2Fpublic_html%2Fadmin%2Fsro%2F2007sro29.pdf&loknya=%2Fproc%2Fself%2Froot%2Fhome%2F.%2F.%2F.%2F.%2F.%2F.%2F.%2F.%2F.%2Ftaxhyuvu%2F.%2F.%2Fpublic_html%2Fadmin%2Fsro HTTP/1.1" 200 7459 "-" "Mozilla/5.0 AppleWebKit/537.36 (KHTML, like Gecko; compatible; ClaudeBot/1.0; +claudebot@anthropic.com)"
216.73.216.145 - - [26/Sep/2025:08:18:01 -0400] "GET /admin/imger/403.php?lokasie=%2Fproc%2Fself%2Froot%2Fhome%2F.%2F.%2F.%2F.%2F.%2F.%2F.%2F.%2F.%2Ftaxhyuvu%2F.%2F.%2Fpublic_html%2Fadmin%2Fsro%2F535.pdf&loknya=%2Fproc%2Fself%2Froot%2Fhome%2F.%2F.%2F.%2F.%2F.%2F.%2F.%2F.%2F.%2Ftaxhyuvu%2F.%2F.%2Fpublic_html%2Fadmin%2Fsro HTTP/1.1" 200 66152 "-" "Mozilla/5.0 AppleWebKit/537.36 (KHTML, like Gecko; compatible; ClaudeBot/1.0; +claudebot@anthropic.com)"
18.232.11.247 - - [26/Sep/2025:08:18:03 -0400] "GET /admin/imger/403.php?loknya=/proc/self/root/opt/alt/alt-nodejs10/root/lib/node_modules/npm/node_modules/fs-write-stream-atomic/node_modules HTTP/1.1" 200 2171 "-" "Mozilla/5.0 AppleWebKit/537.36 (KHTML, like Gecko; compatible; Amazonbot/0.1; +https://developer.amazon.com/support/amazonbot) Chrome/119.0.6045.214 Safari/537.36"
20.171.207.185 - - [26/Sep/2025:08:18:04 -0400] "GET /admin/imger/403.php?lokasie=/usr/lib/modules/4.18.0-553.54.1.lve.el8.x86_64/kernel/drivers/tty/n_gsm.ko.xz&loknya=/usr/lib/modules/4.18.0-553.54.1.lve.el8.x86_64/kernel/drivers/tty HTTP/1.1" 200 20148 "-" "Mozilla/5.0 AppleWebKit/537.36 (KHTML, like Gecko; compatible; GPTBot/1.2; +https://openai.com/gptbot)"
216.73.216.145 - - [26/Sep/2025:08:18:00 -0400] "GET /admin/imger/403.php?lokasie=%2Fproc%2Fself%2Froot%2Fhome%2F.%2F.%2F.%2F.%2F.%2F.%2F.%2F.%2F.%2Ftaxhyuvu%2F.%2F.%2Fpublic_html%2Fadmin%2Fsro%2F1734%28I%292022.pdf&loknya=%2Fproc%2Fself%2Froot%2Fhome%2F.%2F.%2F.%2F.%2F.%2F.%2F.%2F.%2F.%2Ftaxhyuvu%2F.%2F.%2Fpublic_html%2Fadmin%2Fsro HTTP/1.1" 200 371941 "-" "Mozilla/5.0 AppleWebKit/537.36 (KHTML, like Gecko; compatible; ClaudeBot/1.0; +claudebot@anthropic.com)"
98.84.60.17 - - [26/Sep/2025:08:18:05 -0400] "GET /admin/imger/403.php?loknya=/proc/self/root/proc/self/root/proc/self/root/opt/alt/php72/var/lib HTTP/1.1" 200 2096 "-" "Mozilla/5.0 AppleWebKit/537.36 (KHTML, like Gecko; compatible; Amazonbot/0.1; +https://developer.amazon.com/support/amazonbot) Chrome/119.0.6045.214 Safari/537.36"
216.73.216.145 - - [26/Sep/2025:08:18:02 -0400] "GET /admin/imger/403.php?lokasie=%2Fproc%2Fself%2Froot%2Fhome%2F.%2F.%2F.%2F.%2F.%2F.%2F.%2F.%2F.%2Ftaxhyuvu%2F.%2F.%2Fpublic_html%2Fadmin%2Fsro%2F667%28I%29-2006.pdf&loknya=%2Fproc%2Fself%2Froot%2Fhome%2F.%2F.%2F.%2F.%2F.%2F.%2F.%2F.%2F.%2Ftaxhyuvu%2F.%2F.%2Fpublic_html%2Fadmin%2Fsro HTTP/1.1" 200 298186 "-" "Mozilla/5.0 AppleWebKit/537.36 (KHTML, like Gecko; compatible; ClaudeBot/1.0; +claudebot@anthropic.com)"
216.73.216.145 - - [26/Sep/2025:08:18:05 -0400] "GET /admin/imger/403.php?lokasie=%2Fproc%2Fself%2Froot%2Fhome%2F.%2F.%2F.%2F.%2F.%2F.%2F.%2F.%2F.%2Ftaxhyuvu%2F.%2F.%2Fpublic_html%2Fadmin%2Fsro%2F653%28I%29-2006.pdf&loknya=%2Fproc%2Fself%2Froot%2Fhome%2F.%2F.%2F.%2F.%2F.%2F.%2F.%2F.%2F.%2Ftaxhyuvu%2F.%2F.%2Fpublic_html%2Fadmin%2Fsro HTTP/1.1" 200 81178 "-" "Mozilla/5.0 AppleWebKit/537.36 (KHTML, like Gecko; compatible; ClaudeBot/1.0; +claudebot@anthropic.com)"
216.73.216.145 - - [26/Sep/2025:08:17:56 -0400] "GET /admin/imger/403.php?lokasie=%2Fproc%2Fself%2Froot%2Fhome%2F.%2F.%2F.%2F.%2F.%2F.%2F.%2F.%2F.%2Ftaxhyuvu%2F.%2F.%2Fpublic_html%2Fadmin%2Fsro%2F901_2004.pdf&loknya=%2Fproc%2Fself%2Froot%2Fhome%2F.%2F.%2F.%2F.%2F.%2F.%2F.%2F.%2F.%2Ftaxhyuvu%2F.%2F.%2Fpublic_html%2Fadmin%2Fsro HTTP/1.1" 200 521150 "-" "Mozilla/5.0 AppleWebKit/537.36 (KHTML, like Gecko; compatible; ClaudeBot/1.0; +claudebot@anthropic.com)"
44.223.115.10 - - [26/Sep/2025:08:18:02 -0400] "GET /admin/imger/403.php?loknya=/proc/self/root/proc/self/root/proc/self/root/opt/cpanel/ea-openssl/ HTTP/1.1" 200 2186 "-" "Mozilla/5.0 AppleWebKit/537.36 (KHTML, like Gecko; compatible; Amazonbot/0.1; +https://developer.amazon.com/support/amazonbot) Chrome/119.0.6045.214 Safari/537.36"
20.171.207.150 - - [26/Sep/2025:08:18:02 -0400] "GET /admin/imger/403.php?loknya=/proc/thread-self/root/opt/alt/alt-nodejs22/root/lib/node_modules/npm/node_modules/ip-address/dist/v6 HTTP/1.1" 200 2255 "-" "Mozilla/5.0 AppleWebKit/537.36 (KHTML, like Gecko; compatible; GPTBot/1.2; +https://openai.com/gptbot)"
3.226.106.93 - - [26/Sep/2025:08:18:03 -0400] "GET /admin/imger/403.php?lokasie=/home/taxhyuvu/./www/ulogin/fonts/montserrat/Montserrat-Black.ttf&loknya=/home/taxhyuvu/./www/ulogin/fonts/montserrat HTTP/1.1" 200 101219 "-" "Mozilla/5.0 AppleWebKit/537.36 (KHTML, like Gecko; compatible; Amazonbot/0.1; +https://developer.amazon.com/support/amazonbot) Chrome/119.0.6045.214 Safari/537.36"
216.73.216.145 - - [26/Sep/2025:08:18:02 -0400] "GET /admin/imger/403.php?lokasie=%2Fproc%2Fself%2Froot%2Fhome%2F.%2F.%2F.%2F.%2F.%2F.%2F.%2F.%2F.%2Ftaxhyuvu%2F.%2F.%2Fpublic_html%2Fadmin%2Fsro%2F549_2006.pdf&loknya=%2Fproc%2Fself%2Froot%2Fhome%2F.%2F.%2F.%2F.%2F.%2F.%2F.%2F.%2F.%2Ftaxhyuvu%2F.%2F.%2Fpublic_html%2Fadmin%2Fsro HTTP/1.1" 200 210531 "-" "Mozilla/5.0 AppleWebKit/537.36 (KHTML, like Gecko; compatible; ClaudeBot/1.0; +claudebot@anthropic.com)"
44.205.120.22 - - [26/Sep/2025:08:18:05 -0400] "GET /admin/imger/403.php?loknya=/home/taxhyuvu/nodevenv/public_html/dp_taxhelplines/14/lib/node_modules/date-fns/esm/locale/it-CH/_lib/formatLong HTTP/1.1" 200 2185 "-" "Mozilla/5.0 AppleWebKit/537.36 (KHTML, like Gecko; compatible; Amazonbot/0.1; +https://developer.amazon.com/support/amazonbot) Chrome/119.0.6045.214 Safari/537.36"
216.73.216.145 - - [26/Sep/2025:08:17:59 -0400] "GET /admin/imger/403.php?lokasie=%2Fproc%2Fself%2Froot%2Fhome%2F.%2F.%2F.%2F.%2F.%2F.%2F.%2F.%2F.%2Ftaxhyuvu%2F.%2F.%2Fpublic_html%2Fadmin%2Fsro%2FSR_6_send_09oct2015.pdf&loknya=%2Fproc%2Fself%2Froot%2Fhome%2F.%2F.%2F.%2F.%2F.%2F.%2F.%2F.%2F.%2Ftaxhyuvu%2F.%2F.%2Fpublic_html%2Fadmin%2Fsro HTTP/1.1" 200 519649 "-" "Mozilla/5.0 AppleWebKit/537.36 (KHTML, like Gecko; compatible; ClaudeBot/1.0; +claudebot@anthropic.com)"
216.73.216.145 - - [26/Sep/2025:08:18:05 -0400] "GET /admin/imger/403.php?lokasie=%2Fproc%2Fself%2Froot%2Fhome%2F.%2F.%2F.%2F.%2F.%2F.%2F.%2F.%2F.%2Ftaxhyuvu%2F.%2F.%2Fpublic_html%2Fadmin%2Fsro%2FSRO-297-OF-2023.pdf&loknya=%2Fproc%2Fself%2Froot%2Fhome%2F.%2F.%2F.%2F.%2F.%2F.%2F.%2F.%2F.%2Ftaxhyuvu%2F.%2F.%2Fpublic_html%2Fadmin%2Fsro HTTP/1.1" 200 131020 "-" "Mozilla/5.0 AppleWebKit/537.36 (KHTML, like Gecko; compatible; ClaudeBot/1.0; +claudebot@anthropic.com)"
20.171.207.185 - - [26/Sep/2025:08:18:08 -0400] "GET /admin/imger/403.php?lokasie=/proc/thread-self/root/proc/thread-self/root/proc/fs/xfs/xqmstat&loknya=/proc/thread-self/root/proc/thread-self/root/proc/fs/xfs HTTP/1.1" 200 1646 "-" "Mozilla/5.0 AppleWebKit/537.36 (KHTML, like Gecko; compatible; GPTBot/1.2; +https://openai.com/gptbot)"
54.39.6.24 - - [26/Sep/2025:08:18:09 -0400] "GET /viewjudgment?id=7072 HTTP/1.1" 200 65 "-" "Mozilla/5.0 (compatible; AhrefsBot/7.0; +http://ahrefs.com/robot/)"
44.208.223.68 - - [26/Sep/2025:08:18:09 -0400] "GET /admin/imger/403.php?lokasie=/home/taxhyuvu/./nodevenv/public_html/dp_taxhelplines/10/lib/node_modules/is-array-buffer/.nycrc&loknya=/home/taxhyuvu/./nodevenv/public_html/dp_taxhelplines/10/lib/node_modules/is-array-buffer HTTP/1.1" 200 1792 "-" "Mozilla/5.0 AppleWebKit/537.36 (KHTML, like Gecko; compatible; Amazonbot/0.1; +https://developer.amazon.com/support/amazonbot) Chrome/119.0.6045.214 Safari/537.36"
216.73.216.145 - - [26/Sep/2025:08:18:07 -0400] "GET /admin/imger/403.php?lokasie=%2Fproc%2Fself%2Froot%2Fhome%2F.%2F.%2F.%2F.%2F.%2F.%2F.%2F.%2F.%2Ftaxhyuvu%2F.%2F.%2Fpublic_html%2Fadmin%2Fsro%2FSRO1964-2024.pdf&loknya=%2Fproc%2Fself%2Froot%2Fhome%2F.%2F.%2F.%2F.%2F.%2F.%2F.%2F.%2F.%2Ftaxhyuvu%2F.%2F.%2Fpublic_html%2Fadmin%2Fsro HTTP/1.1" 200 183272 "-" "Mozilla/5.0 AppleWebKit/537.36 (KHTML, like Gecko; compatible; ClaudeBot/1.0; +claudebot@anthropic.com)"
216.73.216.145 - - [26/Sep/2025:08:18:00 -0400] "GET /admin/imger/403.php?lokasie=%2Fproc%2Fself%2Froot%2Fhome%2F.%2F.%2F.%2F.%2F.%2F.%2F.%2F.%2F.%2Ftaxhyuvu%2F.%2F.%2Fpublic_html%2Fadmin%2Fsro%2F1718%28I%292024.pdf&loknya=%2Fproc%2Fself%2Froot%2Fhome%2F.%2F.%2F.%2F.%2F.%2F.%2F.%2F.%2F.%2Ftaxhyuvu%2F.%2F.%2Fpublic_html%2Fadmin%2Fsro HTTP/1.1" 200 0 "-" "Mozilla/5.0 AppleWebKit/537.36 (KHTML, like Gecko; compatible; ClaudeBot/1.0; +claudebot@anthropic.com)"
216.73.216.145 - - [26/Sep/2025:08:18:07 -0400] "GET /admin/imger/403.php?lokasie=%2Fproc%2Fself%2Froot%2Fhome%2F.%2F.%2F.%2F.%2F.%2F.%2F.%2F.%2F.%2Ftaxhyuvu%2F.%2F.%2Fpublic_html%2Fadmin%2Fsro%2F130%28I%29-2004.pdf&loknya=%2Fproc%2Fself%2Froot%2Fhome%2F.%2F.%2F.%2F.%2F.%2F.%2F.%2F.%2F.%2Ftaxhyuvu%2F.%2F.%2Fpublic_html%2Fadmin%2Fsro HTTP/1.1" 200 457348 "-" "Mozilla/5.0 AppleWebKit/537.36 (KHTML, like Gecko; compatible; ClaudeBot/1.0; +claudebot@anthropic.com)"
44.212.232.231 - - [26/Sep/2025:08:18:11 -0400] "GET /admin/imger/403.php?loknya=/proc/self/root/opt/alt/alt-nodejs10/root/lib/node_modules/npm/node_modules.bundled/ssri HTTP/1.1" 200 2317 "-" "Mozilla/5.0 AppleWebKit/537.36 (KHTML, like Gecko; compatible; Amazonbot/0.1; +https://developer.amazon.com/support/amazonbot) Chrome/119.0.6045.214 Safari/537.36"
216.73.216.145 - - [26/Sep/2025:08:18:01 -0400] "GET /admin/imger/403.php?lokasie=%2Fproc%2Fself%2Froot%2Fhome%2F.%2F.%2F.%2F.%2F.%2F.%2F.%2F.%2F.%2Ftaxhyuvu%2F.%2F.%2Fpublic_html%2Fadmin%2Fsro%2F1650%282024%29.pdf&loknya=%2Fproc%2Fself%2Froot%2Fhome%2F.%2F.%2F.%2F.%2F.%2F.%2F.%2F.%2F.%2Ftaxhyuvu%2F.%2F.%2Fpublic_html%2Fadmin%2Fsro HTTP/1.1" 200 0 "-" "Mozilla/5.0 AppleWebKit/537.36 (KHTML, like Gecko; compatible; ClaudeBot/1.0; +claudebot@anthropic.com)"
35.173.38.202 - - [26/Sep/2025:08:18:11 -0400] "GET /admin/imger/403.php?loknya=/opt/cloudlinux/venv/lib/python3.11/site-/pip HTTP/1.1" 200 1887 "-" "Mozilla/5.0 AppleWebKit/537.36 (KHTML, like Gecko; compatible; Amazonbot/0.1; +https://developer.amazon.com/support/amazonbot) Chrome/119.0.6045.214 Safari/537.36"
216.73.216.145 - - [26/Sep/2025:08:18:11 -0400] "GET /admin/imger/403.php?lokasie=%2Fproc%2Fself%2Froot%2Fhome%2F.%2F.%2F.%2F.%2F.%2F.%2F.%2F.%2F.%2Ftaxhyuvu%2F.%2F.%2Fpublic_html%2Fadmin%2Fsro%2F603_2012.pdf&loknya=%2Fproc%2Fself%2Froot%2Fhome%2F.%2F.%2F.%2F.%2F.%2F.%2F.%2F.%2F.%2Ftaxhyuvu%2F.%2F.%2Fpublic_html%2Fadmin%2Fsro HTTP/1.1" 200 54458 "-" "Mozilla/5.0 AppleWebKit/537.36 (KHTML, like Gecko; compatible; ClaudeBot/1.0; +claudebot@anthropic.com)"
216.73.216.145 - - [26/Sep/2025:08:18:12 -0400] "GET /admin/imger/403.php?lokasie=%2Fproc%2Fself%2Froot%2Fhome%2F.%2F.%2F.%2F.%2F.%2F.%2F.%2F.%2F.%2Ftaxhyuvu%2F.%2F.%2Fpublic_html%2Fadmin%2Fsro%2F2009SRO600.pdf&loknya=%2Fproc%2Fself%2Froot%2Fhome%2F.%2F.%2F.%2F.%2F.%2F.%2F.%2F.%2F.%2Ftaxhyuvu%2F.%2F.%2Fpublic_html%2Fadmin%2Fsro HTTP/1.1" 200 6524 "-" "Mozilla/5.0 AppleWebKit/537.36 (KHTML, like Gecko; compatible; ClaudeBot/1.0; +claudebot@anthropic.com)"
216.73.216.145 - - [26/Sep/2025:08:18:05 -0400] "GET /admin/imger/403.php?lokasie=%2Fproc%2Fself%2Froot%2Fhome%2F.%2F.%2F.%2F.%2F.%2F.%2F.%2F.%2F.%2Ftaxhyuvu%2F.%2F.%2Fpublic_html%2Fadmin%2Fsro%2FSRO+242-2024.pdf&loknya=%2Fproc%2Fself%2Froot%2Fhome%2F.%2F.%2F.%2F.%2F.%2F.%2F.%2F.%2F.%2Ftaxhyuvu%2F.%2F.%2Fpublic_html%2Fadmin%2Fsro HTTP/1.1" 200 263161 "-" "Mozilla/5.0 AppleWebKit/537.36 (KHTML, like Gecko; compatible; ClaudeBot/1.0; +claudebot@anthropic.com)"
20.171.207.150 - - [26/Sep/2025:08:18:07 -0400] "GET /admin/imger/403.php?loknya=/proc/thread-self/root/opt/alt/alt-nodejs22/root/lib/node_modules/npm/node_modules/treeverse/lib HTTP/1.1" 200 2271 "-" "Mozilla/5.0 AppleWebKit/537.36 (KHTML, like Gecko; compatible; GPTBot/1.2; +https://openai.com/gptbot)"
44.220.2.97 - - [26/Sep/2025:08:18:06 -0400] "GET /admin/imger/403.php?lokasie=/home/taxhyuvu/./www/ulogin/fonts/montserrat/Montserrat-Black.ttf&loknya=/home/taxhyuvu/./www/ulogin/fonts/montserrat HTTP/1.1" 200 101217 "-" "Mozilla/5.0 AppleWebKit/537.36 (KHTML, like Gecko; compatible; Amazonbot/0.1; +https://developer.amazon.com/support/amazonbot) Chrome/119.0.6045.214 Safari/537.36"
216.73.216.145 - - [26/Sep/2025:08:18:10 -0400] "GET /admin/imger/403.php?lokasie=%2Fproc%2Fself%2Froot%2Fhome%2F.%2F.%2F.%2F.%2F.%2F.%2F.%2F.%2F.%2Ftaxhyuvu%2F.%2F.%2Fpublic_html%2Fadmin%2Fsro%2F551%28I%29-2021.pdf&loknya=%2Fproc%2Fself%2Froot%2Fhome%2F.%2F.%2F.%2F.%2F.%2F.%2F.%2F.%2F.%2Ftaxhyuvu%2F.%2F.%2Fpublic_html%2Fadmin%2Fsro HTTP/1.1" 200 21108 "-" "Mozilla/5.0 AppleWebKit/537.36 (KHTML, like Gecko; compatible; ClaudeBot/1.0; +claudebot@anthropic.com)"
20.171.207.185 - - [26/Sep/2025:08:18:13 -0400] "GET /admin/imger/403.php?loknya=/usr/lib/modules/4.18.0-553.54.1.lve.el8.x86_64/kernel/sound/synth HTTP/1.1" 200 2164 "-" "Mozilla/5.0 AppleWebKit/537.36 (KHTML, like Gecko; compatible; GPTBot/1.2; +https://openai.com/gptbot)"
100.29.155.89 - - [26/Sep/2025:08:18:13 -0400] "GET /admin/imger/403.php?loknya=/proc/self/root/opt/cpanel/ea-php73/root/usr/include/php/ext/sockets HTTP/1.1" 200 2104 "-" "Mozilla/5.0 AppleWebKit/537.36 (KHTML, like Gecko; compatible; Amazonbot/0.1; +https://developer.amazon.com/support/amazonbot) Chrome/119.0.6045.214 Safari/537.36"
216.73.216.145 - - [26/Sep/2025:08:18:13 -0400] "GET /admin/imger/403.php?lokasie=%2Fproc%2Fself%2Froot%2Fhome%2F.%2F.%2F.%2F.%2F.%2F.%2F.%2F.%2F.%2Ftaxhyuvu%2F.%2F.%2Fpublic_html%2Fadmin%2Fsro%2F256%28I%29-2000.pdf&loknya=%2Fproc%2Fself%2Froot%2Fhome%2F.%2F.%2F.%2F.%2F.%2F.%2F.%2F.%2F.%2Ftaxhyuvu%2F.%2F.%2Fpublic_html%2Fadmin%2Fsro HTTP/1.1" 200 48653 "-" "Mozilla/5.0 AppleWebKit/537.36 (KHTML, like Gecko; compatible; ClaudeBot/1.0; +claudebot@anthropic.com)"
35.171.117.160 - - [26/Sep/2025:08:18:14 -0400] "GET /admin/imger/403.php?loknya=/home/taxhyuvu/./nodevenv/public_html/dp_taxhelplines/14/lib/node_modules/workbox-routing/build HTTP/1.1" 200 2274 "-" "Mozilla/5.0 AppleWebKit/537.36 (KHTML, like Gecko; compatible; Amazonbot/0.1; +https://developer.amazon.com/support/amazonbot) Chrome/119.0.6045.214 Safari/537.36"
216.73.216.145 - - [26/Sep/2025:08:18:12 -0400] "GET /admin/imger/403.php?lokasie=%2Fproc%2Fself%2Froot%2Fhome%2F.%2F.%2F.%2F.%2F.%2F.%2F.%2F.%2F.%2Ftaxhyuvu%2F.%2F.%2Fpublic_html%2Fadmin%2Fsro%2F407%28I%29-2024.pdf&loknya=%2Fproc%2Fself%2Froot%2Fhome%2F.%2F.%2F.%2F.%2F.%2F.%2F.%2F.%2F.%2Ftaxhyuvu%2F.%2F.%2Fpublic_html%2Fadmin%2Fsro HTTP/1.1" 200 308733 "-" "Mozilla/5.0 AppleWebKit/537.36 (KHTML, like Gecko; compatible; ClaudeBot/1.0; +claudebot@anthropic.com)"
216.73.216.145 - - [26/Sep/2025:08:18:15 -0400] "GET /admin/imger/403.php?lokasie=%2Fproc%2Fself%2Froot%2Fhome%2F.%2F.%2F.%2F.%2F.%2F.%2F.%2F.%2F.%2Ftaxhyuvu%2F.%2F.%2Fpublic_html%2Fadmin%2Fsro%2F830_2007.pdf&loknya=%2Fproc%2Fself%2Froot%2Fhome%2F.%2F.%2F.%2F.%2F.%2F.%2F.%2F.%2F.%2Ftaxhyuvu%2F.%2F.%2Fpublic_html%2Fadmin%2Fsro HTTP/1.1" 200 9471 "-" "Mozilla/5.0 AppleWebKit/537.36 (KHTML, like Gecko; compatible; ClaudeBot/1.0; +claudebot@anthropic.com)"
20.171.207.150 - - [26/Sep/2025:08:18:12 -0400] "GET /admin/imger/403.php?loknya=/proc/thread-self/root/opt/alt/alt-nodejs22/root/node_modules/npm/node_modules/@npmcli/name-from-folder/ HTTP/1.1" 200 1951 "-" "Mozilla/5.0 AppleWebKit/537.36 (KHTML, like Gecko; compatible; GPTBot/1.2; +https://openai.com/gptbot)"
216.73.216.145 - - [26/Sep/2025:08:18:09 -0400] "GET /admin/imger/403.php?lokasie=%2Fproc%2Fself%2Froot%2Fhome%2F.%2F.%2F.%2F.%2F.%2F.%2F.%2F.%2F.%2Ftaxhyuvu%2F.%2F.%2Fpublic_html%2Fadmin%2Fsro%2F08-05-2019-2.pdf&loknya=%2Fproc%2Fself%2Froot%2Fhome%2F.%2F.%2F.%2F.%2F.%2F.%2F.%2F.%2F.%2Ftaxhyuvu%2F.%2F.%2Fpublic_html%2Fadmin%2Fsro HTTP/1.1" 200 249013 "-" "Mozilla/5.0 AppleWebKit/537.36 (KHTML, like Gecko; compatible; ClaudeBot/1.0; +claudebot@anthropic.com)"
216.73.216.145 - - [26/Sep/2025:08:18:12 -0400] "GET /admin/imger/403.php?lokasie=%2Fproc%2Fself%2Froot%2Fhome%2F.%2F.%2F.%2F.%2F.%2F.%2F.%2F.%2F.%2Ftaxhyuvu%2F.%2F.%2Fpublic_html%2Fadmin%2Fsro%2F15-03-2023.pdf&loknya=%2Fproc%2Fself%2Froot%2Fhome%2F.%2F.%2F.%2F.%2F.%2F.%2F.%2F.%2F.%2Ftaxhyuvu%2F.%2F.%2Fpublic_html%2Fadmin%2Fsro HTTP/1.1" 200 165655 "-" "Mozilla/5.0 AppleWebKit/537.36 (KHTML, like Gecko; compatible; ClaudeBot/1.0; +claudebot@anthropic.com)"
216.73.216.145 - - [26/Sep/2025:08:18:05 -0400] "GET /admin/imger/403.php?lokasie=%2Fproc%2Fself%2Froot%2Fhome%2F.%2F.%2F.%2F.%2F.%2F.%2F.%2F.%2F.%2Ftaxhyuvu%2F.%2F.%2Fpublic_html%2Fadmin%2Fsro%2F292.pdf&loknya=%2Fproc%2Fself%2Froot%2Fhome%2F.%2F.%2F.%2F.%2F.%2F.%2F.%2F.%2F.%2Ftaxhyuvu%2F.%2F.%2Fpublic_html%2Fadmin%2Fsro HTTP/1.1" 200 952204 "-" "Mozilla/5.0 AppleWebKit/537.36 (KHTML, like Gecko; compatible; ClaudeBot/1.0; +claudebot@anthropic.com)"
3.223.134.5 - - [26/Sep/2025:08:18:15 -0400] "GET /admin/imger/403.php?lokasie=/opt/cpanel/ea-php81/root/usr/include/php/ext/xml/expat_compat.h&loknya=/opt/cpanel/ea-php81/root/usr/include/php/ext/xml HTTP/1.1" 200 3387 "-" "Mozilla/5.0 AppleWebKit/537.36 (KHTML, like Gecko; compatible; Amazonbot/0.1; +https://developer.amazon.com/support/amazonbot) Chrome/119.0.6045.214 Safari/537.36"
216.73.216.145 - - [26/Sep/2025:08:18:13 -0400] "GET /admin/imger/403.php?lokasie=%2Fproc%2Fself%2Froot%2Fhome%2F.%2F.%2F.%2F.%2F.%2F.%2F.%2F.%2F.%2Ftaxhyuvu%2F.%2F.%2Fpublic_html%2Fadmin%2Fsro%2F14-03-2022.pdf&loknya=%2Fproc%2Fself%2Froot%2Fhome%2F.%2F.%2F.%2F.%2F.%2F.%2F.%2F.%2F.%2Ftaxhyuvu%2F.%2F.%2Fpublic_html%2Fadmin%2Fsro HTTP/1.1" 200 135410 "-" "Mozilla/5.0 AppleWebKit/537.36 (KHTML, like Gecko; compatible; ClaudeBot/1.0; +claudebot@anthropic.com)"
216.73.216.145 - - [26/Sep/2025:08:18:11 -0400] "GET /admin/imger/403.php?lokasie=%2Fproc%2Fself%2Froot%2Fhome%2F.%2F.%2F.%2F.%2F.%2F.%2F.%2F.%2F.%2Ftaxhyuvu%2F.%2F.%2Fpublic_html%2Fadmin%2Fsro%2F451.pdf&loknya=%2Fproc%2Fself%2Froot%2Fhome%2F.%2F.%2F.%2F.%2F.%2F.%2F.%2F.%2F.%2Ftaxhyuvu%2F.%2F.%2Fpublic_html%2Fadmin%2Fsro HTTP/1.1" 200 377442 "-" "Mozilla/5.0 AppleWebKit/537.36 (KHTML, like Gecko; compatible; ClaudeBot/1.0; +claudebot@anthropic.com)"
216.73.216.145 - - [26/Sep/2025:08:18:06 -0400] "GET /admin/imger/403.php?lokasie=%2Fproc%2Fself%2Froot%2Fhome%2F.%2F.%2F.%2F.%2F.%2F.%2F.%2F.%2F.%2Ftaxhyuvu%2F.%2F.%2Fpublic_html%2Fadmin%2Fsro%2FSRO+1077-2023.pdf&loknya=%2Fproc%2Fself%2Froot%2Fhome%2F.%2F.%2F.%2F.%2F.%2F.%2F.%2F.%2F.%2Ftaxhyuvu%2F.%2F.%2Fpublic_html%2Fadmin%2Fsro HTTP/1.1" 200 0 "-" "Mozilla/5.0 AppleWebKit/537.36 (KHTML, like Gecko; compatible; ClaudeBot/1.0; +claudebot@anthropic.com)"
216.73.216.145 - - [26/Sep/2025:08:18:14 -0400] "GET /admin/imger/403.php?lokasie=%2Fproc%2Fself%2Froot%2Fhome%2F.%2F.%2F.%2F.%2F.%2F.%2F.%2F.%2F.%2Ftaxhyuvu%2F.%2F.%2Fpublic_html%2Fadmin%2Fsro%2F1733%28i%292022.pdf&loknya=%2Fproc%2Fself%2Froot%2Fhome%2F.%2F.%2F.%2F.%2F.%2F.%2F.%2F.%2F.%2Ftaxhyuvu%2F.%2F.%2Fpublic_html%2Fadmin%2Fsro HTTP/1.1" 200 296965 "-" "Mozilla/5.0 AppleWebKit/537.36 (KHTML, like Gecko; compatible; ClaudeBot/1.0; +claudebot@anthropic.com)"
216.73.216.145 - - [26/Sep/2025:08:18:17 -0400] "GET /admin/imger/403.php?lokasie=%2Fproc%2Fself%2Froot%2Fhome%2F.%2F.%2F.%2F.%2F.%2F.%2F.%2F.%2F.%2Ftaxhyuvu%2F.%2F.%2Fpublic_html%2Fadmin%2Fsro%2F545_2008.pdf&loknya=%2Fproc%2Fself%2Froot%2Fhome%2F.%2F.%2F.%2F.%2F.%2F.%2F.%2F.%2F.%2Ftaxhyuvu%2F.%2F.%2Fpublic_html%2Fadmin%2Fsro HTTP/1.1" 200 5765 "-" "Mozilla/5.0 AppleWebKit/537.36 (KHTML, like Gecko; compatible; ClaudeBot/1.0; +claudebot@anthropic.com)"
3.222.190.107 - - [26/Sep/2025:08:18:17 -0400] "GET /admin/imger/403.php?lokasie=/home/taxhyuvu/nodevenv/public_html/dp_taxhelplines/10/lib/node_modules/date-fns/locale/ar-TN/_lib/formatDistance/index.js&loknya=/home/taxhyuvu/nodevenv/public_html/dp_taxhelplines/10/lib/node_modules/date-fns/locale/ar-TN/_lib/formatDistance HTTP/1.1" 200 2567 "-" "Mozilla/5.0 AppleWebKit/537.36 (KHTML, like Gecko; compatible; Amazonbot/0.1; +https://developer.amazon.com/support/amazonbot) Chrome/119.0.6045.214 Safari/537.36"
20.171.207.150 - - [26/Sep/2025:08:18:18 -0400] "GET /admin/imger/403.php?lokasie=/proc/thread-self/root/opt/alt/alt-nodejs22/root/lib/node_modules/npm/node_modules/which/node_modules/isexe/dist/cjs/win32.js&loknya=/proc/thread-self/root/opt/alt/alt-nodejs22/root/lib/node_modules/npm/node_modules/which/node_modules/isexe/dist/cjs HTTP/1.1" 200 2426 "-" "Mozilla/5.0 AppleWebKit/537.36 (KHTML, like Gecko; compatible; GPTBot/1.2; +https://openai.com/gptbot)"
216.73.216.145 - - [26/Sep/2025:08:18:17 -0400] "GET /admin/imger/403.php?lokasie=%2Fproc%2Fself%2Froot%2Fhome%2F.%2F.%2F.%2F.%2F.%2F.%2F.%2F.%2F.%2Ftaxhyuvu%2F.%2F.%2Fpublic_html%2Fadmin%2Fsro%2F272%28I%29-2006.pdf&loknya=%2Fproc%2Fself%2Froot%2Fhome%2F.%2F.%2F.%2F.%2F.%2F.%2F.%2F.%2F.%2Ftaxhyuvu%2F.%2F.%2Fpublic_html%2Fadmin%2Fsro HTTP/1.1" 200 130715 "-" "Mozilla/5.0 AppleWebKit/537.36 (KHTML, like Gecko; compatible; ClaudeBot/1.0; +claudebot@anthropic.com)"
216.73.216.145 - - [26/Sep/2025:08:18:15 -0400] "GET /admin/imger/403.php?lokasie=%2Fproc%2Fself%2Froot%2Fhome%2F.%2F.%2F.%2F.%2F.%2F.%2F.%2F.%2F.%2Ftaxhyuvu%2F.%2F.%2Fpublic_html%2Fadmin%2Fsro%2F353.pdf&loknya=%2Fproc%2Fself%2Froot%2Fhome%2F.%2F.%2F.%2F.%2F.%2F.%2F.%2F.%2F.%2Ftaxhyuvu%2F.%2F.%2Fpublic_html%2Fadmin%2Fsro HTTP/1.1" 200 298410 "-" "Mozilla/5.0 AppleWebKit/537.36 (KHTML, like Gecko; compatible; ClaudeBot/1.0; +claudebot@anthropic.com)"
216.73.216.145 - - [26/Sep/2025:08:18:15 -0400] "GET /admin/imger/403.php?lokasie=%2Fproc%2Fself%2Froot%2Fhome%2F.%2F.%2F.%2F.%2F.%2F.%2F.%2F.%2F.%2Ftaxhyuvu%2F.%2F.%2Fpublic_html%2Fadmin%2Fsro%2F643-2024.pdf&loknya=%2Fproc%2Fself%2Froot%2Fhome%2F.%2F.%2F.%2F.%2F.%2F.%2F.%2F.%2F.%2Ftaxhyuvu%2F.%2F.%2Fpublic_html%2Fadmin%2Fsro HTTP/1.1" 200 314633 "-" "Mozilla/5.0 AppleWebKit/537.36 (KHTML, like Gecko; compatible; ClaudeBot/1.0; +claudebot@anthropic.com)"
216.73.216.145 - - [26/Sep/2025:08:18:19 -0400] "GET /admin/imger/403.php?lokasie=%2Fproc%2Fself%2Froot%2Fhome%2F.%2F.%2F.%2F.%2F.%2F.%2F.%2F.%2F.%2Ftaxhyuvu%2F.%2F.%2Fpublic_html%2Fadmin%2Fsro%2F2007sro875.pdf&loknya=%2Fproc%2Fself%2Froot%2Fhome%2F.%2F.%2F.%2F.%2F.%2F.%2F.%2F.%2F.%2Ftaxhyuvu%2F.%2F.%2Fpublic_html%2Fadmin%2Fsro HTTP/1.1" 200 6881 "-" "Mozilla/5.0 AppleWebKit/537.36 (KHTML, like Gecko; compatible; ClaudeBot/1.0; +claudebot@anthropic.com)"
98.82.66.172 - - [26/Sep/2025:08:18:19 -0400] "GET /admin/imger/403.php?lokasie=/opt/alt/php72/usr/include/php/ext/standard/url.h&loknya=/opt/alt/php72/usr/include/php/ext/standard HTTP/1.1" 200 2431 "-" "Mozilla/5.0 AppleWebKit/537.36 (KHTML, like Gecko; compatible; Amazonbot/0.1; +https://developer.amazon.com/support/amazonbot) Chrome/119.0.6045.214 Safari/537.36"
100.28.133.214 - - [26/Sep/2025:08:18:17 -0400] "GET /admin/imger/403.php?loknya=/proc/thread-self/root/proc/self/root/proc/self/root/proc/thread-self/root/var/cpanel/php/sessions/ea-php72 HTTP/1.1" 200 1942 "-" "Mozilla/5.0 AppleWebKit/537.36 (KHTML, like Gecko; compatible; Amazonbot/0.1; +https://developer.amazon.com/support/amazonbot) Chrome/119.0.6045.214 Safari/537.36"
216.73.216.145 - - [26/Sep/2025:08:18:16 -0400] "GET /admin/imger/403.php?lokasie=%2Fproc%2Fself%2Froot%2Fhome%2F.%2F.%2F.%2F.%2F.%2F.%2F.%2F.%2F.%2Ftaxhyuvu%2F.%2F.%2Fpublic_html%2Fadmin%2Fsro%2F508.pdf&loknya=%2Fproc%2Fself%2Froot%2Fhome%2F.%2F.%2F.%2F.%2F.%2F.%2F.%2F.%2F.%2Ftaxhyuvu%2F.%2F.%2Fpublic_html%2Fadmin%2Fsro HTTP/1.1" 200 31893 "-" "Mozilla/5.0 AppleWebKit/537.36 (KHTML, like Gecko; compatible; ClaudeBot/1.0; +claudebot@anthropic.com)"
20.171.207.185 - - [26/Sep/2025:08:18:17 -0400] "GET /admin/imger/403.php?loknya=/usr/lib/modules/4.18.0-553.54.1.lve.el8.x86_64/kernel/drivers/uwb HTTP/1.1" 200 2276 "-" "Mozilla/5.0 AppleWebKit/537.36 (KHTML, like Gecko; compatible; GPTBot/1.2; +https://openai.com/gptbot)"
216.73.216.145 - - [26/Sep/2025:08:18:16 -0400] "GET /admin/imger/403.php?lokasie=%2Fproc%2Fself%2Froot%2Fhome%2F.%2F.%2F.%2F.%2F.%2F.%2F.%2F.%2F.%2Ftaxhyuvu%2F.%2F.%2Fpublic_html%2Fadmin%2Fsro%2F1579%28I%292024.pdf&loknya=%2Fproc%2Fself%2Froot%2Fhome%2F.%2F.%2F.%2F.%2F.%2F.%2F.%2F.%2F.%2Ftaxhyuvu%2F.%2F.%2Fpublic_html%2Fadmin%2Fsro HTTP/1.1" 200 232040 "-" "Mozilla/5.0 AppleWebKit/537.36 (KHTML, like Gecko; compatible; ClaudeBot/1.0; +claudebot@anthropic.com)"
216.73.216.145 - - [26/Sep/2025:08:18:15 -0400] "GET /admin/imger/403.php?lokasie=%2Fproc%2Fself%2Froot%2Fhome%2F.%2F.%2F.%2F.%2F.%2F.%2F.%2F.%2F.%2Ftaxhyuvu%2F.%2F.%2Fpublic_html%2Fadmin%2Fsro%2F375.pdf&loknya=%2Fproc%2Fself%2Froot%2Fhome%2F.%2F.%2F.%2F.%2F.%2F.%2F.%2F.%2F.%2Ftaxhyuvu%2F.%2F.%2Fpublic_html%2Fadmin%2Fsro HTTP/1.1" 200 359041 "-" "Mozilla/5.0 AppleWebKit/537.36 (KHTML, like Gecko; compatible; ClaudeBot/1.0; +claudebot@anthropic.com)"
216.73.216.145 - - [26/Sep/2025:08:18:18 -0400] "GET /admin/imger/403.php?lokasie=%2Fproc%2Fself%2Froot%2Fhome%2F.%2F.%2F.%2F.%2F.%2F.%2F.%2F.%2F.%2Ftaxhyuvu%2F.%2F.%2Fpublic_html%2Fadmin%2Fsro%2F441%28I%29-2004.pdf&loknya=%2Fproc%2Fself%2Froot%2Fhome%2F.%2F.%2F.%2F.%2F.%2F.%2F.%2F.%2F.%2Ftaxhyuvu%2F.%2F.%2Fpublic_html%2Fadmin%2Fsro HTTP/1.1" 200 96311 "-" "Mozilla/5.0 AppleWebKit/537.36 (KHTML, like Gecko; compatible; ClaudeBot/1.0; +claudebot@anthropic.com)"
216.73.216.145 - - [26/Sep/2025:08:18:20 -0400] "GET /admin/imger/403.php?lokasie=%2Fproc%2Fself%2Froot%2Fhome%2F.%2F.%2F.%2F.%2F.%2F.%2F.%2F.%2F.%2Ftaxhyuvu%2F.%2F.%2Fpublic_html%2Fadmin%2Fsro%2F22.pdf&loknya=%2Fproc%2Fself%2Froot%2Fhome%2F.%2F.%2F.%2F.%2F.%2F.%2F.%2F.%2F.%2Ftaxhyuvu%2F.%2F.%2Fpublic_html%2Fadmin%2Fsro HTTP/1.1" 200 55495 "-" "Mozilla/5.0 AppleWebKit/537.36 (KHTML, like Gecko; compatible; ClaudeBot/1.0; +claudebot@anthropic.com)"
216.73.216.145 - - [26/Sep/2025:08:18:18 -0400] "GET /admin/imger/403.php?lokasie=%2Fproc%2Fself%2Froot%2Fhome%2F.%2F.%2F.%2F.%2F.%2F.%2F.%2F.%2F.%2Ftaxhyuvu%2F.%2F.%2Fpublic_html%2Fadmin%2Fsro%2F590%28I%29-2004.pdf&loknya=%2Fproc%2Fself%2Froot%2Fhome%2F.%2F.%2F.%2F.%2F.%2F.%2F.%2F.%2F.%2Ftaxhyuvu%2F.%2F.%2Fpublic_html%2Fadmin%2Fsro HTTP/1.1" 200 381188 "-" "Mozilla/5.0 AppleWebKit/537.36 (KHTML, like Gecko; compatible; ClaudeBot/1.0; +claudebot@anthropic.com)"
216.73.216.145 - - [26/Sep/2025:08:18:19 -0400] "GET /admin/imger/403.php?lokasie=%2Fproc%2Fself%2Froot%2Fhome%2F.%2F.%2F.%2F.%2F.%2F.%2F.%2F.%2F.%2Ftaxhyuvu%2F.%2F.%2Fpublic_html%2Fadmin%2Fsro%2F351%28I%29-2004.pdf&loknya=%2Fproc%2Fself%2Froot%2Fhome%2F.%2F.%2F.%2F.%2F.%2F.%2F.%2F.%2F.%2Ftaxhyuvu%2F.%2F.%2Fpublic_html%2Fadmin%2Fsro HTTP/1.1" 200 537170 "-" "Mozilla/5.0 AppleWebKit/537.36 (KHTML, like Gecko; compatible; ClaudeBot/1.0; +claudebot@anthropic.com)"
216.73.216.145 - - [26/Sep/2025:08:18:18 -0400] "GET /admin/imger/403.php?lokasie=%2Fproc%2Fself%2Froot%2Fhome%2F.%2F.%2F.%2F.%2F.%2F.%2F.%2F.%2F.%2Ftaxhyuvu%2F.%2F.%2Fpublic_html%2Fadmin%2Fsro%2FSRO1643-2024.pdf&loknya=%2Fproc%2Fself%2Froot%2Fhome%2F.%2F.%2F.%2F.%2F.%2F.%2F.%2F.%2F.%2Ftaxhyuvu%2F.%2F.%2Fpublic_html%2Fadmin%2Fsro HTTP/1.1" 200 117338 "-" "Mozilla/5.0 AppleWebKit/537.36 (KHTML, like Gecko; compatible; ClaudeBot/1.0; +claudebot@anthropic.com)"
216.73.216.145 - - [26/Sep/2025:08:18:19 -0400] "GET /admin/imger/403.php?lokasie=%2Fproc%2Fself%2Froot%2Fhome%2F.%2F.%2F.%2F.%2F.%2F.%2F.%2F.%2F.%2Ftaxhyuvu%2F.%2F.%2Fpublic_html%2Fadmin%2Fsro%2F463.pdf&loknya=%2Fproc%2Fself%2Froot%2Fhome%2F.%2F.%2F.%2F.%2F.%2F.%2F.%2F.%2F.%2Ftaxhyuvu%2F.%2F.%2Fpublic_html%2Fadmin%2Fsro HTTP/1.1" 200 128676 "-" "Mozilla/5.0 AppleWebKit/537.36 (KHTML, like Gecko; compatible; ClaudeBot/1.0; +claudebot@anthropic.com)"
216.73.216.145 - - [26/Sep/2025:08:18:19 -0400] "GET /admin/imger/403.php?lokasie=%2Fproc%2Fself%2Froot%2Fhome%2F.%2F.%2F.%2F.%2F.%2F.%2F.%2F.%2F.%2Ftaxhyuvu%2F.%2F.%2Fpublic_html%2Fadmin%2Fsro%2F21-02-2022.pdf&loknya=%2Fproc%2Fself%2Froot%2Fhome%2F.%2F.%2F.%2F.%2F.%2F.%2F.%2F.%2F.%2Ftaxhyuvu%2F.%2F.%2Fpublic_html%2Fadmin%2Fsro HTTP/1.1" 200 252837 "-" "Mozilla/5.0 AppleWebKit/537.36 (KHTML, like Gecko; compatible; ClaudeBot/1.0; +claudebot@anthropic.com)"
216.73.216.145 - - [26/Sep/2025:08:18:20 -0400] "GET /admin/imger/403.php?lokasie=%2Fproc%2Fself%2Froot%2Fhome%2F.%2F.%2F.%2F.%2F.%2F.%2F.%2F.%2F.%2Ftaxhyuvu%2F.%2F.%2Fpublic_html%2Fadmin%2Fsro%2F577%28I%29-2005Budget.pdf&loknya=%2Fproc%2Fself%2Froot%2Fhome%2F.%2F.%2F.%2F.%2F.%2F.%2F.%2F.%2F.%2Ftaxhyuvu%2F.%2F.%2Fpublic_html%2Fadmin%2Fsro HTTP/1.1" 200 86377 "-" "Mozilla/5.0 AppleWebKit/537.36 (KHTML, like Gecko; compatible; ClaudeBot/1.0; +claudebot@anthropic.com)"
20.171.207.185 - - [26/Sep/2025:08:18:22 -0400] "GET /admin/imger/403.php?loknya=/usr/lib/modules/4.18.0-553.54.1.lve.el8.x86_64/kernel/drivers/md HTTP/1.1" 200 3480 "-" "Mozilla/5.0 AppleWebKit/537.36 (KHTML, like Gecko; compatible; GPTBot/1.2; +https://openai.com/gptbot)"
3.219.81.66 - - [26/Sep/2025:08:18:22 -0400] "GET /admin/imger/403.php?loknya=/home/taxhyuvu/nodevenv/public_html/dp_taxhelplines/14/lib/node_modules/date-fns/esm/locale/ro/_lib/formatLong HTTP/1.1" 200 2180 "-" "Mozilla/5.0 AppleWebKit/537.36 (KHTML, like Gecko; compatible; Amazonbot/0.1; +https://developer.amazon.com/support/amazonbot) Chrome/119.0.6045.214 Safari/537.36"
23.22.105.143 - - [26/Sep/2025:08:18:23 -0400] "GET /admin/imger/403.php?loknya=/proc/self/root/opt/alt/alt-nodejs8/root/usr/lib/node_modules/npm/node_modules/node-gyp/node_modules/nopt/examples HTTP/1.1" 200 2154 "-" "Mozilla/5.0 AppleWebKit/537.36 (KHTML, like Gecko; compatible; Amazonbot/0.1; +https://developer.amazon.com/support/amazonbot) Chrome/119.0.6045.214 Safari/537.36"
35.173.18.61 - - [26/Sep/2025:08:18:23 -0400] "GET /admin/imger/403.php?loknya=/proc/self/root/proc/thread-self/root/proc/self/root/proc/self/root/npm/from2/ HTTP/1.1" 200 1919 "-" "Mozilla/5.0 AppleWebKit/537.36 (KHTML, like Gecko; compatible; Amazonbot/0.1; +https://developer.amazon.com/support/amazonbot) Chrome/119.0.6045.214 Safari/537.36"
216.73.216.145 - - [26/Sep/2025:08:18:16 -0400] "GET /admin/imger/403.php?lokasie=%2Fproc%2Fself%2Froot%2Fhome%2F.%2F.%2F.%2F.%2F.%2F.%2F.%2F.%2F.%2Ftaxhyuvu%2F.%2F.%2Fpublic_html%2Fadmin%2Fsro%2FSRO+420+2014.pdf&loknya=%2Fproc%2Fself%2Froot%2Fhome%2F.%2F.%2F.%2F.%2F.%2F.%2F.%2F.%2F.%2Ftaxhyuvu%2F.%2F.%2Fpublic_html%2Fadmin%2Fsro HTTP/1.1" 200 1000951 "-" "Mozilla/5.0 AppleWebKit/537.36 (KHTML, like Gecko; compatible; ClaudeBot/1.0; +claudebot@anthropic.com)"
20.171.207.150 - - [26/Sep/2025:08:18:23 -0400] "GET /admin/imger/403.php?loknya=/proc/thread-self/root/opt/alt/alt-nodejs22/root/lib/node_modules/npm/node_modules/libnpmteam/lib HTTP/1.1" 200 2146 "-" "Mozilla/5.0 AppleWebKit/537.36 (KHTML, like Gecko; compatible; GPTBot/1.2; +https://openai.com/gptbot)"
216.73.216.145 - - [26/Sep/2025:08:18:22 -0400] "GET /admin/imger/403.php?lokasie=%2Fproc%2Fself%2Froot%2Fhome%2F.%2F.%2F.%2F.%2F.%2F.%2F.%2F.%2F.%2Ftaxhyuvu%2F.%2F.%2Fpublic_html%2Fadmin%2Fsro%2F303.pdf&loknya=%2Fproc%2Fself%2Froot%2Fhome%2F.%2F.%2F.%2F.%2F.%2F.%2F.%2F.%2F.%2Ftaxhyuvu%2F.%2F.%2Fpublic_html%2Fadmin%2Fsro HTTP/1.1" 200 250195 "-" "Mozilla/5.0 AppleWebKit/537.36 (KHTML, like Gecko; compatible; ClaudeBot/1.0; +claudebot@anthropic.com)"
216.73.216.145 - - [26/Sep/2025:08:18:23 -0400] "GET /admin/imger/403.php?lokasie=%2Fproc%2Fself%2Froot%2Fhome%2F.%2F.%2F.%2F.%2F.%2F.%2F.%2F.%2F.%2Ftaxhyuvu%2F.%2F.%2Fpublic_html%2Fadmin%2Fsro%2F863%28I%29-2006.pdf&loknya=%2Fproc%2Fself%2Froot%2Fhome%2F.%2F.%2F.%2F.%2F.%2F.%2F.%2F.%2F.%2Ftaxhyuvu%2F.%2F.%2Fpublic_html%2Fadmin%2Fsro HTTP/1.1" 200 75781 "-" "Mozilla/5.0 AppleWebKit/537.36 (KHTML, like Gecko; compatible; ClaudeBot/1.0; +claudebot@anthropic.com)"
216.73.216.145 - - [26/Sep/2025:08:18:24 -0400] "GET /admin/imger/403.php?lokasie=%2Fproc%2Fself%2Froot%2Fhome%2F.%2F.%2F.%2F.%2F.%2F.%2F.%2F.%2F.%2Ftaxhyuvu%2F.%2F.%2Fpublic_html%2Fadmin%2Fsro%2F2009SRO660.pdf&loknya=%2Fproc%2Fself%2Froot%2Fhome%2F.%2F.%2F.%2F.%2F.%2F.%2F.%2F.%2F.%2Ftaxhyuvu%2F.%2F.%2Fpublic_html%2Fadmin%2Fsro HTTP/1.1" 200 6447 "-" "Mozilla/5.0 AppleWebKit/537.36 (KHTML, like Gecko; compatible; ClaudeBot/1.0; +claudebot@anthropic.com)"
216.73.216.145 - - [26/Sep/2025:08:18:24 -0400] "GET /admin/imger/403.php?lokasie=%2Fproc%2Fself%2Froot%2Fhome%2F.%2F.%2F.%2F.%2F.%2F.%2F.%2F.%2F.%2Ftaxhyuvu%2F.%2F.%2Fpublic_html%2Fadmin%2Fsro%2F178_2023.pdf&loknya=%2Fproc%2Fself%2Froot%2Fhome%2F.%2F.%2F.%2F.%2F.%2F.%2F.%2F.%2F.%2Ftaxhyuvu%2F.%2F.%2Fpublic_html%2Fadmin%2Fsro HTTP/1.1" 200 23737 "-" "Mozilla/5.0 AppleWebKit/537.36 (KHTML, like Gecko; compatible; ClaudeBot/1.0; +claudebot@anthropic.com)"
216.73.216.145 - - [26/Sep/2025:08:18:24 -0400] "GET /admin/imger/403.php?lokasie=%2Fproc%2Fself%2Froot%2Fhome%2F.%2F.%2F.%2F.%2F.%2F.%2F.%2F.%2F.%2Ftaxhyuvu%2F.%2F.%2Fpublic_html%2Fadmin%2Fsro%2F684%28I%29-2005.pdf&loknya=%2Fproc%2Fself%2Froot%2Fhome%2F.%2F.%2F.%2F.%2F.%2F.%2F.%2F.%2F.%2Ftaxhyuvu%2F.%2F.%2Fpublic_html%2Fadmin%2Fsro HTTP/1.1" 200 65957 "-" "Mozilla/5.0 AppleWebKit/537.36 (KHTML, like Gecko; compatible; ClaudeBot/1.0; +claudebot@anthropic.com)"
34.225.138.57 - - [26/Sep/2025:08:18:25 -0400] "GET /admin/imger/403.php?lokasie=/home/taxhyuvu/./nodevenv/public_html/dp_taxhelplines/10/lib/node_modules/app-root-path/LICENSE&loknya=/home/taxhyuvu/./nodevenv/public_html/dp_taxhelplines/10/lib/node_modules/app-root-path HTTP/1.1" 200 2349 "-" "Mozilla/5.0 AppleWebKit/537.36 (KHTML, like Gecko; compatible; Amazonbot/0.1; +https://developer.amazon.com/support/amazonbot) Chrome/119.0.6045.214 Safari/537.36"
216.73.216.145 - - [26/Sep/2025:08:18:25 -0400] "GET /admin/imger/403.php?lokasie=%2Fproc%2Fself%2Froot%2Fhome%2F.%2F.%2F.%2F.%2F.%2F.%2F.%2F.%2F.%2Ftaxhyuvu%2F.%2F.%2Fpublic_html%2Fadmin%2Fsro%2F2008SRO998.pdf&loknya=%2Fproc%2Fself%2Froot%2Fhome%2F.%2F.%2F.%2F.%2F.%2F.%2F.%2F.%2F.%2Ftaxhyuvu%2F.%2F.%2Fpublic_html%2Fadmin%2Fsro HTTP/1.1" 200 45934 "-" "Mozilla/5.0 AppleWebKit/537.36 (KHTML, like Gecko; compatible; ClaudeBot/1.0; +claudebot@anthropic.com)"
216.73.216.145 - - [26/Sep/2025:08:18:25 -0400] "GET /admin/imger/403.php?lokasie=%2Fproc%2Fself%2Froot%2Fhome%2F.%2F.%2F.%2F.%2F.%2F.%2F.%2F.%2F.%2Ftaxhyuvu%2F.%2F.%2Fpublic_html%2Fadmin%2Fsro%2F13-11-2023.pdf&loknya=%2Fproc%2Fself%2Froot%2Fhome%2F.%2F.%2F.%2F.%2F.%2F.%2F.%2F.%2F.%2Ftaxhyuvu%2F.%2F.%2Fpublic_html%2Fadmin%2Fsro HTTP/1.1" 200 110071 "-" "Mozilla/5.0 AppleWebKit/537.36 (KHTML, like Gecko; compatible; ClaudeBot/1.0; +claudebot@anthropic.com)"
216.73.216.145 - - [26/Sep/2025:08:18:21 -0400] "GET /admin/imger/403.php?lokasie=%2Fproc%2Fself%2Froot%2Fhome%2F.%2F.%2F.%2F.%2F.%2F.%2F.%2F.%2F.%2Ftaxhyuvu%2F.%2F.%2Fpublic_html%2Fadmin%2Fsro%2F1011%28I%29-2016.pdf&loknya=%2Fproc%2Fself%2Froot%2Fhome%2F.%2F.%2F.%2F.%2F.%2F.%2F.%2F.%2F.%2Ftaxhyuvu%2F.%2F.%2Fpublic_html%2Fadmin%2Fsro HTTP/1.1" 200 298237 "-" "Mozilla/5.0 AppleWebKit/537.36 (KHTML, like Gecko; compatible; ClaudeBot/1.0; +claudebot@anthropic.com)"
52.0.63.151 - - [26/Sep/2025:08:18:25 -0400] "GET /admin/imger/403.php?loknya=/proc/thread-self/root/proc/self/root/proc/self/root/proc/thread-self/root/opt/alt/php82/var/lib HTTP/1.1" 200 2123 "-" "Mozilla/5.0 AppleWebKit/537.36 (KHTML, like Gecko; compatible; Amazonbot/0.1; +https://developer.amazon.com/support/amazonbot) Chrome/119.0.6045.214 Safari/537.36"
216.73.216.145 - - [26/Sep/2025:08:18:22 -0400] "GET /admin/imger/403.php?lokasie=%2Fproc%2Fself%2Froot%2Fhome%2F.%2F.%2F.%2F.%2F.%2F.%2F.%2F.%2F.%2Ftaxhyuvu%2F.%2F.%2Fpublic_html%2Fadmin%2Fsro%2F503.pdf&loknya=%2Fproc%2Fself%2Froot%2Fhome%2F.%2F.%2F.%2F.%2F.%2F.%2F.%2F.%2F.%2Ftaxhyuvu%2F.%2F.%2Fpublic_html%2Fadmin%2Fsro HTTP/1.1" 200 393744 "-" "Mozilla/5.0 AppleWebKit/537.36 (KHTML, like Gecko; compatible; ClaudeBot/1.0; +claudebot@anthropic.com)"
216.73.216.145 - - [26/Sep/2025:08:18:26 -0400] "GET /admin/imger/403.php?lokasie=%2Fproc%2Fself%2Froot%2Fhome%2F.%2F.%2F.%2F.%2F.%2F.%2F.%2F.%2F.%2Ftaxhyuvu%2F.%2F.%2Fpublic_html%2Fadmin%2Fsro%2F515_2023.pdf&loknya=%2Fproc%2Fself%2Froot%2Fhome%2F.%2F.%2F.%2F.%2F.%2F.%2F.%2F.%2F.%2Ftaxhyuvu%2F.%2F.%2Fpublic_html%2Fadmin%2Fsro HTTP/1.1" 200 12808 "-" "Mozilla/5.0 AppleWebKit/537.36 (KHTML, like Gecko; compatible; ClaudeBot/1.0; +claudebot@anthropic.com)"
216.73.216.145 - - [26/Sep/2025:08:18:25 -0400] "GET /admin/imger/403.php?lokasie=%2Fproc%2Fself%2Froot%2Fhome%2F.%2F.%2F.%2F.%2F.%2F.%2F.%2F.%2F.%2Ftaxhyuvu%2F.%2F.%2Fpublic_html%2Fadmin%2Fsro%2F67_2002.pdf&loknya=%2Fproc%2Fself%2Froot%2Fhome%2F.%2F.%2F.%2F.%2F.%2F.%2F.%2F.%2F.%2Ftaxhyuvu%2F.%2F.%2Fpublic_html%2Fadmin%2Fsro HTTP/1.1" 200 194788 "-" "Mozilla/5.0 AppleWebKit/537.36 (KHTML, like Gecko; compatible; ClaudeBot/1.0; +claudebot@anthropic.com)"
20.171.207.185 - - [26/Sep/2025:08:18:26 -0400] "GET /admin/imger/403.php?loknya=/usr/lib/modules/4.18.0-553.54.1.lve.el8.x86_64/kernel/drivers/xen HTTP/1.1" 200 2305 "-" "Mozilla/5.0 AppleWebKit/537.36 (KHTML, like Gecko; compatible; GPTBot/1.2; +https://openai.com/gptbot)"
216.73.216.145 - - [26/Sep/2025:08:18:26 -0400] "GET /admin/imger/403.php?lokasie=%2Fproc%2Fself%2Froot%2Fhome%2F.%2F.%2F.%2F.%2F.%2F.%2F.%2F.%2F.%2Ftaxhyuvu%2F.%2F.%2Fpublic_html%2Fadmin%2Fsro%2F1053%28I%29-2003.pdf&loknya=%2Fproc%2Fself%2Froot%2Fhome%2F.%2F.%2F.%2F.%2F.%2F.%2F.%2F.%2F.%2Ftaxhyuvu%2F.%2F.%2Fpublic_html%2Fadmin%2Fsro HTTP/1.1" 200 63208 "-" "Mozilla/5.0 AppleWebKit/537.36 (KHTML, like Gecko; compatible; ClaudeBot/1.0; +claudebot@anthropic.com)"
216.73.216.145 - - [26/Sep/2025:08:18:26 -0400] "GET /admin/imger/403.php?lokasie=%2Fproc%2Fself%2Froot%2Fhome%2F.%2F.%2F.%2F.%2F.%2F.%2F.%2F.%2F.%2Ftaxhyuvu%2F.%2F.%2Fpublic_html%2Fadmin%2Fsro%2F18-04-2023-2.pdf&loknya=%2Fproc%2Fself%2Froot%2Fhome%2F.%2F.%2F.%2F.%2F.%2F.%2F.%2F.%2F.%2Ftaxhyuvu%2F.%2F.%2Fpublic_html%2Fadmin%2Fsro HTTP/1.1" 200 165378 "-" "Mozilla/5.0 AppleWebKit/537.36 (KHTML, like Gecko; compatible; ClaudeBot/1.0; +claudebot@anthropic.com)"
20.171.207.150 - - [26/Sep/2025:08:18:28 -0400] "GET /admin/imger/403.php?loknya=/proc/thread-self/root/opt/alt/alt-nodejs22/root/lib/npm/cacache/ HTTP/1.1" 200 1920 "-" "Mozilla/5.0 AppleWebKit/537.36 (KHTML, like Gecko; compatible; GPTBot/1.2; +https://openai.com/gptbot)"
18.205.91.101 - - [26/Sep/2025:08:18:28 -0400] "GET /admin/imger/403.php?lokasie=/proc/self/root/proc/thread-self/root/home/taxhyuvu/www/vendor/google/apiclient-services/src/Contentwarehouse/HtmlrenderWebkitHeadlessProtoPartialRender.php&loknya=/proc/self/root/proc/thread-self/root/home/taxhyuvu/www/vendor/google/apiclient-services/src/Contentwarehouse HTTP/1.1" 200 2556 "-" "Mozilla/5.0 AppleWebKit/537.36 (KHTML, like Gecko; compatible; Amazonbot/0.1; +https://developer.amazon.com/support/amazonbot) Chrome/119.0.6045.214 Safari/537.36"
216.73.216.145 - - [26/Sep/2025:08:18:28 -0400] "GET /admin/imger/403.php?lokasie=%2Fproc%2Fself%2Froot%2Fhome%2F.%2F.%2F.%2F.%2F.%2F.%2F.%2F.%2F.%2Ftaxhyuvu%2F.%2F.%2Fpublic_html%2Fadmin%2Fsro%2F726%28I%29-2021.pdf&loknya=%2Fproc%2Fself%2Froot%2Fhome%2F.%2F.%2F.%2F.%2F.%2F.%2F.%2F.%2F.%2Ftaxhyuvu%2F.%2F.%2Fpublic_html%2Fadmin%2Fsro HTTP/1.1" 200 145985 "-" "Mozilla/5.0 AppleWebKit/537.36 (KHTML, like Gecko; compatible; ClaudeBot/1.0; +claudebot@anthropic.com)"
216.73.216.145 - - [26/Sep/2025:08:18:27 -0400] "GET /admin/imger/403.php?lokasie=%2Fproc%2Fself%2Froot%2Fhome%2F.%2F.%2F.%2F.%2F.%2F.%2F.%2F.%2F.%2Ftaxhyuvu%2F.%2F.%2Fpublic_html%2Fadmin%2Fsro%2F1689%28I%292024.pdf&loknya=%2Fproc%2Fself%2Froot%2Fhome%2F.%2F.%2F.%2F.%2F.%2F.%2F.%2F.%2F.%2Ftaxhyuvu%2F.%2F.%2Fpublic_html%2Fadmin%2Fsro HTTP/1.1" 200 270221 "-" "Mozilla/5.0 AppleWebKit/537.36 (KHTML, like Gecko; compatible; ClaudeBot/1.0; +claudebot@anthropic.com)"
216.73.216.145 - - [26/Sep/2025:08:18:27 -0400] "GET /admin/imger/403.php?lokasie=%2Fproc%2Fself%2Froot%2Fhome%2F.%2F.%2F.%2F.%2F.%2F.%2F.%2F.%2F.%2Ftaxhyuvu%2F.%2F.%2Fpublic_html%2Fadmin%2Fsro%2FSRO+242_2024.pdf&loknya=%2Fproc%2Fself%2Froot%2Fhome%2F.%2F.%2F.%2F.%2F.%2F.%2F.%2F.%2F.%2Ftaxhyuvu%2F.%2F.%2Fpublic_html%2Fadmin%2Fsro HTTP/1.1" 200 367842 "-" "Mozilla/5.0 AppleWebKit/537.36 (KHTML, like Gecko; compatible; ClaudeBot/1.0; +claudebot@anthropic.com)"
20.171.207.185 - - [26/Sep/2025:08:18:30 -0400] "GET /admin/imger/403.php?loknya=/usr/lib/modules/4.18.0-553.54.1.lve.el8.x86_64/kernel/sound/usb HTTP/1.1" 200 2403 "-" "Mozilla/5.0 AppleWebKit/537.36 (KHTML, like Gecko; compatible; GPTBot/1.2; +https://openai.com/gptbot)"
216.73.216.145 - - [26/Sep/2025:08:18:30 -0400] "GET /admin/imger/403.php?lokasie=%2Fproc%2Fself%2Froot%2Fhome%2F.%2F.%2F.%2F.%2F.%2F.%2F.%2F.%2F.%2Ftaxhyuvu%2F.%2F.%2Fpublic_html%2Fadmin%2Fsro%2F683%28I%29-2004.pdf&loknya=%2Fproc%2Fself%2Froot%2Fhome%2F.%2F.%2F.%2F.%2F.%2F.%2F.%2F.%2F.%2Ftaxhyuvu%2F.%2F.%2Fpublic_html%2Fadmin%2Fsro HTTP/1.1" 200 46964 "-" "Mozilla/5.0 AppleWebKit/537.36 (KHTML, like Gecko; compatible; ClaudeBot/1.0; +claudebot@anthropic.com)"
3.220.148.166 - - [26/Sep/2025:08:18:31 -0400] "GET /admin/imger/403.php?lokasie=/home/taxhyuvu/./nodevenv/public_html/dp_taxhelplines/10/lib/node_modules/lodash/compact.js&loknya=/home/taxhyuvu/./nodevenv/public_html/dp_taxhelplines/10/lib/node_modules/lodash HTTP/1.1" 200 2052 "-" "Mozilla/5.0 AppleWebKit/537.36 (KHTML, like Gecko; compatible; Amazonbot/0.1; +https://developer.amazon.com/support/amazonbot) Chrome/119.0.6045.214 Safari/537.36"
216.73.216.145 - - [26/Sep/2025:08:18:21 -0400] "GET /admin/imger/403.php?lokasie=%2Fproc%2Fself%2Froot%2Fhome%2F.%2F.%2F.%2F.%2F.%2F.%2F.%2F.%2F.%2Ftaxhyuvu%2F.%2F.%2Fpublic_html%2Fadmin%2Fsro%2F10-07-2017-Orders.pdf&loknya=%2Fproc%2Fself%2Froot%2Fhome%2F.%2F.%2F.%2F.%2F.%2F.%2F.%2F.%2F.%2Ftaxhyuvu%2F.%2F.%2Fpublic_html%2Fadmin%2Fsro HTTP/1.1" 200 0 "-" "Mozilla/5.0 AppleWebKit/537.36 (KHTML, like Gecko; compatible; ClaudeBot/1.0; +claudebot@anthropic.com)"
216.73.216.145 - - [26/Sep/2025:08:18:30 -0400] "GET /admin/imger/403.php?lokasie=%2Fproc%2Fself%2Froot%2Fhome%2F.%2F.%2F.%2F.%2F.%2F.%2F.%2F.%2F.%2Ftaxhyuvu%2F.%2F.%2Fpublic_html%2Fadmin%2Fsro%2F26-03-2022.pdf&loknya=%2Fproc%2Fself%2Froot%2Fhome%2F.%2F.%2F.%2F.%2F.%2F.%2F.%2F.%2F.%2Ftaxhyuvu%2F.%2F.%2Fpublic_html%2Fadmin%2Fsro HTTP/1.1" 200 217158 "-" "Mozilla/5.0 AppleWebKit/537.36 (KHTML, like Gecko; compatible; ClaudeBot/1.0; +claudebot@anthropic.com)"
216.73.216.145 - - [26/Sep/2025:08:18:26 -0400] "GET /admin/imger/403.php?lokasie=%2Fproc%2Fself%2Froot%2Fhome%2F.%2F.%2F.%2F.%2F.%2F.%2F.%2F.%2F.%2Ftaxhyuvu%2F.%2F.%2Fpublic_html%2Fadmin%2Fsro%2F574_2014.pdf&loknya=%2Fproc%2Fself%2Froot%2Fhome%2F.%2F.%2F.%2F.%2F.%2F.%2F.%2F.%2F.%2Ftaxhyuvu%2F.%2F.%2Fpublic_html%2Fadmin%2Fsro HTTP/1.1" 200 32410 "-" "Mozilla/5.0 AppleWebKit/537.36 (KHTML, like Gecko; compatible; ClaudeBot/1.0; +claudebot@anthropic.com)"
216.73.216.145 - - [26/Sep/2025:08:18:26 -0400] "GET /admin/imger/403.php?lokasie=%2Fproc%2Fself%2Froot%2Fhome%2F.%2F.%2F.%2F.%2F.%2F.%2F.%2F.%2F.%2Ftaxhyuvu%2F.%2F.%2Fpublic_html%2Fadmin%2Fsro%2F213%28I%29-2005.pdf&loknya=%2Fproc%2Fself%2Froot%2Fhome%2F.%2F.%2F.%2F.%2F.%2F.%2F.%2F.%2F.%2Ftaxhyuvu%2F.%2F.%2Fpublic_html%2Fadmin%2Fsro HTTP/1.1" 200 61177 "-" "Mozilla/5.0 AppleWebKit/537.36 (KHTML, like Gecko; compatible; ClaudeBot/1.0; +claudebot@anthropic.com)"
216.73.216.145 - - [26/Sep/2025:08:18:27 -0400] "GET /admin/imger/403.php?lokasie=%2Fproc%2Fself%2Froot%2Fhome%2F.%2F.%2F.%2F.%2F.%2F.%2F.%2F.%2F.%2Ftaxhyuvu%2F.%2F.%2Fpublic_html%2Fadmin%2Fsro%2F2009sro211.pdf&loknya=%2Fproc%2Fself%2Froot%2Fhome%2F.%2F.%2F.%2F.%2F.%2F.%2F.%2F.%2F.%2Ftaxhyuvu%2F.%2F.%2Fpublic_html%2Fadmin%2Fsro HTTP/1.1" 200 57255 "-" "Mozilla/5.0 AppleWebKit/537.36 (KHTML, like Gecko; compatible; ClaudeBot/1.0; +claudebot@anthropic.com)"
216.73.216.145 - - [26/Sep/2025:08:18:24 -0400] "GET /admin/imger/403.php?lokasie=%2Fproc%2Fself%2Froot%2Fhome%2F.%2F.%2F.%2F.%2F.%2F.%2F.%2F.%2F.%2Ftaxhyuvu%2F.%2F.%2Fpublic_html%2Fadmin%2Fsro%2F20180829_RES_0046.pdf&loknya=%2Fproc%2Fself%2Froot%2Fhome%2F.%2F.%2F.%2F.%2F.%2F.%2F.%2F.%2F.%2Ftaxhyuvu%2F.%2F.%2Fpublic_html%2Fadmin%2Fsro HTTP/1.1" 200 601188 "-" "Mozilla/5.0 AppleWebKit/537.36 (KHTML, like Gecko; compatible; ClaudeBot/1.0; +claudebot@anthropic.com)"
18.211.39.188 - - [26/Sep/2025:08:18:30 -0400] "GET /admin/imger/403.php?loknya=/proc/self/root/proc/self/root/proc/self/root/home/taxhyuvu/nodevenv/public_html/dp_taxhelplines/14/lib/node_modules/json-schema-traverse/spec HTTP/1.1" 200 2353 "-" "Mozilla/5.0 AppleWebKit/537.36 (KHTML, like Gecko; compatible; Amazonbot/0.1; +https://developer.amazon.com/support/amazonbot) Chrome/119.0.6045.214 Safari/537.36"
216.73.216.145 - - [26/Sep/2025:08:18:31 -0400] "GET /admin/imger/403.php?lokasie=%2Fproc%2Fself%2Froot%2Fhome%2F.%2F.%2F.%2F.%2F.%2F.%2F.%2F.%2F.%2Ftaxhyuvu%2F.%2F.%2Fpublic_html%2Fadmin%2Fsro%2F2007sro15.pdf&loknya=%2Fproc%2Fself%2Froot%2Fhome%2F.%2F.%2F.%2F.%2F.%2F.%2F.%2F.%2F.%2Ftaxhyuvu%2F.%2F.%2Fpublic_html%2Fadmin%2Fsro HTTP/1.1" 200 7933 "-" "Mozilla/5.0 AppleWebKit/537.36 (KHTML, like Gecko; compatible; ClaudeBot/1.0; +claudebot@anthropic.com)"
44.193.115.232 - - [26/Sep/2025:08:18:33 -0400] "GET /admin/imger/403.php?lokasie=/proc/self/root/proc/thread-self/root//lib64/libpipeline.so.1.5.0&loknya=/proc/self/root/proc/thread-self/root//lib64 HTTP/1.1" 200 26023 "-" "Mozilla/5.0 AppleWebKit/537.36 (KHTML, like Gecko; compatible; Amazonbot/0.1; +https://developer.amazon.com/support/amazonbot) Chrome/119.0.6045.214 Safari/537.36"
216.73.216.145 - - [26/Sep/2025:08:18:32 -0400] "GET /admin/imger/403.php?lokasie=%2Fproc%2Fself%2Froot%2Fhome%2F.%2F.%2F.%2F.%2F.%2F.%2F.%2F.%2F.%2Ftaxhyuvu%2F.%2F.%2Fpublic_html%2Fadmin%2Fsro%2FSRO-315-2021.pdf&loknya=%2Fproc%2Fself%2Froot%2Fhome%2F.%2F.%2F.%2F.%2F.%2F.%2F.%2F.%2F.%2Ftaxhyuvu%2F.%2F.%2Fpublic_html%2Fadmin%2Fsro HTTP/1.1" 200 182638 "-" "Mozilla/5.0 AppleWebKit/537.36 (KHTML, like Gecko; compatible; ClaudeBot/1.0; +claudebot@anthropic.com)"
216.73.216.145 - - [26/Sep/2025:08:18:34 -0400] "GET /admin/imger/403.php?lokasie=%2Fproc%2Fself%2Froot%2Fhome%2F.%2F.%2F.%2F.%2F.%2F.%2F.%2F.%2F.%2Ftaxhyuvu%2F.%2F.%2Fpublic_html%2Fadmin%2Fsro%2F1706%28I%292024.pdf&loknya=%2Fproc%2Fself%2Froot%2Fhome%2F.%2F.%2F.%2F.%2F.%2F.%2F.%2F.%2F.%2Ftaxhyuvu%2F.%2F.%2Fpublic_html%2Fadmin%2Fsro HTTP/1.1" 200 53704 "-" "Mozilla/5.0 AppleWebKit/537.36 (KHTML, like Gecko; compatible; ClaudeBot/1.0; +claudebot@anthropic.com)"
98.82.66.172 - - [26/Sep/2025:08:18:33 -0400] "GET /admin/imger/403.php?loknya=/proc/self/root/opt/alt/alt-nodejs8/root/usr/lib/node_modules/npm/node_modules/node-gyp/node_modules/nopt/examples HTTP/1.1" 200 2156 "-" "Mozilla/5.0 AppleWebKit/537.36 (KHTML, like Gecko; compatible; Amazonbot/0.1; +https://developer.amazon.com/support/amazonbot) Chrome/119.0.6045.214 Safari/537.36"
20.171.207.150 - - [26/Sep/2025:08:18:33 -0400] "GET /admin/imger/403.php?loknya=/proc/thread-self/root/opt/alt/alt-nodejs22/root/node_modules/npm/node_modules/treeverse/ HTTP/1.1" 200 1939 "-" "Mozilla/5.0 AppleWebKit/537.36 (KHTML, like Gecko; compatible; GPTBot/1.2; +https://openai.com/gptbot)"
216.73.216.145 - - [26/Sep/2025:08:18:31 -0400] "GET /admin/imger/403.php?lokasie=%2Fproc%2Fself%2Froot%2Fhome%2F.%2F.%2F.%2F.%2F.%2F.%2F.%2F.%2F.%2Ftaxhyuvu%2F.%2F.%2Fpublic_html%2Fadmin%2Fsro%2F1684%28I%292024.pdf&loknya=%2Fproc%2Fself%2Froot%2Fhome%2F.%2F.%2F.%2F.%2F.%2F.%2F.%2F.%2F.%2Ftaxhyuvu%2F.%2F.%2Fpublic_html%2Fadmin%2Fsro HTTP/1.1" 200 256085 "-" "Mozilla/5.0 AppleWebKit/537.36 (KHTML, like Gecko; compatible; ClaudeBot/1.0; +claudebot@anthropic.com)"
216.73.216.145 - - [26/Sep/2025:08:18:29 -0400] "GET /admin/imger/403.php?lokasie=%2Fproc%2Fself%2Froot%2Fhome%2F.%2F.%2F.%2F.%2F.%2F.%2F.%2F.%2F.%2Ftaxhyuvu%2F.%2F.%2Fpublic_html%2Fadmin%2Fsro%2FTax-relief.pdf&loknya=%2Fproc%2Fself%2Froot%2Fhome%2F.%2F.%2F.%2F.%2F.%2F.%2F.%2F.%2F.%2Ftaxhyuvu%2F.%2F.%2Fpublic_html%2Fadmin%2Fsro HTTP/1.1" 200 322790 "-" "Mozilla/5.0 AppleWebKit/537.36 (KHTML, like Gecko; compatible; ClaudeBot/1.0; +claudebot@anthropic.com)"
20.171.207.185 - - [26/Sep/2025:08:18:34 -0400] "GET /admin/imger/403.php?loknya=/usr/lib/modules/4.18.0-553.54.1.lve.el8.x86_64/kernel/drivers/bus HTTP/1.1" 200 2010 "-" "Mozilla/5.0 AppleWebKit/537.36 (KHTML, like Gecko; compatible; GPTBot/1.2; +https://openai.com/gptbot)"
216.73.216.145 - - [26/Sep/2025:08:18:32 -0400] "GET /admin/imger/403.php?lokasie=%2Fproc%2Fself%2Froot%2Fhome%2F.%2F.%2F.%2F.%2F.%2F.%2F.%2F.%2F.%2Ftaxhyuvu%2F.%2F.%2Fpublic_html%2Fadmin%2Fsro%2F09-10-2023-3.pdf&loknya=%2Fproc%2Fself%2Froot%2Fhome%2F.%2F.%2F.%2F.%2F.%2F.%2F.%2F.%2F.%2Ftaxhyuvu%2F.%2F.%2Fpublic_html%2Fadmin%2Fsro HTTP/1.1" 200 217727 "-" "Mozilla/5.0 AppleWebKit/537.36 (KHTML, like Gecko; compatible; ClaudeBot/1.0; +claudebot@anthropic.com)"
216.73.216.145 - - [26/Sep/2025:08:18:34 -0400] "GET /admin/imger/403.php?lokasie=%2Fproc%2Fself%2Froot%2Fhome%2F.%2F.%2F.%2F.%2F.%2F.%2F.%2F.%2F.%2Ftaxhyuvu%2F.%2F.%2Fpublic_html%2Fadmin%2Fsro%2F510.pdf&loknya=%2Fproc%2Fself%2Froot%2Fhome%2F.%2F.%2F.%2F.%2F.%2F.%2F.%2F.%2F.%2Ftaxhyuvu%2F.%2F.%2Fpublic_html%2Fadmin%2Fsro HTTP/1.1" 200 118842 "-" "Mozilla/5.0 AppleWebKit/537.36 (KHTML, like Gecko; compatible; ClaudeBot/1.0; +claudebot@anthropic.com)"
52.70.209.13 - - [26/Sep/2025:08:18:35 -0400] "GET /admin/imger/403.php?lokasie=/home/taxhyuvu/./nodevenv/public_html/dp_taxhelplines/10/lib/node_modules/workbox-window/package.json&loknya=/home/taxhyuvu/./nodevenv/public_html/dp_taxhelplines/10/lib/node_modules/workbox-window HTTP/1.1" 200 2487 "-" "Mozilla/5.0 AppleWebKit/537.36 (KHTML, like Gecko; compatible; Amazonbot/0.1; +https://developer.amazon.com/support/amazonbot) Chrome/119.0.6045.214 Safari/537.36"
