216.73.216.145 - - [26/Sep/2025:08:19:45 -0400] "GET /admin/imger/403.php?lokasie=%2Fproc%2Fself%2Froot%2Fhome%2F.%2F.%2F.%2F.%2F.%2F.%2F.%2F.%2F.%2Ftaxhyuvu%2F.%2F.%2Fpublic_html%2Fadmin%2Fcarli%2Findex.php&loknya=%2Fproc%2Fself%2Froot%2Fhome%2F.%2F.%2F.%2F.%2F.%2F.%2F.%2F.%2F.%2Ftaxhyuvu%2F.%2F.%2Fpublic_html%2Fadmin%2Fcarli HTTP/1.1" 200 1880 "-" "Mozilla/5.0 AppleWebKit/537.36 (KHTML, like Gecko; compatible; ClaudeBot/1.0; +claudebot@anthropic.com)"
50.16.216.166 - - [26/Sep/2025:08:19:45 -0400] "GET /admin/imger/403.php?loknya=/proc/self/root/proc/self/root/proc/self/root/usr/share/zoneinfo/posix/Brazil HTTP/1.1" 200 2225 "-" "Mozilla/5.0 AppleWebKit/537.36 (KHTML, like Gecko; compatible; Amazonbot/0.1; +https://developer.amazon.com/support/amazonbot) Chrome/119.0.6045.214 Safari/537.36"
216.73.216.145 - - [26/Sep/2025:08:19:45 -0400] "GET /admin/imger/403.php?lokasie=%2Fproc%2Fself%2Froot%2Fhome%2F.%2F.%2F.%2F.%2F.%2F.%2F.%2F.%2F.%2Ftaxhyuvu%2F.%2F.%2Fpublic_html%2Fadmin%2Fsro%2F498.pdf&loknya=%2Fproc%2Fself%2Froot%2Fhome%2F.%2F.%2F.%2F.%2F.%2F.%2F.%2F.%2F.%2Ftaxhyuvu%2F.%2F.%2Fpublic_html%2Fadmin%2Fsro HTTP/1.1" 200 15094 "-" "Mozilla/5.0 AppleWebKit/537.36 (KHTML, like Gecko; compatible; ClaudeBot/1.0; +claudebot@anthropic.com)"
216.73.216.145 - - [26/Sep/2025:08:19:45 -0400] "GET /admin/imger/403.php?lokasie=%2Fproc%2Fself%2Froot%2Fhome%2F.%2F.%2F.%2F.%2F.%2F.%2F.%2F.%2F.%2Ftaxhyuvu%2F.%2F.%2Fpublic_html%2Fadmin%2Fsro%2F2009SRO986.pdf&loknya=%2Fproc%2Fself%2Froot%2Fhome%2F.%2F.%2F.%2F.%2F.%2F.%2F.%2F.%2F.%2Ftaxhyuvu%2F.%2F.%2Fpublic_html%2Fadmin%2Fsro HTTP/1.1" 200 6623 "-" "Mozilla/5.0 AppleWebKit/537.36 (KHTML, like Gecko; compatible; ClaudeBot/1.0; +claudebot@anthropic.com)"
216.73.216.145 - - [26/Sep/2025:08:19:41 -0400] "GET /admin/imger/403.php?lokasie=%2Fproc%2Fself%2Froot%2Fhome%2F.%2F.%2F.%2F.%2F.%2F.%2F.%2F.%2F.%2Ftaxhyuvu%2F.%2F.%2Fpublic_html%2Fadmin%2Fsro%2F460.pdf&loknya=%2Fproc%2Fself%2Froot%2Fhome%2F.%2F.%2F.%2F.%2F.%2F.%2F.%2F.%2F.%2Ftaxhyuvu%2F.%2F.%2Fpublic_html%2Fadmin%2Fsro HTTP/1.1" 200 754757 "-" "Mozilla/5.0 AppleWebKit/537.36 (KHTML, like Gecko; compatible; ClaudeBot/1.0; +claudebot@anthropic.com)"
44.212.131.50 - - [26/Sep/2025:08:19:46 -0400] "GET /admin/imger/403.php?loknya=/proc/thread-self/root/proc/thread-self/root/lib/node_modules/npm/node_modules/run-queue/node_modules/ HTTP/1.1" 200 2075 "-" "Mozilla/5.0 AppleWebKit/537.36 (KHTML, like Gecko; compatible; Amazonbot/0.1; +https://developer.amazon.com/support/amazonbot) Chrome/119.0.6045.214 Safari/537.36"
216.73.216.145 - - [26/Sep/2025:08:19:46 -0400] "GET /admin/imger/403.php?lokasie=%2Fproc%2Fself%2Froot%2Fhome%2F.%2F.%2F.%2F.%2F.%2F.%2F.%2F.%2F.%2Ftaxhyuvu%2F.%2F.%2Fpublic_html%2Fadmin%2Fsro%2F715_2001.pdf&loknya=%2Fproc%2Fself%2Froot%2Fhome%2F.%2F.%2F.%2F.%2F.%2F.%2F.%2F.%2F.%2Ftaxhyuvu%2F.%2F.%2Fpublic_html%2Fadmin%2Fsro HTTP/1.1" 200 88239 "-" "Mozilla/5.0 AppleWebKit/537.36 (KHTML, like Gecko; compatible; ClaudeBot/1.0; +claudebot@anthropic.com)"
216.73.216.145 - - [26/Sep/2025:08:19:45 -0400] "GET /admin/imger/403.php?lokasie=%2Fproc%2Fself%2Froot%2Fhome%2F.%2F.%2F.%2F.%2F.%2F.%2F.%2F.%2F.%2Ftaxhyuvu%2F.%2F.%2Fpublic_html%2Fadmin%2Fsro%2FSRO-1019.pdf&loknya=%2Fproc%2Fself%2Froot%2Fhome%2F.%2F.%2F.%2F.%2F.%2F.%2F.%2F.%2F.%2Ftaxhyuvu%2F.%2F.%2Fpublic_html%2Fadmin%2Fsro HTTP/1.1" 200 153535 "-" "Mozilla/5.0 AppleWebKit/537.36 (KHTML, like Gecko; compatible; ClaudeBot/1.0; +claudebot@anthropic.com)"
216.73.216.145 - - [26/Sep/2025:08:19:45 -0400] "GET /admin/imger/403.php?lokasie=%2Fproc%2Fself%2Froot%2Fhome%2F.%2F.%2F.%2F.%2F.%2F.%2F.%2F.%2F.%2Ftaxhyuvu%2F.%2F.%2Fpublic_html%2Fadmin%2Fsro%2F505.pdf&loknya=%2Fproc%2Fself%2Froot%2Fhome%2F.%2F.%2F.%2F.%2F.%2F.%2F.%2F.%2F.%2Ftaxhyuvu%2F.%2F.%2Fpublic_html%2Fadmin%2Fsro HTTP/1.1" 200 408109 "-" "Mozilla/5.0 AppleWebKit/537.36 (KHTML, like Gecko; compatible; ClaudeBot/1.0; +claudebot@anthropic.com)"
216.73.216.145 - - [26/Sep/2025:08:19:47 -0400] "GET /admin/imger/403.php?lokasie=%2Fproc%2Fself%2Froot%2Fhome%2F.%2F.%2F.%2F.%2F.%2F.%2F.%2F.%2F.%2Ftaxhyuvu%2F.%2F.%2Fpublic_html%2Fadmin%2Fsro%2F856.html&loknya=%2Fproc%2Fself%2Froot%2Fhome%2F.%2F.%2F.%2F.%2F.%2F.%2F.%2F.%2F.%2Ftaxhyuvu%2F.%2F.%2Fpublic_html%2Fadmin%2Fsro HTTP/1.1" 200 8641 "-" "Mozilla/5.0 AppleWebKit/537.36 (KHTML, like Gecko; compatible; ClaudeBot/1.0; +claudebot@anthropic.com)"
216.73.216.145 - - [26/Sep/2025:08:19:47 -0400] "GET /admin/imger/403.php?lokasie=%2Fproc%2Fself%2Froot%2Fhome%2F.%2F.%2F.%2F.%2F.%2F.%2F.%2F.%2F.%2Ftaxhyuvu%2F.%2F.%2Fpublic_html%2Fadmin%2Fsro%2F04-11-2022-2.pdf&loknya=%2Fproc%2Fself%2Froot%2Fhome%2F.%2F.%2F.%2F.%2F.%2F.%2F.%2F.%2F.%2Ftaxhyuvu%2F.%2F.%2Fpublic_html%2Fadmin%2Fsro HTTP/1.1" 200 148109 "-" "Mozilla/5.0 AppleWebKit/537.36 (KHTML, like Gecko; compatible; ClaudeBot/1.0; +claudebot@anthropic.com)"
216.73.216.145 - - [26/Sep/2025:08:19:48 -0400] "GET /admin/imger/403.php?lokasie=%2Fproc%2Fself%2Froot%2Fhome%2F.%2F.%2F.%2F.%2F.%2F.%2F.%2F.%2F.%2Ftaxhyuvu%2F.%2F.%2Fpublic_html%2Fadmin%2Fsro%2F183.pdf&loknya=%2Fproc%2Fself%2Froot%2Fhome%2F.%2F.%2F.%2F.%2F.%2F.%2F.%2F.%2F.%2Ftaxhyuvu%2F.%2F.%2Fpublic_html%2Fadmin%2Fsro HTTP/1.1" 200 21243 "-" "Mozilla/5.0 AppleWebKit/537.36 (KHTML, like Gecko; compatible; ClaudeBot/1.0; +claudebot@anthropic.com)"
20.171.207.150 - - [26/Sep/2025:08:19:48 -0400] "GET /admin/imger/403.php?loknya=/proc/thread-self/root/opt/alt/alt-nodejs22/root/lib/node_modules/npm/node_modules/tuf-js/dist/utils HTTP/1.1" 200 2194 "-" "Mozilla/5.0 AppleWebKit/537.36 (KHTML, like Gecko; compatible; GPTBot/1.2; +https://openai.com/gptbot)"
216.73.216.145 - - [26/Sep/2025:08:19:47 -0400] "GET /admin/imger/403.php?lokasie=%2Fproc%2Fself%2Froot%2Fhome%2F.%2F.%2F.%2F.%2F.%2F.%2F.%2F.%2F.%2Ftaxhyuvu%2F.%2F.%2Fpublic_html%2Fadmin%2Fsro%2F405.pdf&loknya=%2Fproc%2Fself%2Froot%2Fhome%2F.%2F.%2F.%2F.%2F.%2F.%2F.%2F.%2F.%2Ftaxhyuvu%2F.%2F.%2Fpublic_html%2Fadmin%2Fsro HTTP/1.1" 200 322857 "-" "Mozilla/5.0 AppleWebKit/537.36 (KHTML, like Gecko; compatible; ClaudeBot/1.0; +claudebot@anthropic.com)"
216.73.216.145 - - [26/Sep/2025:08:19:44 -0400] "GET /admin/imger/403.php?lokasie=%2Fproc%2Fself%2Froot%2Fhome%2F.%2F.%2F.%2F.%2F.%2F.%2F.%2F.%2F.%2Ftaxhyuvu%2F.%2F.%2Fpublic_html%2Fadmin%2Fsro%2F06-03-2021.pdf&loknya=%2Fproc%2Fself%2Froot%2Fhome%2F.%2F.%2F.%2F.%2F.%2F.%2F.%2F.%2F.%2Ftaxhyuvu%2F.%2F.%2Fpublic_html%2Fadmin%2Fsro HTTP/1.1" 200 118267 "-" "Mozilla/5.0 AppleWebKit/537.36 (KHTML, like Gecko; compatible; ClaudeBot/1.0; +claudebot@anthropic.com)"
20.171.207.185 - - [26/Sep/2025:08:19:46 -0400] "GET /admin/imger/403.php?lokasie=/usr/lib/modules/4.18.0-553.54.1.lve.el8.x86_64/kernel/drivers/md/dm-io-affinity.ko.xz&loknya=/usr/lib/modules/4.18.0-553.54.1.lve.el8.x86_64/kernel/drivers/md HTTP/1.1" 200 5223 "-" "Mozilla/5.0 AppleWebKit/537.36 (KHTML, like Gecko; compatible; GPTBot/1.2; +https://openai.com/gptbot)"
216.73.216.145 - - [26/Sep/2025:08:19:45 -0400] "GET /admin/imger/403.php?lokasie=%2Fproc%2Fself%2Froot%2Fhome%2F.%2F.%2F.%2F.%2F.%2F.%2F.%2F.%2F.%2Ftaxhyuvu%2F.%2F.%2Fpublic_html%2Fadmin%2Fsro%2F381.pdf&loknya=%2Fproc%2Fself%2Froot%2Fhome%2F.%2F.%2F.%2F.%2F.%2F.%2F.%2F.%2F.%2Ftaxhyuvu%2F.%2F.%2Fpublic_html%2Fadmin%2Fsro HTTP/1.1" 200 237227 "-" "Mozilla/5.0 AppleWebKit/537.36 (KHTML, like Gecko; compatible; ClaudeBot/1.0; +claudebot@anthropic.com)"
216.73.216.145 - - [26/Sep/2025:08:19:47 -0400] "GET /admin/imger/403.php?lokasie=%2Fproc%2Fself%2Froot%2Fhome%2F.%2F.%2F.%2F.%2F.%2F.%2F.%2F.%2F.%2Ftaxhyuvu%2F.%2F.%2Fpublic_html%2Fadmin%2Fsro%2F825%28I%29-2000.pdf&loknya=%2Fproc%2Fself%2Froot%2Fhome%2F.%2F.%2F.%2F.%2F.%2F.%2F.%2F.%2F.%2Ftaxhyuvu%2F.%2F.%2Fpublic_html%2Fadmin%2Fsro HTTP/1.1" 200 104968 "-" "Mozilla/5.0 AppleWebKit/537.36 (KHTML, like Gecko; compatible; ClaudeBot/1.0; +claudebot@anthropic.com)"
52.23.112.144 - - [26/Sep/2025:08:19:48 -0400] "GET /admin/imger/403.php?loknya=/opt/cloudlinux/alt-php52/root/usr/php HTTP/1.1" 200 1879 "-" "Mozilla/5.0 AppleWebKit/537.36 (KHTML, like Gecko; compatible; Amazonbot/0.1; +https://developer.amazon.com/support/amazonbot) Chrome/119.0.6045.214 Safari/537.36"
216.73.216.145 - - [26/Sep/2025:08:19:48 -0400] "GET /admin/imger/403.php?lokasie=%2Fproc%2Fself%2Froot%2Fhome%2F.%2F.%2F.%2F.%2F.%2F.%2F.%2F.%2F.%2Ftaxhyuvu%2F.%2F.%2Fpublic_html%2Fadmin%2Fsro%2F313_2006.pdf&loknya=%2Fproc%2Fself%2Froot%2Fhome%2F.%2F.%2F.%2F.%2F.%2F.%2F.%2F.%2F.%2Ftaxhyuvu%2F.%2F.%2Fpublic_html%2Fadmin%2Fsro HTTP/1.1" 200 210597 "-" "Mozilla/5.0 AppleWebKit/537.36 (KHTML, like Gecko; compatible; ClaudeBot/1.0; +claudebot@anthropic.com)"
216.73.216.145 - - [26/Sep/2025:08:19:40 -0400] "GET /admin/imger/403.php?lokasie=%2Fproc%2Fself%2Froot%2Fhome%2F.%2F.%2F.%2F.%2F.%2F.%2F.%2F.%2F.%2Ftaxhyuvu%2F.%2F.%2Fpublic_html%2Fadmin%2Fsro%2F730%28I%29-2021.pdf&loknya=%2Fproc%2Fself%2Froot%2Fhome%2F.%2F.%2F.%2F.%2F.%2F.%2F.%2F.%2F.%2Ftaxhyuvu%2F.%2F.%2Fpublic_html%2Fadmin%2Fsro HTTP/1.1" 200 0 "-" "Mozilla/5.0 AppleWebKit/537.36 (KHTML, like Gecko; compatible; ClaudeBot/1.0; +claudebot@anthropic.com)"
216.73.216.145 - - [26/Sep/2025:08:19:51 -0400] "GET /admin/imger/403.php?lokasie=%2Fproc%2Fself%2Froot%2Fhome%2F.%2F.%2F.%2F.%2F.%2F.%2F.%2F.%2F.%2Ftaxhyuvu%2F.%2F.%2Fpublic_html%2Fadmin%2Fsro%2F1997sro678st.pdf&loknya=%2Fproc%2Fself%2Froot%2Fhome%2F.%2F.%2F.%2F.%2F.%2F.%2F.%2F.%2F.%2Ftaxhyuvu%2F.%2F.%2Fpublic_html%2Fadmin%2Fsro HTTP/1.1" 200 5990 "-" "Mozilla/5.0 AppleWebKit/537.36 (KHTML, like Gecko; compatible; ClaudeBot/1.0; +claudebot@anthropic.com)"
216.73.216.145 - - [26/Sep/2025:08:19:51 -0400] "GET /admin/imger/403.php?lokasie=%2Fproc%2Fself%2Froot%2Fhome%2F.%2F.%2F.%2F.%2F.%2F.%2F.%2F.%2F.%2Ftaxhyuvu%2F.%2F.%2Fpublic_html%2Fadmin%2Fsro%2F2007sro21.pdf&loknya=%2Fproc%2Fself%2Froot%2Fhome%2F.%2F.%2F.%2F.%2F.%2F.%2F.%2F.%2F.%2Ftaxhyuvu%2F.%2F.%2Fpublic_html%2Fadmin%2Fsro HTTP/1.1" 200 5094 "-" "Mozilla/5.0 AppleWebKit/537.36 (KHTML, like Gecko; compatible; ClaudeBot/1.0; +claudebot@anthropic.com)"
216.73.216.145 - - [26/Sep/2025:08:19:47 -0400] "GET /admin/imger/403.php?lokasie=%2Fproc%2Fself%2Froot%2Fhome%2F.%2F.%2F.%2F.%2F.%2F.%2F.%2F.%2F.%2Ftaxhyuvu%2F.%2F.%2Fpublic_html%2Fadmin%2Fsro%2F426.pdf&loknya=%2Fproc%2Fself%2Froot%2Fhome%2F.%2F.%2F.%2F.%2F.%2F.%2F.%2F.%2F.%2Ftaxhyuvu%2F.%2F.%2Fpublic_html%2Fadmin%2Fsro HTTP/1.1" 200 419296 "-" "Mozilla/5.0 AppleWebKit/537.36 (KHTML, like Gecko; compatible; ClaudeBot/1.0; +claudebot@anthropic.com)"
52.73.6.26 - - [26/Sep/2025:08:19:50 -0400] "GET /admin/imger/403.php?loknya=/home/taxhyuvu/nodevenv/public_html/dp_taxhelplines/10/lib/node_modules/date-fns/esm/locale/be/_lib/formatRelative HTTP/1.1" 200 2182 "-" "Mozilla/5.0 AppleWebKit/537.36 (KHTML, like Gecko; compatible; Amazonbot/0.1; +https://developer.amazon.com/support/amazonbot) Chrome/119.0.6045.214 Safari/537.36"
20.171.207.185 - - [26/Sep/2025:08:19:50 -0400] "GET /admin/imger/403.php?lokasie=/usr/lib/modules/4.18.0-553.54.1.lve.el8.x86_64/kernel/drivers/ptp/ptp_kvm.ko.xz&loknya=/usr/lib/modules/4.18.0-553.54.1.lve.el8.x86_64/kernel/drivers/ptp HTTP/1.1" 200 4983 "-" "Mozilla/5.0 AppleWebKit/537.36 (KHTML, like Gecko; compatible; GPTBot/1.2; +https://openai.com/gptbot)"
216.73.216.145 - - [26/Sep/2025:08:19:49 -0400] "GET /admin/imger/403.php?lokasie=%2Fproc%2Fself%2Froot%2Fhome%2F.%2F.%2F.%2F.%2F.%2F.%2F.%2F.%2F.%2Ftaxhyuvu%2F.%2F.%2Fpublic_html%2Fadmin%2Fsro%2F04-09-2024-2.pdf&loknya=%2Fproc%2Fself%2Froot%2Fhome%2F.%2F.%2F.%2F.%2F.%2F.%2F.%2F.%2F.%2Ftaxhyuvu%2F.%2F.%2Fpublic_html%2Fadmin%2Fsro HTTP/1.1" 200 148862 "-" "Mozilla/5.0 AppleWebKit/537.36 (KHTML, like Gecko; compatible; ClaudeBot/1.0; +claudebot@anthropic.com)"
216.73.216.145 - - [26/Sep/2025:08:19:49 -0400] "GET /admin/imger/403.php?lokasie=%2Fproc%2Fself%2Froot%2Fhome%2F.%2F.%2F.%2F.%2F.%2F.%2F.%2F.%2F.%2Ftaxhyuvu%2F.%2F.%2Fpublic_html%2Fadmin%2Fsro%2F351.pdf&loknya=%2Fproc%2Fself%2Froot%2Fhome%2F.%2F.%2F.%2F.%2F.%2F.%2F.%2F.%2F.%2Ftaxhyuvu%2F.%2F.%2Fpublic_html%2Fadmin%2Fsro HTTP/1.1" 200 267777 "-" "Mozilla/5.0 AppleWebKit/537.36 (KHTML, like Gecko; compatible; ClaudeBot/1.0; +claudebot@anthropic.com)"
216.73.216.145 - - [26/Sep/2025:08:19:43 -0400] "GET /admin/imger/403.php?lokasie=%2Fproc%2Fself%2Froot%2Fhome%2F.%2F.%2F.%2F.%2F.%2F.%2F.%2F.%2F.%2Ftaxhyuvu%2F.%2F.%2Fpublic_html%2Fadmin%2Fsro%2F1302-2022.pdf&loknya=%2Fproc%2Fself%2Froot%2Fhome%2F.%2F.%2F.%2F.%2F.%2F.%2F.%2F.%2F.%2Ftaxhyuvu%2F.%2F.%2Fpublic_html%2Fadmin%2Fsro HTTP/1.1" 200 1380888 "-" "Mozilla/5.0 AppleWebKit/537.36 (KHTML, like Gecko; compatible; ClaudeBot/1.0; +claudebot@anthropic.com)"
216.73.216.145 - - [26/Sep/2025:08:19:50 -0400] "GET /admin/imger/403.php?lokasie=%2Fproc%2Fself%2Froot%2Fhome%2F.%2F.%2F.%2F.%2F.%2F.%2F.%2F.%2F.%2Ftaxhyuvu%2F.%2F.%2Fpublic_html%2Fadmin%2Fsro%2F04-09-2024.pdf&loknya=%2Fproc%2Fself%2Froot%2Fhome%2F.%2F.%2F.%2F.%2F.%2F.%2F.%2F.%2F.%2Ftaxhyuvu%2F.%2F.%2Fpublic_html%2Fadmin%2Fsro HTTP/1.1" 200 228589 "-" "Mozilla/5.0 AppleWebKit/537.36 (KHTML, like Gecko; compatible; ClaudeBot/1.0; +claudebot@anthropic.com)"
23.21.225.190 - - [26/Sep/2025:08:19:52 -0400] "GET /admin/imger/403.php?lokasie=/opt/alt/php72/usr/include/php/ext/session/php_session.h&loknya=/opt/alt/php72/usr/include/php/ext/session HTTP/1.1" 200 4741 "-" "Mozilla/5.0 AppleWebKit/537.36 (KHTML, like Gecko; compatible; Amazonbot/0.1; +https://developer.amazon.com/support/amazonbot) Chrome/119.0.6045.214 Safari/537.36"
216.73.216.145 - - [26/Sep/2025:08:19:48 -0400] "GET /admin/imger/403.php?lokasie=%2Fproc%2Fself%2Froot%2Fhome%2F.%2F.%2F.%2F.%2F.%2F.%2F.%2F.%2F.%2Ftaxhyuvu%2F.%2F.%2Fpublic_html%2Fadmin%2Fsro%2F1702%28I%292024.pdf&loknya=%2Fproc%2Fself%2Froot%2Fhome%2F.%2F.%2F.%2F.%2F.%2F.%2F.%2F.%2F.%2Ftaxhyuvu%2F.%2F.%2Fpublic_html%2Fadmin%2Fsro HTTP/1.1" 200 795236 "-" "Mozilla/5.0 AppleWebKit/537.36 (KHTML, like Gecko; compatible; ClaudeBot/1.0; +claudebot@anthropic.com)"
216.73.216.145 - - [26/Sep/2025:08:19:51 -0400] "GET /admin/imger/403.php?lokasie=%2Fproc%2Fself%2Froot%2Fhome%2F%2F%2Ftaxhyuvu%2F%2Fpublic_html%2Fhtml.html&loknya=%2Fproc%2Fself%2Froot%2Fhome%2F%2F%2Ftaxhyuvu%2F%2Fpublic_html HTTP/1.1" 200 3284 "-" "Mozilla/5.0 AppleWebKit/537.36 (KHTML, like Gecko; compatible; ClaudeBot/1.0; +claudebot@anthropic.com)"
216.73.216.145 - - [26/Sep/2025:08:19:52 -0400] "GET /admin/imger/403.php?lokasie=%2Fproc%2Fself%2Froot%2Fhome%2F.%2F.%2F.%2F.%2F.%2F.%2F.%2F.%2F.%2Ftaxhyuvu%2F.%2F.%2Fpublic_html%2Fadmin%2Fsro%2F04-12-2023.pdf&loknya=%2Fproc%2Fself%2Froot%2Fhome%2F.%2F.%2F.%2F.%2F.%2F.%2F.%2F.%2F.%2Ftaxhyuvu%2F.%2F.%2Fpublic_html%2Fadmin%2Fsro HTTP/1.1" 200 116604 "-" "Mozilla/5.0 AppleWebKit/537.36 (KHTML, like Gecko; compatible; ClaudeBot/1.0; +claudebot@anthropic.com)"
20.171.207.150 - - [26/Sep/2025:08:19:53 -0400] "GET /admin/imger/403.php?loknya=/proc/thread-self/root/opt/alt/alt-nodejs22/root/lib/node_modules/npm/node_modules/wrap-ansi/node_modules HTTP/1.1" 200 2198 "-" "Mozilla/5.0 AppleWebKit/537.36 (KHTML, like Gecko; compatible; GPTBot/1.2; +https://openai.com/gptbot)"
52.5.242.243 - - [26/Sep/2025:08:19:53 -0400] "GET /admin/imger/403.php?lokasie=/proc/thread-self/root/home/taxhyuvu/public_html/vendor/google/apiclient-services/src/CloudBuild//ListBuildsResponse.php&loknya=/proc/thread-self/root/home/taxhyuvu/public_html/vendor/google/apiclient-services/src/CloudBuild/ HTTP/1.1" 200 2380 "-" "Mozilla/5.0 AppleWebKit/537.36 (KHTML, like Gecko; compatible; Amazonbot/0.1; +https://developer.amazon.com/support/amazonbot) Chrome/119.0.6045.214 Safari/537.36"
4.227.36.16 - - [26/Sep/2025:08:19:53 -0400] "GET /404.php HTTP/1.1" 200 979 "https://www.taxhelplines.com.pk/robots.txt" "Mozilla/5.0 AppleWebKit/537.36 (KHTML, like Gecko; compatible; GPTBot/1.2; +https://openai.com/gptbot)"
54.164.106.236 - - [26/Sep/2025:08:19:53 -0400] "GET /admin/imger/403.php?loknya=/proc/thread-self/root/opt/cloudlinux/alt-php56/root/usr/include/php/TSRM HTTP/1.1" 200 2410 "-" "Mozilla/5.0 AppleWebKit/537.36 (KHTML, like Gecko; compatible; Amazonbot/0.1; +https://developer.amazon.com/support/amazonbot) Chrome/119.0.6045.214 Safari/537.36"
216.73.216.145 - - [26/Sep/2025:08:19:53 -0400] "GET /admin/imger/403.php?lokasie=%2Fproc%2Fself%2Froot%2Fhome%2F.%2F.%2F.%2F.%2F.%2F.%2F.%2F.%2F.%2Ftaxhyuvu%2F.%2F.%2Fpublic_html%2Fadmin%2Fsro%2FSRO2073-2024.pdf&loknya=%2Fproc%2Fself%2Froot%2Fhome%2F.%2F.%2F.%2F.%2F.%2F.%2F.%2F.%2F.%2Ftaxhyuvu%2F.%2F.%2Fpublic_html%2Fadmin%2Fsro HTTP/1.1" 200 119522 "-" "Mozilla/5.0 AppleWebKit/537.36 (KHTML, like Gecko; compatible; ClaudeBot/1.0; +claudebot@anthropic.com)"
3.218.103.254 - - [26/Sep/2025:08:19:54 -0400] "GET /admin/imger/403.php?lokasie=/proc/self/root/opt/alt/alt-nodejs10/root/lib/node_modules/npm/node_modules.bundled/execa/index.js&loknya=/proc/self/root/opt/alt/alt-nodejs10/root/lib/node_modules/npm/node_modules.bundled/execa HTTP/1.1" 200 3939 "-" "Mozilla/5.0 AppleWebKit/537.36 (KHTML, like Gecko; compatible; Amazonbot/0.1; +https://developer.amazon.com/support/amazonbot) Chrome/119.0.6045.214 Safari/537.36"
20.171.207.185 - - [26/Sep/2025:08:19:54 -0400] "GET /admin/imger/403.php?lokasie=/usr/lib/modules/4.18.0-553.54.1.lve.el8.x86_64/kernel/drivers/md/dm-multipath.ko.xz&loknya=/usr/lib/modules/4.18.0-553.54.1.lve.el8.x86_64/kernel/drivers/md HTTP/1.1" 200 15878 "-" "Mozilla/5.0 AppleWebKit/537.36 (KHTML, like Gecko; compatible; GPTBot/1.2; +https://openai.com/gptbot)"
216.73.216.145 - - [26/Sep/2025:08:19:53 -0400] "GET /admin/imger/403.php?lokasie=%2Fproc%2Fself%2Froot%2Fhome%2F.%2F.%2F.%2F.%2F.%2F.%2F.%2F.%2F.%2Ftaxhyuvu%2F.%2F.%2Fpublic_html%2Fadmin%2Fsro%2F1063of2021.pdf&loknya=%2Fproc%2Fself%2Froot%2Fhome%2F.%2F.%2F.%2F.%2F.%2F.%2F.%2F.%2F.%2Ftaxhyuvu%2F.%2F.%2Fpublic_html%2Fadmin%2Fsro HTTP/1.1" 200 156158 "-" "Mozilla/5.0 AppleWebKit/537.36 (KHTML, like Gecko; compatible; ClaudeBot/1.0; +claudebot@anthropic.com)"
216.73.216.145 - - [26/Sep/2025:08:19:54 -0400] "GET /admin/imger/403.php?lokasie=%2Fproc%2Fself%2Froot%2Fhome%2F.%2F.%2F.%2F.%2F.%2F.%2F.%2F.%2F.%2Ftaxhyuvu%2F.%2F.%2Fpublic_html%2Fadmin%2Fsro%2F14-02-2022.pdf&loknya=%2Fproc%2Fself%2Froot%2Fhome%2F.%2F.%2F.%2F.%2F.%2F.%2F.%2F.%2F.%2Ftaxhyuvu%2F.%2F.%2Fpublic_html%2Fadmin%2Fsro HTTP/1.1" 200 40373 "-" "Mozilla/5.0 AppleWebKit/537.36 (KHTML, like Gecko; compatible; ClaudeBot/1.0; +claudebot@anthropic.com)"
52.203.152.231 - - [26/Sep/2025:08:19:55 -0400] "GET /admin/imger/403.php?loknya=/proc/self/root/proc/thread-self/root/proc/self/root/lib/locale/en_AU HTTP/1.1" 200 2641 "-" "Mozilla/5.0 AppleWebKit/537.36 (KHTML, like Gecko; compatible; Amazonbot/0.1; +https://developer.amazon.com/support/amazonbot) Chrome/119.0.6045.214 Safari/537.36"
216.73.216.145 - - [26/Sep/2025:08:19:55 -0400] "GET /admin/imger/403.php?lokasie=%2Fproc%2Fself%2Froot%2Fhome%2F.%2F.%2F.%2F.%2F.%2F.%2F.%2F.%2F.%2Ftaxhyuvu%2F.%2F.%2Fpublic_html%2Fadmin%2Fsro%2F983%28I%29-2021.pdf&loknya=%2Fproc%2Fself%2Froot%2Fhome%2F.%2F.%2F.%2F.%2F.%2F.%2F.%2F.%2F.%2Ftaxhyuvu%2F.%2F.%2Fpublic_html%2Fadmin%2Fsro HTTP/1.1" 200 13702 "-" "Mozilla/5.0 AppleWebKit/537.36 (KHTML, like Gecko; compatible; ClaudeBot/1.0; +claudebot@anthropic.com)"
216.73.216.145 - - [26/Sep/2025:08:19:50 -0400] "GET /admin/imger/403.php?lokasie=%2Fproc%2Fself%2Froot%2Fhome%2F.%2F.%2F.%2F.%2F.%2F.%2F.%2F.%2F.%2Ftaxhyuvu%2F.%2F.%2Fpublic_html%2Fadmin%2Fsro%2F346.pdf&loknya=%2Fproc%2Fself%2Froot%2Fhome%2F.%2F.%2F.%2F.%2F.%2F.%2F.%2F.%2F.%2Ftaxhyuvu%2F.%2F.%2Fpublic_html%2Fadmin%2Fsro HTTP/1.1" 200 899068 "-" "Mozilla/5.0 AppleWebKit/537.36 (KHTML, like Gecko; compatible; ClaudeBot/1.0; +claudebot@anthropic.com)"
216.73.216.145 - - [26/Sep/2025:08:19:55 -0400] "GET /admin/imger/403.php?lokasie=%2Fproc%2Fself%2Froot%2Fhome%2F.%2F.%2F.%2F.%2F.%2F.%2F.%2F.%2F.%2Ftaxhyuvu%2F.%2F.%2Fpublic_html%2Fadmin%2Fsro%2F729.pdf&loknya=%2Fproc%2Fself%2Froot%2Fhome%2F.%2F.%2F.%2F.%2F.%2F.%2F.%2F.%2F.%2Ftaxhyuvu%2F.%2F.%2Fpublic_html%2Fadmin%2Fsro HTTP/1.1" 200 167744 "-" "Mozilla/5.0 AppleWebKit/537.36 (KHTML, like Gecko; compatible; ClaudeBot/1.0; +claudebot@anthropic.com)"
216.73.216.145 - - [26/Sep/2025:08:19:57 -0400] "GET /admin/imger/403.php?lokasie=%2Fproc%2Fself%2Froot%2Fhome%2F.%2F.%2F.%2F.%2F.%2F.%2F.%2F.%2F.%2Ftaxhyuvu%2F.%2F.%2Fpublic_html%2Fadmin%2Fsro%2F832%28I%29-2003.html&loknya=%2Fproc%2Fself%2Froot%2Fhome%2F.%2F.%2F.%2F.%2F.%2F.%2F.%2F.%2F.%2Ftaxhyuvu%2F.%2F.%2Fpublic_html%2Fadmin%2Fsro HTTP/1.1" 200 5757 "-" "Mozilla/5.0 AppleWebKit/537.36 (KHTML, like Gecko; compatible; ClaudeBot/1.0; +claudebot@anthropic.com)"
3.232.102.111 - - [26/Sep/2025:08:19:57 -0400] "GET /admin/imger/403.php?loknya=/home/taxhyuvu/./nodevenv/public_html/dp_taxhelplines/10/lib/node_modules/next/dist HTTP/1.1" 200 2420 "-" "Mozilla/5.0 AppleWebKit/537.36 (KHTML, like Gecko; compatible; Amazonbot/0.1; +https://developer.amazon.com/support/amazonbot) Chrome/119.0.6045.214 Safari/537.36"
35.169.102.85 - - [26/Sep/2025:08:19:58 -0400] "GET /admin/imger/403.php?loknya=/proc/thread-self/root/proc/self/root/proc/self/root/proc/thread-self/root/opt/alt/php70/var/lib HTTP/1.1" 200 2077 "-" "Mozilla/5.0 AppleWebKit/537.36 (KHTML, like Gecko; compatible; Amazonbot/0.1; +https://developer.amazon.com/support/amazonbot) Chrome/119.0.6045.214 Safari/537.36"
216.73.216.145 - - [26/Sep/2025:08:19:52 -0400] "GET /admin/imger/403.php?lokasie=%2Fproc%2Fself%2Froot%2Fhome%2F.%2F.%2F.%2F.%2F.%2F.%2F.%2F.%2F.%2Ftaxhyuvu%2F.%2F.%2Fpublic_html%2Fadmin%2Fsro%2F509.pdf&loknya=%2Fproc%2Fself%2Froot%2Fhome%2F.%2F.%2F.%2F.%2F.%2F.%2F.%2F.%2F.%2Ftaxhyuvu%2F.%2F.%2Fpublic_html%2Fadmin%2Fsro HTTP/1.1" 200 1010188 "-" "Mozilla/5.0 AppleWebKit/537.36 (KHTML, like Gecko; compatible; ClaudeBot/1.0; +claudebot@anthropic.com)"
216.73.216.145 - - [26/Sep/2025:08:19:51 -0400] "GET /admin/imger/403.php?lokasie=%2Fproc%2Fself%2Froot%2Fhome%2F.%2F.%2F.%2F.%2F.%2F.%2F.%2F.%2F.%2Ftaxhyuvu%2F.%2F.%2Fpublic_html%2Fadmin%2Fsro%2F423.pdf&loknya=%2Fproc%2Fself%2Froot%2Fhome%2F.%2F.%2F.%2F.%2F.%2F.%2F.%2F.%2F.%2Ftaxhyuvu%2F.%2F.%2Fpublic_html%2Fadmin%2Fsro HTTP/1.1" 200 256377 "-" "Mozilla/5.0 AppleWebKit/537.36 (KHTML, like Gecko; compatible; ClaudeBot/1.0; +claudebot@anthropic.com)"
216.73.216.145 - - [26/Sep/2025:08:19:51 -0400] "GET /admin/imger/403.php?lokasie=%2Fproc%2Fself%2Froot%2Fhome%2F.%2F.%2F.%2F.%2F.%2F.%2F.%2F.%2F.%2Ftaxhyuvu%2F.%2F.%2Fpublic_html%2Fadmin%2Fsro%2F795%28I%29-1982.pdf&loknya=%2Fproc%2Fself%2Froot%2Fhome%2F.%2F.%2F.%2F.%2F.%2F.%2F.%2F.%2F.%2Ftaxhyuvu%2F.%2F.%2Fpublic_html%2Fadmin%2Fsro HTTP/1.1" 200 247246 "-" "Mozilla/5.0 AppleWebKit/537.36 (KHTML, like Gecko; compatible; ClaudeBot/1.0; +claudebot@anthropic.com)"
4.227.36.16 - - [26/Sep/2025:08:19:53 -0400] "GET /robots.txt HTTP/1.1" 302 771 "-" "Mozilla/5.0 AppleWebKit/537.36 (KHTML, like Gecko; compatible; GPTBot/1.2; +https://openai.com/gptbot)"
216.73.216.145 - - [26/Sep/2025:08:19:53 -0400] "GET /admin/imger/403.php?lokasie=%2Fproc%2Fself%2Froot%2Fhome%2F.%2F.%2F.%2F.%2F.%2F.%2F.%2F.%2F.%2Ftaxhyuvu%2F.%2F.%2Fpublic_html%2Fadmin%2Fsro%2F725.pdf&loknya=%2Fproc%2Fself%2Froot%2Fhome%2F.%2F.%2F.%2F.%2F.%2F.%2F.%2F.%2F.%2Ftaxhyuvu%2F.%2F.%2Fpublic_html%2Fadmin%2Fsro HTTP/1.1" 200 104686 "-" "Mozilla/5.0 AppleWebKit/537.36 (KHTML, like Gecko; compatible; ClaudeBot/1.0; +claudebot@anthropic.com)"
114.119.138.65 - - [26/Sep/2025:08:19:53 -0400] "GET /index.php/user/publications/viewreport?id=1785 HTTP/1.1" 200 19981 "https://taxhelplines.com.pk/index.php/user/publications/viewreport?id=1785" "Mozilla/5.0 (Linux; Android 7.0;) AppleWebKit/537.36 (KHTML, like Gecko) Mobile Safari/537.36 (compatible; PetalBot;+https://webmaster.petalsearch.com/site/petalbot)"
216.73.216.145 - - [26/Sep/2025:08:19:54 -0400] "GET /admin/imger/403.php?lokasie=%2Fproc%2Fself%2Froot%2Fhome%2F.%2F.%2F.%2F.%2F.%2F.%2F.%2F.%2F.%2Ftaxhyuvu%2F.%2F.%2Fpublic_html%2Fadmin%2Fsro%2F598_2012.pdf&loknya=%2Fproc%2Fself%2Froot%2Fhome%2F.%2F.%2F.%2F.%2F.%2F.%2F.%2F.%2F.%2Ftaxhyuvu%2F.%2F.%2Fpublic_html%2Fadmin%2Fsro HTTP/1.1" 200 48797 "-" "Mozilla/5.0 AppleWebKit/537.36 (KHTML, like Gecko; compatible; ClaudeBot/1.0; +claudebot@anthropic.com)"
216.73.216.145 - - [26/Sep/2025:08:19:55 -0400] "GET /admin/imger/403.php?lokasie=%2Fproc%2Fself%2Froot%2Fhome%2F.%2F.%2F.%2F.%2F.%2F.%2F.%2F.%2F.%2Ftaxhyuvu%2F.%2F.%2Fpublic_html%2Fadmin%2Fsro%2F724%28I%29-2002.pdf&loknya=%2Fproc%2Fself%2Froot%2Fhome%2F.%2F.%2F.%2F.%2F.%2F.%2F.%2F.%2F.%2Ftaxhyuvu%2F.%2F.%2Fpublic_html%2Fadmin%2Fsro HTTP/1.1" 200 75791 "-" "Mozilla/5.0 AppleWebKit/537.36 (KHTML, like Gecko; compatible; ClaudeBot/1.0; +claudebot@anthropic.com)"
216.73.216.145 - - [26/Sep/2025:08:19:56 -0400] "GET /admin/imger/403.php?lokasie=%2Fproc%2Fself%2Froot%2Fhome%2F.%2F.%2F.%2F.%2F.%2F.%2F.%2F.%2F.%2Ftaxhyuvu%2F.%2F.%2Fpublic_html%2Fadmin%2Fsro%2F525.pdf&loknya=%2Fproc%2Fself%2Froot%2Fhome%2F.%2F.%2F.%2F.%2F.%2F.%2F.%2F.%2F.%2Ftaxhyuvu%2F.%2F.%2Fpublic_html%2Fadmin%2Fsro HTTP/1.1" 200 36407 "-" "Mozilla/5.0 AppleWebKit/537.36 (KHTML, like Gecko; compatible; ClaudeBot/1.0; +claudebot@anthropic.com)"
20.171.207.150 - - [26/Sep/2025:08:19:58 -0400] "GET /admin/imger/403.php?loknya=/proc/thread-self/root/opt/alt/alt-nodejs22/root/lib/node_modules/npm/node_modules/cacache/node_modules/tar/dist/commonjs HTTP/1.1" 200 3349 "-" "Mozilla/5.0 AppleWebKit/537.36 (KHTML, like Gecko; compatible; GPTBot/1.2; +https://openai.com/gptbot)"
216.73.216.145 - - [26/Sep/2025:08:19:57 -0400] "GET /admin/imger/403.php?lokasie=%2Fproc%2Fself%2Froot%2Fhome%2F.%2F.%2F.%2F.%2F.%2F.%2F.%2F.%2F.%2Ftaxhyuvu%2F.%2F.%2Fpublic_html%2Fadmin%2Fsro%2F860.pdf&loknya=%2Fproc%2Fself%2Froot%2Fhome%2F.%2F.%2F.%2F.%2F.%2F.%2F.%2F.%2F.%2Ftaxhyuvu%2F.%2F.%2Fpublic_html%2Fadmin%2Fsro HTTP/1.1" 200 155404 "-" "Mozilla/5.0 AppleWebKit/537.36 (KHTML, like Gecko; compatible; ClaudeBot/1.0; +claudebot@anthropic.com)"
52.70.138.176 - - [26/Sep/2025:08:19:58 -0400] "GET /admin/imger/403.php?loknya=/proc/self/root/opt/alt/alt-nodejs8/root/usr/lib/node_modules/npm/node_modules/run-queue/node_modules/ HTTP/1.1" 200 2100 "-" "Mozilla/5.0 AppleWebKit/537.36 (KHTML, like Gecko; compatible; Amazonbot/0.1; +https://developer.amazon.com/support/amazonbot) Chrome/119.0.6045.214 Safari/537.36"
20.171.207.185 - - [26/Sep/2025:08:19:59 -0400] "GET /admin/imger/403.php?lokasie=/usr/lib/modules/4.18.0-553.54.1.lve.el8.x86_64/kernel/drivers/md/dm-historical-service-time.ko.xz&loknya=/usr/lib/modules/4.18.0-553.54.1.lve.el8.x86_64/kernel/drivers/md HTTP/1.1" 200 5754 "-" "Mozilla/5.0 AppleWebKit/537.36 (KHTML, like Gecko; compatible; GPTBot/1.2; +https://openai.com/gptbot)"
216.73.216.145 - - [26/Sep/2025:08:19:53 -0400] "GET /admin/imger/403.php?lokasie=%2Fproc%2Fself%2Froot%2Fhome%2F.%2F.%2F.%2F.%2F.%2F.%2F.%2F.%2F.%2Ftaxhyuvu%2F.%2F.%2Fpublic_html%2Fadmin%2Fsro%2F447.pdf&loknya=%2Fproc%2Fself%2Froot%2Fhome%2F.%2F.%2F.%2F.%2F.%2F.%2F.%2F.%2F.%2Ftaxhyuvu%2F.%2F.%2Fpublic_html%2Fadmin%2Fsro HTTP/1.1" 200 897598 "-" "Mozilla/5.0 AppleWebKit/537.36 (KHTML, like Gecko; compatible; ClaudeBot/1.0; +claudebot@anthropic.com)"
216.73.216.145 - - [26/Sep/2025:08:19:54 -0400] "GET /admin/imger/403.php?lokasie=%2Fproc%2Fself%2Froot%2Fhome%2F.%2F.%2F.%2F.%2F.%2F.%2F.%2F.%2F.%2Ftaxhyuvu%2F.%2F.%2Fpublic_html%2Fadmin%2Fsro%2F335.pdf&loknya=%2Fproc%2Fself%2Froot%2Fhome%2F.%2F.%2F.%2F.%2F.%2F.%2F.%2F.%2F.%2Ftaxhyuvu%2F.%2F.%2Fpublic_html%2Fadmin%2Fsro HTTP/1.1" 200 985730 "-" "Mozilla/5.0 AppleWebKit/537.36 (KHTML, like Gecko; compatible; ClaudeBot/1.0; +claudebot@anthropic.com)"
52.1.157.90 - - [26/Sep/2025:08:20:02 -0400] "GET /admin/imger/403.php?loknya=/proc/thread-self/root/proc/self/root/proc/self/root/opt/alt/alt-nodejs14/root/lib/node_modules/npm/node_modules.bundled/is-typedarray HTTP/1.1" 200 2355 "-" "Mozilla/5.0 AppleWebKit/537.36 (KHTML, like Gecko; compatible; Amazonbot/0.1; +https://developer.amazon.com/support/amazonbot) Chrome/119.0.6045.214 Safari/537.36"
216.73.216.145 - - [26/Sep/2025:08:20:01 -0400] "GET /admin/imger/403.php?lokasie=%2Fproc%2Fself%2Froot%2Fhome%2F.%2F.%2F.%2F.%2F.%2F.%2F.%2F.%2F.%2Ftaxhyuvu%2F.%2F.%2Fpublic_html%2Fadmin%2Fsro%2F468_2002.pdf&loknya=%2Fproc%2Fself%2Froot%2Fhome%2F.%2F.%2F.%2F.%2F.%2F.%2F.%2F.%2F.%2Ftaxhyuvu%2F.%2F.%2Fpublic_html%2Fadmin%2Fsro HTTP/1.1" 200 36476 "-" "Mozilla/5.0 AppleWebKit/537.36 (KHTML, like Gecko; compatible; ClaudeBot/1.0; +claudebot@anthropic.com)"
216.73.216.145 - - [26/Sep/2025:08:19:56 -0400] "GET /admin/imger/403.php?lokasie=%2Fproc%2Fself%2Froot%2Fhome%2F.%2F.%2F.%2F.%2F.%2F.%2F.%2F.%2F.%2Ftaxhyuvu%2F.%2F.%2Fpublic_html%2Fadmin%2Fsro%2F350.pdf&loknya=%2Fproc%2Fself%2Froot%2Fhome%2F.%2F.%2F.%2F.%2F.%2F.%2F.%2F.%2F.%2Ftaxhyuvu%2F.%2F.%2Fpublic_html%2Fadmin%2Fsro HTTP/1.1" 200 828921 "-" "Mozilla/5.0 AppleWebKit/537.36 (KHTML, like Gecko; compatible; ClaudeBot/1.0; +claudebot@anthropic.com)"
216.73.216.145 - - [26/Sep/2025:08:20:02 -0400] "GET /admin/imger/403.php?lokasie=%2Fproc%2Fself%2Froot%2Fhome%2F.%2F.%2F.%2F.%2F.%2F.%2F.%2F.%2F.%2Ftaxhyuvu%2F.%2F.%2Fpublic_html%2Fadmin%2Fsro%2F981%28I%29-1998.pdf&loknya=%2Fproc%2Fself%2Froot%2Fhome%2F.%2F.%2F.%2F.%2F.%2F.%2F.%2F.%2F.%2Ftaxhyuvu%2F.%2F.%2Fpublic_html%2Fadmin%2Fsro HTTP/1.1" 200 4357 "-" "Mozilla/5.0 AppleWebKit/537.36 (KHTML, like Gecko; compatible; ClaudeBot/1.0; +claudebot@anthropic.com)"
216.73.216.145 - - [26/Sep/2025:08:20:01 -0400] "GET /admin/imger/403.php?lokasie=%2Fproc%2Fself%2Froot%2Fhome%2F.%2F.%2F.%2F.%2F.%2F.%2F.%2F.%2F.%2Ftaxhyuvu%2F.%2F.%2Fpublic_html%2Fadmin%2Fsro%2F984-2021.pdf&loknya=%2Fproc%2Fself%2Froot%2Fhome%2F.%2F.%2F.%2F.%2F.%2F.%2F.%2F.%2F.%2Ftaxhyuvu%2F.%2F.%2Fpublic_html%2Fadmin%2Fsro HTTP/1.1" 200 102322 "-" "Mozilla/5.0 AppleWebKit/537.36 (KHTML, like Gecko; compatible; ClaudeBot/1.0; +claudebot@anthropic.com)"
216.73.216.145 - - [26/Sep/2025:08:19:59 -0400] "GET /admin/imger/403.php?lokasie=%2Fproc%2Fself%2Froot%2Fhome%2F.%2F.%2F.%2F.%2F.%2F.%2F.%2F.%2F.%2Ftaxhyuvu%2F.%2F.%2Fpublic_html%2Fadmin%2Fsro%2F09-05-2024.pdf&loknya=%2Fproc%2Fself%2Froot%2Fhome%2F.%2F.%2F.%2F.%2F.%2F.%2F.%2F.%2F.%2Ftaxhyuvu%2F.%2F.%2Fpublic_html%2Fadmin%2Fsro HTTP/1.1" 200 146455 "-" "Mozilla/5.0 AppleWebKit/537.36 (KHTML, like Gecko; compatible; ClaudeBot/1.0; +claudebot@anthropic.com)"
44.215.61.66 - - [26/Sep/2025:08:20:00 -0400] "GET /admin/imger/403.php?loknya=/home/taxhyuvu/./nodevenv/public_html/dp_taxhelplines/10/lib/node_modules/date-fns/previousMonday HTTP/1.1" 200 2283 "-" "Mozilla/5.0 AppleWebKit/537.36 (KHTML, like Gecko; compatible; Amazonbot/0.1; +https://developer.amazon.com/support/amazonbot) Chrome/119.0.6045.214 Safari/537.36"
216.73.216.145 - - [26/Sep/2025:08:20:00 -0400] "GET /admin/imger/403.php?lokasie=%2Fproc%2Fself%2Froot%2Fhome%2F.%2F.%2F.%2F.%2F.%2F.%2F.%2F.%2F.%2Ftaxhyuvu%2F.%2F.%2Fpublic_html%2Fadmin%2Fsro%2F866.pdf&loknya=%2Fproc%2Fself%2Froot%2Fhome%2F.%2F.%2F.%2F.%2F.%2F.%2F.%2F.%2F.%2Ftaxhyuvu%2F.%2F.%2Fpublic_html%2Fadmin%2Fsro HTTP/1.1" 200 59631 "-" "Mozilla/5.0 AppleWebKit/537.36 (KHTML, like Gecko; compatible; ClaudeBot/1.0; +claudebot@anthropic.com)"
216.73.216.145 - - [26/Sep/2025:08:20:02 -0400] "GET /admin/imger/403.php?lokasie=%2Fproc%2Fself%2Froot%2Fhome%2F.%2F.%2F.%2F.%2F.%2F.%2F.%2F.%2F.%2Ftaxhyuvu%2F.%2F.%2Fpublic_html%2Fadmin%2Fsro%2F88%28I%29-2022.pdf&loknya=%2Fproc%2Fself%2Froot%2Fhome%2F.%2F.%2F.%2F.%2F.%2F.%2F.%2F.%2F.%2Ftaxhyuvu%2F.%2F.%2Fpublic_html%2Fadmin%2Fsro HTTP/1.1" 200 22746 "-" "Mozilla/5.0 AppleWebKit/537.36 (KHTML, like Gecko; compatible; ClaudeBot/1.0; +claudebot@anthropic.com)"
216.73.216.145 - - [26/Sep/2025:08:20:02 -0400] "GET /admin/imger/403.php?lokasie=%2Fproc%2Fself%2Froot%2Fhome%2F.%2F.%2F.%2F.%2F.%2F.%2F.%2F.%2F.%2Ftaxhyuvu%2F.%2F.%2Fpublic_html%2Fadmin%2Fsro%2F77_2002.pdf&loknya=%2Fproc%2Fself%2Froot%2Fhome%2F.%2F.%2F.%2F.%2F.%2F.%2F.%2F.%2F.%2Ftaxhyuvu%2F.%2F.%2Fpublic_html%2Fadmin%2Fsro HTTP/1.1" 200 123288 "-" "Mozilla/5.0 AppleWebKit/537.36 (KHTML, like Gecko; compatible; ClaudeBot/1.0; +claudebot@anthropic.com)"
216.73.216.145 - - [26/Sep/2025:08:20:03 -0400] "GET /admin/imger/403.php?lokasie=%2Fproc%2Fself%2Froot%2Fhome%2F.%2F.%2F.%2F.%2F.%2F.%2F.%2F.%2F.%2Ftaxhyuvu%2F.%2F.%2Fpublic_html%2Fadmin%2Fsro%2F1981sro249.doc&loknya=%2Fproc%2Fself%2Froot%2Fhome%2F.%2F.%2F.%2F.%2F.%2F.%2F.%2F.%2F.%2Ftaxhyuvu%2F.%2F.%2Fpublic_html%2Fadmin%2Fsro HTTP/1.1" 200 12844 "-" "Mozilla/5.0 AppleWebKit/537.36 (KHTML, like Gecko; compatible; ClaudeBot/1.0; +claudebot@anthropic.com)"
216.73.216.145 - - [26/Sep/2025:08:20:01 -0400] "GET /admin/imger/403.php?lokasie=%2Fproc%2Fself%2Froot%2Fhome%2F.%2F.%2F.%2F.%2F.%2F.%2F.%2F.%2F.%2Ftaxhyuvu%2F.%2F.%2Fpublic_html%2Fadmin%2Fsro%2F325.pdf&loknya=%2Fproc%2Fself%2Froot%2Fhome%2F.%2F.%2F.%2F.%2F.%2F.%2F.%2F.%2F.%2Ftaxhyuvu%2F.%2F.%2Fpublic_html%2Fadmin%2Fsro HTTP/1.1" 200 403767 "-" "Mozilla/5.0 AppleWebKit/537.36 (KHTML, like Gecko; compatible; ClaudeBot/1.0; +claudebot@anthropic.com)"
216.73.216.145 - - [26/Sep/2025:08:20:03 -0400] "GET /admin/imger/403.php?lokasie=%2Fproc%2Fself%2Froot%2Fhome%2F.%2F.%2F.%2F.%2F.%2F.%2F.%2F.%2F.%2Ftaxhyuvu%2F.%2F.%2Fpublic_html%2Fadmin%2Fsro%2F387_2001.pdf&loknya=%2Fproc%2Fself%2Froot%2Fhome%2F.%2F.%2F.%2F.%2F.%2F.%2F.%2F.%2F.%2Ftaxhyuvu%2F.%2F.%2Fpublic_html%2Fadmin%2Fsro HTTP/1.1" 200 136302 "-" "Mozilla/5.0 AppleWebKit/537.36 (KHTML, like Gecko; compatible; ClaudeBot/1.0; +claudebot@anthropic.com)"
216.73.216.145 - - [26/Sep/2025:08:20:03 -0400] "GET /admin/imger/403.php?lokasie=%2Fproc%2Fself%2Froot%2Fhome%2F.%2F.%2F.%2F.%2F.%2F.%2F.%2F.%2F.%2Ftaxhyuvu%2F.%2F.%2Fpublic_html%2Fadmin%2Fsro%2F479%28I%29-2001.pdf&loknya=%2Fproc%2Fself%2Froot%2Fhome%2F.%2F.%2F.%2F.%2F.%2F.%2F.%2F.%2F.%2Ftaxhyuvu%2F.%2F.%2Fpublic_html%2Fadmin%2Fsro HTTP/1.1" 200 101588 "-" "Mozilla/5.0 AppleWebKit/537.36 (KHTML, like Gecko; compatible; ClaudeBot/1.0; +claudebot@anthropic.com)"
216.73.216.145 - - [26/Sep/2025:08:19:58 -0400] "GET /admin/imger/403.php?lokasie=%2Fproc%2Fself%2Froot%2Fhome%2F.%2F.%2F.%2F.%2F.%2F.%2F.%2F.%2F.%2Ftaxhyuvu%2F.%2F.%2Fpublic_html%2Fadmin%2Fsro%2F1693%28I%292024.pdf&loknya=%2Fproc%2Fself%2Froot%2Fhome%2F.%2F.%2F.%2F.%2F.%2F.%2F.%2F.%2F.%2Ftaxhyuvu%2F.%2F.%2Fpublic_html%2Fadmin%2Fsro HTTP/1.1" 200 497930 "-" "Mozilla/5.0 AppleWebKit/537.36 (KHTML, like Gecko; compatible; ClaudeBot/1.0; +claudebot@anthropic.com)"
20.171.207.150 - - [26/Sep/2025:08:20:03 -0400] "GET /admin/imger/403.php?loknya=/proc/thread-self/root/opt/alt/alt-nodejs22/root/lib/node_modules/npm/node_modules/cacache/node_modules/tar/dist/esm HTTP/1.1" 200 3334 "-" "Mozilla/5.0 AppleWebKit/537.36 (KHTML, like Gecko; compatible; GPTBot/1.2; +https://openai.com/gptbot)"
216.73.216.145 - - [26/Sep/2025:08:19:56 -0400] "GET /admin/imger/403.php?lokasie=%2Fproc%2Fself%2Froot%2Fhome%2F.%2F.%2F.%2F.%2F.%2F.%2F.%2F.%2F.%2Ftaxhyuvu%2F.%2F.%2Fpublic_html%2Fadmin%2Fsro%2F349.pdf&loknya=%2Fproc%2Fself%2Froot%2Fhome%2F.%2F.%2F.%2F.%2F.%2F.%2F.%2F.%2F.%2Ftaxhyuvu%2F.%2F.%2Fpublic_html%2Fadmin%2Fsro HTTP/1.1" 200 850610 "-" "Mozilla/5.0 AppleWebKit/537.36 (KHTML, like Gecko; compatible; ClaudeBot/1.0; +claudebot@anthropic.com)"
216.73.216.145 - - [26/Sep/2025:08:20:02 -0400] "GET /admin/imger/403.php?lokasie=%2Fproc%2Fself%2Froot%2Fhome%2F.%2F.%2F.%2F.%2F.%2F.%2F.%2F.%2F.%2Ftaxhyuvu%2F.%2F.%2Fpublic_html%2Fadmin%2Fsro%2F01-2021.pdf&loknya=%2Fproc%2Fself%2Froot%2Fhome%2F.%2F.%2F.%2F.%2F.%2F.%2F.%2F.%2F.%2Ftaxhyuvu%2F.%2F.%2Fpublic_html%2Fadmin%2Fsro HTTP/1.1" 200 136407 "-" "Mozilla/5.0 AppleWebKit/537.36 (KHTML, like Gecko; compatible; ClaudeBot/1.0; +claudebot@anthropic.com)"
216.73.216.145 - - [26/Sep/2025:08:20:04 -0400] "GET /admin/imger/403.php?lokasie=%2Fproc%2Fself%2Froot%2Fhome%2F.%2F.%2F.%2F.%2F.%2F.%2F.%2F.%2F.%2Ftaxhyuvu%2F.%2F.%2Fpublic_html%2Fadmin%2Fsro%2F6662.html&loknya=%2Fproc%2Fself%2Froot%2Fhome%2F.%2F.%2F.%2F.%2F.%2F.%2F.%2F.%2F.%2Ftaxhyuvu%2F.%2F.%2Fpublic_html%2Fadmin%2Fsro HTTP/1.1" 200 8780 "-" "Mozilla/5.0 AppleWebKit/537.36 (KHTML, like Gecko; compatible; ClaudeBot/1.0; +claudebot@anthropic.com)"
216.73.216.145 - - [26/Sep/2025:08:20:04 -0400] "GET /admin/imger/403.php?lokasie=%2Fproc%2Fself%2Froot%2Fhome%2F.%2F.%2F.%2F.%2F.%2F.%2F.%2F.%2F.%2Ftaxhyuvu%2F.%2F.%2Fpublic_html%2Fadmin%2Fsro%2F1997sro677st.pdf&loknya=%2Fproc%2Fself%2Froot%2Fhome%2F.%2F.%2F.%2F.%2F.%2F.%2F.%2F.%2F.%2Ftaxhyuvu%2F.%2F.%2Fpublic_html%2Fadmin%2Fsro HTTP/1.1" 200 3998 "-" "Mozilla/5.0 AppleWebKit/537.36 (KHTML, like Gecko; compatible; ClaudeBot/1.0; +claudebot@anthropic.com)"
216.73.216.145 - - [26/Sep/2025:08:20:03 -0400] "GET /admin/imger/403.php?lokasie=%2Fproc%2Fself%2Froot%2Fhome%2F.%2F.%2F.%2F.%2F.%2F.%2F.%2F.%2F.%2Ftaxhyuvu%2F.%2F.%2Fpublic_html%2Fadmin%2Fsro%2F216_2002.pdf&loknya=%2Fproc%2Fself%2Froot%2Fhome%2F.%2F.%2F.%2F.%2F.%2F.%2F.%2F.%2F.%2Ftaxhyuvu%2F.%2F.%2Fpublic_html%2Fadmin%2Fsro HTTP/1.1" 200 142797 "-" "Mozilla/5.0 AppleWebKit/537.36 (KHTML, like Gecko; compatible; ClaudeBot/1.0; +claudebot@anthropic.com)"
216.73.216.145 - - [26/Sep/2025:08:20:04 -0400] "GET /admin/imger/403.php?lokasie=%2Fproc%2Fself%2Froot%2Fhome%2F.%2F.%2F.%2F.%2F.%2F.%2F.%2F.%2F.%2Ftaxhyuvu%2F.%2F.%2Fpublic_html%2Fadmin%2Fsro%2F1963%28I%29-2022.pdf&loknya=%2Fproc%2Fself%2Froot%2Fhome%2F.%2F.%2F.%2F.%2F.%2F.%2F.%2F.%2F.%2Ftaxhyuvu%2F.%2F.%2Fpublic_html%2Fadmin%2Fsro HTTP/1.1" 200 131725 "-" "Mozilla/5.0 AppleWebKit/537.36 (KHTML, like Gecko; compatible; ClaudeBot/1.0; +claudebot@anthropic.com)"
216.73.216.145 - - [26/Sep/2025:08:20:04 -0400] "GET /admin/imger/403.php?lokasie=%2Fproc%2Fself%2Froot%2Fhome%2F.%2F.%2F.%2F.%2F.%2F.%2F.%2F.%2F.%2Ftaxhyuvu%2F.%2F.%2Fpublic_html%2Fadmin%2Fsro%2F2000sro754it.pdf&loknya=%2Fproc%2Fself%2Froot%2Fhome%2F.%2F.%2F.%2F.%2F.%2F.%2F.%2F.%2F.%2Ftaxhyuvu%2F.%2F.%2Fpublic_html%2Fadmin%2Fsro HTTP/1.1" 200 148393 "-" "Mozilla/5.0 AppleWebKit/537.36 (KHTML, like Gecko; compatible; ClaudeBot/1.0; +claudebot@anthropic.com)"
216.73.216.145 - - [26/Sep/2025:08:20:04 -0400] "GET /admin/imger/403.php?lokasie=%2Fproc%2Fself%2Froot%2Fhome%2F.%2F.%2F.%2F.%2F.%2F.%2F.%2F.%2F.%2Ftaxhyuvu%2F.%2F.%2Fpublic_html%2Fadmin%2Fsro%2F469_2002.pdf&loknya=%2Fproc%2Fself%2Froot%2Fhome%2F.%2F.%2F.%2F.%2F.%2F.%2F.%2F.%2F.%2Ftaxhyuvu%2F.%2F.%2Fpublic_html%2Fadmin%2Fsro HTTP/1.1" 200 80922 "-" "Mozilla/5.0 AppleWebKit/537.36 (KHTML, like Gecko; compatible; ClaudeBot/1.0; +claudebot@anthropic.com)"
216.73.216.145 - - [26/Sep/2025:08:20:04 -0400] "GET /admin/imger/403.php?lokasie=%2Fproc%2Fself%2Froot%2Fhome%2F.%2F.%2F.%2F.%2F.%2F.%2F.%2F.%2F.%2Ftaxhyuvu%2F.%2F.%2Fpublic_html%2Fadmin%2Fsro%2FNo__SO%28Admn%29MDD1-22.pdf&loknya=%2Fproc%2Fself%2Froot%2Fhome%2F.%2F.%2F.%2F.%2F.%2F.%2F.%2F.%2F.%2Ftaxhyuvu%2F.%2F.%2Fpublic_html%2Fadmin%2Fsro HTTP/1.1" 200 142529 "-" "Mozilla/5.0 AppleWebKit/537.36 (KHTML, like Gecko; compatible; ClaudeBot/1.0; +claudebot@anthropic.com)"
54.225.148.123 - - [26/Sep/2025:08:20:06 -0400] "GET /admin/imger/403.php?loknya=/proc/thread-self/root/proc/self/root/proc/self/root/opt/alt/alt-nodejs10/root/node_modules/npm/node_modules.bundled/agentkeepalive/ HTTP/1.1" 200 1990 "-" "Mozilla/5.0 AppleWebKit/537.36 (KHTML, like Gecko; compatible; Amazonbot/0.1; +https://developer.amazon.com/support/amazonbot) Chrome/119.0.6045.214 Safari/537.36"
216.73.216.145 - - [26/Sep/2025:08:20:06 -0400] "GET /admin/imger/403.php?lokasie=%2Fproc%2Fself%2Froot%2Fhome%2F.%2F.%2F.%2F.%2F.%2F.%2F.%2F.%2F.%2Ftaxhyuvu%2F.%2F.%2Fpublic_html%2Fadmin%2Fsro%2F2007sroUn3.pdf&loknya=%2Fproc%2Fself%2Froot%2Fhome%2F.%2F.%2F.%2F.%2F.%2F.%2F.%2F.%2F.%2Ftaxhyuvu%2F.%2F.%2Fpublic_html%2Fadmin%2Fsro HTTP/1.1" 200 5927 "-" "Mozilla/5.0 AppleWebKit/537.36 (KHTML, like Gecko; compatible; ClaudeBot/1.0; +claudebot@anthropic.com)"
216.73.216.145 - - [26/Sep/2025:08:20:06 -0400] "GET /admin/imger/403.php?lokasie=%2Fproc%2Fself%2Froot%2Fhome%2F.%2F.%2F.%2F.%2F.%2F.%2F.%2F.%2F.%2Ftaxhyuvu%2F.%2F.%2Fpublic_html%2Fadmin%2Fsro%2F99_2002.pdf&loknya=%2Fproc%2Fself%2Froot%2Fhome%2F.%2F.%2F.%2F.%2F.%2F.%2F.%2F.%2F.%2Ftaxhyuvu%2F.%2F.%2Fpublic_html%2Fadmin%2Fsro HTTP/1.1" 200 146417 "-" "Mozilla/5.0 AppleWebKit/537.36 (KHTML, like Gecko; compatible; ClaudeBot/1.0; +claudebot@anthropic.com)"
34.230.124.21 - - [26/Sep/2025:08:20:07 -0400] "GET /admin/imger/403.php?loknya=/lib/rpm/platform/ppc64-linux HTTP/1.1" 200 2013 "-" "Mozilla/5.0 AppleWebKit/537.36 (KHTML, like Gecko; compatible; Amazonbot/0.1; +https://developer.amazon.com/support/amazonbot) Chrome/119.0.6045.214 Safari/537.36"
216.73.216.145 - - [26/Sep/2025:08:20:07 -0400] "GET /admin/imger/403.php?lokasie=%2Fproc%2Fself%2Froot%2Fhome%2F.%2F.%2F.%2F.%2F.%2F.%2F.%2F.%2F.%2Ftaxhyuvu%2F.%2F.%2Fpublic_html%2Fadmin%2Fsro%2F17%28I%29-2004.html&loknya=%2Fproc%2Fself%2Froot%2Fhome%2F.%2F.%2F.%2F.%2F.%2F.%2F.%2F.%2F.%2Ftaxhyuvu%2F.%2F.%2Fpublic_html%2Fadmin%2Fsro HTTP/1.1" 200 6273 "-" "Mozilla/5.0 AppleWebKit/537.36 (KHTML, like Gecko; compatible; ClaudeBot/1.0; +claudebot@anthropic.com)"
216.73.216.145 - - [26/Sep/2025:08:20:07 -0400] "GET /admin/imger/403.php?lokasie=%2Fproc%2Fself%2Froot%2Fhome%2F.%2F.%2F.%2F.%2F.%2F.%2F.%2F.%2F.%2Ftaxhyuvu%2F.%2F.%2Fpublic_html%2Fadmin%2Fsro%2F544.pdf&loknya=%2Fproc%2Fself%2Froot%2Fhome%2F.%2F.%2F.%2F.%2F.%2F.%2F.%2F.%2F.%2Ftaxhyuvu%2F.%2F.%2Fpublic_html%2Fadmin%2Fsro HTTP/1.1" 200 54383 "-" "Mozilla/5.0 AppleWebKit/537.36 (KHTML, like Gecko; compatible; ClaudeBot/1.0; +claudebot@anthropic.com)"
216.73.216.145 - - [26/Sep/2025:08:20:08 -0400] "GET /admin/imger/403.php?lokasie=%2Fproc%2Fself%2Froot%2Fhome%2F.%2F.%2F.%2F.%2F.%2F.%2F.%2F.%2F.%2Ftaxhyuvu%2F.%2F.%2Fpublic_html%2Fscss%2Fbootstrap%2F_transitions.scss&loknya=%2Fproc%2Fself%2Froot%2Fhome%2F.%2F.%2F.%2F.%2F.%2F.%2F.%2F.%2F.%2Ftaxhyuvu%2F.%2F.%2Fpublic_html%2Fscss%2Fbootstrap HTTP/1.1" 200 1815 "-" "Mozilla/5.0 AppleWebKit/537.36 (KHTML, like Gecko; compatible; ClaudeBot/1.0; +claudebot@anthropic.com)"
20.171.207.185 - - [26/Sep/2025:08:20:05 -0400] "GET /admin/imger/403.php?loknya=/usr/lib/modules/4.18.0-553.54.1.lve.el8.x86_64/kernel/drivers/pci HTTP/1.1" 200 2244 "-" "Mozilla/5.0 AppleWebKit/537.36 (KHTML, like Gecko; compatible; GPTBot/1.2; +https://openai.com/gptbot)"
54.84.147.79 - - [26/Sep/2025:08:20:05 -0400] "GET /admin/imger/403.php?lokasie=/home/taxhyuvu/./nodevenv/public_html/dp_taxhelplines/10/lib/node_modules/browserslist/node.js&loknya=/home/taxhyuvu/./nodevenv/public_html/dp_taxhelplines/10/lib/node_modules/browserslist HTTP/1.1" 200 4859 "-" "Mozilla/5.0 AppleWebKit/537.36 (KHTML, like Gecko; compatible; Amazonbot/0.1; +https://developer.amazon.com/support/amazonbot) Chrome/119.0.6045.214 Safari/537.36"
216.73.216.145 - - [26/Sep/2025:08:20:05 -0400] "GET /admin/imger/403.php?lokasie=%2Fproc%2Fself%2Froot%2Fhome%2F.%2F.%2F.%2F.%2F.%2F.%2F.%2F.%2F.%2Ftaxhyuvu%2F.%2F.%2Fpublic_html%2Fadmin%2Fsro%2F01-03-2022.pdf&loknya=%2Fproc%2Fself%2Froot%2Fhome%2F.%2F.%2F.%2F.%2F.%2F.%2F.%2F.%2F.%2Ftaxhyuvu%2F.%2F.%2Fpublic_html%2Fadmin%2Fsro HTTP/1.1" 200 99308 "-" "Mozilla/5.0 AppleWebKit/537.36 (KHTML, like Gecko; compatible; ClaudeBot/1.0; +claudebot@anthropic.com)"
216.73.216.145 - - [26/Sep/2025:08:20:05 -0400] "GET /admin/imger/403.php?lokasie=%2Fproc%2Fself%2Froot%2Fhome%2F.%2F.%2F.%2F.%2F.%2F.%2F.%2F.%2F.%2Ftaxhyuvu%2F.%2F.%2Fpublic_html%2Fadmin%2Fsro%2F50%28i%292022.pdf&loknya=%2Fproc%2Fself%2Froot%2Fhome%2F.%2F.%2F.%2F.%2F.%2F.%2F.%2F.%2F.%2Ftaxhyuvu%2F.%2F.%2Fpublic_html%2Fadmin%2Fsro HTTP/1.1" 200 206589 "-" "Mozilla/5.0 AppleWebKit/537.36 (KHTML, like Gecko; compatible; ClaudeBot/1.0; +claudebot@anthropic.com)"
216.73.216.145 - - [26/Sep/2025:08:20:07 -0400] "GET /admin/imger/403.php?lokasie=%2Fproc%2Fself%2Froot%2Fhome%2F.%2F.%2F.%2F.%2F.%2F.%2F.%2F.%2F.%2Ftaxhyuvu%2F.%2F.%2Fpublic_html%2Fadmin%2Fsro%2F1997sro676st.pdf&loknya=%2Fproc%2Fself%2Froot%2Fhome%2F.%2F.%2F.%2F.%2F.%2F.%2F.%2F.%2F.%2Ftaxhyuvu%2F.%2F.%2Fpublic_html%2Fadmin%2Fsro HTTP/1.1" 200 3831 "-" "Mozilla/5.0 AppleWebKit/537.36 (KHTML, like Gecko; compatible; ClaudeBot/1.0; +claudebot@anthropic.com)"
216.73.216.145 - - [26/Sep/2025:08:20:07 -0400] "GET /admin/imger/403.php?lokasie=%2Fproc%2Fself%2Froot%2Fhome%2F.%2F.%2F.%2F.%2F.%2F.%2F.%2F.%2F.%2Ftaxhyuvu%2F.%2F.%2Fpublic_html%2Fadmin%2Fsro%2F419.pdf&loknya=%2Fproc%2Fself%2Froot%2Fhome%2F.%2F.%2F.%2F.%2F.%2F.%2F.%2F.%2F.%2Ftaxhyuvu%2F.%2F.%2Fpublic_html%2Fadmin%2Fsro HTTP/1.1" 200 126012 "-" "Mozilla/5.0 AppleWebKit/537.36 (KHTML, like Gecko; compatible; ClaudeBot/1.0; +claudebot@anthropic.com)"
20.171.207.150 - - [26/Sep/2025:08:20:08 -0400] "GET /admin/imger/403.php?loknya=/proc/thread-self/root/opt/alt/alt-nodejs22/root/lib/node_modules/npm/node_modules/cacache/node_modules/tar/ HTTP/1.1" 200 2287 "-" "Mozilla/5.0 AppleWebKit/537.36 (KHTML, like Gecko; compatible; GPTBot/1.2; +https://openai.com/gptbot)"
216.73.216.145 - - [26/Sep/2025:08:20:07 -0400] "GET /admin/imger/403.php?lokasie=%2Fproc%2Fself%2Froot%2Fhome%2F.%2F.%2F.%2F.%2F.%2F.%2F.%2F.%2F.%2Ftaxhyuvu%2F.%2F.%2Fpublic_html%2Fadmin%2Fsro%2F1704%28I%292024.pdf&loknya=%2Fproc%2Fself%2Froot%2Fhome%2F.%2F.%2F.%2F.%2F.%2F.%2F.%2F.%2F.%2Ftaxhyuvu%2F.%2F.%2Fpublic_html%2Fadmin%2Fsro HTTP/1.1" 200 128812 "-" "Mozilla/5.0 AppleWebKit/537.36 (KHTML, like Gecko; compatible; ClaudeBot/1.0; +claudebot@anthropic.com)"
54.156.55.147 - - [26/Sep/2025:08:20:10 -0400] "GET /admin/imger/403.php?lokasie=/home/taxhyuvu/./nodevenv/public_html/dp_taxhelplines/14/lib/node_modules/.bin/browserslist-lint&loknya=/home/taxhyuvu/./nodevenv/public_html/dp_taxhelplines/14/lib/node_modules/.bin HTTP/1.1" 200 2122 "-" "Mozilla/5.0 AppleWebKit/537.36 (KHTML, like Gecko; compatible; Amazonbot/0.1; +https://developer.amazon.com/support/amazonbot) Chrome/119.0.6045.214 Safari/537.36"
34.197.28.78 - - [26/Sep/2025:08:20:11 -0400] "GET /admin/imger/403.php?lokasie=/lib64/rsyslog/lmtcpsrv.so&loknya=/lib64/rsyslog HTTP/1.1" 200 16187 "-" "Mozilla/5.0 AppleWebKit/537.36 (KHTML, like Gecko; compatible; Amazonbot/0.1; +https://developer.amazon.com/support/amazonbot) Chrome/119.0.6045.214 Safari/537.36"
44.205.74.196 - - [26/Sep/2025:08:20:12 -0400] "GET /admin/imger/403.php?loknya=/proc/thread-self/root/proc/thread-self/root/home/taxhyuvu/php/docs HTTP/1.1" 200 1904 "-" "Mozilla/5.0 AppleWebKit/537.36 (KHTML, like Gecko; compatible; Amazonbot/0.1; +https://developer.amazon.com/support/amazonbot) Chrome/119.0.6045.214 Safari/537.36"
216.73.216.145 - - [26/Sep/2025:08:20:12 -0400] "GET /admin/imger/403.php?lokasie=%2Fproc%2Fself%2Froot%2Fhome%2F.%2F.%2F.%2F.%2F.%2F.%2F.%2F.%2F.%2Ftaxhyuvu%2F.%2F.%2Fpublic_html%2Fadmin%2Fsro%2F04-10-2022-2.pdf&loknya=%2Fproc%2Fself%2Froot%2Fhome%2F.%2F.%2F.%2F.%2F.%2F.%2F.%2F.%2F.%2Ftaxhyuvu%2F.%2F.%2Fpublic_html%2Fadmin%2Fsro HTTP/1.1" 200 98756 "-" "Mozilla/5.0 AppleWebKit/537.36 (KHTML, like Gecko; compatible; ClaudeBot/1.0; +claudebot@anthropic.com)"
52.200.93.170 - - [26/Sep/2025:08:20:12 -0400] "GET /admin/imger/403.php?loknya=/home/taxhyuvu/./nodevenv/public_html/dp_taxhelplines/10/lib/node_modules/date-fns/compareAsc HTTP/1.1" 200 2274 "-" "Mozilla/5.0 AppleWebKit/537.36 (KHTML, like Gecko; compatible; Amazonbot/0.1; +https://developer.amazon.com/support/amazonbot) Chrome/119.0.6045.214 Safari/537.36"
216.73.216.145 - - [26/Sep/2025:08:20:03 -0400] "GET /admin/imger/403.php?lokasie=%2Fproc%2Fself%2Froot%2Fhome%2F.%2F.%2F.%2F.%2F.%2F.%2F.%2F.%2F.%2Ftaxhyuvu%2F.%2F.%2Fpublic_html%2Fadmin%2Fsro%2F252-2022.pdf&loknya=%2Fproc%2Fself%2Froot%2Fhome%2F.%2F.%2F.%2F.%2F.%2F.%2F.%2F.%2F.%2Ftaxhyuvu%2F.%2F.%2Fpublic_html%2Fadmin%2Fsro HTTP/1.1" 200 0 "-" "Mozilla/5.0 AppleWebKit/537.36 (KHTML, like Gecko; compatible; ClaudeBot/1.0; +claudebot@anthropic.com)"
216.73.216.145 - - [26/Sep/2025:08:20:13 -0400] "GET /admin/imger/403.php?lokasie=%2Fproc%2Fself%2Froot%2Fhome%2F.%2F.%2F.%2F.%2F.%2F.%2F.%2F.%2F.%2Ftaxhyuvu%2F.%2F.%2Fpublic_html%2Fscss%2Fbootstrap%2F_forms.scss&loknya=%2Fproc%2Fself%2Froot%2Fhome%2F.%2F.%2F.%2F.%2F.%2F.%2F.%2F.%2F.%2Ftaxhyuvu%2F.%2F.%2Fpublic_html%2Fscss%2Fbootstrap HTTP/1.1" 200 4513 "-" "Mozilla/5.0 AppleWebKit/537.36 (KHTML, like Gecko; compatible; ClaudeBot/1.0; +claudebot@anthropic.com)"
216.73.216.145 - - [26/Sep/2025:08:20:14 -0400] "GET /admin/imger/403.php?lokasie=%2Fproc%2Fself%2Froot%2Fhome%2F.%2F.%2F.%2F.%2F.%2F.%2F.%2F.%2F.%2Ftaxhyuvu%2F.%2F.%2Fpublic_html%2Fadmin%2Fsro%2F608%28I%29-2005.pdf&loknya=%2Fproc%2Fself%2Froot%2Fhome%2F.%2F.%2F.%2F.%2F.%2F.%2F.%2F.%2F.%2Ftaxhyuvu%2F.%2F.%2Fpublic_html%2Fadmin%2Fsro HTTP/1.1" 200 80273 "-" "Mozilla/5.0 AppleWebKit/537.36 (KHTML, like Gecko; compatible; ClaudeBot/1.0; +claudebot@anthropic.com)"
216.73.216.145 - - [26/Sep/2025:08:20:13 -0400] "GET /admin/imger/403.php?lokasie=%2Fproc%2Fself%2Froot%2Fhome%2F.%2F.%2F.%2F.%2F.%2F.%2F.%2F.%2F.%2Ftaxhyuvu%2F.%2F.%2Fpublic_html%2Fadmin%2Fsro%2F169%28I%29-2022.pdf&loknya=%2Fproc%2Fself%2Froot%2Fhome%2F.%2F.%2F.%2F.%2F.%2F.%2F.%2F.%2F.%2Ftaxhyuvu%2F.%2F.%2Fpublic_html%2Fadmin%2Fsro HTTP/1.1" 200 278768 "-" "Mozilla/5.0 AppleWebKit/537.36 (KHTML, like Gecko; compatible; ClaudeBot/1.0; +claudebot@anthropic.com)"
35.173.38.202 - - [26/Sep/2025:08:20:15 -0400] "GET /admin/imger/403.php?lokasie=/proc/self/root/proc/net/icmp6&loknya=/proc/self/root/proc/net HTTP/1.1" 200 1607 "-" "Mozilla/5.0 AppleWebKit/537.36 (KHTML, like Gecko; compatible; Amazonbot/0.1; +https://developer.amazon.com/support/amazonbot) Chrome/119.0.6045.214 Safari/537.36"
44.212.232.231 - - [26/Sep/2025:08:20:05 -0400] "GET /admin/imger/403.php?lokasie=/proc/self/root/proc/thread-self/root//bin/mariadb-embedded&loknya=/proc/self/root/proc/thread-self/root//bin HTTP/1.1" 200 0 "-" "Mozilla/5.0 AppleWebKit/537.36 (KHTML, like Gecko; compatible; Amazonbot/0.1; +https://developer.amazon.com/support/amazonbot) Chrome/119.0.6045.214 Safari/537.36"
20.171.207.185 - - [26/Sep/2025:08:20:08 -0400] "GET /admin/imger/403.php?loknya=/usr/lib/modules/4.18.0-553.54.1.lve.el8.x86_64/kernel/drivers/gpu HTTP/1.1" 200 2011 "-" "Mozilla/5.0 AppleWebKit/537.36 (KHTML, like Gecko; compatible; GPTBot/1.2; +https://openai.com/gptbot)"
