173.239.213.62 - - [29/Sep/2025:10:59:23 -0400] "GET /content.php HTTP/1.1" 301 795 "-" "Mozilla/5.0 (Windows NT 10.0; Win64; x64) AppleWebKit/537.36 (KHTML, like Gecko) Chrome/79.0.3945.79 Safari/537.36"
173.239.213.62 - - [29/Sep/2025:10:59:23 -0400] "GET /wp-includes/rest-api/endpoints/index.php HTTP/1.1" 301 795 "-" "Mozilla/5.0 (X11; Fedora; Linux x86_64; rv:79.0) Gecko/20100101 Firefox/79.0"
173.239.213.62 - - [29/Sep/2025:10:59:23 -0400] "GET /wp-content/languages/about.php HTTP/1.1" 301 795 "-" "Mozilla/5.0 (Windows NT 10.0; WOW64; x64) AppleWebKit/537.36 (KHTML, like Gecko) Chrome/84.0.4147.105 Safari/537.36 OPR/70.0.3728.95"
173.239.213.62 - - [29/Sep/2025:10:59:23 -0400] "GET /wp-content/plugins/wp-theme-editor/include.php HTTP/1.1" 301 795 "-" "Mozilla/5.0 (compatible; MSIE 10.0; Windows NT 6.1; Trident/6.0)"
173.239.213.62 - - [29/Sep/2025:10:59:23 -0400] "GET /wp-admin/wp-conflg.php HTTP/1.1" 301 795 "-" "Mozilla/5.0 (compatible; MSIE 10.0; Windows NT 6.1; Trident/6.0)"
173.239.213.62 - - [29/Sep/2025:10:59:23 -0400] "GET /wp-admin/includes/about.php HTTP/1.1" 301 795 "-" "Mozilla/5.0 (Windows NT 10.0; Win64; x64) AppleWebKit/537.36 (KHTML, like Gecko) Chrome/84.0.4147.105 Safari/537.36 OPR/70.0.3728.95"
173.239.213.62 - - [29/Sep/2025:10:59:24 -0400] "GET /images/images/about.php HTTP/1.1" 301 795 "-" "Mozilla/5.0 (Macintosh; Intel Mac OS X 10_15_6) AppleWebKit/537.36 (KHTML, like Gecko) Chrome/84.0.4147.125 Safari/537.36"
173.239.213.62 - - [29/Sep/2025:10:59:24 -0400] "GET /images/class.php HTTP/1.1" 301 795 "-" "Mozilla/5.0 (Windows NT 10.0; WOW64; Trident/7.0; .NET4.0C; .NET4.0E; .NET CLR 2.0.50727; .NET CLR 3.0.30729; .NET CLR 3.5.30729; rv:11.0) like Gecko"
173.239.213.62 - - [29/Sep/2025:10:59:24 -0400] "GET /wp-admin/css/colors/midnight/install.php HTTP/1.1" 301 795 "-" "Mozilla/5.0 (Windows NT 10.0; Win64; x64) AppleWebKit/537.36 (KHTML, like Gecko) Chrome/81.0.4044.129 Safari/537.36"
173.239.213.62 - - [29/Sep/2025:10:59:24 -0400] "GET /wp-trackback.php HTTP/1.1" 301 795 "-" "Mozilla/5.0 (Macintosh; Intel Mac OS X 10_15_6) AppleWebKit/537.36 (KHTML, like Gecko) Chrome/84.0.4147.125 Safari/537.36"
173.239.213.62 - - [29/Sep/2025:10:59:24 -0400] "GET /wp-includes/style-engine/bypass.php HTTP/1.1" 301 795 "-" "Mozilla/5.0 (Windows NT 10.0; Win64; x64) AppleWebKit/537.36 (KHTML, like Gecko) Chrome/81.0.4044.129 Safari/537.36"
173.239.213.62 - - [29/Sep/2025:10:59:24 -0400] "GET /wp-content/plugins/dummyyummy/wp-signup.php HTTP/1.1" 301 795 "-" "Mozilla/5.0 (compatible; MSIE 10.0; Windows NT 6.1; Trident/6.0)"
157.55.39.53 - - [29/Sep/2025:11:01:51 -0400] "GET /viewreport?id=663 HTTP/1.1" 301 795 "-" "Mozilla/5.0 AppleWebKit/537.36 (KHTML, like Gecko; compatible; bingbot/2.0; +http://www.bing.com/bingbot.htm) Chrome/116.0.1938.76 Safari/537.36"
216.244.66.236 - - [29/Sep/2025:11:03:23 -0400] "GET /robots.txt HTTP/1.1" 301 795 "-" "Mozilla/5.0 (compatible; DotBot/1.2; +https://opensiteexplorer.org/dotbot; help@moz.com)"
216.244.66.236 - - [29/Sep/2025:11:03:23 -0400] "GET /robots.txt HTTP/1.1" 301 795 "-" "Mozilla/5.0 (compatible; DotBot/1.2; +https://opensiteexplorer.org/dotbot; help@moz.com)"
196.251.83.100 - - [29/Sep/2025:11:12:59 -0400] "GET / HTTP/1.1" 301 795 "-" "-"
196.251.83.100 - - [29/Sep/2025:11:12:59 -0400] "GET / HTTP/1.1" 301 795 "-" "-"
216.73.216.145 - - [29/Sep/2025:11:27:30 -0400] "GET /robots.txt HTTP/1.1" 301 795 "-" "Mozilla/5.0 AppleWebKit/537.36 (KHTML, like Gecko; compatible; ClaudeBot/1.0; +claudebot@anthropic.com)"
66.132.153.115 - - [29/Sep/2025:11:28:30 -0400] "GET / HTTP/1.1" 301 795 "-" "Mozilla/5.0 (compatible; CensysInspect/1.1; +https://about.censys.io/)"
52.167.144.158 - - [29/Sep/2025:11:35:40 -0400] "GET /viewreport?id=615 HTTP/1.1" 301 795 "-" "Mozilla/5.0 AppleWebKit/537.36 (KHTML, like Gecko; compatible; bingbot/2.0; +http://www.bing.com/bingbot.htm) Chrome/116.0.1938.76 Safari/537.36"
162.142.125.204 - - [29/Sep/2025:11:35:01 -0400] "GET / HTTP/1.1" 301 795 "-" "Mozilla/5.0 (compatible; CensysInspect/1.1; +https://about.censys.io/)"
52.167.144.167 - - [29/Sep/2025:11:52:23 -0400] "GET /viewreport?id=628 HTTP/1.1" 301 795 "-" "Mozilla/5.0 AppleWebKit/537.36 (KHTML, like Gecko; compatible; bingbot/2.0; +http://www.bing.com/bingbot.htm) Chrome/116.0.1938.76 Safari/537.36"
43.159.138.217 - - [29/Sep/2025:11:57:04 -0400] "GET / HTTP/1.1" 301 795 "-" "Mozilla/5.0 (iPhone; CPU iPhone OS 13_2_3 like Mac OS X) AppleWebKit/605.1.15 (KHTML, like Gecko) Version/13.0.3 Mobile/15E148 Safari/604.1"
216.244.66.236 - - [29/Sep/2025:11:58:45 -0400] "GET /robots.txt HTTP/1.1" 301 795 "-" "Mozilla/5.0 (compatible; DotBot/1.2; +https://opensiteexplorer.org/dotbot; help@moz.com)"
216.244.66.236 - - [29/Sep/2025:11:58:45 -0400] "GET /robots.txt HTTP/1.1" 301 795 "-" "Mozilla/5.0 (compatible; DotBot/1.2; +https://opensiteexplorer.org/dotbot; help@moz.com)"
43.173.174.36 - - [29/Sep/2025:12:18:31 -0400] "GET / HTTP/1.1" 301 795 "-" "Mozilla/5.0 (Windows NT 10.0; Win64; x64) AppleWebKit/537.36 (KHTML, like Gecko) Chrome/103.0.0.0 Safari/537.36"
43.173.175.224 - - [29/Sep/2025:12:18:38 -0400] "GET / HTTP/1.1" 301 795 "-" "Mozilla/5.0 (Windows NT 10.0; Win64; x64) AppleWebKit/537.36 (KHTML, like Gecko) Chrome/116.0.0.0 Safari/537.36"
43.159.143.187 - - [29/Sep/2025:12:30:24 -0400] "GET / HTTP/1.1" 301 795 "-" "Mozilla/5.0 (iPhone; CPU iPhone OS 13_2_3 like Mac OS X) AppleWebKit/605.1.15 (KHTML, like Gecko) Version/13.0.3 Mobile/15E148 Safari/604.1"
57.141.2.77 - - [29/Sep/2025:12:30:35 -0400] "GET /news_detaill?id=143 HTTP/1.1" 301 795 "-" "meta-externalagent/1.1 (+https://developers.facebook.com/docs/sharing/webmasters/crawler)"
196.251.83.129 - - [29/Sep/2025:12:48:33 -0400] "GET / HTTP/1.1" 301 795 "-" "-"
196.251.83.129 - - [29/Sep/2025:12:48:34 -0400] "GET / HTTP/1.1" 301 795 "-" "-"
196.251.83.129 - - [29/Sep/2025:12:48:34 -0400] "GET / HTTP/1.1" 301 795 "-" "-"
216.244.66.236 - - [29/Sep/2025:12:54:01 -0400] "GET /robots.txt HTTP/1.1" 301 795 "-" "Mozilla/5.0 (compatible; DotBot/1.2; +https://opensiteexplorer.org/dotbot; help@moz.com)"
196.251.83.129 - - [29/Sep/2025:12:48:34 -0400] "GET / HTTP/1.1" 301 795 "-" "-"
196.251.83.129 - - [29/Sep/2025:12:48:34 -0400] "GET / HTTP/1.1" 301 795 "-" "-"
196.251.83.129 - - [29/Sep/2025:12:48:34 -0400] "GET / HTTP/1.1" 301 795 "-" "-"
216.244.66.236 - - [29/Sep/2025:12:54:01 -0400] "GET /robots.txt HTTP/1.1" 301 795 "-" "Mozilla/5.0 (compatible; DotBot/1.2; +https://opensiteexplorer.org/dotbot; help@moz.com)"
216.244.66.203 - - [29/Sep/2025:12:56:47 -0400] "GET /robots.txt HTTP/1.1" 301 795 "-" "Mozilla/5.0 (compatible; DotBot/1.2; +https://opensiteexplorer.org/dotbot; help@moz.com)"
139.59.76.180 - - [29/Sep/2025:12:58:54 -0400] "GET /wp-admin/css/ HTTP/1.1" 301 795 "binance.com" "Mozilla/5.0 (Windows NT 10.0; Win64; x64) AppleWebKit/537.36 (KHTML, like Gecko) Chrome/90.0.4430.85 Safari/537.36"
216.73.216.145 - - [29/Sep/2025:13:00:49 -0400] "GET /sitemap.xml HTTP/1.1" 301 795 "-" "Mozilla/5.0 AppleWebKit/537.36 (KHTML, like Gecko; compatible; ClaudeBot/1.0; +claudebot@anthropic.com)"
216.73.216.145 - - [29/Sep/2025:12:58:58 -0400] "GET /robots.txt HTTP/1.1" 301 795 "-" "Mozilla/5.0 AppleWebKit/537.36 (KHTML, like Gecko; compatible; ClaudeBot/1.0; +claudebot@anthropic.com)"
202.46.68.0 - - [29/Sep/2025:13:13:40 -0400] "GET /upload/server/php/ HTTP/1.1" 301 795 "-" "Mozilla/5.0 (Windows NT 10.0; Win64; x64) AppleWebKit/537.36"
202.46.68.0 - - [29/Sep/2025:13:13:43 -0400] "GET /admin/server/php/ HTTP/1.1" 301 795 "-" "Mozilla/5.0 (Windows NT 10.0; Win64; x64) AppleWebKit/537.36"
202.46.68.0 - - [29/Sep/2025:13:13:48 -0400] "GET /fileupload/server/php/ HTTP/1.1" 301 795 "-" "Mozilla/5.0 (Windows NT 10.0; Win64; x64) AppleWebKit/537.36"
202.46.68.0 - - [29/Sep/2025:13:13:50 -0400] "GET /server/php/ HTTP/1.1" 301 795 "-" "Mozilla/5.0 (Windows NT 10.0; Win64; x64) AppleWebKit/537.36"
202.46.68.0 - - [29/Sep/2025:13:13:53 -0400] "GET /assets/global/plugins/jquery-file-upload/server/php/ HTTP/1.1" 301 795 "-" "Mozilla/5.0 (Windows NT 10.0; Win64; x64) AppleWebKit/537.36"
202.46.68.0 - - [29/Sep/2025:13:13:58 -0400] "GET /assets/jquery-file-upload/server/php/ HTTP/1.1" 301 795 "-" "Mozilla/5.0 (Windows NT 10.0; Win64; x64) AppleWebKit/537.36"
202.46.68.0 - - [29/Sep/2025:13:14:04 -0400] "GET /admin/assets/vendor/jquery.filer/index.html HTTP/1.1" 301 795 "-" "Mozilla/5.0 (Windows NT 10.0; Win64; x64) AppleWebKit/537.36"
202.46.68.0 - - [29/Sep/2025:13:14:07 -0400] "GET /assets/vendor/jquery.filer/index.html HTTP/1.1" 301 795 "-" "Mozilla/5.0 (Windows NT 10.0; Win64; x64) AppleWebKit/537.36"
202.46.68.0 - - [29/Sep/2025:13:14:15 -0400] "GET /assets/jquery.filer/index.html HTTP/1.1" 301 795 "-" "Mozilla/5.0 (Windows NT 10.0; Win64; x64) AppleWebKit/537.36"
202.46.68.0 - - [29/Sep/2025:13:13:56 -0400] "GET /admin/tools/assets/jquery-file-upload/server/php/ HTTP/1.1" 301 795 "-" "Mozilla/5.0 (Windows NT 10.0; Win64; x64) AppleWebKit/537.36"
202.46.68.0 - - [29/Sep/2025:13:14:01 -0400] "GET /assets/plugins/jquery-file-upload/server/php/ HTTP/1.1" 301 795 "-" "Mozilla/5.0 (Windows NT 10.0; Win64; x64) AppleWebKit/537.36"
202.46.68.0 - - [29/Sep/2025:13:14:09 -0400] "GET /plugins/assets/vendor/jquery.filer/index.html HTTP/1.1" 301 795 "-" "Mozilla/5.0 (Windows NT 10.0; Win64; x64) AppleWebKit/537.36"
202.46.68.0 - - [29/Sep/2025:13:14:12 -0400] "GET /vendor/jquery.filer/index.html HTTP/1.1" 301 795 "-" "Mozilla/5.0 (Windows NT 10.0; Win64; x64) AppleWebKit/537.36"
202.46.68.0 - - [29/Sep/2025:13:14:36 -0400] "GET /public/files/assets/ckeditor/kcfinder/browse.php HTTP/1.1" 301 795 "-" "Mozilla/5.0 (Windows NT 10.0; Win64; x64) AppleWebKit/537.36"
202.46.68.0 - - [29/Sep/2025:13:14:39 -0400] "GET /lib/kcfinder/browse.php HTTP/1.1" 301 795 "-" "Mozilla/5.0 (Windows NT 10.0; Win64; x64) AppleWebKit/537.36"
202.46.68.0 - - [29/Sep/2025:13:14:42 -0400] "GET /admin/lib/kcfinder/browse.php HTTP/1.1" 301 795 "-" "Mozilla/5.0 (Windows NT 10.0; Win64; x64) AppleWebKit/537.36"
202.46.68.0 - - [29/Sep/2025:13:14:50 -0400] "GET /asset/plugins/kcfinder/browse.php HTTP/1.1" 301 795 "-" "Mozilla/5.0 (Windows NT 10.0; Win64; x64) AppleWebKit/537.36"
202.46.68.0 - - [29/Sep/2025:13:14:53 -0400] "GET /assets/kcfinder/browse.php HTTP/1.1" 301 795 "-" "Mozilla/5.0 (Windows NT 10.0; Win64; x64) AppleWebKit/537.36"
202.46.68.0 - - [29/Sep/2025:13:14:55 -0400] "GET /assets/plugins/kcfinder/browse.php HTTP/1.1" 301 795 "-" "Mozilla/5.0 (Windows NT 10.0; Win64; x64) AppleWebKit/537.36"
202.46.68.0 - - [29/Sep/2025:13:14:58 -0400] "GET /kcfinder/browse.php HTTP/1.1" 301 795 "-" "Mozilla/5.0 (Windows NT 10.0; Win64; x64) AppleWebKit/537.36"
202.46.68.0 - - [29/Sep/2025:13:15:10 -0400] "GET /assets/plugins/filemanager/dialog.php HTTP/1.1" 301 795 "-" "Mozilla/5.0 (Windows NT 10.0; Win64; x64) AppleWebKit/537.36"
202.46.68.0 - - [29/Sep/2025:13:15:13 -0400] "GET /assets/admin/js/tinymce/plugins/filemanager/dialog.php HTTP/1.1" 301 795 "-" "Mozilla/5.0 (Windows NT 10.0; Win64; x64) AppleWebKit/537.36"
202.46.68.0 - - [29/Sep/2025:13:15:16 -0400] "GET /filemanager/dialog.php HTTP/1.1" 301 795 "-" "Mozilla/5.0 (Windows NT 10.0; Win64; x64) AppleWebKit/537.36"
202.46.68.0 - - [29/Sep/2025:13:15:38 -0400] "GET /vendor/filemanager/dialog.php HTTP/1.1" 301 795 "-" "Mozilla/5.0 (Windows NT 10.0; Win64; x64) AppleWebKit/537.36"
202.46.68.0 - - [29/Sep/2025:13:15:41 -0400] "GET /tinymce/js/tinymce/plugins/filemanager/dialog.php HTTP/1.1" 301 795 "-" "Mozilla/5.0 (Windows NT 10.0; Win64; x64) AppleWebKit/537.36"
202.46.68.0 - - [29/Sep/2025:13:15:44 -0400] "GET /sftp-config.json HTTP/1.1" 301 795 "-" "Mozilla/5.0 (Windows NT 10.0; Win64; x64) AppleWebKit/537.36"
202.46.68.0 - - [29/Sep/2025:13:15:48 -0400] "GET /.env HTTP/1.1" 301 795 "-" "Mozilla/5.0 (Windows NT 10.0; Win64; x64) AppleWebKit/537.36"
66.249.69.129 - - [29/Sep/2025:13:19:53 -0400] "GET /robots.txt HTTP/1.1" 301 795 "-" "Mozilla/5.0 (compatible; Googlebot/2.1; +http://www.google.com/bot.html)"
2a06:98c0:3600::103 - - [29/Sep/2025:13:28:47 -0400] "GET /wp-admin/setup-config.php HTTP/1.1" 301 795 "-" "Mozilla/5.0 (Windows NT 10.0; Win64; x64) AppleWebKit/537.36 (KHTML, like Gecko) Chrome/140.0.0.0 Safari/537.36"
52.167.144.177 - - [29/Sep/2025:13:28:53 -0400] "GET /sitemaps.xml HTTP/1.1" 301 795 "-" "Mozilla/5.0 AppleWebKit/537.36 (KHTML, like Gecko; compatible; bingbot/2.0; +http://www.bing.com/bingbot.htm) Chrome/116.0.1938.76 Safari/537.36"
2a06:98c0:3600::103 - - [29/Sep/2025:13:29:59 -0400] "GET /wordpress/wp-admin/setup-config.php HTTP/1.1" 301 795 "-" "Mozilla/5.0 (Windows NT 10.0; Win64; x64) AppleWebKit/537.36 (KHTML, like Gecko) Chrome/140.0.0.0 Safari/537.36"
2a06:98c0:3600::103 - - [29/Sep/2025:13:30:26 -0400] "GET /wp-admin/setup-config.php HTTP/1.1" 301 795 "-" "Mozilla/5.0 (Windows NT 10.0; Win64; x64) AppleWebKit/537.36 (KHTML, like Gecko) Chrome/140.0.0.0 Safari/537.36"
202.46.68.0 - - [29/Sep/2025:13:14:19 -0400] "GET /assets/plugins/jquery.filer/index.html HTTP/1.1" 301 795 "-" "Mozilla/5.0 (Windows NT 10.0; Win64; x64) AppleWebKit/537.36"
202.46.68.0 - - [29/Sep/2025:13:14:22 -0400] "GET /asset/jquery.filer/index.html HTTP/1.1" 301 795 "-" "Mozilla/5.0 (Windows NT 10.0; Win64; x64) AppleWebKit/537.36"
202.46.68.0 - - [29/Sep/2025:13:14:26 -0400] "GET /admin/plugins/jquery.filer/index.html HTTP/1.1" 301 795 "-" "Mozilla/5.0 (Windows NT 10.0; Win64; x64) AppleWebKit/537.36"
202.46.68.0 - - [29/Sep/2025:13:14:28 -0400] "GET /plugins/jquery.filer/index.html HTTP/1.1" 301 795 "-" "Mozilla/5.0 (Windows NT 10.0; Win64; x64) AppleWebKit/537.36"
202.46.68.0 - - [29/Sep/2025:13:14:31 -0400] "GET /admin/ckeditor/kcfinder/browse.php HTTP/1.1" 301 795 "-" "Mozilla/5.0 (Windows NT 10.0; Win64; x64) AppleWebKit/537.36"
202.46.68.0 - - [29/Sep/2025:13:14:33 -0400] "GET /admin/kcfinder/browse.php HTTP/1.1" 301 795 "-" "Mozilla/5.0 (Windows NT 10.0; Win64; x64) AppleWebKit/537.36"
202.46.68.0 - - [29/Sep/2025:13:14:44 -0400] "GET /panel/kcfinder/browse.php HTTP/1.1" 301 795 "-" "Mozilla/5.0 (Windows NT 10.0; Win64; x64) AppleWebKit/537.36"
202.46.68.0 - - [29/Sep/2025:13:14:47 -0400] "GET /asset/kcfinder/browse.php HTTP/1.1" 301 795 "-" "Mozilla/5.0 (Windows NT 10.0; Win64; x64) AppleWebKit/537.36"
202.46.68.0 - - [29/Sep/2025:13:15:01 -0400] "GET /plugins/kcfinder/browse.php HTTP/1.1" 301 795 "-" "Mozilla/5.0 (Windows NT 10.0; Win64; x64) AppleWebKit/537.36"
202.46.68.0 - - [29/Sep/2025:13:15:04 -0400] "GET /plugins/filemanager/dialog.php HTTP/1.1" 301 795 "-" "Mozilla/5.0 (Windows NT 10.0; Win64; x64) AppleWebKit/537.36"
202.46.68.0 - - [29/Sep/2025:13:15:08 -0400] "GET /assets/filemanager/dialog.php HTTP/1.1" 301 795 "-" "Mozilla/5.0 (Windows NT 10.0; Win64; x64) AppleWebKit/537.36"
202.46.68.0 - - [29/Sep/2025:13:15:19 -0400] "GET /media/filemanager/dialog.php HTTP/1.1" 301 795 "-" "Mozilla/5.0 (Windows NT 10.0; Win64; x64) AppleWebKit/537.36"
202.46.68.0 - - [29/Sep/2025:13:15:22 -0400] "GET /tinymce/filemanager/dialog.php HTTP/1.1" 301 795 "-" "Mozilla/5.0 (Windows NT 10.0; Win64; x64) AppleWebKit/537.36"
202.46.68.0 - - [29/Sep/2025:13:15:31 -0400] "GET /admin/filemanager/dialog.php HTTP/1.1" 301 795 "-" "Mozilla/5.0 (Windows NT 10.0; Win64; x64) AppleWebKit/537.36"
202.46.68.0 - - [29/Sep/2025:13:15:34 -0400] "GET /editor/plugins/filemanager/dialog.php HTTP/1.1" 301 795 "-" "Mozilla/5.0 (Windows NT 10.0; Win64; x64) AppleWebKit/537.36"
202.46.68.0 - - [29/Sep/2025:13:15:47 -0400] "GET /.vscode/sftp.json HTTP/1.1" 301 795 "-" "Mozilla/5.0 (Windows NT 10.0; Win64; x64) AppleWebKit/537.36"
202.46.68.0 - - [29/Sep/2025:13:15:51 -0400] "GET /wp-config.php~ HTTP/1.1" 301 795 "-" "Mozilla/5.0 (Windows NT 10.0; Win64; x64) AppleWebKit/537.36"
66.249.69.129 - - [29/Sep/2025:13:19:54 -0400] "GET /ads.txt HTTP/1.1" 301 795 "-" "Google-adstxt"
125.75.66.97 - - [29/Sep/2025:13:20:47 -0400] "GET / HTTP/1.1" 301 795 "-" "Mozilla/5.0 (iPhone; CPU iPhone OS 13_2_3 like Mac OS X) AppleWebKit/605.1.15 (KHTML, like Gecko) Version/13.0.3 Mobile/15E148 Safari/604.1"
125.75.66.97 - - [29/Sep/2025:13:20:52 -0400] "GET / HTTP/1.1" 301 795 "-" "Mozilla/5.0 (iPhone; CPU iPhone OS 13_2_3 like Mac OS X) AppleWebKit/605.1.15 (KHTML, like Gecko) Version/13.0.3 Mobile/15E148 Safari/604.1"
2a06:98c0:3600::103 - - [29/Sep/2025:13:27:03 -0400] "GET /wordpress/wp-admin/setup-config.php HTTP/1.1" 301 795 "-" "Mozilla/5.0 (Windows NT 10.0; Win64; x64) AppleWebKit/537.36 (KHTML, like Gecko) Chrome/140.0.0.0 Safari/537.36"
157.230.38.139 - - [29/Sep/2025:13:40:57 -0400] "GET /user/login.htm HTTP/1.1" 301 795 "-" "Mozilla/5.0 (Windows NT 10.0; Win64; x64) AppleWebKit/537.36 (KHTML, like Gecko) Chrome/120.0.6099.71 Safari/537.36"
157.230.38.139 - - [29/Sep/2025:13:40:57 -0400] "GET /user/login.htm HTTP/1.1" 301 795 "-" "Mozilla/5.0 (Windows NT 10.0; Win64; x64) AppleWebKit/537.36 (KHTML, like Gecko) Chrome/120.0.6099.71 Safari/537.36"
157.230.38.139 - - [29/Sep/2025:13:40:58 -0400] "POST /user/login.htm HTTP/1.1" 301 795 "-" "Mozilla/5.0 (Windows NT 10.0; Win64; x64) AppleWebKit/537.36 (KHTML, like Gecko) Chrome/120.0.6099.71 Safari/537.36"
52.167.144.177 - - [29/Sep/2025:13:31:14 -0400] "GET /contact HTTP/1.1" 301 795 "-" "Mozilla/5.0 AppleWebKit/537.36 (KHTML, like Gecko; compatible; bingbot/2.0; +http://www.bing.com/bingbot.htm) Chrome/116.0.1938.76 Safari/537.36"
157.230.38.139 - - [29/Sep/2025:13:40:55 -0400] "GET /user/login.htm HTTP/1.1" 301 795 "-" "Mozilla/5.0 (Windows NT 10.0; Win64; x64) AppleWebKit/537.36 (KHTML, like Gecko) Chrome/120.0.6099.71 Safari/537.36"
216.244.66.203 - - [29/Sep/2025:13:53:46 -0400] "GET /robots.txt HTTP/1.1" 301 795 "-" "Mozilla/5.0 (compatible; DotBot/1.2; +https://opensiteexplorer.org/dotbot; help@moz.com)"
216.244.66.236 - - [29/Sep/2025:13:48:43 -0400] "GET /robots.txt HTTP/1.1" 301 795 "-" "Mozilla/5.0 (compatible; DotBot/1.2; +https://opensiteexplorer.org/dotbot; help@moz.com)"
40.77.167.20 - - [29/Sep/2025:13:52:03 -0400] "GET /viewreport?id=767 HTTP/1.1" 301 795 "-" "Mozilla/5.0 AppleWebKit/537.36 (KHTML, like Gecko; compatible; bingbot/2.0; +http://www.bing.com/bingbot.htm) Chrome/116.0.1938.76 Safari/537.36"
216.244.66.203 - - [29/Sep/2025:13:53:46 -0400] "GET /robots.txt HTTP/1.1" 301 795 "-" "Mozilla/5.0 (compatible; DotBot/1.2; +https://opensiteexplorer.org/dotbot; help@moz.com)"
117.33.163.216 - - [29/Sep/2025:14:05:44 -0400] "GET / HTTP/1.1" 301 795 "-" "Mozilla/5.0 (iPhone; CPU iPhone OS 13_2_3 like Mac OS X) AppleWebKit/605.1.15 (KHTML, like Gecko) Version/13.0.3 Mobile/15E148 Safari/604.1"
43.133.91.48 - - [29/Sep/2025:14:20:00 -0400] "GET / HTTP/1.1" 301 795 "-" "Mozilla/5.0 (iPhone; CPU iPhone OS 13_2_3 like Mac OS X) AppleWebKit/605.1.15 (KHTML, like Gecko) Version/13.0.3 Mobile/15E148 Safari/604.1"
52.167.144.202 - - [29/Sep/2025:14:36:01 -0400] "GET /sitemaps.xml HTTP/1.1" 301 795 "-" "Mozilla/5.0 AppleWebKit/537.36 (KHTML, like Gecko; compatible; bingbot/2.0; +http://www.bing.com/bingbot.htm) Chrome/116.0.1938.76 Safari/537.36"
216.244.66.236 - - [29/Sep/2025:14:42:30 -0400] "GET /robots.txt HTTP/1.1" 301 795 "-" "Mozilla/5.0 (compatible; DotBot/1.2; +https://opensiteexplorer.org/dotbot; help@moz.com)"
216.244.66.236 - - [29/Sep/2025:14:42:30 -0400] "GET /robots.txt HTTP/1.1" 301 795 "-" "Mozilla/5.0 (compatible; DotBot/1.2; +https://opensiteexplorer.org/dotbot; help@moz.com)"
157.55.39.205 - - [29/Sep/2025:15:18:40 -0400] "GET /viewjudgment?id=1219 HTTP/1.1" 301 795 "-" "Mozilla/5.0 AppleWebKit/537.36 (KHTML, like Gecko; compatible; bingbot/2.0; +http://www.bing.com/bingbot.htm) Chrome/116.0.1938.76 Safari/537.36"
140.206.236.99 - - [29/Sep/2025:15:29:44 -0400] "GET /viewjudgment?id=2879 HTTP/1.1" 301 795 "-" "Mozilla/5.0 (iPhone; CPU iPhone OS 16_0 like Mac OS X) AppleWebKit/605.1.15 (KHTML, like Gecko) Version/18.0 Mobile/15E148 Safari/604.1"
216.244.66.236 - - [29/Sep/2025:15:36:54 -0400] "GET /robots.txt HTTP/1.1" 301 795 "-" "Mozilla/5.0 (compatible; DotBot/1.2; +https://opensiteexplorer.org/dotbot; help@moz.com)"
216.244.66.203 - - [29/Sep/2025:15:47:59 -0400] "GET /robots.txt HTTP/1.1" 301 795 "-" "Mozilla/5.0 (compatible; DotBot/1.2; +https://opensiteexplorer.org/dotbot; help@moz.com)"
205.210.31.50 - - [29/Sep/2025:16:03:42 -0400] "GET / HTTP/1.1" 301 795 "-" "-"
52.167.144.210 - - [29/Sep/2025:16:22:18 -0400] "GET /login HTTP/1.1" 301 795 "-" "Mozilla/5.0 AppleWebKit/537.36 (KHTML, like Gecko; compatible; bingbot/2.0; +http://www.bing.com/bingbot.htm) Chrome/116.0.1938.76 Safari/537.36"
216.244.66.236 - - [29/Sep/2025:16:30:34 -0400] "GET /robots.txt HTTP/1.1" 301 795 "-" "Mozilla/5.0 (compatible; DotBot/1.2; +https://opensiteexplorer.org/dotbot; help@moz.com)"
213.209.157.216 - - [29/Sep/2025:16:34:40 -0400] "GET //cdn.js HTTP/1.1" 301 795 "-" "Mozilla/5.0 (Windows NT 10.0; WOW64) AppleWebKit/537.36 (KHTML, like Gecko) Chrome/72.0.3626.121 Safari/537.36"
213.209.157.216 - - [29/Sep/2025:16:34:41 -0400] "GET //ajax.googleapis.com/ajax/libs/jquery/3.6.4/jquery.min.js HTTP/1.1" 301 795 "-" "Mozilla/5.0 (X11; Linux x86_64) AppleWebKit/537.36 (KHTML, like Gecko) Chrome/67.0.3396.87 Safari/537.36 OPR/54.0.2952.71"
213.209.157.216 - - [29/Sep/2025:16:34:44 -0400] "GET /main.js HTTP/1.1" 301 795 "-" "Mozilla/5.0 (Macintosh; Intel Mac OS X 10_13_6) AppleWebKit/605.1.15 (KHTML, like Gecko) Version/12.0.3 Safari/605.1.15"
213.209.157.216 - - [29/Sep/2025:16:34:44 -0400] "GET /dist/js/bootstrap.bundle.min.js HTTP/1.1" 301 795 "-" "Mozilla/5.0 (Linux; Android 6.0.1; SM-N910S) AppleWebKit/537.36 (KHTML, like Gecko) Chrome/75.0.3770.143 Mobile Safari/537.36"
213.209.157.216 - - [29/Sep/2025:16:35:20 -0400] "GET /main.js HTTP/1.1" 301 795 "-" "Mozilla/5.0 (iPad; CPU OS 9_3_2 like Mac OS X) AppleWebKit/601.1.46 (KHTML, like Gecko) Version/9.0 Mobile/13F69 Safari/601.1"
213.209.157.216 - - [29/Sep/2025:16:35:21 -0400] "GET /dist/js/bootstrap.bundle.min.js HTTP/1.1" 301 795 "-" "Mozilla/5.0 (Windows NT 6.0; WOW64; rv:40.0) Gecko/20100101 Firefox/40.0"
213.209.157.216 - - [29/Sep/2025:16:35:22 -0400] "GET //cdn.js HTTP/1.1" 301 795 "-" "Mozilla/5.0 (Macintosh; Intel Mac OS X 10_14_1) AppleWebKit/537.36 (KHTML, like Gecko) Chrome/75.0.3770.80 Safari/537.36"
213.209.157.216 - - [29/Sep/2025:16:35:22 -0400] "GET //ajax.googleapis.com/ajax/libs/jquery/3.6.4/jquery.min.js HTTP/1.1" 301 795 "-" "Mozilla/5.0 (Macintosh; Intel Mac OS X 10_7_5) AppleWebKit/536.26.17 (KHTML like Gecko) Version/6.0.2 Safari/536.26.17"
216.244.66.236 - - [29/Sep/2025:16:30:34 -0400] "GET /robots.txt HTTP/1.1" 301 795 "-" "Mozilla/5.0 (compatible; DotBot/1.2; +https://opensiteexplorer.org/dotbot; help@moz.com)"
213.209.157.216 - - [29/Sep/2025:16:34:40 -0400] "GET //ajax.googleapis.com/ajax/libs/jquery/3.6.4/jquery.min.js HTTP/1.1" 301 795 "-" "Mozilla/5.0 (Windows NT 10.0; Win64; x64) AppleWebKit/537.36 (KHTML, like Gecko) Chrome/66.0.3359.139 Safari/537.36"
213.209.157.216 - - [29/Sep/2025:16:34:44 -0400] "GET //cdn.js HTTP/1.1" 301 795 "-" "Mozilla/5.0 (Linux; Android 8.0.0; MI 6) AppleWebKit/537.36 (KHTML, like Gecko) Chrome/75.0.3770.101 Mobile Safari/537.36"
213.209.157.216 - - [29/Sep/2025:16:35:21 -0400] "GET //cdn.js HTTP/1.1" 301 795 "-" "Mozilla/5.0 (Linux; Android 9; VKY-L29) AppleWebKit/537.36 (KHTML, like Gecko) Chrome/76.0.3809.111 Mobile Safari/537.36"
213.209.157.216 - - [29/Sep/2025:16:35:21 -0400] "GET /dist/js/bootstrap.bundle.min.js HTTP/1.1" 301 795 "-" "Mozilla/5.0 (Macintosh; Intel Mac OS X 10_13_0) AppleWebKit/537.36 (KHTML, like Gecko) Chrome/76.0.3809.100 Safari/537.36"
213.209.157.216 - - [29/Sep/2025:16:35:22 -0400] "GET /main.js HTTP/1.1" 301 795 "-" "Mozilla/5.0 (Linux; Android 9; SM-N950F) AppleWebKit/537.36 (KHTML, like Gecko) Chrome/76.0.3809.111 Mobile Safari/537.36"
213.209.157.216 - - [29/Sep/2025:16:35:23 -0400] "GET //ajax.googleapis.com/ajax/libs/jquery/3.6.4/jquery.min.js HTTP/1.1" 301 795 "-" "Mozilla/5.0 (Windows NT 10.0; Win64; x64) AppleWebKit/537.36 (KHTML, like Gecko) Chrome/74.0.3729.108 Safari/537.36"
34.61.193.233 - - [29/Sep/2025:16:38:17 -0400] "HEAD /wordpress HTTP/1.1" 301 0 "-" "Mozilla/5.0 (iPhone; CPU iPhone OS 17_4 like Mac OS X) AppleWebKit/605.1.15 (KHTML, like Gecko) Version/17.4 Mobile/15E148 Safari/604.1"
34.61.193.233 - - [29/Sep/2025:16:38:18 -0400] "HEAD /bk HTTP/1.1" 301 0 "-" "Mozilla/5.0 (iPhone; CPU iPhone OS 17_4 like Mac OS X) AppleWebKit/605.1.15 (KHTML, like Gecko) Version/17.4 Mobile/15E148 Safari/604.1"
216.244.66.203 - - [29/Sep/2025:16:45:50 -0400] "GET /robots.txt HTTP/1.1" 301 795 "-" "Mozilla/5.0 (compatible; DotBot/1.2; +https://opensiteexplorer.org/dotbot; help@moz.com)"
216.244.66.203 - - [29/Sep/2025:16:45:52 -0400] "GET /robots.txt HTTP/1.1" 301 795 "-" "Mozilla/5.0 (compatible; DotBot/1.2; +https://opensiteexplorer.org/dotbot; help@moz.com)"
34.61.193.233 - - [29/Sep/2025:16:38:18 -0400] "HEAD /backup HTTP/1.1" 301 0 "-" "Mozilla/5.0 (Android 13; Mobile; rv:124.0) Gecko/124.0 Firefox/124.0"
34.61.193.233 - - [29/Sep/2025:16:38:18 -0400] "HEAD /bc HTTP/1.1" 301 0 "-" "Mozilla/5.0 (Linux; Android 10; Nokia 2720 Flip) AppleWebKit/537.36 (KHTML, like Gecko) Chrome/80.0.3987.99 Mobile Safari/537.36 KAIOS/2.5"
34.61.193.233 - - [29/Sep/2025:16:38:18 -0400] "HEAD /new HTTP/1.1" 301 0 "-" "Mozilla/5.0 (Windows NT 10.0; Win64; x64) AppleWebKit/537.36 (KHTML, like Gecko) Chrome/121.0.6167.140 Safari/537.36 Vivaldi/6.4.3160.47"
34.61.193.233 - - [29/Sep/2025:16:38:18 -0400] "HEAD /main HTTP/1.1" 301 0 "-" "Mozilla/5.0 (Macintosh; Intel Mac OS X 14_4) AppleWebKit/605.1.15 (KHTML, like Gecko) Version/17.4 Safari/605.1.15"
34.61.193.233 - - [29/Sep/2025:16:38:18 -0400] "HEAD /home HTTP/1.1" 301 0 "-" "Mozilla/5.0 (iPad; CPU OS 17_0 like Mac OS X) AppleWebKit/605.1.15 (KHTML, like Gecko) CriOS/123.0.6312.52 Mobile/15E148 Safari/604.1"
34.61.193.233 - - [29/Sep/2025:16:38:18 -0400] "HEAD / HTTP/1.1" 301 0 "-" "Mozilla/5.0 (X11; Linux x86_64) AppleWebKit/537.36 (KHTML, like Gecko) Chrome/121.0.6167.85 Safari/537.36"
34.61.193.233 - - [29/Sep/2025:16:38:19 -0400] "HEAD /wp HTTP/1.1" 301 0 "-" "Mozilla/5.0 (Windows NT 10.0; Win64; x64; rv:123.0) Gecko/20100101 Firefox/123.0"
34.61.193.233 - - [29/Sep/2025:16:38:19 -0400] "HEAD /old HTTP/1.1" 301 0 "-" "Mozilla/5.0 (iPad; CPU OS 16_6 like Mac OS X) AppleWebKit/605.1.15 (KHTML, like Gecko) Version/16.6 Mobile/15E148 Safari/604.1"
46.250.169.25 - - [29/Sep/2025:17:04:01 -0400] "GET /viewjudgment?id=2879 HTTP/1.1" 301 795 "-" "Mozilla/5.0 (Macintosh; Intel Mac OS X 10_15_7) AppleWebKit/537.36 (KHTML, like Gecko) Chrome/131.0.0.0 Safari/537.36"
46.250.168.161 - - [29/Sep/2025:17:05:01 -0400] "GET /viewjudgment?id=2879 HTTP/1.1" 301 795 "-" "Mozilla/5.0 (iPhone; CPU iPhone OS 16_0 like Mac OS X) AppleWebKit/605.1.15 (KHTML, like Gecko) Version/18.0 Mobile/15E148 Safari/604.1"
101.91.148.219 - - [29/Sep/2025:17:05:41 -0400] "GET / HTTP/1.1" 301 795 "-" "Mozilla/5.0 (iPhone; CPU iPhone OS 13_2_3 like Mac OS X) AppleWebKit/605.1.15 (KHTML, like Gecko) Version/13.0.3 Mobile/15E148 Safari/604.1"
45.67.96.79 - - [29/Sep/2025:17:20:24 -0400] "GET / HTTP/1.1" 301 795 "-" "Mozilla/5.0 (Windows NT 10.0; Win64; x64) AppleWebKit/537.36 (KHTML, like Gecko) Chrome/95.0.4638.69 Safari/537.36"
45.67.96.68 - - [29/Sep/2025:17:21:04 -0400] "GET / HTTP/1.1" 301 795 "-" "Mozilla/5.0 (Windows NT 10.0; Win64; x64) AppleWebKit/537.36 (KHTML, like Gecko) Chrome/95.0.4638.69 Safari/537.36"
216.244.66.236 - - [29/Sep/2025:17:25:13 -0400] "GET /robots.txt HTTP/1.1" 301 795 "-" "Mozilla/5.0 (compatible; DotBot/1.2; +https://opensiteexplorer.org/dotbot; help@moz.com)"
66.249.69.141 - - [29/Sep/2025:17:19:56 -0400] "GET /ads.txt HTTP/1.1" 301 795 "-" "Google-adstxt"
216.244.66.236 - - [29/Sep/2025:17:25:13 -0400] "GET /robots.txt HTTP/1.1" 301 795 "-" "Mozilla/5.0 (compatible; DotBot/1.2; +https://opensiteexplorer.org/dotbot; help@moz.com)"