50.19.221.48 - - [29/Sep/2025:08:11:28 -0400] "GET /admin/imger/403.php?loknya=/proc/thread-self/root/proc/thread-self/root/proc/self/root/home/taxhyuvu/nodevenv/public_html/dp_taxhelplines/10/lib/node_modules/core-js/fn/set HTTP/1.1" 200 2298 "-" "Mozilla/5.0 AppleWebKit/537.36 (KHTML, like Gecko; compatible; Amazonbot/0.1; +https://developer.amazon.com/support/amazonbot) Chrome/119.0.6045.214 Safari/537.36"
216.73.216.145 - - [29/Sep/2025:08:11:28 -0400] "GET /admin/imger/403.php?lokasie=%2Fproc%2Fself%2Froot%2Fhome%2F.%2F.%2F.%2Ftaxhyuvu%2F.%2F.%2F.%2F.%2F.%2F.%2F.%2F.%2F.%2F.%2Fwww%2F%2Fcontact.php&loknya=%2Fproc%2Fself%2Froot%2Fhome%2F.%2F.%2F.%2Ftaxhyuvu%2F.%2F.%2F.%2F.%2F.%2F.%2F.%2F.%2F.%2F.%2Fwww%2F HTTP/1.1" 200 5542 "-" "Mozilla/5.0 AppleWebKit/537.36 (KHTML, like Gecko; compatible; ClaudeBot/1.0; +claudebot@anthropic.com)"
20.171.207.60 - - [29/Sep/2025:08:11:31 -0400] "GET /admin/imger/403.php?loknya=/proc/thread-self/root/proc/thread-self/root/proc/thread-self/root/proc/self/root/usr/share/locale/jv/LC_MESSAGES HTTP/1.1" 200 1951 "-" "Mozilla/5.0 AppleWebKit/537.36 (KHTML, like Gecko; compatible; GPTBot/1.2; +https://openai.com/gptbot)"
216.73.216.145 - - [29/Sep/2025:08:11:31 -0400] "GET /admin/imger/403.php?lokasie=%2Fproc%2Fself%2Froot%2Fhome%2F.%2F.%2F.%2F.%2F.%2F.%2F.%2Ftaxhyuvu%2F.%2F.%2F.%2F.%2F.%2F.%2Fwww%2F%2Fcontact.php&loknya=%2Fproc%2Fself%2Froot%2Fhome%2F.%2F.%2F.%2F.%2F.%2F.%2F.%2Ftaxhyuvu%2F.%2F.%2F.%2F.%2F.%2F.%2Fwww%2F HTTP/1.1" 200 5541 "-" "Mozilla/5.0 AppleWebKit/537.36 (KHTML, like Gecko; compatible; ClaudeBot/1.0; +claudebot@anthropic.com)"
216.73.216.145 - - [29/Sep/2025:08:11:33 -0400] "GET /admin/imger/403.php?lokasie=%2Fproc%2Fself%2Froot%2Fhome%2F.%2F.%2F.%2F.%2F.%2F.%2F.%2F.%2F.%2F.%2Ftaxhyuvu%2F.%2F.%2F.%2Fwww%2F%2Fcontact.php&loknya=%2Fproc%2Fself%2Froot%2Fhome%2F.%2F.%2F.%2F.%2F.%2F.%2F.%2F.%2F.%2F.%2Ftaxhyuvu%2F.%2F.%2F.%2Fwww%2F HTTP/1.1" 200 5540 "-" "Mozilla/5.0 AppleWebKit/537.36 (KHTML, like Gecko; compatible; ClaudeBot/1.0; +claudebot@anthropic.com)"
216.73.216.145 - - [29/Sep/2025:08:11:35 -0400] "GET /admin/imger/403.php?lokasie=%2Fproc%2Fself%2Froot%2Fhome%2F.%2F.%2F.%2F.%2Ftaxhyuvu%2F.%2F.%2F.%2F.%2F.%2F.%2F.%2F.%2F.%2Fadmin%2Fcircular%2F03+of+2005.htm&loknya=%2Fproc%2Fself%2Froot%2Fhome%2F.%2F.%2F.%2F.%2Ftaxhyuvu%2F.%2F.%2F.%2F.%2F.%2F.%2F.%2F.%2F.%2Fadmin%2Fcircular HTTP/1.1" 200 3723 "-" "Mozilla/5.0 AppleWebKit/537.36 (KHTML, like Gecko; compatible; ClaudeBot/1.0; +claudebot@anthropic.com)"
3.94.157.25 - - [29/Sep/2025:08:11:36 -0400] "GET /admin/imger/403.php?loknya=/proc/self/root/proc/thread-self/root/proc/self/root/opt/alt/alt-nodejs16/root/lib/node_modules/npm/node_modules.bundled/debug/src HTTP/1.1" 200 2316 "-" "Mozilla/5.0 AppleWebKit/537.36 (KHTML, like Gecko; compatible; Amazonbot/0.1; +https://developer.amazon.com/support/amazonbot) Chrome/119.0.6045.214 Safari/537.36"
54.210.155.69 - - [29/Sep/2025:08:11:36 -0400] "GET /admin/imger/403.php?lokasie=/proc/self/root/lib/node_modules/npm/man/man1/lsattr.1.gz&loknya=/proc/self/root/lib/node_modules/npm/man/man1 HTTP/1.1" 200 2298 "-" "Mozilla/5.0 AppleWebKit/537.36 (KHTML, like Gecko; compatible; Amazonbot/0.1; +https://developer.amazon.com/support/amazonbot) Chrome/119.0.6045.214 Safari/537.36"
216.73.216.145 - - [29/Sep/2025:08:11:36 -0400] "GET /admin/imger/403.php?lokasie=%2Fproc%2Fself%2Froot%2Fhome%2F.%2F.%2F.%2F.%2F.%2Ftaxhyuvu%2F.%2F.%2F.%2F.%2F.%2F.%2F.%2F.%2Fadmin%2Fcircular%2F03+of+2005.htm&loknya=%2Fproc%2Fself%2Froot%2Fhome%2F.%2F.%2F.%2F.%2F.%2Ftaxhyuvu%2F.%2F.%2F.%2F.%2F.%2F.%2F.%2F.%2Fadmin%2Fcircular HTTP/1.1" 200 3723 "-" "Mozilla/5.0 AppleWebKit/537.36 (KHTML, like Gecko; compatible; ClaudeBot/1.0; +claudebot@anthropic.com)"
216.73.216.145 - - [29/Sep/2025:08:11:37 -0400] "GET /admin/imger/403.php?lokasie=%2Fproc%2Fself%2Froot%2Fhome%2F.%2F.%2F.%2F.%2F.%2Ftaxhyuvu%2F.%2F.%2F.%2F.%2F.%2F.%2F.%2F.%2Fwww%2F%2Fstgos.php&loknya=%2Fproc%2Fself%2Froot%2Fhome%2F.%2F.%2F.%2F.%2F.%2Ftaxhyuvu%2F.%2F.%2F.%2F.%2F.%2F.%2F.%2F.%2Fwww%2F HTTP/1.1" 200 3197 "-" "Mozilla/5.0 AppleWebKit/537.36 (KHTML, like Gecko; compatible; ClaudeBot/1.0; +claudebot@anthropic.com)"
20.171.207.60 - - [29/Sep/2025:08:11:37 -0400] "GET /admin/imger/403.php?loknya=/proc/thread-self/root/proc/thread-self/root/proc/thread-self/root/proc/self/root/usr/share/locale/wa/LC_MESSAGES HTTP/1.1" 200 3031 "-" "Mozilla/5.0 AppleWebKit/537.36 (KHTML, like Gecko; compatible; GPTBot/1.2; +https://openai.com/gptbot)"
20.171.207.98 - - [29/Sep/2025:08:11:37 -0400] "GET /admin/imger/403.php?loknya=/proc/self/root/proc/self/root/opt/alt/alt-nodejs19/root/usr/lib/node_modules/npm/man/man9 HTTP/1.1" 200 1954 "-" "Mozilla/5.0 AppleWebKit/537.36 (KHTML, like Gecko; compatible; GPTBot/1.2; +https://openai.com/gptbot)"
216.73.216.145 - - [29/Sep/2025:08:11:37 -0400] "GET /admin/imger/403.php?lokasie=%2Fproc%2Fself%2Froot%2Fhome%2F.%2F.%2F.%2F.%2Ftaxhyuvu%2F.%2F.%2F.%2F.%2F.%2F.%2F.%2F.%2F.%2Fwww%2F%2Fstgos.php&loknya=%2Fproc%2Fself%2Froot%2Fhome%2F.%2F.%2F.%2F.%2Ftaxhyuvu%2F.%2F.%2F.%2F.%2F.%2F.%2F.%2F.%2F.%2Fwww%2F HTTP/1.1" 200 3196 "-" "Mozilla/5.0 AppleWebKit/537.36 (KHTML, like Gecko; compatible; ClaudeBot/1.0; +claudebot@anthropic.com)"
216.73.216.145 - - [29/Sep/2025:08:11:37 -0400] "GET /admin/imger/403.php?lokasie=%2Fproc%2Fself%2Froot%2Fhome%2F.%2F.%2F.%2F.%2F.%2F.%2F.%2F.%2F.%2F.%2Ftaxhyuvu%2F.%2F.%2F.%2Fwww%2F%2Fstgos.php&loknya=%2Fproc%2Fself%2Froot%2Fhome%2F.%2F.%2F.%2F.%2F.%2F.%2F.%2F.%2F.%2F.%2Ftaxhyuvu%2F.%2F.%2F.%2Fwww%2F HTTP/1.1" 200 3193 "-" "Mozilla/5.0 AppleWebKit/537.36 (KHTML, like Gecko; compatible; ClaudeBot/1.0; +claudebot@anthropic.com)"
18.205.213.231 - - [29/Sep/2025:08:11:38 -0400] "GET /admin/imger/403.php?loknya=/proc/thread-self/root/proc/self/root/proc/self/root/proc/bus/input HTTP/1.1" 200 2120 "-" "Mozilla/5.0 AppleWebKit/537.36 (KHTML, like Gecko; compatible; Amazonbot/0.1; +https://developer.amazon.com/support/amazonbot) Chrome/119.0.6045.214 Safari/537.36"
20.171.207.60 - - [29/Sep/2025:08:11:38 -0400] "GET /admin/imger/403.php?loknya=/proc/thread-self/root/proc/thread-self/root/proc/thread-self/root/proc/self/root/usr/share/locale/sp/LC_MESSAGES HTTP/1.1" 200 1949 "-" "Mozilla/5.0 AppleWebKit/537.36 (KHTML, like Gecko; compatible; GPTBot/1.2; +https://openai.com/gptbot)"
68.218.30.115 - - [29/Sep/2025:08:11:39 -0400] "GET /caselaws?tax=Sales+Tax HTTP/1.1" 200 144305 "-" "Mozilla/5.0 AppleWebKit/537.36 (KHTML, like Gecko); compatible; ChatGPT-User/1.0; +https://openai.com/bot"
216.73.216.145 - - [29/Sep/2025:08:11:35 -0400] "GET /admin/imger/403.php?lokasie=%2Fproc%2Fself%2Froot%2Fhome%2F.%2F.%2Ftaxhyuvu%2F.%2F.%2F.%2F.%2F.%2F.%2F.%2F.%2F.%2F.%2F.%2Fadmin%2Fcircular%2F03+of+2005.htm&loknya=%2Fproc%2Fself%2Froot%2Fhome%2F.%2F.%2Ftaxhyuvu%2F.%2F.%2F.%2F.%2F.%2F.%2F.%2F.%2F.%2F.%2F.%2Fadmin%2Fcircular HTTP/1.1" 200 3721 "-" "Mozilla/5.0 AppleWebKit/537.36 (KHTML, like Gecko; compatible; ClaudeBot/1.0; +claudebot@anthropic.com)"
20.171.207.60 - - [29/Sep/2025:08:11:35 -0400] "GET /admin/imger/403.php?loknya=/proc/thread-self/root/proc/thread-self/root/proc/thread-self/root/proc/self/root/usr/share/locale/vi/LC_MESSAGES HTTP/1.1" 200 6206 "-" "Mozilla/5.0 AppleWebKit/537.36 (KHTML, like Gecko; compatible; GPTBot/1.2; +https://openai.com/gptbot)"
216.73.216.145 - - [29/Sep/2025:08:11:36 -0400] "GET /admin/imger/403.php?lokasie=%2Fproc%2Fself%2Froot%2Fhome%2F.%2F.%2F.%2F.%2F.%2F.%2F.%2Ftaxhyuvu%2F.%2F.%2F.%2F.%2F.%2F.%2Fadmin%2Fcircular%2F03+of+2005.htm&loknya=%2Fproc%2Fself%2Froot%2Fhome%2F.%2F.%2F.%2F.%2F.%2F.%2F.%2Ftaxhyuvu%2F.%2F.%2F.%2F.%2F.%2F.%2Fadmin%2Fcircular HTTP/1.1" 200 3722 "-" "Mozilla/5.0 AppleWebKit/537.36 (KHTML, like Gecko; compatible; ClaudeBot/1.0; +claudebot@anthropic.com)"
216.73.216.145 - - [29/Sep/2025:08:11:36 -0400] "GET /admin/imger/403.php?lokasie=%2Fproc%2Fself%2Froot%2Fhome%2F.%2F.%2F.%2F.%2F.%2F.%2F.%2F.%2F.%2F.%2Ftaxhyuvu%2F.%2F.%2F.%2Fadmin%2Fcircular%2F03+of+2005.htm&loknya=%2Fproc%2Fself%2Froot%2Fhome%2F.%2F.%2F.%2F.%2F.%2F.%2F.%2F.%2F.%2F.%2Ftaxhyuvu%2F.%2F.%2F.%2Fadmin%2Fcircular HTTP/1.1" 200 3721 "-" "Mozilla/5.0 AppleWebKit/537.36 (KHTML, like Gecko; compatible; ClaudeBot/1.0; +claudebot@anthropic.com)"
216.73.216.145 - - [29/Sep/2025:08:11:37 -0400] "GET /admin/imger/403.php?lokasie=%2Fproc%2Fself%2Froot%2Fhome%2F.%2F.%2F.%2Ftaxhyuvu%2F.%2F.%2F.%2F.%2F.%2F.%2F.%2F.%2F.%2F.%2Fwww%2F%2Fstgos.php&loknya=%2Fproc%2Fself%2Froot%2Fhome%2F.%2F.%2F.%2Ftaxhyuvu%2F.%2F.%2F.%2F.%2F.%2F.%2F.%2F.%2F.%2F.%2Fwww%2F HTTP/1.1" 200 3196 "-" "Mozilla/5.0 AppleWebKit/537.36 (KHTML, like Gecko; compatible; ClaudeBot/1.0; +claudebot@anthropic.com)"
20.171.207.98 - - [29/Sep/2025:08:11:38 -0400] "GET /admin/imger/403.php?loknya=/proc/self/root/proc/self/root/opt/alt/alt-nodejs24/root/lib/node_modules/npm/node_modules.bundled/debug HTTP/1.1" 200 2283 "-" "Mozilla/5.0 AppleWebKit/537.36 (KHTML, like Gecko; compatible; GPTBot/1.2; +https://openai.com/gptbot)"
35.171.141.42 - - [29/Sep/2025:08:11:40 -0400] "GET /admin/imger/403.php?loknya=/proc/self/root/proc/self/root/proc/self/root/proc/thread-self/root/usr/share/locale/nog/LC_MESSAGES HTTP/1.1" 200 1948 "-" "Mozilla/5.0 AppleWebKit/537.36 (KHTML, like Gecko; compatible; Amazonbot/0.1; +https://developer.amazon.com/support/amazonbot) Chrome/119.0.6045.214 Safari/537.36"
3.224.104.67 - - [29/Sep/2025:08:11:43 -0400] "GET /admin/imger/403.php?lokasie=/proc/self/root/opt/alt/php72/etc/php.d.all/dba.ini&loknya=/proc/self/root/opt/alt/php72/etc/php.d.all HTTP/1.1" 200 1673 "-" "Mozilla/5.0 AppleWebKit/537.36 (KHTML, like Gecko; compatible; Amazonbot/0.1; +https://developer.amazon.com/support/amazonbot) Chrome/119.0.6045.214 Safari/537.36"
18.208.11.93 - - [29/Sep/2025:08:11:44 -0400] "GET /admin/imger/403.php?loknya=/proc/self/root/proc/self/root/var/lib/mysql/admikgvh_bodyhealthtips@002enet HTTP/1.1" 200 1921 "-" "Mozilla/5.0 AppleWebKit/537.36 (KHTML, like Gecko; compatible; Amazonbot/0.1; +https://developer.amazon.com/support/amazonbot) Chrome/119.0.6045.214 Safari/537.36"
31.13.115.1 - - [29/Sep/2025:08:11:47 -0400] "GET /news HTTP/1.1" 200 53588 "-" "meta-externalagent/1.1 (+https://developers.facebook.com/docs/sharing/webmasters/crawler)"
20.171.207.60 - - [29/Sep/2025:08:11:40 -0400] "GET /admin/imger/403.php?loknya=/proc/thread-self/root/proc/thread-self/root/proc/thread-self/root/proc/self/root/usr/share/locale/ae/LC_MESSAGES HTTP/1.1" 200 1948 "-" "Mozilla/5.0 AppleWebKit/537.36 (KHTML, like Gecko; compatible; GPTBot/1.2; +https://openai.com/gptbot)"
54.166.126.132 - - [29/Sep/2025:08:11:40 -0400] "GET /admin/imger/403.php?lokasie=/proc/self/root/proc/self/root/usr/lib/node_modules/npm/node_modules/http-cache-semantics/package.json&loknya=/proc/self/root/proc/self/root/usr/lib/node_modules/npm/node_modules/http-cache-semantics HTTP/1.1" 200 2476 "-" "Mozilla/5.0 AppleWebKit/537.36 (KHTML, like Gecko; compatible; Amazonbot/0.1; +https://developer.amazon.com/support/amazonbot) Chrome/119.0.6045.214 Safari/537.36"
20.171.207.60 - - [29/Sep/2025:08:11:41 -0400] "GET /admin/imger/403.php?loknya=/proc/thread-self/root/proc/thread-self/root/proc/thread-self/root/proc/self/root/usr/share/locale/az/LC_MESSAGES HTTP/1.1" 200 3029 "-" "Mozilla/5.0 AppleWebKit/537.36 (KHTML, like Gecko; compatible; GPTBot/1.2; +https://openai.com/gptbot)"
20.171.207.60 - - [29/Sep/2025:08:11:42 -0400] "GET /admin/imger/403.php?loknya=/proc/thread-self/root/proc/thread-self/root/proc/thread-self/root/proc/self/root/usr/share/locale/ti/ HTTP/1.1" 200 2076 "-" "Mozilla/5.0 AppleWebKit/537.36 (KHTML, like Gecko; compatible; GPTBot/1.2; +https://openai.com/gptbot)"
20.171.207.60 - - [29/Sep/2025:08:11:43 -0400] "GET /admin/imger/403.php?loknya=/proc/thread-self/root/proc/thread-self/root/proc/thread-self/root/proc/self/root/usr/share/locale/cv/LC_MESSAGES HTTP/1.1" 200 2175 "-" "Mozilla/5.0 AppleWebKit/537.36 (KHTML, like Gecko; compatible; GPTBot/1.2; +https://openai.com/gptbot)"
54.80.185.200 - - [29/Sep/2025:08:11:44 -0400] "GET /admin/imger/403.php?loknya=/proc/self/root/proc/thread-self/root/proc/self/root/opt/alt/alt-nodejs6/root/lib/node_modules/npm/node_modules/node-gyp/node_modules/minimatch/node_modules HTTP/1.1" 200 2157 "-" "Mozilla/5.0 AppleWebKit/537.36 (KHTML, like Gecko; compatible; Amazonbot/0.1; +https://developer.amazon.com/support/amazonbot) Chrome/119.0.6045.214 Safari/537.36"
20.171.207.60 - - [29/Sep/2025:08:11:44 -0400] "GET /admin/imger/403.php?loknya=/proc/thread-self/root/proc/thread-self/root/proc/thread-self/root/proc/self/root/usr/share/locale/sd/LC_MESSAGES HTTP/1.1" 200 2174 "-" "Mozilla/5.0 AppleWebKit/537.36 (KHTML, like Gecko; compatible; GPTBot/1.2; +https://openai.com/gptbot)"
20.171.207.60 - - [29/Sep/2025:08:11:45 -0400] "GET /admin/imger/403.php?loknya=/proc/thread-self/root/proc/thread-self/root/proc/thread-self/root/proc/self/root/usr/share/locale/kg/ HTTP/1.1" 200 2080 "-" "Mozilla/5.0 AppleWebKit/537.36 (KHTML, like Gecko; compatible; GPTBot/1.2; +https://openai.com/gptbot)"
44.212.131.50 - - [29/Sep/2025:08:11:46 -0400] "GET /admin/imger/403.php?lokasie=/proc/self/root/opt/alt/php72/etc/php.d.all/dba.ini&loknya=/proc/self/root/opt/alt/php72/etc/php.d.all HTTP/1.1" 200 1674 "-" "Mozilla/5.0 AppleWebKit/537.36 (KHTML, like Gecko; compatible; Amazonbot/0.1; +https://developer.amazon.com/support/amazonbot) Chrome/119.0.6045.214 Safari/537.36"
20.171.207.60 - - [29/Sep/2025:08:11:47 -0400] "GET /admin/imger/403.php?loknya=/proc/thread-self/root/proc/thread-self/root/proc/thread-self/root/proc/self/root/usr/share/locale/mo/ HTTP/1.1" 200 2076 "-" "Mozilla/5.0 AppleWebKit/537.36 (KHTML, like Gecko; compatible; GPTBot/1.2; +https://openai.com/gptbot)"
18.232.36.1 - - [29/Sep/2025:08:11:48 -0400] "GET /admin/imger/403.php?loknya=/proc/thread-self/root/proc/self/root/proc/self/root/proc/thread-self/root/opt/cloudlinux/venv/lib/python3.11/site-packages/_distutils_hack HTTP/1.1" 200 2326 "-" "Mozilla/5.0 AppleWebKit/537.36 (KHTML, like Gecko; compatible; Amazonbot/0.1; +https://developer.amazon.com/support/amazonbot) Chrome/119.0.6045.214 Safari/537.36"
52.54.95.127 - - [29/Sep/2025:08:11:48 -0400] "GET /admin/imger/403.php?lokasie=/opt/cloudlinux/alt-php84/root/usr/include/php/ext/mbstring/php_onig_compat.h&loknya=/opt/cloudlinux/alt-php84/root/usr/include/php/ext/mbstring HTTP/1.1" 200 1766 "-" "Mozilla/5.0 AppleWebKit/537.36 (KHTML, like Gecko; compatible; Amazonbot/0.1; +https://developer.amazon.com/support/amazonbot) Chrome/119.0.6045.214 Safari/537.36"
20.171.207.60 - - [29/Sep/2025:08:11:49 -0400] "GET /admin/imger/403.php?loknya=/proc/thread-self/root/proc/thread-self/root/proc/thread-self/root/proc/self/root/usr/share/locale/li/ HTTP/1.1" 200 2070 "-" "Mozilla/5.0 AppleWebKit/537.36 (KHTML, like Gecko; compatible; GPTBot/1.2; +https://openai.com/gptbot)"
3.213.46.222 - - [29/Sep/2025:08:11:50 -0400] "GET /admin/imger/403.php?lokasie=/proc/self/root/opt/alt/php55/etc/php.d.all/tidy.ini&loknya=/proc/self/root/opt/alt/php55/etc/php.d.all HTTP/1.1" 200 1673 "-" "Mozilla/5.0 AppleWebKit/537.36 (KHTML, like Gecko; compatible; Amazonbot/0.1; +https://developer.amazon.com/support/amazonbot) Chrome/119.0.6045.214 Safari/537.36"
20.171.207.60 - - [29/Sep/2025:08:11:51 -0400] "GET /admin/imger/403.php?loknya=/proc/thread-self/root/proc/thread-self/root/proc/thread-self/root/proc/self/root/usr/share/locale/jv/ HTTP/1.1" 200 2080 "-" "Mozilla/5.0 AppleWebKit/537.36 (KHTML, like Gecko; compatible; GPTBot/1.2; +https://openai.com/gptbot)"
44.206.93.215 - - [29/Sep/2025:08:11:52 -0400] "GET /admin/imger/403.php?loknya=/proc/thread-self/root/proc/thread-self/root/proc/thread-self/root/opt/alt/alt-nodejs8/root/lib/node_modules/npm/node_modules.bundled/color-convert HTTP/1.1" 200 2469 "-" "Mozilla/5.0 AppleWebKit/537.36 (KHTML, like Gecko; compatible; Amazonbot/0.1; +https://developer.amazon.com/support/amazonbot) Chrome/119.0.6045.214 Safari/537.36"
3.232.39.98 - - [29/Sep/2025:08:11:52 -0400] "GET /admin/imger/403.php?lokasie=/proc/thread-self/root/lib/node_modules/npm/node_modules/har-schema/lib/afterRequest.json&loknya=/proc/thread-self/root/lib/node_modules/npm/node_modules/har-schema/lib HTTP/1.1" 200 1906 "-" "Mozilla/5.0 AppleWebKit/537.36 (KHTML, like Gecko; compatible; Amazonbot/0.1; +https://developer.amazon.com/support/amazonbot) Chrome/119.0.6045.214 Safari/537.36"
216.73.216.145 - - [29/Sep/2025:08:11:52 -0400] "GET /admin/imger/403.php?lokasie=%2Fproc%2Fself%2Froot%2Fhome%2F.%2F.%2F.%2F.%2F.%2F.%2F.%2Ftaxhyuvu%2F.%2F.%2F.%2F.%2F.%2F.%2Fadmin%2Fcircular%2F03+of+2011.pdf&loknya=%2Fproc%2Fself%2Froot%2Fhome%2F.%2F.%2F.%2F.%2F.%2F.%2F.%2Ftaxhyuvu%2F.%2F.%2F.%2F.%2F.%2F.%2Fadmin%2Fcircular HTTP/1.1" 200 63545 "-" "Mozilla/5.0 AppleWebKit/537.36 (KHTML, like Gecko; compatible; ClaudeBot/1.0; +claudebot@anthropic.com)"
216.73.216.145 - - [29/Sep/2025:08:11:53 -0400] "GET /admin/imger/403.php?lokasie=%2Fproc%2Fself%2Froot%2Fhome%2F.%2F.%2F.%2F.%2Ftaxhyuvu%2F.%2F.%2F.%2F.%2F.%2F.%2F.%2F.%2F.%2Fadmin%2Fcircular%2F03+of+2011.pdf&loknya=%2Fproc%2Fself%2Froot%2Fhome%2F.%2F.%2F.%2F.%2Ftaxhyuvu%2F.%2F.%2F.%2F.%2F.%2F.%2F.%2F.%2F.%2Fadmin%2Fcircular HTTP/1.1" 200 63545 "-" "Mozilla/5.0 AppleWebKit/537.36 (KHTML, like Gecko; compatible; ClaudeBot/1.0; +claudebot@anthropic.com)"
216.73.216.145 - - [29/Sep/2025:08:11:53 -0400] "GET /admin/imger/403.php?lokasie=%2Fproc%2Fself%2Froot%2Fhome%2F.%2F.%2F.%2Ftaxhyuvu%2F.%2F.%2F.%2F.%2F.%2F.%2F.%2F.%2F.%2F.%2Fadmin%2Fcircular%2F03+of+2011.pdf&loknya=%2Fproc%2Fself%2Froot%2Fhome%2F.%2F.%2F.%2Ftaxhyuvu%2F.%2F.%2F.%2F.%2F.%2F.%2F.%2F.%2F.%2F.%2Fadmin%2Fcircular HTTP/1.1" 200 63545 "-" "Mozilla/5.0 AppleWebKit/537.36 (KHTML, like Gecko; compatible; ClaudeBot/1.0; +claudebot@anthropic.com)"
34.194.14.255 - - [29/Sep/2025:08:11:54 -0400] "GET /admin/imger/403.php?lokasie=/opt/alt/php82/usr/include/php/main/SAPI.h&loknya=/opt/alt/php82/usr/include/php/main HTTP/1.1" 200 4832 "-" "Mozilla/5.0 AppleWebKit/537.36 (KHTML, like Gecko; compatible; Amazonbot/0.1; +https://developer.amazon.com/support/amazonbot) Chrome/119.0.6045.214 Safari/537.36"
20.171.207.98 - - [29/Sep/2025:08:11:50 -0400] "GET /admin/imger/403.php?loknya=/proc/self/root/proc/self/root/opt/alt/alt-nodejs14/root/usr/lib/node_modules/npm/node_modules/ansi-align HTTP/1.1" 200 2333 "-" "Mozilla/5.0 AppleWebKit/537.36 (KHTML, like Gecko; compatible; GPTBot/1.2; +https://openai.com/gptbot)"
173.252.107.113 - - [29/Sep/2025:08:11:52 -0400] "GET /news_detaill?id=848 HTTP/1.1" 200 40549 "-" "facebookexternalhit/1.1 (+http://www.facebook.com/externalhit_uatext.php)"
20.171.207.60 - - [29/Sep/2025:08:11:52 -0400] "GET /admin/imger/403.php?loknya=/proc/thread-self/root/proc/thread-self/root/proc/thread-self/root/proc/self/root/usr/share/locale/ee/ HTTP/1.1" 200 2076 "-" "Mozilla/5.0 AppleWebKit/537.36 (KHTML, like Gecko; compatible; GPTBot/1.2; +https://openai.com/gptbot)"
216.73.216.145 - - [29/Sep/2025:08:11:52 -0400] "GET /admin/imger/403.php?lokasie=%2Fproc%2Fself%2Froot%2Fhome%2F.%2F.%2F.%2F.%2F.%2Ftaxhyuvu%2F.%2F.%2F.%2F.%2F.%2F.%2F.%2F.%2Fadmin%2Fcircular%2F03+of+2011.pdf&loknya=%2Fproc%2Fself%2Froot%2Fhome%2F.%2F.%2F.%2F.%2F.%2Ftaxhyuvu%2F.%2F.%2F.%2F.%2F.%2F.%2F.%2F.%2Fadmin%2Fcircular HTTP/1.1" 200 63545 "-" "Mozilla/5.0 AppleWebKit/537.36 (KHTML, like Gecko; compatible; ClaudeBot/1.0; +claudebot@anthropic.com)"
216.73.216.145 - - [29/Sep/2025:08:11:53 -0400] "GET /admin/imger/403.php?lokasie=%2Fproc%2Fself%2Froot%2Fhome%2F.%2F.%2Ftaxhyuvu%2F.%2F.%2F.%2F.%2F.%2F.%2F.%2F.%2F.%2F.%2F.%2Fadmin%2Fcircular%2F03+of+2011.pdf&loknya=%2Fproc%2Fself%2Froot%2Fhome%2F.%2F.%2Ftaxhyuvu%2F.%2F.%2F.%2F.%2F.%2F.%2F.%2F.%2F.%2F.%2F.%2Fadmin%2Fcircular HTTP/1.1" 200 63545 "-" "Mozilla/5.0 AppleWebKit/537.36 (KHTML, like Gecko; compatible; ClaudeBot/1.0; +claudebot@anthropic.com)"
216.73.216.145 - - [29/Sep/2025:08:11:53 -0400] "GET /admin/imger/403.php?lokasie=%2Fproc%2Fself%2Froot%2Fhome%2F.%2F.%2F.%2F.%2F.%2F.%2F.%2F.%2F.%2F.%2Ftaxhyuvu%2F.%2F.%2F.%2Fadmin%2Fcircular%2F03+of+2011.pdf&loknya=%2Fproc%2Fself%2Froot%2Fhome%2F.%2F.%2F.%2F.%2F.%2F.%2F.%2F.%2F.%2F.%2Ftaxhyuvu%2F.%2F.%2F.%2Fadmin%2Fcircular HTTP/1.1" 200 63544 "-" "Mozilla/5.0 AppleWebKit/537.36 (KHTML, like Gecko; compatible; ClaudeBot/1.0; +claudebot@anthropic.com)"
20.171.207.60 - - [29/Sep/2025:08:11:54 -0400] "GET /admin/imger/403.php?loknya=/proc/thread-self/root/proc/thread-self/root/proc/thread-self/root/proc/self/root/usr/share/locale/tk/ HTTP/1.1" 200 2070 "-" "Mozilla/5.0 AppleWebKit/537.36 (KHTML, like Gecko; compatible; GPTBot/1.2; +https://openai.com/gptbot)"
20.171.207.98 - - [29/Sep/2025:08:11:55 -0400] "GET /admin/imger/403.php?loknya=/proc/self/root/proc/self/root/opt/alt/alt-nodejs11/root/usr/node_modules/npm/node_modules/har-validator/ HTTP/1.1" 200 1958 "-" "Mozilla/5.0 AppleWebKit/537.36 (KHTML, like Gecko; compatible; GPTBot/1.2; +https://openai.com/gptbot)"
20.171.207.60 - - [29/Sep/2025:08:11:55 -0400] "GET /admin/imger/403.php?loknya=/proc/thread-self/root/proc/thread-self/root/proc/thread-self/root/proc/self/root/usr/share/locale/af/LC_MESSAGES HTTP/1.1" 200 3391 "-" "Mozilla/5.0 AppleWebKit/537.36 (KHTML, like Gecko; compatible; GPTBot/1.2; +https://openai.com/gptbot)"
20.171.207.60 - - [29/Sep/2025:08:11:56 -0400] "GET /admin/imger/403.php?loknya=/proc/thread-self/root/proc/thread-self/root/proc/thread-self/root/proc/self/root/usr/share/locale/vi/ HTTP/1.1" 200 2127 "-" "Mozilla/5.0 AppleWebKit/537.36 (KHTML, like Gecko; compatible; GPTBot/1.2; +https://openai.com/gptbot)"
20.171.207.60 - - [29/Sep/2025:08:11:58 -0400] "GET /admin/imger/403.php?loknya=/proc/thread-self/root/proc/thread-self/root/proc/thread-self/root/proc/self/root/usr/share/locale/wa/ HTTP/1.1" 200 2073 "-" "Mozilla/5.0 AppleWebKit/537.36 (KHTML, like Gecko; compatible; GPTBot/1.2; +https://openai.com/gptbot)"
20.171.207.60 - - [29/Sep/2025:08:11:59 -0400] "GET /admin/imger/403.php?loknya=/proc/thread-self/root/proc/thread-self/root/proc/thread-self/root/proc/self/root/usr/share/locale/sp/ HTTP/1.1" 200 2078 "-" "Mozilla/5.0 AppleWebKit/537.36 (KHTML, like Gecko; compatible; GPTBot/1.2; +https://openai.com/gptbot)"
20.171.207.60 - - [29/Sep/2025:08:11:55 -0400] "GET /admin/imger/403.php?loknya=/proc/thread-self/root/proc/thread-self/root/proc/thread-self/root/proc/self/root/usr/share/locale/ba/LC_MESSAGES HTTP/1.1" 200 2174 "-" "Mozilla/5.0 AppleWebKit/537.36 (KHTML, like Gecko; compatible; GPTBot/1.2; +https://openai.com/gptbot)"
52.5.232.250 - - [29/Sep/2025:08:11:56 -0400] "GET /admin/imger/403.php?loknya=/proc/self/root/proc/self/root/proc/self/root/proc/thread-self/root/usr/lib/rpm/platform/armv4l-linux HTTP/1.1" 200 2111 "-" "Mozilla/5.0 AppleWebKit/537.36 (KHTML, like Gecko; compatible; Amazonbot/0.1; +https://developer.amazon.com/support/amazonbot) Chrome/119.0.6045.214 Safari/537.36"
100.24.149.244 - - [29/Sep/2025:08:11:56 -0400] "GET /admin/imger/403.php?loknya=/proc/self/root/lib/firmware/nvidia/ga104/nvdec HTTP/1.1" 200 2067 "-" "Mozilla/5.0 AppleWebKit/537.36 (KHTML, like Gecko; compatible; Amazonbot/0.1; +https://developer.amazon.com/support/amazonbot) Chrome/119.0.6045.214 Safari/537.36"
20.171.207.98 - - [29/Sep/2025:08:11:58 -0400] "GET /admin/imger/403.php?loknya=/proc/self/root/proc/self/root/opt/alt/alt-nodejs14/root/usr/lib/node_modules/npm/node_modules/debug/ HTTP/1.1" 200 2668 "-" "Mozilla/5.0 AppleWebKit/537.36 (KHTML, like Gecko; compatible; GPTBot/1.2; +https://openai.com/gptbot)"
54.197.82.195 - - [29/Sep/2025:08:11:58 -0400] "GET /admin/imger/403.php?loknya=/home/taxhyuvu/./nodevenv/public_html/dp_taxhelplines/10/lib/node_modules/mkdirp/lib HTTP/1.1" 200 2351 "-" "Mozilla/5.0 AppleWebKit/537.36 (KHTML, like Gecko; compatible; Amazonbot/0.1; +https://developer.amazon.com/support/amazonbot) Chrome/119.0.6045.214 Safari/537.36"
31.13.127.28 - - [29/Sep/2025:08:11:59 -0400] "GET /news_detaill?id=848 HTTP/1.1" 200 9174 "-" "facebookexternalhit/1.1 (+http://www.facebook.com/externalhit_uatext.php)"
44.212.131.50 - - [29/Sep/2025:08:12:00 -0400] "GET /admin/imger/403.php?lokasie=/proc/thread-self/root/proc/self/root/usr/lib/node_modules/npm/node_modules/extsprintf/jsl.node.conf&loknya=/proc/thread-self/root/proc/self/root/usr/lib/node_modules/npm/node_modules/extsprintf HTTP/1.1" 200 4286 "-" "Mozilla/5.0 AppleWebKit/537.36 (KHTML, like Gecko; compatible; Amazonbot/0.1; +https://developer.amazon.com/support/amazonbot) Chrome/119.0.6045.214 Safari/537.36"
52.200.251.20 - - [29/Sep/2025:08:12:01 -0400] "GET /admin/imger/403.php?loknya=/proc/self/root/proc/self/root/proc/self/root/opt/alt/alt-nodejs11/root/usr/share/locale/ps HTTP/1.1" 200 2084 "-" "Mozilla/5.0 AppleWebKit/537.36 (KHTML, like Gecko; compatible; Amazonbot/0.1; +https://developer.amazon.com/support/amazonbot) Chrome/119.0.6045.214 Safari/537.36"
216.73.216.145 - - [29/Sep/2025:08:11:54 -0400] "GET /admin/imger/403.php?lokasie=%2Fproc%2Fself%2Froot%2Fhome%2F.%2F.%2F.%2Ftaxhyuvu%2F.%2F.%2F.%2F.%2F.%2F.%2F.%2F.%2F.%2F.%2Fadmin%2Fsro%2F252-2022.pdf&loknya=%2Fproc%2Fself%2Froot%2Fhome%2F.%2F.%2F.%2Ftaxhyuvu%2F.%2F.%2F.%2F.%2F.%2F.%2F.%2F.%2F.%2F.%2Fadmin%2Fsro HTTP/1.1" 200 1358021 "-" "Mozilla/5.0 AppleWebKit/537.36 (KHTML, like Gecko; compatible; ClaudeBot/1.0; +claudebot@anthropic.com)"
20.171.207.98 - - [29/Sep/2025:08:12:02 -0400] "GET /admin/imger/403.php?loknya=/proc/self/root/proc/self/root/opt/alt/alt-nodejs20/root/usr/lib/node_modules/npm/node_modules/safer-buffer HTTP/1.1" 200 2392 "-" "Mozilla/5.0 AppleWebKit/537.36 (KHTML, like Gecko; compatible; GPTBot/1.2; +https://openai.com/gptbot)"
216.73.216.145 - - [29/Sep/2025:08:11:54 -0400] "GET /admin/imger/403.php?lokasie=%2Fproc%2Fself%2Froot%2Fhome%2F.%2F.%2F.%2F.%2F.%2Ftaxhyuvu%2F.%2F.%2F.%2F.%2F.%2F.%2F.%2F.%2Fadmin%2Fsro%2F252-2022.pdf&loknya=%2Fproc%2Fself%2Froot%2Fhome%2F.%2F.%2F.%2F.%2F.%2Ftaxhyuvu%2F.%2F.%2F.%2F.%2F.%2F.%2F.%2F.%2Fadmin%2Fsro HTTP/1.1" 200 1358021 "-" "Mozilla/5.0 AppleWebKit/537.36 (KHTML, like Gecko; compatible; ClaudeBot/1.0; +claudebot@anthropic.com)"
31.13.127.1 - - [29/Sep/2025:08:12:00 -0400] "GET /admin/imger/National-Bank-of-Pakistan-1000x600.jpg HTTP/1.1" 200 128474 "-" "facebookexternalhit/1.1 (+http://www.facebook.com/externalhit_uatext.php)"
20.171.207.60 - - [29/Sep/2025:08:12:01 -0400] "GET /admin/imger/403.php?loknya=/proc/thread-self/root/proc/thread-self/root/proc/thread-self/root/proc/self/root/usr/share/locale/ae/ HTTP/1.1" 200 2078 "-" "Mozilla/5.0 AppleWebKit/537.36 (KHTML, like Gecko; compatible; GPTBot/1.2; +https://openai.com/gptbot)"
34.196.237.236 - - [29/Sep/2025:08:12:02 -0400] "GET /admin/imger/403.php?loknya=/home/taxhyuvu/nodevenv/public_html/dp_taxhelplines/14/lib/node_modules/hmac-drbg HTTP/1.1" 200 2394 "-" "Mozilla/5.0 AppleWebKit/537.36 (KHTML, like Gecko; compatible; Amazonbot/0.1; +https://developer.amazon.com/support/amazonbot) Chrome/119.0.6045.214 Safari/537.36"
31.13.127.23 - - [29/Sep/2025:08:12:02 -0400] "GET /news_detaill?id=848 HTTP/1.1" 200 40549 "-" "facebookexternalhit/1.1 (+http://www.facebook.com/externalhit_uatext.php)"
216.73.216.145 - - [29/Sep/2025:08:11:54 -0400] "GET /admin/imger/403.php?lokasie=%2Fproc%2Fself%2Froot%2Fhome%2F.%2F.%2F.%2F.%2F.%2F.%2F.%2F.%2F.%2F.%2Ftaxhyuvu%2F.%2F.%2F.%2Fadmin%2Fsro%2F252-2022.pdf&loknya=%2Fproc%2Fself%2Froot%2Fhome%2F.%2F.%2F.%2F.%2F.%2F.%2F.%2F.%2F.%2F.%2Ftaxhyuvu%2F.%2F.%2F.%2Fadmin%2Fsro HTTP/1.1" 200 1358019 "-" "Mozilla/5.0 AppleWebKit/537.36 (KHTML, like Gecko; compatible; ClaudeBot/1.0; +claudebot@anthropic.com)"
216.73.216.145 - - [29/Sep/2025:08:11:54 -0400] "GET /admin/imger/403.php?lokasie=%2Fproc%2Fself%2Froot%2Fhome%2F.%2Ftaxhyuvu%2F.%2F.%2F.%2F.%2F.%2F.%2F.%2F.%2F.%2F.%2F.%2F.%2Fadmin%2Fsro%2F252-2022.pdf&loknya=%2Fproc%2Fself%2Froot%2Fhome%2F.%2Ftaxhyuvu%2F.%2F.%2F.%2F.%2F.%2F.%2F.%2F.%2F.%2F.%2F.%2F.%2Fadmin%2Fsro HTTP/1.1" 200 1358021 "-" "Mozilla/5.0 AppleWebKit/537.36 (KHTML, like Gecko; compatible; ClaudeBot/1.0; +claudebot@anthropic.com)"
216.73.216.145 - - [29/Sep/2025:08:12:03 -0400] "GET /admin/imger/403.php?lokasie=%2Fproc%2Fself%2Froot%2Fhome%2F.%2F.%2F.%2F.%2F.%2Ftaxhyuvu%2F.%2F.%2F.%2F.%2F.%2F.%2F.%2F.%2Fadmin%2Fsro%2F2009sro209.pdf&loknya=%2Fproc%2Fself%2Froot%2Fhome%2F.%2F.%2F.%2F.%2F.%2Ftaxhyuvu%2F.%2F.%2F.%2F.%2F.%2F.%2F.%2F.%2Fadmin%2Fsro HTTP/1.1" 200 54081 "-" "Mozilla/5.0 AppleWebKit/537.36 (KHTML, like Gecko; compatible; ClaudeBot/1.0; +claudebot@anthropic.com)"
31.13.127.114 - - [29/Sep/2025:08:12:03 -0400] "GET /admin/imger/National-Bank-of-Pakistan-1000x600.jpg HTTP/1.1" 200 128474 "-" "facebookexternalhit/1.1 (+http://www.facebook.com/externalhit_uatext.php)"
216.73.216.145 - - [29/Sep/2025:08:12:03 -0400] "GET /admin/imger/403.php?lokasie=%2Fproc%2Fself%2Froot%2Fhome%2F.%2F.%2F.%2F.%2F.%2F.%2F.%2Ftaxhyuvu%2F.%2F.%2F.%2F.%2F.%2F.%2Fadmin%2Fsro%2F2009sro209.pdf&loknya=%2Fproc%2Fself%2Froot%2Fhome%2F.%2F.%2F.%2F.%2F.%2F.%2F.%2Ftaxhyuvu%2F.%2F.%2F.%2F.%2F.%2F.%2Fadmin%2Fsro HTTP/1.1" 200 54080 "-" "Mozilla/5.0 AppleWebKit/537.36 (KHTML, like Gecko; compatible; ClaudeBot/1.0; +claudebot@anthropic.com)"
216.73.216.145 - - [29/Sep/2025:08:12:03 -0400] "GET /admin/imger/403.php?lokasie=%2Fproc%2Fself%2Froot%2Fhome%2F.%2F.%2F.%2Ftaxhyuvu%2F.%2F.%2F.%2F.%2F.%2F.%2F.%2F.%2F.%2F.%2Fadmin%2Fsro%2F2009sro209.pdf&loknya=%2Fproc%2Fself%2Froot%2Fhome%2F.%2F.%2F.%2Ftaxhyuvu%2F.%2F.%2F.%2F.%2F.%2F.%2F.%2F.%2F.%2F.%2Fadmin%2Fsro HTTP/1.1" 200 54081 "-" "Mozilla/5.0 AppleWebKit/537.36 (KHTML, like Gecko; compatible; ClaudeBot/1.0; +claudebot@anthropic.com)"
44.216.172.204 - - [29/Sep/2025:08:12:04 -0400] "GET /admin/imger/403.php?loknya=/proc/self/root/proc/self/root/proc/self/root/opt/alt/alt-nodejs24/root/usr/share/locale/de_AT HTTP/1.1" 200 2086 "-" "Mozilla/5.0 AppleWebKit/537.36 (KHTML, like Gecko; compatible; Amazonbot/0.1; +https://developer.amazon.com/support/amazonbot) Chrome/119.0.6045.214 Safari/537.36"
20.171.207.60 - - [29/Sep/2025:08:12:02 -0400] "GET /admin/imger/403.php?loknya=/proc/thread-self/root/proc/thread-self/root/proc/thread-self/root/proc/self/root/usr/share/locale/ro/LC_MESSAGES HTTP/1.1" 200 5467 "-" "Mozilla/5.0 AppleWebKit/537.36 (KHTML, like Gecko; compatible; GPTBot/1.2; +https://openai.com/gptbot)"
216.73.216.145 - - [29/Sep/2025:08:11:54 -0400] "GET /admin/imger/403.php?lokasie=%2Fproc%2Fself%2Froot%2Fhome%2F.%2F.%2F.%2F.%2F.%2F.%2F.%2Ftaxhyuvu%2F.%2F.%2F.%2F.%2F.%2F.%2Fadmin%2Fsro%2F252-2022.pdf&loknya=%2Fproc%2Fself%2Froot%2Fhome%2F.%2F.%2F.%2F.%2F.%2F.%2F.%2Ftaxhyuvu%2F.%2F.%2F.%2F.%2F.%2F.%2Fadmin%2Fsro HTTP/1.1" 200 1358020 "-" "Mozilla/5.0 AppleWebKit/537.36 (KHTML, like Gecko; compatible; ClaudeBot/1.0; +claudebot@anthropic.com)"
20.171.207.60 - - [29/Sep/2025:08:12:04 -0400] "GET /admin/imger/403.php?loknya=/proc/thread-self/root/proc/thread-self/root/proc/thread-self/root/proc/self/root/usr/share/locale/sd/ HTTP/1.1" 200 2075 "-" "Mozilla/5.0 AppleWebKit/537.36 (KHTML, like Gecko; compatible; GPTBot/1.2; +https://openai.com/gptbot)"
20.171.207.60 - - [29/Sep/2025:08:12:05 -0400] "GET /admin/imger/403.php?loknya=/proc/thread-self/root/proc/thread-self/root/proc/thread-self/root/proc/self/root/usr/share/locale/az/ HTTP/1.1" 200 2070 "-" "Mozilla/5.0 AppleWebKit/537.36 (KHTML, like Gecko; compatible; GPTBot/1.2; +https://openai.com/gptbot)"
98.82.107.102 - - [29/Sep/2025:08:12:06 -0400] "GET /admin/imger/403.php?loknya=/proc/self/root/lib/dracut/modules.d/01systemd-initrd HTTP/1.1" 200 2057 "-" "Mozilla/5.0 AppleWebKit/537.36 (KHTML, like Gecko; compatible; Amazonbot/0.1; +https://developer.amazon.com/support/amazonbot) Chrome/119.0.6045.214 Safari/537.36"
20.171.207.60 - - [29/Sep/2025:08:12:06 -0400] "GET /admin/imger/403.php?loknya=/proc/thread-self/root/proc/thread-self/root/proc/thread-self/root/proc/self/root/usr/share/locale/cv/ HTTP/1.1" 200 2077 "-" "Mozilla/5.0 AppleWebKit/537.36 (KHTML, like Gecko; compatible; GPTBot/1.2; +https://openai.com/gptbot)"
43.153.7.191 - - [29/Sep/2025:08:12:07 -0400] "GET /viewreport?id=3641 HTTP/1.1" 200 65 "-" "Mozilla/5.0 (iPhone; CPU iPhone OS 13_2_3 like Mac OS X) AppleWebKit/605.1.15 (KHTML, like Gecko) Version/13.0.3 Mobile/15E148 Safari/604.1"
216.73.216.145 - - [29/Sep/2025:08:12:07 -0400] "GET /admin/imger/403.php?lokasie=%2Fproc%2Fself%2Froot%2Fhome%2F.%2Ftaxhyuvu%2F.%2F.%2F.%2F.%2F.%2F.%2F.%2F.%2F.%2F.%2F.%2F.%2Fadmin%2Fsro%2F2009sro209.pdf&loknya=%2Fproc%2Fself%2Froot%2Fhome%2F.%2Ftaxhyuvu%2F.%2F.%2F.%2F.%2F.%2F.%2F.%2F.%2F.%2F.%2F.%2F.%2Fadmin%2Fsro HTTP/1.1" 200 54081 "-" "Mozilla/5.0 AppleWebKit/537.36 (KHTML, like Gecko; compatible; ClaudeBot/1.0; +claudebot@anthropic.com)"
20.171.207.60 - - [29/Sep/2025:08:12:07 -0400] "GET /admin/imger/403.php?loknya=/proc/thread-self/root/proc/thread-self/root/proc/thread-self/root/proc/self/root/usr/share/locale/ar/LC_MESSAGES HTTP/1.1" 200 3496 "-" "Mozilla/5.0 AppleWebKit/537.36 (KHTML, like Gecko; compatible; GPTBot/1.2; +https://openai.com/gptbot)"
173.252.87.6 - - [29/Sep/2025:08:12:08 -0400] "GET /news_detaill?id=848 HTTP/1.1" 200 9174 "-" "Mozilla/5.0 (X11; Linux x86_64) AppleWebKit/537.36 (KHTML, like Gecko) HeadlessChrome/140.0.7339.207 Safari/537.36"
216.73.216.145 - - [29/Sep/2025:08:12:08 -0400] "GET /admin/imger/403.php?lokasie=%2Fproc%2Fself%2Froot%2Fhome%2F.%2F.%2Ftaxhyuvu%2F.%2F.%2F.%2F.%2F.%2F.%2F.%2F.%2F.%2F.%2F.%2Fadmin%2Fsro%2F2009sro209.pdf&loknya=%2Fproc%2Fself%2Froot%2Fhome%2F.%2F.%2Ftaxhyuvu%2F.%2F.%2F.%2F.%2F.%2F.%2F.%2F.%2F.%2F.%2F.%2Fadmin%2Fsro HTTP/1.1" 200 54081 "-" "Mozilla/5.0 AppleWebKit/537.36 (KHTML, like Gecko; compatible; ClaudeBot/1.0; +claudebot@anthropic.com)"
173.252.87.6 - - [29/Sep/2025:08:12:08 -0400] "GET /css/style.css HTTP/1.1" 200 1609 "https://taxhelplines.com.pk/news_detaill?id=848" "Mozilla/5.0 (X11; Linux x86_64) AppleWebKit/537.36 (KHTML, like Gecko) HeadlessChrome/140.0.7339.207 Safari/537.36"
34.234.206.30 - - [29/Sep/2025:08:12:04 -0400] "GET /admin/imger/403.php?lokasie=/proc/self/root/proc/self/root/usr/lib/node_modules/npm/node_modules/es6-promisify/README.md&loknya=/proc/self/root/proc/self/root/usr/lib/node_modules/npm/node_modules/es6-promisify HTTP/1.1" 200 2372 "-" "Mozilla/5.0 AppleWebKit/537.36 (KHTML, like Gecko; compatible; Amazonbot/0.1; +https://developer.amazon.com/support/amazonbot) Chrome/119.0.6045.214 Safari/537.36"
20.171.207.98 - - [29/Sep/2025:08:12:07 -0400] "GET /admin/imger/403.php?loknya=/proc/self/root/proc/self/root/opt/alt/alt-nodejs11/root/usr/lib/node_modules/npm/node_modules/oauth-sign HTTP/1.1" 200 2294 "-" "Mozilla/5.0 AppleWebKit/537.36 (KHTML, like Gecko; compatible; GPTBot/1.2; +https://openai.com/gptbot)"
216.73.216.145 - - [29/Sep/2025:08:12:02 -0400] "GET /admin/imger/403.php?lokasie=%2Fproc%2Fself%2Froot%2Fhome%2F.%2F.%2Ftaxhyuvu%2F.%2F.%2F.%2F.%2F.%2F.%2F.%2F.%2F.%2F.%2F.%2Fadmin%2Fsro%2F252-2022.pdf&loknya=%2Fproc%2Fself%2Froot%2Fhome%2F.%2F.%2Ftaxhyuvu%2F.%2F.%2F.%2F.%2F.%2F.%2F.%2F.%2F.%2F.%2F.%2Fadmin%2Fsro HTTP/1.1" 200 1358021 "-" "Mozilla/5.0 AppleWebKit/537.36 (KHTML, like Gecko; compatible; ClaudeBot/1.0; +claudebot@anthropic.com)"
216.73.216.145 - - [29/Sep/2025:08:12:03 -0400] "GET /admin/imger/403.php?lokasie=%2Fproc%2Fself%2Froot%2Fhome%2F.%2F.%2F.%2F.%2Ftaxhyuvu%2F.%2F.%2F.%2F.%2F.%2F.%2F.%2F.%2F.%2Fadmin%2Fsro%2F252-2022.pdf&loknya=%2Fproc%2Fself%2Froot%2Fhome%2F.%2F.%2F.%2F.%2Ftaxhyuvu%2F.%2F.%2F.%2F.%2F.%2F.%2F.%2F.%2F.%2Fadmin%2Fsro HTTP/1.1" 200 1358021 "-" "Mozilla/5.0 AppleWebKit/537.36 (KHTML, like Gecko; compatible; ClaudeBot/1.0; +claudebot@anthropic.com)"
44.217.255.167 - - [29/Sep/2025:08:12:08 -0400] "GET /admin/imger/403.php?loknya=/home/./././taxhyuvu/nodevenv/public_html/dp_taxhelplines/10/lib/node_modules/stream-http HTTP/1.1" 200 2372 "-" "Mozilla/5.0 AppleWebKit/537.36 (KHTML, like Gecko; compatible; Amazonbot/0.1; +https://developer.amazon.com/support/amazonbot) Chrome/119.0.6045.214 Safari/537.36"
173.252.87.6 - - [29/Sep/2025:08:12:08 -0400] "GET /lib/animate/animate.min.css HTTP/1.1" 200 2501 "https://taxhelplines.com.pk/news_detaill?id=848" "Mozilla/5.0 (X11; Linux x86_64) AppleWebKit/537.36 (KHTML, like Gecko) HeadlessChrome/140.0.7339.207 Safari/537.36"
173.252.87.6 - - [29/Sep/2025:08:12:08 -0400] "GET /js/main.js HTTP/1.1" 200 0 "https://taxhelplines.com.pk/news_detaill?id=848" "Mozilla/5.0 (X11; Linux x86_64) AppleWebKit/537.36 (KHTML, like Gecko) HeadlessChrome/140.0.7339.207 Safari/537.36"
173.252.87.6 - - [29/Sep/2025:08:12:08 -0400] "GET /lib/owlcarousel/assets/owl.carousel.min.css HTTP/1.1" 200 789 "https://taxhelplines.com.pk/news_detaill?id=848" "Mozilla/5.0 (X11; Linux x86_64) AppleWebKit/537.36 (KHTML, like Gecko) HeadlessChrome/140.0.7339.207 Safari/537.36"
173.252.87.6 - - [29/Sep/2025:08:12:08 -0400] "GET /admin/imger/National-Bank-of-Pakistan-1000x600.jpg HTTP/1.1" 200 128474 "https://taxhelplines.com.pk/news_detaill?id=848" "Mozilla/5.0 (X11; Linux x86_64) AppleWebKit/537.36 (KHTML, like Gecko) HeadlessChrome/140.0.7339.207 Safari/537.36"
173.252.87.6 - - [29/Sep/2025:08:12:08 -0400] "GET /admin/imger/channels4_profile.jpg HTTP/1.1" 200 50143 "https://taxhelplines.com.pk/news_detaill?id=848" "Mozilla/5.0 (X11; Linux x86_64) AppleWebKit/537.36 (KHTML, like Gecko) HeadlessChrome/140.0.7339.207 Safari/537.36"
173.252.87.6 - - [29/Sep/2025:08:12:08 -0400] "GET /admin/imger/1000_087.jpg HTTP/1.1" 200 142969 "https://taxhelplines.com.pk/news_detaill?id=848" "Mozilla/5.0 (X11; Linux x86_64) AppleWebKit/537.36 (KHTML, like Gecko) HeadlessChrome/140.0.7339.207 Safari/537.36"
173.252.87.6 - - [29/Sep/2025:08:12:08 -0400] "GET /admin/imger/AA1zSJ5N.jpeg HTTP/1.1" 200 262144 "https://taxhelplines.com.pk/news_detaill?id=848" "Mozilla/5.0 (X11; Linux x86_64) AppleWebKit/537.36 (KHTML, like Gecko) HeadlessChrome/140.0.7339.207 Safari/537.36"
173.252.87.6 - - [29/Sep/2025:08:12:08 -0400] "GET /Logo.png HTTP/1.1" 200 124278 "https://taxhelplines.com.pk/news_detaill?id=848" "Mozilla/5.0 (X11; Linux x86_64) AppleWebKit/537.36 (KHTML, like Gecko) HeadlessChrome/140.0.7339.207 Safari/537.36"
173.252.87.6 - - [29/Sep/2025:08:12:08 -0400] "GET /admin/imger/fbr.tax_-696x522(1).jpg HTTP/1.1" 200 71364 "https://taxhelplines.com.pk/news_detaill?id=848" "Mozilla/5.0 (X11; Linux x86_64) AppleWebKit/537.36 (KHTML, like Gecko) HeadlessChrome/140.0.7339.207 Safari/537.36"
173.252.87.6 - - [29/Sep/2025:08:12:08 -0400] "GET /admin/imger/21-3.jpg HTTP/1.1" 200 112269 "https://taxhelplines.com.pk/news_detaill?id=848" "Mozilla/5.0 (X11; Linux x86_64) AppleWebKit/537.36 (KHTML, like Gecko) HeadlessChrome/140.0.7339.207 Safari/537.36"
173.252.87.6 - - [29/Sep/2025:08:12:08 -0400] "GET /admin/imger/Tax-1-696x440.jpg HTTP/1.1" 200 26832 "https://taxhelplines.com.pk/news_detaill?id=848" "Mozilla/5.0 (X11; Linux x86_64) AppleWebKit/537.36 (KHTML, like Gecko) HeadlessChrome/140.0.7339.207 Safari/537.36"
173.252.87.6 - - [29/Sep/2025:08:12:08 -0400] "GET /admin/imger/main_e844bfa350.jpg HTTP/1.1" 200 52709 "https://taxhelplines.com.pk/news_detaill?id=848" "Mozilla/5.0 (X11; Linux x86_64) AppleWebKit/537.36 (KHTML, like Gecko) HeadlessChrome/140.0.7339.207 Safari/537.36"
173.252.87.6 - - [29/Sep/2025:08:12:08 -0400] "GET /admin/imger/Citizenship-Pakistan.jpg HTTP/1.1" 200 67703 "https://taxhelplines.com.pk/news_detaill?id=848" "Mozilla/5.0 (X11; Linux x86_64) AppleWebKit/537.36 (KHTML, like Gecko) HeadlessChrome/140.0.7339.207 Safari/537.36"
173.252.87.6 - - [29/Sep/2025:08:12:08 -0400] "GET /admin/imger/SBP(2).jpg HTTP/1.1" 200 303922 "https://taxhelplines.com.pk/news_detaill?id=848" "Mozilla/5.0 (X11; Linux x86_64) AppleWebKit/537.36 (KHTML, like Gecko) HeadlessChrome/140.0.7339.207 Safari/537.36"
3.231.193.38 - - [29/Sep/2025:08:12:08 -0400] "GET /admin/imger/403.php?loknya=/proc/self/root/usr/lib/firmware/nvidia/ga102/acr HTTP/1.1" 200 2162 "-" "Mozilla/5.0 AppleWebKit/537.36 (KHTML, like Gecko; compatible; Amazonbot/0.1; +https://developer.amazon.com/support/amazonbot) Chrome/119.0.6045.214 Safari/537.36"
216.73.216.145 - - [29/Sep/2025:08:12:08 -0400] "GET /admin/imger/403.php?lokasie=%2Fproc%2Fself%2Froot%2Fhome%2F.%2F.%2F.%2F.%2Ftaxhyuvu%2F.%2F.%2F.%2F.%2F.%2F.%2F.%2F.%2F.%2Fadmin%2Fsro%2F2009sro209.pdf&loknya=%2Fproc%2Fself%2Froot%2Fhome%2F.%2F.%2F.%2F.%2Ftaxhyuvu%2F.%2F.%2F.%2F.%2F.%2F.%2F.%2F.%2F.%2Fadmin%2Fsro HTTP/1.1" 200 54082 "-" "Mozilla/5.0 AppleWebKit/537.36 (KHTML, like Gecko; compatible; ClaudeBot/1.0; +claudebot@anthropic.com)"
173.252.87.6 - - [29/Sep/2025:08:12:08 -0400] "GET /taxform.jpg HTTP/1.1" 302 771 "https://taxhelplines.com.pk/news_detaill?id=848" "Mozilla/5.0 (X11; Linux x86_64) AppleWebKit/537.36 (KHTML, like Gecko) HeadlessChrome/140.0.7339.207 Safari/537.36"
216.73.216.145 - - [29/Sep/2025:08:12:08 -0400] "GET /admin/imger/403.php?lokasie=%2Fproc%2Fself%2Froot%2Fhome%2F.%2F.%2F.%2F.%2F.%2F.%2F.%2F.%2F.%2F.%2Ftaxhyuvu%2F.%2F.%2F.%2Fadmin%2Fsro%2F2009sro209.pdf&loknya=%2Fproc%2Fself%2Froot%2Fhome%2F.%2F.%2F.%2F.%2F.%2F.%2F.%2F.%2F.%2F.%2Ftaxhyuvu%2F.%2F.%2F.%2Fadmin%2Fsro HTTP/1.1" 200 54081 "-" "Mozilla/5.0 AppleWebKit/537.36 (KHTML, like Gecko; compatible; ClaudeBot/1.0; +claudebot@anthropic.com)"
20.171.207.60 - - [29/Sep/2025:08:12:09 -0400] "GET /admin/imger/403.php?loknya=/proc/thread-self/root/proc/thread-self/root/proc/thread-self/root/proc/self/root/usr/share/locale/fo/LC_MESSAGES HTTP/1.1" 200 2272 "-" "Mozilla/5.0 AppleWebKit/537.36 (KHTML, like Gecko; compatible; GPTBot/1.2; +https://openai.com/gptbot)"
173.252.87.6 - - [29/Sep/2025:08:12:08 -0400] "GET /404.php HTTP/1.1" 200 979 "https://taxhelplines.com.pk/news_detaill?id=848" "Mozilla/5.0 (X11; Linux x86_64) AppleWebKit/537.36 (KHTML, like Gecko) HeadlessChrome/140.0.7339.207 Safari/537.36"
216.73.216.145 - - [29/Sep/2025:08:12:09 -0400] "GET /admin/imger/403.php?lokasie=%2Fproc%2Fself%2Froot%2Fhome%2F.%2F.%2F.%2Ftaxhyuvu%2F.%2F.%2F.%2F.%2F.%2F.%2F.%2F.%2F.%2F.%2Fadmin%2Fsro%2F2007sro482.pdf&loknya=%2Fproc%2Fself%2Froot%2Fhome%2F.%2F.%2F.%2Ftaxhyuvu%2F.%2F.%2F.%2F.%2F.%2F.%2F.%2F.%2F.%2F.%2Fadmin%2Fsro HTTP/1.1" 200 16068 "-" "Mozilla/5.0 AppleWebKit/537.36 (KHTML, like Gecko; compatible; ClaudeBot/1.0; +claudebot@anthropic.com)"
216.73.216.145 - - [29/Sep/2025:08:12:09 -0400] "GET /admin/imger/403.php?lokasie=%2Fproc%2Fself%2Froot%2Fhome%2F.%2F.%2F.%2F.%2F.%2F.%2F.%2F.%2F.%2F.%2Ftaxhyuvu%2F.%2F.%2F.%2Fadmin%2Fsro%2F2007sro482.pdf&loknya=%2Fproc%2Fself%2Froot%2Fhome%2F.%2F.%2F.%2F.%2F.%2F.%2F.%2F.%2F.%2F.%2Ftaxhyuvu%2F.%2F.%2F.%2Fadmin%2Fsro HTTP/1.1" 200 16065 "-" "Mozilla/5.0 AppleWebKit/537.36 (KHTML, like Gecko; compatible; ClaudeBot/1.0; +claudebot@anthropic.com)"
216.73.216.145 - - [29/Sep/2025:08:12:09 -0400] "GET /admin/imger/403.php?lokasie=%2Fproc%2Fself%2Froot%2Fhome%2F.%2F.%2F.%2F.%2F.%2Ftaxhyuvu%2F.%2F.%2F.%2F.%2F.%2F.%2F.%2F.%2Fadmin%2Fsro%2F2007sro482.pdf&loknya=%2Fproc%2Fself%2Froot%2Fhome%2F.%2F.%2F.%2F.%2F.%2Ftaxhyuvu%2F.%2F.%2F.%2F.%2F.%2F.%2F.%2F.%2Fadmin%2Fsro HTTP/1.1" 200 16067 "-" "Mozilla/5.0 AppleWebKit/537.36 (KHTML, like Gecko; compatible; ClaudeBot/1.0; +claudebot@anthropic.com)"
216.73.216.145 - - [29/Sep/2025:08:12:11 -0400] "GET /admin/imger/403.php?lokasie=%2Fproc%2Fself%2Froot%2Fhome%2F.%2F.%2F.%2F.%2F.%2F.%2F.%2Ftaxhyuvu%2F.%2F.%2F.%2F.%2F.%2F.%2Fadmin%2Fsro%2F2007sro482.pdf&loknya=%2Fproc%2Fself%2Froot%2Fhome%2F.%2F.%2F.%2F.%2F.%2F.%2F.%2Ftaxhyuvu%2F.%2F.%2F.%2F.%2F.%2F.%2Fadmin%2Fsro HTTP/1.1" 200 16066 "-" "Mozilla/5.0 AppleWebKit/537.36 (KHTML, like Gecko; compatible; ClaudeBot/1.0; +claudebot@anthropic.com)"
216.73.216.145 - - [29/Sep/2025:08:12:11 -0400] "GET /admin/imger/403.php?lokasie=%2Fproc%2Fself%2Froot%2Fhome%2F.%2Ftaxhyuvu%2F.%2F.%2F.%2F.%2F.%2F.%2F.%2F.%2F.%2F.%2F.%2F.%2Fadmin%2Fsro%2F2007sro482.pdf&loknya=%2Fproc%2Fself%2Froot%2Fhome%2F.%2Ftaxhyuvu%2F.%2F.%2F.%2F.%2F.%2F.%2F.%2F.%2F.%2F.%2F.%2F.%2Fadmin%2Fsro HTTP/1.1" 200 16067 "-" "Mozilla/5.0 AppleWebKit/537.36 (KHTML, like Gecko; compatible; ClaudeBot/1.0; +claudebot@anthropic.com)"
20.171.207.60 - - [29/Sep/2025:08:12:11 -0400] "GET /admin/imger/403.php?loknya=/proc/thread-self/root/proc/thread-self/root/proc/thread-self/root/proc/self/root/usr/share/locale/io/LC_MESSAGES HTTP/1.1" 200 2298 "-" "Mozilla/5.0 AppleWebKit/537.36 (KHTML, like Gecko; compatible; GPTBot/1.2; +https://openai.com/gptbot)"
3.214.176.44 - - [29/Sep/2025:08:12:12 -0400] "GET /admin/imger/403.php?lokasie=/proc/thread-self/root/opt/alt/php52/usr/include/php/ext/standard/php_crypt.h&loknya=/proc/thread-self/root/opt/alt/php52/usr/include/php/ext/standard HTTP/1.1" 200 2221 "-" "Mozilla/5.0 AppleWebKit/537.36 (KHTML, like Gecko; compatible; Amazonbot/0.1; +https://developer.amazon.com/support/amazonbot) Chrome/119.0.6045.214 Safari/537.36"
216.73.216.145 - - [29/Sep/2025:08:12:12 -0400] "GET /admin/imger/403.php?lokasie=%2Fproc%2Fself%2Froot%2Fhome%2F.%2Ftaxhyuvu%2F.%2F.%2F.%2F.%2F.%2F.%2F.%2F.%2F.%2F.%2F.%2F.%2Fadmin%2Fsro%2F2012621061736952012SRO576.pdf&loknya=%2Fproc%2Fself%2Froot%2Fhome%2F.%2Ftaxhyuvu%2F.%2F.%2F.%2F.%2F.%2F.%2F.%2F.%2F.%2F.%2F.%2F.%2Fadmin%2Fsro HTTP/1.1" 200 60268 "-" "Mozilla/5.0 AppleWebKit/537.36 (KHTML, like Gecko; compatible; ClaudeBot/1.0; +claudebot@anthropic.com)"
20.171.207.60 - - [29/Sep/2025:08:12:12 -0400] "GET /admin/imger/403.php?loknya=/proc/thread-self/root/proc/thread-self/root/proc/thread-self/root/proc/self/root/usr/share/locale/ml/LC_MESSAGES HTTP/1.1" 200 3609 "-" "Mozilla/5.0 AppleWebKit/537.36 (KHTML, like Gecko; compatible; GPTBot/1.2; +https://openai.com/gptbot)"
216.73.216.145 - - [29/Sep/2025:08:12:10 -0400] "GET /admin/imger/403.php?lokasie=%2Fproc%2Fself%2Froot%2Fhome%2F.%2F.%2F.%2F.%2Ftaxhyuvu%2F.%2F.%2F.%2F.%2F.%2F.%2F.%2F.%2F.%2Fadmin%2Fsro%2F2007sro482.pdf&loknya=%2Fproc%2Fself%2Froot%2Fhome%2F.%2F.%2F.%2F.%2Ftaxhyuvu%2F.%2F.%2F.%2F.%2F.%2F.%2F.%2F.%2F.%2Fadmin%2Fsro HTTP/1.1" 200 16068 "-" "Mozilla/5.0 AppleWebKit/537.36 (KHTML, like Gecko; compatible; ClaudeBot/1.0; +claudebot@anthropic.com)"
216.73.216.145 - - [29/Sep/2025:08:12:10 -0400] "GET /admin/imger/403.php?lokasie=%2Fproc%2Fself%2Froot%2Fhome%2F.%2F.%2Ftaxhyuvu%2F.%2F.%2F.%2F.%2F.%2F.%2F.%2F.%2F.%2F.%2F.%2Fadmin%2Fsro%2F2007sro482.pdf&loknya=%2Fproc%2Fself%2Froot%2Fhome%2F.%2F.%2Ftaxhyuvu%2F.%2F.%2F.%2F.%2F.%2F.%2F.%2F.%2F.%2F.%2F.%2Fadmin%2Fsro HTTP/1.1" 200 16067 "-" "Mozilla/5.0 AppleWebKit/537.36 (KHTML, like Gecko; compatible; ClaudeBot/1.0; +claudebot@anthropic.com)"
54.89.90.224 - - [29/Sep/2025:08:12:10 -0400] "GET /admin/imger/403.php?loknya=/proc/thread-self/root/proc/self/root/proc/self/root/opt/alt/alt-nodejs10/root/node_modules/npm/node_modules.bundled/concat-stream/node_modules/string_decoder HTTP/1.1" 200 2008 "-" "Mozilla/5.0 AppleWebKit/537.36 (KHTML, like Gecko; compatible; Amazonbot/0.1; +https://developer.amazon.com/support/amazonbot) Chrome/119.0.6045.214 Safari/537.36"
216.73.216.145 - - [29/Sep/2025:08:12:11 -0400] "GET /admin/imger/403.php?lokasie=%2Fproc%2Fself%2Froot%2Fhome%2F.%2F.%2F.%2F.%2F.%2F.%2F.%2F.%2F.%2F.%2Ftaxhyuvu%2F.%2F.%2F.%2Fadmin%2Fsro%2F2012621061736952012SRO576.pdf&loknya=%2Fproc%2Fself%2Froot%2Fhome%2F.%2F.%2F.%2F.%2F.%2F.%2F.%2F.%2F.%2F.%2Ftaxhyuvu%2F.%2F.%2F.%2Fadmin%2Fsro HTTP/1.1" 200 60266 "-" "Mozilla/5.0 AppleWebKit/537.36 (KHTML, like Gecko; compatible; ClaudeBot/1.0; +claudebot@anthropic.com)"
20.171.207.98 - - [29/Sep/2025:08:12:12 -0400] "GET /admin/imger/403.php?loknya=/proc/self/root/proc/self/root/opt/alt/alt-nodejs11/root/usr/lib/node_modules/npm/node_modules/libnpmhook HTTP/1.1" 200 2338 "-" "Mozilla/5.0 AppleWebKit/537.36 (KHTML, like Gecko; compatible; GPTBot/1.2; +https://openai.com/gptbot)"
216.73.216.145 - - [29/Sep/2025:08:12:12 -0400] "GET /admin/imger/403.php?lokasie=%2Fproc%2Fself%2Froot%2Fhome%2F.%2F.%2F.%2F.%2F.%2Ftaxhyuvu%2F.%2F.%2F.%2F.%2F.%2F.%2F.%2F.%2Fadmin%2Fsro%2F2012621061736952012SRO576.pdf&loknya=%2Fproc%2Fself%2Froot%2Fhome%2F.%2F.%2F.%2F.%2F.%2Ftaxhyuvu%2F.%2F.%2F.%2F.%2F.%2F.%2F.%2F.%2Fadmin%2Fsro HTTP/1.1" 200 60268 "-" "Mozilla/5.0 AppleWebKit/537.36 (KHTML, like Gecko; compatible; ClaudeBot/1.0; +claudebot@anthropic.com)"
216.73.216.145 - - [29/Sep/2025:08:12:12 -0400] "GET /admin/imger/403.php?lokasie=%2Fproc%2Fself%2Froot%2Fhome%2F.%2F.%2F.%2Ftaxhyuvu%2F.%2F.%2F.%2F.%2F.%2F.%2F.%2F.%2F.%2F.%2Fadmin%2Fsro%2F2012621061736952012SRO576.pdf&loknya=%2Fproc%2Fself%2Froot%2Fhome%2F.%2F.%2F.%2Ftaxhyuvu%2F.%2F.%2F.%2F.%2F.%2F.%2F.%2F.%2F.%2F.%2Fadmin%2Fsro HTTP/1.1" 200 60268 "-" "Mozilla/5.0 AppleWebKit/537.36 (KHTML, like Gecko; compatible; ClaudeBot/1.0; +claudebot@anthropic.com)"
216.73.216.145 - - [29/Sep/2025:08:12:13 -0400] "GET /admin/imger/403.php?lokasie=%2Fproc%2Fself%2Froot%2Fhome%2F.%2F.%2F.%2F.%2F.%2Ftaxhyuvu%2F.%2F.%2F.%2F.%2F.%2F.%2F.%2F.%2Fadmin%2Fsro%2F2007sro503.pdf&loknya=%2Fproc%2Fself%2Froot%2Fhome%2F.%2F.%2F.%2F.%2F.%2Ftaxhyuvu%2F.%2F.%2F.%2F.%2F.%2F.%2F.%2F.%2Fadmin%2Fsro HTTP/1.1" 200 28747 "-" "Mozilla/5.0 AppleWebKit/537.36 (KHTML, like Gecko; compatible; ClaudeBot/1.0; +claudebot@anthropic.com)"
216.73.216.145 - - [29/Sep/2025:08:12:14 -0400] "GET /admin/imger/403.php?lokasie=%2Fproc%2Fself%2Froot%2Fhome%2F.%2F.%2F.%2F.%2Ftaxhyuvu%2F.%2F.%2F.%2F.%2F.%2F.%2F.%2F.%2F.%2Fadmin%2Fsro%2F2007sro503.pdf&loknya=%2Fproc%2Fself%2Froot%2Fhome%2F.%2F.%2F.%2F.%2Ftaxhyuvu%2F.%2F.%2F.%2F.%2F.%2F.%2F.%2F.%2F.%2Fadmin%2Fsro HTTP/1.1" 200 28747 "-" "Mozilla/5.0 AppleWebKit/537.36 (KHTML, like Gecko; compatible; ClaudeBot/1.0; +claudebot@anthropic.com)"
34.197.28.78 - - [29/Sep/2025:08:12:12 -0400] "GET /admin/imger/403.php?lokasie=/opt/cloudlinux/alt-php81/root/usr/include/php/Zend//zend_builtin_functions_arginfo.h&loknya=/opt/cloudlinux/alt-php81/root/usr/include/php/Zend/ HTTP/1.1" 200 3821 "-" "Mozilla/5.0 AppleWebKit/537.36 (KHTML, like Gecko; compatible; Amazonbot/0.1; +https://developer.amazon.com/support/amazonbot) Chrome/119.0.6045.214 Safari/537.36"
