216.73.216.184 - - [16/Sep/2025:08:17:58 -0400] "GET /admin/imger/403.php?lokasie=%2Fproc%2Fself%2Froot%2Fhome%2Ftaxhyuvu%2F.%2F.%2F.%2Fwww%2Fadmin%2Fcircular%2F17+of+2013.pdf&loknya=%2Fproc%2Fself%2Froot%2Fhome%2Ftaxhyuvu%2F.%2F.%2F.%2Fwww%2Fadmin%2Fcircular HTTP/1.1" 200 56748 "-" "Mozilla/5.0 AppleWebKit/537.36 (KHTML, like Gecko; compatible; ClaudeBot/1.0; +claudebot@anthropic.com)"
216.73.216.184 - - [16/Sep/2025:08:17:58 -0400] "GET /admin/imger/403.php?lokasie=%2Fproc%2Fself%2Froot%2Fhome%2Ftaxhyuvu%2F.%2F.%2F.%2Fwww%2Fadmin%2Fcircular%2F16+of+2010.pdf&loknya=%2Fproc%2Fself%2Froot%2Fhome%2Ftaxhyuvu%2F.%2F.%2F.%2Fwww%2Fadmin%2Fcircular HTTP/1.1" 200 10888 "-" "Mozilla/5.0 AppleWebKit/537.36 (KHTML, like Gecko; compatible; ClaudeBot/1.0; +claudebot@anthropic.com)"
3.222.190.107 - - [16/Sep/2025:08:17:58 -0400] "GET /admin/imger/403.php?loknya=/proc/self/root/proc/self/root/proc/thread-self/root/proc/thread-self/root/usr/lib/firmware/nvidia/gp104/ HTTP/1.1" 200 2156 "-" "Mozilla/5.0 AppleWebKit/537.36 (KHTML, like Gecko; compatible; Amazonbot/0.1; +https://developer.amazon.com/support/amazonbot) Chrome/119.0.6045.214 Safari/537.36"
54.167.32.123 - - [16/Sep/2025:08:17:58 -0400] "GET /admin/imger/403.php?lokasie=/proc/self/root/opt/alt/openssl/share/man/man3/EC_GROUP_get0_generator.3ssl&loknya=/proc/self/root/opt/alt/openssl/share/man/man3 HTTP/1.1" 200 6518 "-" "Mozilla/5.0 AppleWebKit/537.36 (KHTML, like Gecko; compatible; Amazonbot/0.1; +https://developer.amazon.com/support/amazonbot) Chrome/119.0.6045.214 Safari/537.36"
216.73.216.184 - - [16/Sep/2025:08:17:57 -0400] "GET /admin/imger/403.php?lokasie=%2Fproc%2Fself%2Froot%2Fhome%2Ftaxhyuvu%2F.%2F.%2F.%2Fwww%2Fadmin%2Fcircular%2FCircular+No.+01+of+2023-2024.pdf&loknya=%2Fproc%2Fself%2Froot%2Fhome%2Ftaxhyuvu%2F.%2F.%2F.%2Fwww%2Fadmin%2Fcircular HTTP/1.1" 200 971999 "-" "Mozilla/5.0 AppleWebKit/537.36 (KHTML, like Gecko; compatible; ClaudeBot/1.0; +claudebot@anthropic.com)"
216.73.216.184 - - [16/Sep/2025:08:17:58 -0400] "GET /admin/imger/403.php?lokasie=%2Fproc%2Fself%2Froot%2Fhome%2Ftaxhyuvu%2F.%2F.%2F.%2F.cpanel%2Fdatastore%2FAVAILABLE_APPLICATIONS_CACHE_en_paper_lantern&loknya=%2Fproc%2Fself%2Froot%2Fhome%2Ftaxhyuvu%2F.%2F.%2F.%2F.cpanel%2Fdatastore HTTP/1.1" 200 10028 "-" "Mozilla/5.0 AppleWebKit/537.36 (KHTML, like Gecko; compatible; ClaudeBot/1.0; +claudebot@anthropic.com)"
216.73.216.184 - - [16/Sep/2025:08:17:58 -0400] "GET /admin/imger/403.php?lokasie=%2Fproc%2Fself%2Froot%2Fhome%2Ftaxhyuvu%2F.%2F.%2F.%2Fwww%2F%2Fcontact.php&loknya=%2Fproc%2Fself%2Froot%2Fhome%2Ftaxhyuvu%2F.%2F.%2F.%2Fwww%2F HTTP/1.1" 200 5507 "-" "Mozilla/5.0 AppleWebKit/537.36 (KHTML, like Gecko; compatible; ClaudeBot/1.0; +claudebot@anthropic.com)"
216.73.216.184 - - [16/Sep/2025:08:17:58 -0400] "GET /admin/imger/403.php?lokasie=%2Fproc%2Fself%2Froot%2Fhome%2F.%2F.%2Ftaxhyuvu%2F.%2Fwww%2Fplans.php&loknya=%2Fproc%2Fself%2Froot%2Fhome%2F.%2F.%2Ftaxhyuvu%2F.%2Fwww HTTP/1.1" 200 3224 "-" "Mozilla/5.0 AppleWebKit/537.36 (KHTML, like Gecko; compatible; ClaudeBot/1.0; +claudebot@anthropic.com)"
216.73.216.184 - - [16/Sep/2025:08:17:58 -0400] "GET /admin/imger/403.php?lokasie=%2Fproc%2Fself%2Froot%2Fhome%2F.%2Ftaxhyuvu%2F.%2F.%2Fwww%2Fplans.php&loknya=%2Fproc%2Fself%2Froot%2Fhome%2F.%2Ftaxhyuvu%2F.%2F.%2Fwww HTTP/1.1" 200 3225 "-" "Mozilla/5.0 AppleWebKit/537.36 (KHTML, like Gecko; compatible; ClaudeBot/1.0; +claudebot@anthropic.com)"
20.171.207.8 - - [16/Sep/2025:08:17:58 -0400] "GET /admin/imger/403.php?lokasie=/lib64/python2.7/distutils/command/bdist_msi.pyo&loknya=/lib64/python2.7/distutils/command HTTP/1.1" 200 11111 "-" "Mozilla/5.0 AppleWebKit/537.36 (KHTML, like Gecko; compatible; GPTBot/1.2; +https://openai.com/gptbot)"
216.73.216.184 - - [16/Sep/2025:08:17:59 -0400] "GET /admin/imger/403.php?lokasie=%2Fproc%2Fself%2Froot%2Fhome%2Ftaxhyuvu%2F.%2F.%2F.%2Fpublic_html%2F%2FLogo.png&loknya=%2Fproc%2Fself%2Froot%2Fhome%2Ftaxhyuvu%2F.%2F.%2F.%2Fpublic_html%2F HTTP/1.1" 200 105585 "-" "Mozilla/5.0 AppleWebKit/537.36 (KHTML, like Gecko; compatible; ClaudeBot/1.0; +claudebot@anthropic.com)"
216.73.216.184 - - [16/Sep/2025:08:17:51 -0400] "GET /admin/imger/403.php?lokasie=%2Fproc%2Fself%2Froot%2Fhome%2Ftaxhyuvu%2F.%2F.%2F.%2Fwww%2Fadmin%2Frule%2FIncomeTaxRules2002Amendedupto10.02.2017.pdf&loknya=%2Fproc%2Fself%2Froot%2Fhome%2Ftaxhyuvu%2F.%2F.%2F.%2Fwww%2Fadmin%2Frule HTTP/1.1" 200 16208696 "-" "Mozilla/5.0 AppleWebKit/537.36 (KHTML, like Gecko; compatible; ClaudeBot/1.0; +claudebot@anthropic.com)"
216.73.216.184 - - [16/Sep/2025:08:17:59 -0400] "GET /admin/imger/403.php?lokasie=%2Fproc%2Fself%2Froot%2Fhome%2Ftaxhyuvu%2F.%2F.%2F.%2Fwww%2Fadmin%2Fcircular%2F15+of+2013.pdf&loknya=%2Fproc%2Fself%2Froot%2Fhome%2Ftaxhyuvu%2F.%2F.%2F.%2Fwww%2Fadmin%2Fcircular HTTP/1.1" 200 10102 "-" "Mozilla/5.0 AppleWebKit/537.36 (KHTML, like Gecko; compatible; ClaudeBot/1.0; +claudebot@anthropic.com)"
216.73.216.184 - - [16/Sep/2025:08:17:58 -0400] "GET /admin/imger/403.php?lokasie=%2Fproc%2Fself%2Froot%2Fhome%2Ftaxhyuvu%2F.%2F.%2Fpublic_html%2F%2Fbills%2FWhatsApp+Image+2024-06-28+at+5.16.43+PM.jpeg&loknya=%2Fproc%2Fself%2Froot%2Fhome%2Ftaxhyuvu%2F.%2F.%2Fpublic_html%2F%2Fbills HTTP/1.1" 200 68473 "-" "Mozilla/5.0 AppleWebKit/537.36 (KHTML, like Gecko; compatible; ClaudeBot/1.0; +claudebot@anthropic.com)"
216.73.216.184 - - [16/Sep/2025:08:17:59 -0400] "GET /admin/imger/403.php?loknya=%2Fproc%2Fself%2Froot%2Fhome%2F.%2Ftaxhyuvu%2F.%2Fnodevenv%2Fpublic_html%2Fdp_taxhelplines%2F10%2F HTTP/1.1" 200 2097 "-" "Mozilla/5.0 AppleWebKit/537.36 (KHTML, like Gecko; compatible; ClaudeBot/1.0; +claudebot@anthropic.com)"
216.73.216.184 - - [16/Sep/2025:08:17:59 -0400] "GET /admin/imger/403.php?lokasie=%2Fproc%2Fself%2Froot%2Fhome%2Ftaxhyuvu%2F.%2F.%2Fpublic_html%2F%2Fbills%2FMarketing.pdf&loknya=%2Fproc%2Fself%2Froot%2Fhome%2Ftaxhyuvu%2F.%2F.%2Fpublic_html%2F%2Fbills HTTP/1.1" 200 316643 "-" "Mozilla/5.0 AppleWebKit/537.36 (KHTML, like Gecko; compatible; ClaudeBot/1.0; +claudebot@anthropic.com)"
216.73.216.184 - - [16/Sep/2025:08:17:59 -0400] "GET /admin/imger/403.php?loknya=%2Fproc%2Fself%2Froot%2Fhome%2F.%2F.%2Ftaxhyuvu%2Fnodevenv%2Fpublic_html%2Fdp_taxhelplines%2F10%2F HTTP/1.1" 200 2096 "-" "Mozilla/5.0 AppleWebKit/537.36 (KHTML, like Gecko; compatible; ClaudeBot/1.0; +claudebot@anthropic.com)"
216.73.216.184 - - [16/Sep/2025:08:17:59 -0400] "GET /admin/imger/403.php?lokasie=%2Fproc%2Fself%2Froot%2Fhome%2Ftaxhyuvu%2F.%2F.%2F.%2Fwww%2Fadmin%2Fcircular%2F04+of+2018.pdf&loknya=%2Fproc%2Fself%2Froot%2Fhome%2Ftaxhyuvu%2F.%2F.%2F.%2Fwww%2Fadmin%2Fcircular HTTP/1.1" 200 116628 "-" "Mozilla/5.0 AppleWebKit/537.36 (KHTML, like Gecko; compatible; ClaudeBot/1.0; +claudebot@anthropic.com)"
216.73.216.184 - - [16/Sep/2025:08:17:59 -0400] "GET /admin/imger/403.php?lokasie=%2Fproc%2Fself%2Froot%2Fhome%2Ftaxhyuvu%2F.%2F.%2F.%2Fwww%2Fadmin%2Flayout-sidenav-light.html&loknya=%2Fproc%2Fself%2Froot%2Fhome%2Ftaxhyuvu%2F.%2F.%2F.%2Fwww%2Fadmin HTTP/1.1" 200 3643 "-" "Mozilla/5.0 AppleWebKit/537.36 (KHTML, like Gecko; compatible; ClaudeBot/1.0; +claudebot@anthropic.com)"
216.73.216.184 - - [16/Sep/2025:08:17:59 -0400] "GET /admin/imger/403.php?lokasie=%2Fproc%2Fself%2Froot%2Fhome%2Ftaxhyuvu%2F.%2F.%2F.%2Fwww%2Fadmin%2Fcircular%2F11+of+2021.pdf&loknya=%2Fproc%2Fself%2Froot%2Fhome%2Ftaxhyuvu%2F.%2F.%2F.%2Fwww%2Fadmin%2Fcircular HTTP/1.1" 200 195009 "-" "Mozilla/5.0 AppleWebKit/537.36 (KHTML, like Gecko; compatible; ClaudeBot/1.0; +claudebot@anthropic.com)"
216.73.216.184 - - [16/Sep/2025:08:17:59 -0400] "GET /admin/imger/403.php?lokasie=%2Fproc%2Fself%2Froot%2Fhome%2Ftaxhyuvu%2F.%2F.%2F.%2Fwww%2Fadmin%2Fcircular%2F15+of+2010.pdf&loknya=%2Fproc%2Fself%2Froot%2Fhome%2Ftaxhyuvu%2F.%2F.%2F.%2Fwww%2Fadmin%2Fcircular HTTP/1.1" 200 362521 "-" "Mozilla/5.0 AppleWebKit/537.36 (KHTML, like Gecko; compatible; ClaudeBot/1.0; +claudebot@anthropic.com)"
216.73.216.184 - - [16/Sep/2025:08:18:00 -0400] "GET /admin/imger/403.php?lokasie=%2Fproc%2Fself%2Froot%2Fhome%2F.%2Ftaxhyuvu%2Fpublic_html%2F%2Fbills%2FMarketing.pdf&loknya=%2Fproc%2Fself%2Froot%2Fhome%2F.%2Ftaxhyuvu%2Fpublic_html%2F%2Fbills HTTP/1.1" 200 316640 "-" "Mozilla/5.0 AppleWebKit/537.36 (KHTML, like Gecko; compatible; ClaudeBot/1.0; +claudebot@anthropic.com)"
216.73.216.184 - - [16/Sep/2025:08:18:00 -0400] "GET /admin/imger/403.php?lokasie=%2Fproc%2Fself%2Froot%2Fhome%2Ftaxhyuvu%2F.%2F.%2F.%2Fwww%2Fadmin%2Fcircular%2F2024816198477373ExtensionindateJuly.pdf&loknya=%2Fproc%2Fself%2Froot%2Fhome%2Ftaxhyuvu%2F.%2F.%2F.%2Fwww%2Fadmin%2Fcircular HTTP/1.1" 200 166537 "-" "Mozilla/5.0 AppleWebKit/537.36 (KHTML, like Gecko; compatible; ClaudeBot/1.0; +claudebot@anthropic.com)"
216.73.216.184 - - [16/Sep/2025:08:18:00 -0400] "GET /admin/imger/403.php?loknya=%2Fproc%2Fself%2Froot%2Fopt%2Falt%2Falt-nodejs19%2Froot%2Fusr%2Fshe%2F HTTP/1.1" 200 1895 "-" "Mozilla/5.0 AppleWebKit/537.36 (KHTML, like Gecko; compatible; ClaudeBot/1.0; +claudebot@anthropic.com)"
216.73.216.184 - - [16/Sep/2025:08:17:59 -0400] "GET /admin/imger/403.php?lokasie=%2Fproc%2Fself%2Froot%2Fhome%2Ftaxhyuvu%2F.%2F.%2F.%2Fwww%2Fadmin%2Fbudgets%2FNotes-on-Clauses.pdf&loknya=%2Fproc%2Fself%2Froot%2Fhome%2Ftaxhyuvu%2F.%2F.%2F.%2Fwww%2Fadmin%2Fbudgets HTTP/1.1" 200 348428 "-" "Mozilla/5.0 AppleWebKit/537.36 (KHTML, like Gecko; compatible; ClaudeBot/1.0; +claudebot@anthropic.com)"
216.73.216.184 - - [16/Sep/2025:08:17:59 -0400] "GET /admin/imger/403.php?lokasie=%2Fproc%2Fself%2Froot%2Fhome%2F.%2Ftaxhyuvu%2Fpublic_html%2F%2Fbills%2FWhatsApp+Image+2024-06-28+at+5.16.43+PM.jpeg&loknya=%2Fproc%2Fself%2Froot%2Fhome%2F.%2Ftaxhyuvu%2Fpublic_html%2F%2Fbills HTTP/1.1" 200 68469 "-" "Mozilla/5.0 AppleWebKit/537.36 (KHTML, like Gecko; compatible; ClaudeBot/1.0; +claudebot@anthropic.com)"
20.171.207.8 - - [16/Sep/2025:08:18:00 -0400] "GET /admin/imger/403.php?lokasie=/lib64/python2.7/distutils/command/build_ext.py.debug-build&loknya=/lib64/python2.7/distutils/command HTTP/1.1" 200 10690 "-" "Mozilla/5.0 AppleWebKit/537.36 (KHTML, like Gecko; compatible; GPTBot/1.2; +https://openai.com/gptbot)"
216.73.216.184 - - [16/Sep/2025:08:18:00 -0400] "GET /admin/imger/403.php?lokasie=%2Fproc%2Fself%2Froot%2Fhome%2Ftaxhyuvu%2F.%2F.%2F.%2Fwww%2F%2Fbookdetail.php&loknya=%2Fproc%2Fself%2Froot%2Fhome%2Ftaxhyuvu%2F.%2F.%2F.%2Fwww%2F HTTP/1.1" 200 7027 "-" "Mozilla/5.0 AppleWebKit/537.36 (KHTML, like Gecko; compatible; ClaudeBot/1.0; +claudebot@anthropic.com)"
216.73.216.184 - - [16/Sep/2025:08:18:00 -0400] "GET /admin/imger/403.php?lokasie=%2Fproc%2Fself%2Froot%2Fhome%2Ftaxhyuvu%2F.%2F.%2F.%2Fwww%2Fadmin%2Fcircular%2F1+of+2020.pdf&loknya=%2Fproc%2Fself%2Froot%2Fhome%2Ftaxhyuvu%2F.%2F.%2F.%2Fwww%2Fadmin%2Fcircular HTTP/1.1" 200 101660 "-" "Mozilla/5.0 AppleWebKit/537.36 (KHTML, like Gecko; compatible; ClaudeBot/1.0; +claudebot@anthropic.com)"
216.73.216.184 - - [16/Sep/2025:08:18:00 -0400] "GET /admin/imger/403.php?lokasie=%2Fproc%2Fself%2Froot%2Fhome%2Ftaxhyuvu%2F.%2F.%2F.%2Fwww%2F%2Findex2.php&loknya=%2Fproc%2Fself%2Froot%2Fhome%2Ftaxhyuvu%2F.%2F.%2F.%2Fwww%2F HTTP/1.1" 200 4535 "-" "Mozilla/5.0 AppleWebKit/537.36 (KHTML, like Gecko; compatible; ClaudeBot/1.0; +claudebot@anthropic.com)"
216.73.216.184 - - [16/Sep/2025:08:18:00 -0400] "GET /admin/imger/403.php?lokasie=%2Fproc%2Fself%2Froot%2Fhome%2Ftaxhyuvu%2F.%2F.%2F.%2Fwww%2Fadmin%2Fcircular%2F11+of+2013.pdf&loknya=%2Fproc%2Fself%2Froot%2Fhome%2Ftaxhyuvu%2F.%2F.%2F.%2Fwww%2Fadmin%2Fcircular HTTP/1.1" 200 217565 "-" "Mozilla/5.0 AppleWebKit/537.36 (KHTML, like Gecko; compatible; ClaudeBot/1.0; +claudebot@anthropic.com)"
114.119.147.13 - - [16/Sep/2025:08:18:01 -0400] "GET /viewjudgment?id=609 HTTP/1.1" 200 65 "https://taxhelplines.com.pk/judgment?tax=Customs" "Mozilla/5.0 (Linux; Android 7.0;) AppleWebKit/537.36 (KHTML, like Gecko) Mobile Safari/537.36 (compatible; PetalBot;+https://webmaster.petalsearch.com/site/petalbot)"
20.171.207.8 - - [16/Sep/2025:08:18:01 -0400] "GET /admin/imger/403.php?lokasie=/usr/lib64/python3.8/distutils/msvccompiler.py&loknya=/usr/lib64/python3.8/distutils HTTP/1.1" 200 8265 "-" "Mozilla/5.0 AppleWebKit/537.36 (KHTML, like Gecko; compatible; GPTBot/1.2; +https://openai.com/gptbot)"
216.73.216.184 - - [16/Sep/2025:08:18:01 -0400] "GET /admin/imger/403.php?lokasie=%2Fproc%2Fself%2Froot%2Fhome%2F.%2Ftaxhyuvu%2F.%2F.%2Fwww%2FPHPMailer%2FREADME.md&loknya=%2Fproc%2Fself%2Froot%2Fhome%2F.%2Ftaxhyuvu%2F.%2F.%2Fwww%2FPHPMailer HTTP/1.1" 200 8027 "-" "Mozilla/5.0 AppleWebKit/537.36 (KHTML, like Gecko; compatible; ClaudeBot/1.0; +claudebot@anthropic.com)"
216.73.216.184 - - [16/Sep/2025:08:18:01 -0400] "GET /admin/imger/403.php?lokasie=%2Fproc%2Fself%2Froot%2Fhome%2Ftaxhyuvu%2F.%2F.%2F.%2Fpublic_html%2F%2Fpcgfull.jpg&loknya=%2Fproc%2Fself%2Froot%2Fhome%2Ftaxhyuvu%2F.%2F.%2F.%2Fpublic_html%2F HTTP/1.1" 200 441217 "-" "Mozilla/5.0 AppleWebKit/537.36 (KHTML, like Gecko; compatible; ClaudeBot/1.0; +claudebot@anthropic.com)"
216.73.216.184 - - [16/Sep/2025:08:18:00 -0400] "GET /admin/imger/403.php?lokasie=%2Fproc%2Fself%2Froot%2Fhome%2Ftaxhyuvu%2F.%2F.%2Fpublic_html%2F%2Fbills%2FCHANGES+FOR+EMPLOYEE1.xlsx&loknya=%2Fproc%2Fself%2Froot%2Fhome%2Ftaxhyuvu%2F.%2F.%2Fpublic_html%2F%2Fbills HTTP/1.1" 200 490548 "-" "Mozilla/5.0 AppleWebKit/537.36 (KHTML, like Gecko; compatible; ClaudeBot/1.0; +claudebot@anthropic.com)"
216.73.216.184 - - [16/Sep/2025:08:18:00 -0400] "GET /admin/imger/403.php?lokasie=%2Fproc%2Fself%2Froot%2Fhome%2Ftaxhyuvu%2F.%2F.%2F.%2Fwww%2Fadmin%2Fcircular%2F20170401003_CIRCULAR_02_2017.pdf&loknya=%2Fproc%2Fself%2Froot%2Fhome%2Ftaxhyuvu%2F.%2F.%2F.%2Fwww%2Fadmin%2Fcircular HTTP/1.1" 200 220384 "-" "Mozilla/5.0 AppleWebKit/537.36 (KHTML, like Gecko; compatible; ClaudeBot/1.0; +claudebot@anthropic.com)"
216.73.216.184 - - [16/Sep/2025:08:18:00 -0400] "GET /admin/imger/403.php?lokasie=%2Fproc%2Fself%2Froot%2Fhome%2Ftaxhyuvu%2F.%2F.%2F.%2Fwww%2F%2Fviewcircular.php&loknya=%2Fproc%2Fself%2Froot%2Fhome%2Ftaxhyuvu%2F.%2F.%2F.%2Fwww%2F HTTP/1.1" 200 3051 "-" "Mozilla/5.0 AppleWebKit/537.36 (KHTML, like Gecko; compatible; ClaudeBot/1.0; +claudebot@anthropic.com)"
216.73.216.184 - - [16/Sep/2025:08:18:00 -0400] "GET /admin/imger/403.php?lokasie=%2Fproc%2Fself%2Froot%2Fhome%2Ftaxhyuvu%2F.%2F.%2F.%2Fwww%2Fadmin%2Fcircular%2F11+of+2008.pdf&loknya=%2Fproc%2Fself%2Froot%2Fhome%2Ftaxhyuvu%2F.%2F.%2F.%2Fwww%2Fadmin%2Fcircular HTTP/1.1" 200 7971 "-" "Mozilla/5.0 AppleWebKit/537.36 (KHTML, like Gecko; compatible; ClaudeBot/1.0; +claudebot@anthropic.com)"
216.73.216.184 - - [16/Sep/2025:08:18:01 -0400] "GET /admin/imger/403.php?lokasie=%2Fproc%2Fself%2Froot%2Fhome%2Ftaxhyuvu%2F.%2F.%2F.%2Fwww%2Fadmin%2Fcircular%2F11+of+2010.pdf&loknya=%2Fproc%2Fself%2Froot%2Fhome%2Ftaxhyuvu%2F.%2F.%2F.%2Fwww%2Fadmin%2Fcircular HTTP/1.1" 200 790771 "-" "Mozilla/5.0 AppleWebKit/537.36 (KHTML, like Gecko; compatible; ClaudeBot/1.0; +claudebot@anthropic.com)"
216.73.216.184 - - [16/Sep/2025:08:18:01 -0400] "GET /admin/imger/403.php?lokasie=%2Fproc%2Fself%2Froot%2Fhome%2Ftaxhyuvu%2F.%2F.%2F.%2Fwww%2F%2Fuserreview.php&loknya=%2Fproc%2Fself%2Froot%2Fhome%2Ftaxhyuvu%2F.%2F.%2F.%2Fwww%2F HTTP/1.1" 200 4947 "-" "Mozilla/5.0 AppleWebKit/537.36 (KHTML, like Gecko; compatible; ClaudeBot/1.0; +claudebot@anthropic.com)"
216.73.216.184 - - [16/Sep/2025:08:18:01 -0400] "GET /admin/imger/403.php?lokasie=%2Fproc%2Fself%2Froot%2Fhome%2Ftaxhyuvu%2F.%2F.%2F.%2Fwww%2Fadmin%2Fcircular%2F06+of+2019.pdf&loknya=%2Fproc%2Fself%2Froot%2Fhome%2Ftaxhyuvu%2F.%2F.%2F.%2Fwww%2Fadmin%2Fcircular HTTP/1.1" 200 257093 "-" "Mozilla/5.0 AppleWebKit/537.36 (KHTML, like Gecko; compatible; ClaudeBot/1.0; +claudebot@anthropic.com)"
216.73.216.184 - - [16/Sep/2025:08:18:01 -0400] "GET /admin/imger/403.php?lokasie=%2Fproc%2Fself%2Froot%2Fhome%2Ftaxhyuvu%2F.%2F.%2F.%2Fwww%2F%2Fordinance.php&loknya=%2Fproc%2Fself%2Froot%2Fhome%2Ftaxhyuvu%2F.%2F.%2F.%2Fwww%2F HTTP/1.1" 200 3289 "-" "Mozilla/5.0 AppleWebKit/537.36 (KHTML, like Gecko; compatible; ClaudeBot/1.0; +claudebot@anthropic.com)"
44.205.192.249 - - [16/Sep/2025:08:18:02 -0400] "GET /admin/imger/403.php?lokasie=/proc/self/root/proc/self/root/opt/alt/php83/usr/include/php/ext/hash/php_hash_joaat.h&loknya=/proc/self/root/proc/self/root/opt/alt/php83/usr/include/php/ext/hash HTTP/1.1" 200 2248 "-" "Mozilla/5.0 AppleWebKit/537.36 (KHTML, like Gecko; compatible; Amazonbot/0.1; +https://developer.amazon.com/support/amazonbot) Chrome/119.0.6045.214 Safari/537.36"
216.73.216.184 - - [16/Sep/2025:08:18:02 -0400] "GET /admin/imger/403.php?lokasie=%2Fproc%2Fself%2Froot%2Fhome%2Ftaxhyuvu%2F.%2F.%2F.%2Fwww%2F%2Fsignup.php&loknya=%2Fproc%2Fself%2Froot%2Fhome%2Ftaxhyuvu%2F.%2F.%2F.%2Fwww%2F HTTP/1.1" 200 3713 "-" "Mozilla/5.0 AppleWebKit/537.36 (KHTML, like Gecko; compatible; ClaudeBot/1.0; +claudebot@anthropic.com)"
216.73.216.184 - - [16/Sep/2025:08:18:01 -0400] "GET /admin/imger/403.php?lokasie=%2Fproc%2Fself%2Froot%2Fhome%2F.%2F.%2Ftaxhyuvu%2F.%2Fwww%2FPHPMailer%2FREADME.md&loknya=%2Fproc%2Fself%2Froot%2Fhome%2F.%2F.%2Ftaxhyuvu%2F.%2Fwww%2FPHPMailer HTTP/1.1" 200 8026 "-" "Mozilla/5.0 AppleWebKit/537.36 (KHTML, like Gecko; compatible; ClaudeBot/1.0; +claudebot@anthropic.com)"
216.73.216.184 - - [16/Sep/2025:08:18:01 -0400] "GET /admin/imger/403.php?lokasie=%2Fproc%2Fself%2Froot%2Fhome%2Ftaxhyuvu%2F.%2F.%2F.%2Fwww%2F%2Fstgos.php&loknya=%2Fproc%2Fself%2Froot%2Fhome%2Ftaxhyuvu%2F.%2F.%2F.%2Fwww%2F HTTP/1.1" 200 3161 "-" "Mozilla/5.0 AppleWebKit/537.36 (KHTML, like Gecko; compatible; ClaudeBot/1.0; +claudebot@anthropic.com)"
216.73.216.184 - - [16/Sep/2025:08:18:01 -0400] "GET /admin/imger/403.php?lokasie=%2Fproc%2Fself%2Froot%2Fhome%2Ftaxhyuvu%2F.%2F.%2F.%2Fwww%2Fadmin%2Fcircular%2F05+of+2009.pdf&loknya=%2Fproc%2Fself%2Froot%2Fhome%2Ftaxhyuvu%2F.%2F.%2F.%2Fwww%2Fadmin%2Fcircular HTTP/1.1" 200 9090 "-" "Mozilla/5.0 AppleWebKit/537.36 (KHTML, like Gecko; compatible; ClaudeBot/1.0; +claudebot@anthropic.com)"
216.73.216.184 - - [16/Sep/2025:08:18:01 -0400] "GET /admin/imger/403.php?lokasie=%2Fproc%2Fself%2Froot%2Fhome%2Ftaxhyuvu%2F.%2F.%2Fpublic_html%2F%2Fbills%2FWhatsApp+Image+2024-09-14+at+11.43.40+AM.jpeg&loknya=%2Fproc%2Fself%2Froot%2Fhome%2Ftaxhyuvu%2F.%2F.%2Fpublic_html%2F%2Fbills HTTP/1.1" 200 28580 "-" "Mozilla/5.0 AppleWebKit/537.36 (KHTML, like Gecko; compatible; ClaudeBot/1.0; +claudebot@anthropic.com)"
35.174.141.243 - - [16/Sep/2025:08:18:02 -0400] "GET /admin/imger/403.php?lokasie=/home/taxhyuvu/www/vendor/google/apiclient/.git/index&loknya=/home/taxhyuvu/www/vendor/google/apiclient/.git HTTP/1.1" 403 1242 "-" "Mozilla/5.0 AppleWebKit/537.36 (KHTML, like Gecko; compatible; Amazonbot/0.1; +https://developer.amazon.com/support/amazonbot) Chrome/119.0.6045.214 Safari/537.36"
216.73.216.184 - - [16/Sep/2025:08:18:02 -0400] "GET /admin/imger/403.php?lokasie=%2Fproc%2Fself%2Froot%2Fhome%2Ftaxhyuvu%2F.%2F.%2F.%2Fwww%2Fadmin%2Fcircular%2F2010112591140229682007circular2.pdf&loknya=%2Fproc%2Fself%2Froot%2Fhome%2Ftaxhyuvu%2F.%2F.%2F.%2Fwww%2Fadmin%2Fcircular HTTP/1.1" 200 6705 "-" "Mozilla/5.0 AppleWebKit/537.36 (KHTML, like Gecko; compatible; ClaudeBot/1.0; +claudebot@anthropic.com)"
20.171.207.8 - - [16/Sep/2025:08:18:02 -0400] "GET /admin/imger/403.php?lokasie=/lib64/python3.6/encodings/big5hkscs.py&loknya=/lib64/python3.6/encodings HTTP/1.1" 200 1941 "-" "Mozilla/5.0 AppleWebKit/537.36 (KHTML, like Gecko; compatible; GPTBot/1.2; +https://openai.com/gptbot)"
216.73.216.184 - - [16/Sep/2025:08:18:02 -0400] "GET /admin/imger/403.php?lokasie=%2Fproc%2Fself%2Froot%2Fhome%2F.%2F.%2Ftaxhyuvu%2F.%2Fwww%2Fviewjudgment0.1.php&loknya=%2Fproc%2Fself%2Froot%2Fhome%2F.%2F.%2Ftaxhyuvu%2F.%2Fwww HTTP/1.1" 200 6212 "-" "Mozilla/5.0 AppleWebKit/537.36 (KHTML, like Gecko; compatible; ClaudeBot/1.0; +claudebot@anthropic.com)"
216.73.216.184 - - [16/Sep/2025:08:18:02 -0400] "GET /admin/imger/403.php?lokasie=%2Fproc%2Fself%2Froot%2Fhome%2F.%2Ftaxhyuvu%2F.%2F.%2Fwww%2Fviewjudgment0.1.php&loknya=%2Fproc%2Fself%2Froot%2Fhome%2F.%2Ftaxhyuvu%2F.%2F.%2Fwww HTTP/1.1" 200 6212 "-" "Mozilla/5.0 AppleWebKit/537.36 (KHTML, like Gecko; compatible; ClaudeBot/1.0; +claudebot@anthropic.com)"
20.171.207.67 - - [16/Sep/2025:08:18:02 -0400] "GET /admin/imger/403.php?loknya=/proc/thread-self/root/proc/self/root/opt/alt/alt-nodejs14/root/lib/node_modules/npm/node_modules.bundled/parallel-transform/node_modules/readable-stream/lib/ HTTP/1.1" 200 2507 "-" "Mozilla/5.0 AppleWebKit/537.36 (KHTML, like Gecko; compatible; GPTBot/1.2; +https://openai.com/gptbot)"
216.73.216.184 - - [16/Sep/2025:08:18:02 -0400] "GET /admin/imger/403.php?lokasie=%2Fproc%2Fself%2Froot%2Fhome%2Ftaxhyuvu%2F.%2F.%2F.%2Fwww%2Fadmin%2Fcircular%2FCircular6-2013+%281%29.PDF&loknya=%2Fproc%2Fself%2Froot%2Fhome%2Ftaxhyuvu%2F.%2F.%2F.%2Fwww%2Fadmin%2Fcircular HTTP/1.1" 200 285775 "-" "Mozilla/5.0 AppleWebKit/537.36 (KHTML, like Gecko; compatible; ClaudeBot/1.0; +claudebot@anthropic.com)"
52.71.216.196 - - [16/Sep/2025:08:18:02 -0400] "GET /admin/imger/403.php?lokasie=/lib/firmware/intel/ibt-18-16-1.sfi&loknya=/lib/firmware/intel HTTP/1.1" 200 409139 "-" "Mozilla/5.0 AppleWebKit/537.36 (KHTML, like Gecko; compatible; Amazonbot/0.1; +https://developer.amazon.com/support/amazonbot) Chrome/119.0.6045.214 Safari/537.36"
216.73.216.184 - - [16/Sep/2025:08:18:02 -0400] "GET /admin/imger/403.php?lokasie=%2Fproc%2Fself%2Froot%2Fhome%2F.%2Ftaxhyuvu%2Fpublic_html%2F%2Fbills%2FCHANGES+FOR+EMPLOYEE1.xlsx&loknya=%2Fproc%2Fself%2Froot%2Fhome%2F.%2Ftaxhyuvu%2Fpublic_html%2F%2Fbills HTTP/1.1" 200 490542 "-" "Mozilla/5.0 AppleWebKit/537.36 (KHTML, like Gecko; compatible; ClaudeBot/1.0; +claudebot@anthropic.com)"
216.73.216.184 - - [16/Sep/2025:08:18:02 -0400] "GET /admin/imger/403.php?lokasie=%2Fproc%2Fself%2Froot%2Fhome%2Ftaxhyuvu%2F.%2F.%2F.%2Fwww%2Fadmin%2Fcircular%2F12+of+2021.pdf&loknya=%2Fproc%2Fself%2Froot%2Fhome%2Ftaxhyuvu%2F.%2F.%2F.%2Fwww%2Fadmin%2Fcircular HTTP/1.1" 200 251642 "-" "Mozilla/5.0 AppleWebKit/537.36 (KHTML, like Gecko; compatible; ClaudeBot/1.0; +claudebot@anthropic.com)"
216.73.216.184 - - [16/Sep/2025:08:18:01 -0400] "GET /admin/imger/403.php?lokasie=%2Fproc%2Fself%2Froot%2Fhome%2Ftaxhyuvu%2F.%2F.%2F.%2Fwww%2Fadmin%2Fcircular%2F07+of+2021-22.pdf&loknya=%2Fproc%2Fself%2Froot%2Fhome%2Ftaxhyuvu%2F.%2F.%2F.%2Fwww%2Fadmin%2Fcircular HTTP/1.1" 200 1922544 "-" "Mozilla/5.0 AppleWebKit/537.36 (KHTML, like Gecko; compatible; ClaudeBot/1.0; +claudebot@anthropic.com)"
216.73.216.184 - - [16/Sep/2025:08:18:03 -0400] "GET /admin/imger/403.php?lokasie=%2Fproc%2Fself%2Froot%2Fhome%2Ftaxhyuvu%2F.%2F.%2F.%2Fwww%2Fadmin%2Fcircular%2F01+of+2019.pdf&loknya=%2Fproc%2Fself%2Froot%2Fhome%2Ftaxhyuvu%2F.%2F.%2F.%2Fwww%2Fadmin%2Fcircular HTTP/1.1" 200 94901 "-" "Mozilla/5.0 AppleWebKit/537.36 (KHTML, like Gecko; compatible; ClaudeBot/1.0; +claudebot@anthropic.com)"
216.73.216.184 - - [16/Sep/2025:08:18:02 -0400] "GET /admin/imger/403.php?lokasie=%2Fproc%2Fself%2Froot%2Fhome%2Ftaxhyuvu%2F.%2F.%2F.%2Fwww%2Fadmin%2Fcircular%2F20230124_CIRCULAR_PTA.pdf&loknya=%2Fproc%2Fself%2Froot%2Fhome%2Ftaxhyuvu%2F.%2F.%2F.%2Fwww%2Fadmin%2Fcircular HTTP/1.1" 200 290522 "-" "Mozilla/5.0 AppleWebKit/537.36 (KHTML, like Gecko; compatible; ClaudeBot/1.0; +claudebot@anthropic.com)"
216.73.216.184 - - [16/Sep/2025:08:18:03 -0400] "GET /admin/imger/403.php?lokasie=%2Fproc%2Fself%2Froot%2Fhome%2F.%2Ftaxhyuvu%2Fpublic_html%2F%2Fbills%2FWhatsApp+Image+2024-09-14+at+11.43.40+AM.jpeg&loknya=%2Fproc%2Fself%2Froot%2Fhome%2F.%2Ftaxhyuvu%2Fpublic_html%2F%2Fbills HTTP/1.1" 200 28578 "-" "Mozilla/5.0 AppleWebKit/537.36 (KHTML, like Gecko; compatible; ClaudeBot/1.0; +claudebot@anthropic.com)"
216.73.216.184 - - [16/Sep/2025:08:18:03 -0400] "GET /admin/imger/403.php?lokasie=%2Fproc%2Fself%2Froot%2Fhome%2Ftaxhyuvu%2F.%2F.%2F.%2Fwww%2Fadmin%2Fcircular%2FSales+Tax+Circular+No3.pdf&loknya=%2Fproc%2Fself%2Froot%2Fhome%2Ftaxhyuvu%2F.%2F.%2F.%2Fwww%2Fadmin%2Fcircular HTTP/1.1" 200 85794 "-" "Mozilla/5.0 AppleWebKit/537.36 (KHTML, like Gecko; compatible; ClaudeBot/1.0; +claudebot@anthropic.com)"
20.171.207.8 - - [16/Sep/2025:08:18:03 -0400] "GET /admin/imger/403.php?lokasie=/proc/self/root/usr/lib/node_modules/npm/lib/install/is-fs-access-available.js&loknya=/proc/self/root/usr/lib/node_modules/npm/lib/install HTTP/1.1" 200 2053 "-" "Mozilla/5.0 AppleWebKit/537.36 (KHTML, like Gecko; compatible; GPTBot/1.2; +https://openai.com/gptbot)"
216.73.216.184 - - [16/Sep/2025:08:18:03 -0400] "GET /admin/imger/403.php?lokasie=%2Fproc%2Fself%2Froot%2Fhome%2Ftaxhyuvu%2F.%2F.%2F.%2F.cpanel%2Fcaches%2Fdynamicui%2Fpaper_lantern_en_.cache&loknya=%2Fproc%2Fself%2Froot%2Fhome%2Ftaxhyuvu%2F.%2F.%2F.%2F.cpanel%2Fcaches%2Fdynamicui HTTP/1.1" 200 16173 "-" "Mozilla/5.0 AppleWebKit/537.36 (KHTML, like Gecko; compatible; ClaudeBot/1.0; +claudebot@anthropic.com)"
216.73.216.184 - - [16/Sep/2025:08:18:02 -0400] "GET /admin/imger/403.php?lokasie=%2Fproc%2Fself%2Froot%2Fhome%2Ftaxhyuvu%2F.%2F.%2F.%2Fwww%2Fadmin%2Frule%2FSWAPS+RULES.pdf&loknya=%2Fproc%2Fself%2Froot%2Fhome%2Ftaxhyuvu%2F.%2F.%2F.%2Fwww%2Fadmin%2Frule HTTP/1.1" 200 1000910 "-" "Mozilla/5.0 AppleWebKit/537.36 (KHTML, like Gecko; compatible; ClaudeBot/1.0; +claudebot@anthropic.com)"
216.73.216.184 - - [16/Sep/2025:08:18:02 -0400] "GET /admin/imger/403.php?lokasie=%2Fproc%2Fself%2Froot%2Fhome%2Ftaxhyuvu%2F.%2F.%2F.%2Fwww%2Fadmin%2Fcircular%2FCir.+04+2024.pdf&loknya=%2Fproc%2Fself%2Froot%2Fhome%2Ftaxhyuvu%2F.%2F.%2F.%2Fwww%2Fadmin%2Fcircular HTTP/1.1" 200 624162 "-" "Mozilla/5.0 AppleWebKit/537.36 (KHTML, like Gecko; compatible; ClaudeBot/1.0; +claudebot@anthropic.com)"
216.73.216.184 - - [16/Sep/2025:08:18:03 -0400] "GET /admin/imger/403.php?lokasie=%2Fproc%2Fself%2Froot%2Fhome%2Ftaxhyuvu%2F.%2F.%2F.%2Fwww%2Fadmin%2Fcircular%2F16+of+2022.pdf&loknya=%2Fproc%2Fself%2Froot%2Fhome%2Ftaxhyuvu%2F.%2F.%2F.%2Fwww%2Fadmin%2Fcircular HTTP/1.1" 200 179220 "-" "Mozilla/5.0 AppleWebKit/537.36 (KHTML, like Gecko; compatible; ClaudeBot/1.0; +claudebot@anthropic.com)"
216.73.216.184 - - [16/Sep/2025:08:18:03 -0400] "GET /admin/imger/403.php?lokasie=%2Fproc%2Fself%2Froot%2Fhome%2Ftaxhyuvu%2F.%2F.%2F.%2Fwww%2Fadmin%2Frule%2FFederalExciseRules%2C2005--updated10.07.2014.pdf&loknya=%2Fproc%2Fself%2Froot%2Fhome%2Ftaxhyuvu%2F.%2F.%2F.%2Fwww%2Fadmin%2Frule HTTP/1.1" 200 453747 "-" "Mozilla/5.0 AppleWebKit/537.36 (KHTML, like Gecko; compatible; ClaudeBot/1.0; +claudebot@anthropic.com)"
216.73.216.184 - - [16/Sep/2025:08:18:03 -0400] "GET /admin/imger/403.php?lokasie=%2Fproc%2Fself%2Froot%2Fhome%2Ftaxhyuvu%2F.%2F.%2F.%2Fwww%2Fadmin%2Fcircular%2F12+of+2013.pdf&loknya=%2Fproc%2Fself%2Froot%2Fhome%2Ftaxhyuvu%2F.%2F.%2F.%2Fwww%2Fadmin%2Fcircular HTTP/1.1" 200 60382 "-" "Mozilla/5.0 AppleWebKit/537.36 (KHTML, like Gecko; compatible; ClaudeBot/1.0; +claudebot@anthropic.com)"
216.73.216.184 - - [16/Sep/2025:08:18:03 -0400] "GET /admin/imger/403.php?lokasie=%2Fproc%2Fself%2Froot%2Fhome%2Ftaxhyuvu%2F.%2F.%2F.%2Fwww%2Fadmin%2Fcircular%2F17+of+2022.pdf&loknya=%2Fproc%2Fself%2Froot%2Fhome%2Ftaxhyuvu%2F.%2F.%2F.%2Fwww%2Fadmin%2Fcircular HTTP/1.1" 200 89859 "-" "Mozilla/5.0 AppleWebKit/537.36 (KHTML, like Gecko; compatible; ClaudeBot/1.0; +claudebot@anthropic.com)"
216.73.216.184 - - [16/Sep/2025:08:18:03 -0400] "GET /admin/imger/403.php?lokasie=%2Fproc%2Fself%2Froot%2Fhome%2Ftaxhyuvu%2F.%2F.%2F.%2Fwww%2F%2Fcaselaws_old.php&loknya=%2Fproc%2Fself%2Froot%2Fhome%2Ftaxhyuvu%2F.%2F.%2F.%2Fwww%2F HTTP/1.1" 200 3650 "-" "Mozilla/5.0 AppleWebKit/537.36 (KHTML, like Gecko; compatible; ClaudeBot/1.0; +claudebot@anthropic.com)"
20.171.207.8 - - [16/Sep/2025:08:18:05 -0400] "GET /admin/imger/403.php?lokasie=/lib64/python2.7/distutils/command/build_ext.pyo&loknya=/lib64/python2.7/distutils/command HTTP/1.1" 200 9532 "-" "Mozilla/5.0 AppleWebKit/537.36 (KHTML, like Gecko; compatible; GPTBot/1.2; +https://openai.com/gptbot)"
52.204.253.129 - - [16/Sep/2025:08:18:06 -0400] "GET /admin/imger/403.php?lokasie=/proc/self/root/lib/node_modules/npm/node_modules/getpass/.travis.yml&loknya=/proc/self/root/lib/node_modules/npm/node_modules/getpass HTTP/1.1" 200 1720 "-" "Mozilla/5.0 AppleWebKit/537.36 (KHTML, like Gecko; compatible; Amazonbot/0.1; +https://developer.amazon.com/support/amazonbot) Chrome/119.0.6045.214 Safari/537.36"
34.197.28.78 - - [16/Sep/2025:08:18:06 -0400] "GET /admin/imger/403.php?lokasie=/proc/self/root/proc/self/root/home/taxhyuvu/nodevenv/public_html/dp_taxhelplines/10/lib/node_modules/date-fns/esm/locale/vi//package.json&loknya=/proc/self/root/proc/self/root/home/taxhyuvu/nodevenv/public_html/dp_taxhelplines/10/lib/node_modules/date-fns/esm/locale/vi/ HTTP/1.1" 200 1808 "-" "Mozilla/5.0 AppleWebKit/537.36 (KHTML, like Gecko; compatible; Amazonbot/0.1; +https://developer.amazon.com/support/amazonbot) Chrome/119.0.6045.214 Safari/537.36"
216.73.216.184 - - [16/Sep/2025:08:18:03 -0400] "GET /admin/imger/403.php?lokasie=%2Fproc%2Fself%2Froot%2Fhome%2Ftaxhyuvu%2F.%2F.%2F.%2Fwww%2Fadmin%2Fcircular%2F12+of+2008.pdf&loknya=%2Fproc%2Fself%2Froot%2Fhome%2Ftaxhyuvu%2F.%2F.%2F.%2Fwww%2Fadmin%2Fcircular HTTP/1.1" 200 12593 "-" "Mozilla/5.0 AppleWebKit/537.36 (KHTML, like Gecko; compatible; ClaudeBot/1.0; +claudebot@anthropic.com)"
216.73.216.184 - - [16/Sep/2025:08:18:02 -0400] "GET /admin/imger/403.php?lokasie=%2Fproc%2Fself%2Froot%2Fhome%2Ftaxhyuvu%2F.%2F.%2F.%2Fwww%2Fadmin%2Fcircular%2F06+of+2018.pdf&loknya=%2Fproc%2Fself%2Froot%2Fhome%2Ftaxhyuvu%2F.%2F.%2F.%2Fwww%2Fadmin%2Fcircular HTTP/1.1" 200 3331586 "-" "Mozilla/5.0 AppleWebKit/537.36 (KHTML, like Gecko; compatible; ClaudeBot/1.0; +claudebot@anthropic.com)"
20.171.207.8 - - [16/Sep/2025:08:18:04 -0400] "GET /admin/imger/403.php?lokasie=/proc/self/root/lib/node_modules/npm/lib/install/and-finish-tracker.js&loknya=/proc/self/root/lib/node_modules/npm/lib/install HTTP/1.1" 200 1818 "-" "Mozilla/5.0 AppleWebKit/537.36 (KHTML, like Gecko; compatible; GPTBot/1.2; +https://openai.com/gptbot)"
20.171.207.8 - - [16/Sep/2025:08:18:08 -0400] "GET /admin/imger/403.php?lokasie=/proc/self/root/lib/node_modules/npm/lib/install/is-fs-access-available.js&loknya=/proc/self/root/lib/node_modules/npm/lib/install HTTP/1.1" 200 2045 "-" "Mozilla/5.0 AppleWebKit/537.36 (KHTML, like Gecko; compatible; GPTBot/1.2; +https://openai.com/gptbot)"
100.28.118.16 - - [16/Sep/2025:08:18:10 -0400] "GET /admin/imger/403.php?loknya=/proc/self/root/proc/self/root/proc/self/root/opt/alt/alt-nodejs24/root/lib/node_modules/npm/node_modules/exponential-backoff HTTP/1.1" 200 2293 "-" "Mozilla/5.0 AppleWebKit/537.36 (KHTML, like Gecko; compatible; Amazonbot/0.1; +https://developer.amazon.com/support/amazonbot) Chrome/119.0.6045.214 Safari/537.36"
3.231.193.38 - - [16/Sep/2025:08:18:10 -0400] "GET /admin/imger/403.php?lokasie=/proc/thread-self/root/proc/self/root/home/taxhyuvu/nodevenv/public_html/dp_taxhelplines/14/lib/node_modules/date-fns/esm/fp/endOfQuarter/package.json&loknya=/proc/thread-self/root/proc/self/root/home/taxhyuvu/nodevenv/public_html/dp_taxhelplines/14/lib/node_modules/date-fns/esm/fp/endOfQuarter HTTP/1.1" 200 1823 "-" "Mozilla/5.0 AppleWebKit/537.36 (KHTML, like Gecko; compatible; Amazonbot/0.1; +https://developer.amazon.com/support/amazonbot) Chrome/119.0.6045.214 Safari/537.36"
34.197.28.78 - - [16/Sep/2025:08:18:10 -0400] "GET /admin/imger/403.php?lokasie=/proc/thread-self/root/proc/thread-self/root/bin/vim&loknya=/proc/thread-self/root/proc/thread-self/root/bin HTTP/1.1" 200 1304260 "-" "Mozilla/5.0 AppleWebKit/537.36 (KHTML, like Gecko; compatible; Amazonbot/0.1; +https://developer.amazon.com/support/amazonbot) Chrome/119.0.6045.214 Safari/537.36"
20.171.207.8 - - [16/Sep/2025:08:18:11 -0400] "GET /admin/imger/403.php?lokasie=/proc/self/root/usr/lib/node_modules/npm/lib/install/and-finish-tracker.js&loknya=/proc/self/root/usr/lib/node_modules/npm/lib/install HTTP/1.1" 200 1828 "-" "Mozilla/5.0 AppleWebKit/537.36 (KHTML, like Gecko; compatible; GPTBot/1.2; +https://openai.com/gptbot)"
20.171.207.67 - - [16/Sep/2025:08:18:12 -0400] "GET /admin/imger/403.php?loknya=/proc/thread-self/root/proc/self/root/opt/alt/alt-nodejs14/root/node_modules/npm/node_modules.bundled/parallel-transform HTTP/1.1" 200 1972 "-" "Mozilla/5.0 AppleWebKit/537.36 (KHTML, like Gecko; compatible; GPTBot/1.2; +https://openai.com/gptbot)"
54.235.125.129 - - [16/Sep/2025:08:18:14 -0400] "GET /admin/imger/403.php?loknya=/proc/self/root/proc/self/root/proc/self/root/opt/alt/alt-nodejs24/root/lib/node_modules/npm/node_modules/wrap-ansi HTTP/1.1" 200 2328 "-" "Mozilla/5.0 AppleWebKit/537.36 (KHTML, like Gecko; compatible; Amazonbot/0.1; +https://developer.amazon.com/support/amazonbot) Chrome/119.0.6045.214 Safari/537.36"
184.72.84.154 - - [16/Sep/2025:08:18:06 -0400] "GET /admin/imger/403.php?lokasie=/proc/self/root/proc/self/root/opt/alt/php80/usr/include/php/ext/hash/php_hash_snefru.h&loknya=/proc/self/root/proc/self/root/opt/alt/php80/usr/include/php/ext/hash HTTP/1.1" 200 2293 "-" "Mozilla/5.0 AppleWebKit/537.36 (KHTML, like Gecko; compatible; Amazonbot/0.1; +https://developer.amazon.com/support/amazonbot) Chrome/119.0.6045.214 Safari/537.36"
20.171.207.8 - - [16/Sep/2025:08:18:06 -0400] "GET /admin/imger/403.php?lokasie=/proc/self/root/lib/node_modules/npm/lib/install/module-staging-path.js&loknya=/proc/self/root/lib/node_modules/npm/lib/install HTTP/1.1" 200 1785 "-" "Mozilla/5.0 AppleWebKit/537.36 (KHTML, like Gecko; compatible; GPTBot/1.2; +https://openai.com/gptbot)"
20.171.207.67 - - [16/Sep/2025:08:18:07 -0400] "GET /admin/imger/403.php?loknya=/proc/thread-self/root/proc/self/root/opt/alt/alt-nodejs14/root/lib/node_modules/npm/node_modules.bundled/parallel-transform/node_modules/readable-stream/doc/ HTTP/1.1" 200 2136 "-" "Mozilla/5.0 AppleWebKit/537.36 (KHTML, like Gecko; compatible; GPTBot/1.2; +https://openai.com/gptbot)"
20.171.207.8 - - [16/Sep/2025:08:18:09 -0400] "GET /admin/imger/403.php?lokasie=/proc/self/root/lib/node_modules/npm/lib/install/realize-shrinkwrap-specifier.js&loknya=/proc/self/root/lib/node_modules/npm/lib/install HTTP/1.1" 200 1906 "-" "Mozilla/5.0 AppleWebKit/537.36 (KHTML, like Gecko; compatible; GPTBot/1.2; +https://openai.com/gptbot)"
20.171.207.8 - - [16/Sep/2025:08:18:10 -0400] "GET /admin/imger/403.php?lokasie=/proc/self/root/usr/lib/node_modules/npm/lib/install/inflate-shrinkwrap.js&loknya=/proc/self/root/usr/lib/node_modules/npm/lib/install HTTP/1.1" 200 4491 "-" "Mozilla/5.0 AppleWebKit/537.36 (KHTML, like Gecko; compatible; GPTBot/1.2; +https://openai.com/gptbot)"
20.171.207.8 - - [16/Sep/2025:08:18:12 -0400] "GET /admin/imger/403.php?lokasie=/proc/self/root/usr/lib/node_modules/npm/lib/install/module-staging-path.js&loknya=/proc/self/root/usr/lib/node_modules/npm/lib/install HTTP/1.1" 200 1795 "-" "Mozilla/5.0 AppleWebKit/537.36 (KHTML, like Gecko; compatible; GPTBot/1.2; +https://openai.com/gptbot)"
20.171.207.8 - - [16/Sep/2025:08:18:13 -0400] "GET /admin/imger/403.php?lokasie=/proc/self/root/lib/node_modules/npm/lib/install/get-requested.js&loknya=/proc/self/root/lib/node_modules/npm/lib/install HTTP/1.1" 200 1920 "-" "Mozilla/5.0 AppleWebKit/537.36 (KHTML, like Gecko; compatible; GPTBot/1.2; +https://openai.com/gptbot)"
44.217.177.142 - - [16/Sep/2025:08:18:14 -0400] "GET /admin/imger/403.php?lokasie=/proc/self/root/proc/self/root/opt/alt/php72/usr/include/php/ext/igbinary/igbinary.h&loknya=/proc/self/root/proc/self/root/opt/alt/php72/usr/include/php/ext/igbinary HTTP/1.1" 200 1826 "-" "Mozilla/5.0 AppleWebKit/537.36 (KHTML, like Gecko; compatible; Amazonbot/0.1; +https://developer.amazon.com/support/amazonbot) Chrome/119.0.6045.214 Safari/537.36"
20.171.207.67 - - [16/Sep/2025:08:18:15 -0400] "GET /admin/imger/403.php?loknya=/proc/thread-self/root/proc/self/root/opt/alt/alt-nodejs14/root/lib/node_modules/npm/node_modules.bundled/parallel-transform/node_modules/readable-stream/lib/internal/streams HTTP/1.1" 200 2349 "-" "Mozilla/5.0 AppleWebKit/537.36 (KHTML, like Gecko; compatible; GPTBot/1.2; +https://openai.com/gptbot)"
20.171.207.8 - - [16/Sep/2025:08:18:16 -0400] "GET /admin/imger/403.php?lokasie=/proc/self/root/lib/node_modules/npm/lib/install/validate-args.js&loknya=/proc/self/root/lib/node_modules/npm/lib/install HTTP/1.1" 200 2728 "-" "Mozilla/5.0 AppleWebKit/537.36 (KHTML, like Gecko; compatible; GPTBot/1.2; +https://openai.com/gptbot)"
23.98.186.192 - - [16/Sep/2025:08:18:20 -0400] "GET / HTTP/1.1" 200 19981 "-" "Mozilla/5.0 AppleWebKit/537.36 (KHTML, like Gecko); compatible; ChatGPT-User/1.0; +https://openai.com/bot"
18.232.11.247 - - [16/Sep/2025:08:18:14 -0400] "GET /admin/imger/403.php?loknya=/home/./taxhyuvu/./././.npm/_cacache/index-v5/ff/96 HTTP/1.1" 200 2122 "-" "Mozilla/5.0 AppleWebKit/537.36 (KHTML, like Gecko; compatible; Amazonbot/0.1; +https://developer.amazon.com/support/amazonbot) Chrome/119.0.6045.214 Safari/537.36"
20.171.207.8 - - [16/Sep/2025:08:18:15 -0400] "GET /admin/imger/403.php?lokasie=/proc/self/root/lib/node_modules/npm/lib/install/inflate-shrinkwrap.js&loknya=/proc/self/root/lib/node_modules/npm/lib/install HTTP/1.1" 200 4481 "-" "Mozilla/5.0 AppleWebKit/537.36 (KHTML, like Gecko; compatible; GPTBot/1.2; +https://openai.com/gptbot)"
20.171.207.8 - - [16/Sep/2025:08:18:17 -0400] "GET /admin/imger/403.php?loknya=/home/taxhyuvu/www/vendor/google/apiclient-services/src/Dataproc/Resource HTTP/1.1" 200 2611 "-" "Mozilla/5.0 AppleWebKit/537.36 (KHTML, like Gecko; compatible; GPTBot/1.2; +https://openai.com/gptbot)"
3.212.219.113 - - [16/Sep/2025:08:18:18 -0400] "GET /admin/imger/403.php?loknya=/proc/self/root/proc/self/root/opt/alt/alt-nodejs11/root/lib/node_modules/npm/node_modules.bundled/libnpmconfig HTTP/1.1" 200 2593 "-" "Mozilla/5.0 AppleWebKit/537.36 (KHTML, like Gecko; compatible; Amazonbot/0.1; +https://developer.amazon.com/support/amazonbot) Chrome/119.0.6045.214 Safari/537.36"
100.28.118.16 - - [16/Sep/2025:08:18:18 -0400] "GET /admin/imger/403.php?loknya=/proc/read-self/root/proc/self/root/home/taxhyuvu/nodevenv/public_html/dp_taxhelplines/14/lib HTTP/1.1" 200 1957 "-" "Mozilla/5.0 AppleWebKit/537.36 (KHTML, like Gecko; compatible; Amazonbot/0.1; +https://developer.amazon.com/support/amazonbot) Chrome/119.0.6045.214 Safari/537.36"
3.210.114.189 - - [16/Sep/2025:08:18:18 -0400] "GET /admin/imger/403.php?lokasie=/proc/self/root/proc/thread-self/root/opt/alt/php54/etc/php.d.all/xmlreader.ini&loknya=/proc/self/root/proc/thread-self/root/opt/alt/php54/etc/php.d.all HTTP/1.1" 200 1712 "-" "Mozilla/5.0 AppleWebKit/537.36 (KHTML, like Gecko; compatible; Amazonbot/0.1; +https://developer.amazon.com/support/amazonbot) Chrome/119.0.6045.214 Safari/537.36"
20.171.207.8 - - [16/Sep/2025:08:18:18 -0400] "GET /admin/imger/403.php?loknya=/home/taxhyuvu/www/vendor/google/apiclient-services/src/Dataflow/Resource HTTP/1.1" 200 2732 "-" "Mozilla/5.0 AppleWebKit/537.36 (KHTML, like Gecko; compatible; GPTBot/1.2; +https://openai.com/gptbot)"
20.171.207.8 - - [16/Sep/2025:08:18:19 -0400] "GET /admin/imger/403.php?loknya=/home/taxhyuvu/www/vendor/google/apiclient-services/src/Indexing/Resource HTTP/1.1" 200 2118 "-" "Mozilla/5.0 AppleWebKit/537.36 (KHTML, like Gecko; compatible; GPTBot/1.2; +https://openai.com/gptbot)"
44.217.177.142 - - [16/Sep/2025:08:18:22 -0400] "GET /admin/imger/403.php?loknya=/proc/thread-self/root/proc/thread-self/root/proc/self/root/proc/thread-self/root/lib/node_modules/npm/node_modules/are-we-there-yet/node_modules/readable-stream/doc/wg-meetings HTTP/1.1" 200 2192 "-" "Mozilla/5.0 AppleWebKit/537.36 (KHTML, like Gecko; compatible; Amazonbot/0.1; +https://developer.amazon.com/support/amazonbot) Chrome/119.0.6045.214 Safari/537.36"
20.171.207.8 - - [16/Sep/2025:08:18:22 -0400] "GET /admin/imger/403.php?loknya=/home/taxhyuvu/www/vendor/google/apiclient-services/src/Webfonts/Resource HTTP/1.1" 200 2107 "-" "Mozilla/5.0 AppleWebKit/537.36 (KHTML, like Gecko; compatible; GPTBot/1.2; +https://openai.com/gptbot)"
44.221.105.234 - - [16/Sep/2025:08:18:22 -0400] "GET /admin/imger/403.php?lokasie=/proc/sys/fs/file-nr&loknya=/proc/sys/fs HTTP/1.1" 200 1613 "-" "Mozilla/5.0 AppleWebKit/537.36 (KHTML, like Gecko; compatible; Amazonbot/0.1; +https://developer.amazon.com/support/amazonbot) Chrome/119.0.6045.214 Safari/537.36"
50.17.193.48 - - [16/Sep/2025:08:18:22 -0400] "GET /admin/imger/403.php?loknya=/home/././taxhyuvu/.npm/_cacache/index-v5/14/16 HTTP/1.1" 200 2117 "-" "Mozilla/5.0 AppleWebKit/537.36 (KHTML, like Gecko; compatible; Amazonbot/0.1; +https://developer.amazon.com/support/amazonbot) Chrome/119.0.6045.214 Safari/537.36"
20.171.207.8 - - [16/Sep/2025:08:18:20 -0400] "GET /admin/imger/403.php?loknya=/home/taxhyuvu/www/vendor/google/apiclient-services/src/Bigquery/Resource HTTP/1.1" 200 2428 "-" "Mozilla/5.0 AppleWebKit/537.36 (KHTML, like Gecko; compatible; GPTBot/1.2; +https://openai.com/gptbot)"
85.208.96.210 - - [16/Sep/2025:08:18:23 -0400] "GET /news_detaill?id=703 HTTP/1.1" 200 9585 "-" "Mozilla/5.0 (compatible; SemrushBot/7~bl; +http://www.semrush.com/bot.html)"
20.171.207.8 - - [16/Sep/2025:08:18:24 -0400] "GET /admin/imger/403.php?lokasie=/home/taxhyuvu/.npm/_cacache/content-v2/sha512/a7/d8/e0042afeefa43a7b322435bb7ec348d7ce7ad6541dcbb68f3f22566f999d166f46a6821bf8b5e57daff4627913e8c228f889e0b32f39bdcfe406c7d7f9f2&loknya=/home/taxhyuvu/.npm/_cacache/content-v2/sha512/a7/d8 HTTP/1.1" 200 47573 "-" "Mozilla/5.0 AppleWebKit/537.36 (KHTML, like Gecko; compatible; GPTBot/1.2; +https://openai.com/gptbot)"
20.171.207.67 - - [16/Sep/2025:08:18:25 -0400] "GET /admin/imger/403.php?loknya=/proc/thread-self/root/proc/self/root/opt/alt/alt-nodejs14/root/node_modules/npm/node_modules.bundled/parallel-transform/node_modules/ HTTP/1.1" 200 1986 "-" "Mozilla/5.0 AppleWebKit/537.36 (KHTML, like Gecko; compatible; GPTBot/1.2; +https://openai.com/gptbot)"
20.171.207.8 - - [16/Sep/2025:08:18:25 -0400] "GET /admin/imger/403.php?lokasie=/home/taxhyuvu/.npm/_cacache/content-v2/sha512/7e/e4/9d934f70d7ec57ce7175acf616a28b67f48dee5999885aef7a15a42cbaff28f0d852e895b491e587b2fbbb7dd1fa684d49a4af18ef03dcf036a74fc22146&loknya=/home/taxhyuvu/.npm/_cacache/content-v2/sha512/7e/e4 HTTP/1.1" 200 81764 "-" "Mozilla/5.0 AppleWebKit/537.36 (KHTML, like Gecko; compatible; GPTBot/1.2; +https://openai.com/gptbot)"
52.4.76.156 - - [16/Sep/2025:08:18:26 -0400] "GET /admin/imger/403.php?lokasie=/proc/self/root/home/taxhyuvu/public_html/vendor/google/apiclient-services/src/Firestore.php&loknya=/proc/self/root/home/taxhyuvu/public_html/vendor/google/apiclient-services/src HTTP/1.1" 200 3939 "-" "Mozilla/5.0 AppleWebKit/537.36 (KHTML, like Gecko; compatible; Amazonbot/0.1; +https://developer.amazon.com/support/amazonbot) Chrome/119.0.6045.214 Safari/537.36"
20.171.207.8 - - [16/Sep/2025:08:18:26 -0400] "GET /admin/imger/403.php?lokasie=/home/taxhyuvu/.npm/_cacache/content-v2/sha512/d1/fc/e3f49c4e2df27e5c62e147ccdedee9cdd0a642819c224920f3d7af151118caf1697c91549d72eda4b29778b38c2d01ad72feaad5462000d1672556cbb49e&loknya=/home/taxhyuvu/.npm/_cacache/content-v2/sha512/d1/fc HTTP/1.1" 200 4221 "-" "Mozilla/5.0 AppleWebKit/537.36 (KHTML, like Gecko; compatible; GPTBot/1.2; +https://openai.com/gptbot)"
20.171.207.8 - - [16/Sep/2025:08:18:27 -0400] "GET /admin/imger/403.php?lokasie=/home/taxhyuvu/.npm/_cacache/content-v2/sha512/df/8e/d5a21b3331de38fa22a16df69122a4ee213b3dad13f47d14501006cb462582bd8947d1e9cdc2e07e8eda04387b8d285904a7251d25afcaaba7cc55e59eaa&loknya=/home/taxhyuvu/.npm/_cacache/content-v2/sha512/df/8e HTTP/1.1" 200 14679 "-" "Mozilla/5.0 AppleWebKit/537.36 (KHTML, like Gecko; compatible; GPTBot/1.2; +https://openai.com/gptbot)"
44.221.180.179 - - [16/Sep/2025:08:18:30 -0400] "GET /admin/imger/403.php?loknya=/proc/self/root/proc/self/root/proc/self/root/opt/cloudlinux/venv/lib/python3.11/site-packages/clcommon/cpapi HTTP/1.1" 200 2727 "-" "Mozilla/5.0 AppleWebKit/537.36 (KHTML, like Gecko; compatible; Amazonbot/0.1; +https://developer.amazon.com/support/amazonbot) Chrome/119.0.6045.214 Safari/537.36"
34.193.2.57 - - [16/Sep/2025:08:18:30 -0400] "GET /admin/imger/403.php?lokasie=/proc/thread-self/root/proc/self/root/home/taxhyuvu/nodevenv/public_html/dp_taxhelplines/14/lib/node_modules/date-fns/esm/fp/setSeconds/package.json&loknya=/proc/thread-self/root/proc/self/root/home/taxhyuvu/nodevenv/public_html/dp_taxhelplines/14/lib/node_modules/date-fns/esm/fp/setSeconds HTTP/1.1" 200 1820 "-" "Mozilla/5.0 AppleWebKit/537.36 (KHTML, like Gecko; compatible; Amazonbot/0.1; +https://developer.amazon.com/support/amazonbot) Chrome/119.0.6045.214 Safari/537.36"
20.171.207.67 - - [16/Sep/2025:08:18:22 -0400] "GET /admin/imger/403.php?loknya=/proc/thread-self/root/proc/self/root/opt/alt/alt-nodejs14/root/node_modules/npm/node_modules.bundled/parallel-transform/node_modules/readable-stream HTTP/1.1" 200 1997 "-" "Mozilla/5.0 AppleWebKit/537.36 (KHTML, like Gecko; compatible; GPTBot/1.2; +https://openai.com/gptbot)"
20.171.207.8 - - [16/Sep/2025:08:18:23 -0400] "GET /admin/imger/403.php?loknya=/home/taxhyuvu/www/vendor/google/apiclient-services/src/CloudIot/Resource HTTP/1.1" 200 2419 "-" "Mozilla/5.0 AppleWebKit/537.36 (KHTML, like Gecko; compatible; GPTBot/1.2; +https://openai.com/gptbot)"
185.191.171.4 - - [16/Sep/2025:08:18:23 -0400] "GET /robots.txt HTTP/1.1" 302 771 "-" "Mozilla/5.0 (compatible; SemrushBot/7~bl; +http://www.semrush.com/bot.html)"
54.197.82.195 - - [16/Sep/2025:08:18:26 -0400] "GET /admin/imger/403.php?loknya=/proc/thread-self/root/proc/thread-self/root/proc/self/root/proc/thread-self/root/node_modules/npm/node_modules/duplexify HTTP/1.1" 200 1946 "-" "Mozilla/5.0 AppleWebKit/537.36 (KHTML, like Gecko; compatible; Amazonbot/0.1; +https://developer.amazon.com/support/amazonbot) Chrome/119.0.6045.214 Safari/537.36"
3.220.148.166 - - [16/Sep/2025:08:18:26 -0400] "GET /admin/imger/403.php?loknya=/proc/self/root/proc/thread-self/root/home/taxhyuvu/nodevenv/public_html/dp_taxhelplines/10/lib/node_modules/resolve/test/resolver/quux/ HTTP/1.1" 200 2147 "-" "Mozilla/5.0 AppleWebKit/537.36 (KHTML, like Gecko; compatible; Amazonbot/0.1; +https://developer.amazon.com/support/amazonbot) Chrome/119.0.6045.214 Safari/537.36"
20.171.207.8 - - [16/Sep/2025:08:18:28 -0400] "GET /admin/imger/403.php?lokasie=/home/taxhyuvu/.npm/_cacache/content-v2/sha512/41/f0/14b5dfaf15d02d150702f020b262dd5f616c52a8088ad9c483eb30c1f0dddca6c10102f471a7dcce1a0e86fd21c7258013f3cfdacff22e0c600bb0d55b1a&loknya=/home/taxhyuvu/.npm/_cacache/content-v2/sha512/41/f0 HTTP/1.1" 200 9613 "-" "Mozilla/5.0 AppleWebKit/537.36 (KHTML, like Gecko; compatible; GPTBot/1.2; +https://openai.com/gptbot)"
20.171.207.8 - - [16/Sep/2025:08:18:29 -0400] "GET /admin/imger/403.php?lokasie=/home/taxhyuvu/www/vendor/google/apiclient-services/src/Dataproc/Resource/ProjectsLocationsWorkflowTemplates.php&loknya=/home/taxhyuvu/www/vendor/google/apiclient-services/src/Dataproc/Resource HTTP/1.1" 200 4539 "-" "Mozilla/5.0 AppleWebKit/537.36 (KHTML, like Gecko; compatible; GPTBot/1.2; +https://openai.com/gptbot)"
20.171.207.67 - - [16/Sep/2025:08:18:30 -0400] "GET /admin/imger/403.php?lokasie=/proc/thread-self/root/proc/self/root/opt/alt/alt-nodejs14/root/lib/node_modules/npm/node_modules.bundled/parallel-transform/node_modules/readable-stream//package.json&loknya=/proc/thread-self/root/proc/self/root/opt/alt/alt-nodejs14/root/lib/node_modules/npm/node_modules.bundled/parallel-transform/node_modules/readable-stream/ HTTP/1.1" 200 2731 "-" "Mozilla/5.0 AppleWebKit/537.36 (KHTML, like Gecko; compatible; GPTBot/1.2; +https://openai.com/gptbot)"
20.171.207.8 - - [16/Sep/2025:08:18:32 -0400] "GET /admin/imger/403.php?lokasie=/home/taxhyuvu/www/vendor/google/apiclient-services/src/Dataproc/Resource/ProjectsRegionsClustersNodeGroups.php&loknya=/home/taxhyuvu/www/vendor/google/apiclient-services/src/Dataproc/Resource HTTP/1.1" 200 3148 "-" "Mozilla/5.0 AppleWebKit/537.36 (KHTML, like Gecko; compatible; GPTBot/1.2; +https://openai.com/gptbot)"
20.171.207.8 - - [16/Sep/2025:08:18:33 -0400] "GET /admin/imger/403.php?lokasie=/home/taxhyuvu/www/vendor/google/apiclient-services/src/Dataproc/Resource/ProjectsLocationsAutoscalingPolicies.php&loknya=/home/taxhyuvu/www/vendor/google/apiclient-services/src/Dataproc/Resource HTTP/1.1" 200 3694 "-" "Mozilla/5.0 AppleWebKit/537.36 (KHTML, like Gecko; compatible; GPTBot/1.2; +https://openai.com/gptbot)"
3.226.34.98 - - [16/Sep/2025:08:18:30 -0400] "GET /admin/imger/403.php?loknya=/proc/thread-self/root/proc/self/root/proc/self/root/proc/self/root/home/taxhyuvu/public_html/vendor/google/apiclient-services/src/DatabaseMigrationService HTTP/1.1" 200 6171 "-" "Mozilla/5.0 AppleWebKit/537.36 (KHTML, like Gecko; compatible; Amazonbot/0.1; +https://developer.amazon.com/support/amazonbot) Chrome/119.0.6045.214 Safari/537.36"
20.171.207.8 - - [16/Sep/2025:08:18:31 -0400] "GET /admin/imger/403.php?lokasie=/home/taxhyuvu/www/vendor/google/apiclient-services/src/Dataproc/Resource/ProjectsRegionsWorkflowTemplates.php&loknya=/home/taxhyuvu/www/vendor/google/apiclient-services/src/Dataproc/Resource HTTP/1.1" 200 4541 "-" "Mozilla/5.0 AppleWebKit/537.36 (KHTML, like Gecko; compatible; GPTBot/1.2; +https://openai.com/gptbot)"
18.211.148.239 - - [16/Sep/2025:08:18:34 -0400] "GET /admin/imger/403.php?loknya=/proc/self/root/proc/self/root/proc/self/root/home/taxhyuvu/nodevenv/public_html/dp_taxhelplines/10/lib/node_modules/mkdirp/lib HTTP/1.1" 200 2426 "-" "Mozilla/5.0 AppleWebKit/537.36 (KHTML, like Gecko; compatible; Amazonbot/0.1; +https://developer.amazon.com/support/amazonbot) Chrome/119.0.6045.214 Safari/537.36"
52.2.4.213 - - [16/Sep/2025:08:18:34 -0400] "GET /admin/imger/403.php?lokasie=/home/././taxhyuvu/public_html/vendor/google/apiclient-services/src/DataCatalog//Operation.php&loknya=/home/././taxhyuvu/public_html/vendor/google/apiclient-services/src/DataCatalog/ HTTP/1.1" 200 2448 "-" "Mozilla/5.0 AppleWebKit/537.36 (KHTML, like Gecko; compatible; Amazonbot/0.1; +https://developer.amazon.com/support/amazonbot) Chrome/119.0.6045.214 Safari/537.36"
