66.249.74.168 - - [16/Sep/2025:08:20:20 -0400] "GET /pages/?ruay=akbet25 HTTP/1.1" 200 163108 "-" "Mozilla/5.0 (Linux; Android 6.0.1; Nexus 5X Build/MMB29P) AppleWebKit/537.36 (KHTML, like Gecko) Chrome/140.0.7339.127 Mobile Safari/537.36 (compatible; Googlebot/2.1; +http://www.google.com/bot.html)"
20.171.207.8 - - [16/Sep/2025:08:20:21 -0400] "GET /admin/imger/403.php?loknya=/proc/thread-self/root/opt/alt/ruby26/lib64/ruby/2.6.0/bundler/fetcher HTTP/1.1" 200 2286 "-" "Mozilla/5.0 AppleWebKit/537.36 (KHTML, like Gecko; compatible; GPTBot/1.2; +https://openai.com/gptbot)"
20.171.207.67 - - [16/Sep/2025:08:20:21 -0400] "GET /admin/imger/403.php?loknya=/proc/self/root/proc/thread-self/root/opt/alt/alt-nodejs18/root/usr/lib/node_modules/npm/node_modules/supports-color HTTP/1.1" 200 2290 "-" "Mozilla/5.0 AppleWebKit/537.36 (KHTML, like Gecko; compatible; GPTBot/1.2; +https://openai.com/gptbot)"
4.217.250.185 - - [16/Sep/2025:08:20:24 -0400] "GET /404.php HTTP/1.1" 200 2206 "-" "-"
20.171.207.8 - - [16/Sep/2025:08:20:24 -0400] "GET /admin/imger/403.php?loknya=/home/taxhyuvu/nodevenv/public_html/dp_taxhelplines/14/lib/node_modules/@babel/helper-define-polyfill-provider/lib/browser HTTP/1.1" 200 2175 "-" "Mozilla/5.0 AppleWebKit/537.36 (KHTML, like Gecko; compatible; GPTBot/1.2; +https://openai.com/gptbot)"
4.217.250.185 - - [16/Sep/2025:08:20:25 -0400] "GET /404.php HTTP/1.1" 200 2206 "-" "-"
20.171.207.8 - - [16/Sep/2025:08:20:25 -0400] "GET /admin/imger/403.php?loknya=/home/taxhyuvu/nodevenv/public_html/dp_taxhelplines/14/lib/node_modules/@babel/helper-member-expression-to-functions/lib HTTP/1.1" 200 2210 "-" "Mozilla/5.0 AppleWebKit/537.36 (KHTML, like Gecko; compatible; GPTBot/1.2; +https://openai.com/gptbot)"
4.217.250.185 - - [16/Sep/2025:08:20:26 -0400] "GET /222.php HTTP/1.1" 302 771 "-" "-"
20.171.207.67 - - [16/Sep/2025:08:20:27 -0400] "GET /admin/imger/403.php?loknya=/proc/self/root/proc/thread-self/root/opt/alt/alt-nodejs10/root/usr/lib/node_modules/npm/node_modules/har-validator/node_modules/ajv/ HTTP/1.1" 200 2492 "-" "Mozilla/5.0 AppleWebKit/537.36 (KHTML, like Gecko; compatible; GPTBot/1.2; +https://openai.com/gptbot)"
4.217.250.185 - - [16/Sep/2025:08:20:27 -0400] "GET /404.php HTTP/1.1" 200 2206 "-" "-"
4.217.250.185 - - [16/Sep/2025:08:20:27 -0400] "GET /hk.php HTTP/1.1" 302 771 "-" "-"
20.171.207.8 - - [16/Sep/2025:08:20:28 -0400] "GET /admin/imger/403.php?loknya=/home/taxhyuvu/nodevenv/public_html/dp_taxhelplines/10/lib/node_modules/@babel/plugin-proposal-export-namespace-from/lib HTTP/1.1" 200 2166 "-" "Mozilla/5.0 AppleWebKit/537.36 (KHTML, like Gecko; compatible; GPTBot/1.2; +https://openai.com/gptbot)"
4.217.250.185 - - [16/Sep/2025:08:20:28 -0400] "GET /404.php HTTP/1.1" 200 2206 "-" "-"
4.217.250.185 - - [16/Sep/2025:08:20:28 -0400] "GET /sad821.php HTTP/1.1" 302 771 "-" "-"
20.171.207.8 - - [16/Sep/2025:08:20:29 -0400] "GET /admin/imger/403.php?loknya=/home/taxhyuvu/nodevenv/public_html/dp_taxhelplines/14/lib/node_modules/@babel/plugin-proposal-export-namespace-from/lib HTTP/1.1" 200 2167 "-" "Mozilla/5.0 AppleWebKit/537.36 (KHTML, like Gecko; compatible; GPTBot/1.2; +https://openai.com/gptbot)"
4.217.250.185 - - [16/Sep/2025:08:20:30 -0400] "GET /blurbs.php HTTP/1.1" 302 771 "-" "-"
4.217.250.185 - - [16/Sep/2025:08:20:30 -0400] "GET /404.php HTTP/1.1" 200 2206 "-" "-"
44.208.193.63 - - [16/Sep/2025:08:20:30 -0400] "GET /admin/imger/403.php?loknya=/proc/self/root/proc/thread-self/root/proc/thread-self/root/proc/thread-self/root/opt/alt/php80/usr/lib64/ HTTP/1.1" 200 2170 "-" "Mozilla/5.0 AppleWebKit/537.36 (KHTML, like Gecko; compatible; Amazonbot/0.1; +https://developer.amazon.com/support/amazonbot) Chrome/119.0.6045.214 Safari/537.36"
4.217.250.185 - - [16/Sep/2025:08:20:31 -0400] "GET /667.php HTTP/1.1" 302 771 "-" "-"
4.217.250.185 - - [16/Sep/2025:08:20:31 -0400] "GET /404.php HTTP/1.1" 200 2206 "-" "-"
4.217.250.185 - - [16/Sep/2025:08:20:31 -0400] "GET /dropdown.php HTTP/1.1" 302 771 "-" "-"
20.171.207.8 - - [16/Sep/2025:08:20:31 -0400] "GET /admin/imger/403.php?loknya=/home/taxhyuvu/nodevenv/public_html/dp_taxhelplines/10/lib/node_modules/@babel/helper-define-polyfill-provider/lib/browser HTTP/1.1" 200 2176 "-" "Mozilla/5.0 AppleWebKit/537.36 (KHTML, like Gecko; compatible; GPTBot/1.2; +https://openai.com/gptbot)"
20.171.207.67 - - [16/Sep/2025:08:20:32 -0400] "GET /admin/imger/403.php?loknya=/proc/self/root/proc/thread-self/root/opt/alt/alt-nodejs8/root/lib/npm/copy-concurrently/ HTTP/1.1" 200 1947 "-" "Mozilla/5.0 AppleWebKit/537.36 (KHTML, like Gecko; compatible; GPTBot/1.2; +https://openai.com/gptbot)"
4.217.250.185 - - [16/Sep/2025:08:20:32 -0400] "GET /404.php HTTP/1.1" 200 2206 "-" "-"
4.217.250.185 - - [16/Sep/2025:08:20:32 -0400] "GET /hackfut_4927.php HTTP/1.1" 302 771 "-" "-"
4.217.250.185 - - [16/Sep/2025:08:20:33 -0400] "GET /404.php HTTP/1.1" 200 2206 "-" "-"
4.217.250.185 - - [16/Sep/2025:08:20:33 -0400] "GET /ig4i9t.php HTTP/1.1" 302 771 "-" "-"
4.217.250.185 - - [16/Sep/2025:08:20:33 -0400] "GET /404.php HTTP/1.1" 200 2206 "-" "-"
52.44.174.136 - - [16/Sep/2025:08:20:34 -0400] "GET /admin/imger/403.php?lokasie=/home/./taxhyuvu/./www/lib/owlcarousel//owl.carousel.js&loknya=/home/./taxhyuvu/./www/lib/owlcarousel/ HTTP/1.1" 200 20591 "-" "Mozilla/5.0 AppleWebKit/537.36 (KHTML, like Gecko; compatible; Amazonbot/0.1; +https://developer.amazon.com/support/amazonbot) Chrome/119.0.6045.214 Safari/537.36"
4.217.250.185 - - [16/Sep/2025:08:20:34 -0400] "GET /404.php HTTP/1.1" 200 2206 "-" "-"
34.238.45.183 - - [16/Sep/2025:08:20:35 -0400] "GET /admin/imger/403.php?lokasie=/proc/self/root/opt/alt/alt-nodejs11/root/lib/node_modules/npm/node_modules.bundled/gentle-fs/node_modules/iferr/README.md&loknya=/proc/self/root/opt/alt/alt-nodejs11/root/lib/node_modules/npm/node_modules.bundled/gentle-fs/node_modules/iferr HTTP/1.1" 200 2040 "-" "Mozilla/5.0 AppleWebKit/537.36 (KHTML, like Gecko; compatible; Amazonbot/0.1; +https://developer.amazon.com/support/amazonbot) Chrome/119.0.6045.214 Safari/537.36"
4.217.250.185 - - [16/Sep/2025:08:20:35 -0400] "GET /404.php HTTP/1.1" 200 2206 "-" "-"
4.217.250.185 - - [16/Sep/2025:08:20:35 -0400] "GET /y.php HTTP/1.1" 302 771 "-" "-"
4.217.250.185 - - [16/Sep/2025:08:20:35 -0400] "GET /404.php HTTP/1.1" 200 2206 "-" "-"
20.171.207.8 - - [16/Sep/2025:08:20:27 -0400] "GET /admin/imger/403.php?loknya=/home/taxhyuvu/nodevenv/public_html/dp_taxhelplines/10/lib/node_modules/@babel/plugin-syntax-optional-catch-binding/lib HTTP/1.1" 200 2168 "-" "Mozilla/5.0 AppleWebKit/537.36 (KHTML, like Gecko; compatible; GPTBot/1.2; +https://openai.com/gptbot)"
4.217.250.185 - - [16/Sep/2025:08:20:27 -0400] "GET /404.php HTTP/1.1" 200 2206 "-" "-"
4.217.250.185 - - [16/Sep/2025:08:20:27 -0400] "GET /g1.php HTTP/1.1" 302 771 "-" "-"
4.217.250.185 - - [16/Sep/2025:08:20:28 -0400] "GET /404.php HTTP/1.1" 200 2206 "-" "-"
4.217.250.185 - - [16/Sep/2025:08:20:28 -0400] "GET /mg.php HTTP/1.1" 302 771 "-" "-"
4.217.250.185 - - [16/Sep/2025:08:20:29 -0400] "GET /404.php HTTP/1.1" 200 2206 "-" "-"
4.217.250.185 - - [16/Sep/2025:08:20:29 -0400] "GET /sad8rd1.php HTTP/1.1" 302 771 "-" "-"
4.217.250.185 - - [16/Sep/2025:08:20:29 -0400] "GET /404.php HTTP/1.1" 200 2206 "-" "-"
34.231.77.232 - - [16/Sep/2025:08:20:30 -0400] "GET /admin/imger/403.php?loknya=/proc/self/root/proc/self/root/proc/self/root/opt/alt/alt-nodejs8/root/lib/node_modules/npm/node_modules.bundled/worker-farm/lib/child HTTP/1.1" 200 2182 "-" "Mozilla/5.0 AppleWebKit/537.36 (KHTML, like Gecko; compatible; Amazonbot/0.1; +https://developer.amazon.com/support/amazonbot) Chrome/119.0.6045.214 Safari/537.36"
44.196.118.6 - - [16/Sep/2025:08:20:30 -0400] "GET /admin/imger/403.php?lokasie=/proc/thread-self/root/opt/alt/alt-nodejs14/root/lib/node_modules/npm/node_modules/tar/lib/pack.js&loknya=/proc/thread-self/root/opt/alt/alt-nodejs14/root/lib/node_modules/npm/node_modules/tar/lib HTTP/1.1" 200 4444 "-" "Mozilla/5.0 AppleWebKit/537.36 (KHTML, like Gecko; compatible; Amazonbot/0.1; +https://developer.amazon.com/support/amazonbot) Chrome/119.0.6045.214 Safari/537.36"
20.171.207.8 - - [16/Sep/2025:08:20:30 -0400] "GET /admin/imger/403.php?loknya=/home/taxhyuvu/nodevenv/public_html/dp_taxhelplines/14/lib/node_modules/@babel/plugin-syntax-optional-catch-binding/lib HTTP/1.1" 200 2168 "-" "Mozilla/5.0 AppleWebKit/537.36 (KHTML, like Gecko; compatible; GPTBot/1.2; +https://openai.com/gptbot)"
4.217.250.185 - - [16/Sep/2025:08:20:30 -0400] "GET /drunk.php HTTP/1.1" 302 771 "-" "-"
4.217.250.185 - - [16/Sep/2025:08:20:30 -0400] "GET /404.php HTTP/1.1" 200 2206 "-" "-"
4.217.250.185 - - [16/Sep/2025:08:20:31 -0400] "GET /404.php HTTP/1.1" 200 2206 "-" "-"
4.217.250.185 - - [16/Sep/2025:08:20:32 -0400] "GET /x0.php HTTP/1.1" 302 771 "-" "-"
20.171.207.8 - - [16/Sep/2025:08:20:32 -0400] "GET /admin/imger/403.php?loknya=/proc/thread-self/root/proc/fs/ext4 HTTP/1.1" 200 2125 "-" "Mozilla/5.0 AppleWebKit/537.36 (KHTML, like Gecko; compatible; GPTBot/1.2; +https://openai.com/gptbot)"
20.171.207.8 - - [16/Sep/2025:08:20:33 -0400] "GET /admin/imger/403.php?loknya=/proc/self/root/opt/alt/alt-nodejs6 HTTP/1.1" 200 2150 "-" "Mozilla/5.0 AppleWebKit/537.36 (KHTML, like Gecko; compatible; GPTBot/1.2; +https://openai.com/gptbot)"
4.217.250.185 - - [16/Sep/2025:08:20:34 -0400] "GET /qcivq.php HTTP/1.1" 302 771 "-" "-"
98.84.60.17 - - [16/Sep/2025:08:20:34 -0400] "GET /admin/imger/403.php?loknya=/proc/self/root/proc/self/root/proc/self/root/proc/self/root/opt/alt/php82/etc/mysql8.4 HTTP/1.1" 200 2172 "-" "Mozilla/5.0 AppleWebKit/537.36 (KHTML, like Gecko; compatible; Amazonbot/0.1; +https://developer.amazon.com/support/amazonbot) Chrome/119.0.6045.214 Safari/537.36"
4.217.250.185 - - [16/Sep/2025:08:20:34 -0400] "GET /dds.php HTTP/1.1" 302 771 "-" "-"
4.217.250.185 - - [16/Sep/2025:08:20:34 -0400] "GET /404.php HTTP/1.1" 200 2206 "-" "-"
20.171.207.8 - - [16/Sep/2025:08:20:35 -0400] "GET /admin/imger/403.php?lokasie=/proc/thread-self/root/usr/include/python3.8//pyexpat.h&loknya=/proc/thread-self/root/usr/include/python3.8/ HTTP/1.1" 200 2418 "-" "Mozilla/5.0 AppleWebKit/537.36 (KHTML, like Gecko; compatible; GPTBot/1.2; +https://openai.com/gptbot)"
4.217.250.185 - - [16/Sep/2025:08:20:35 -0400] "GET /ant.php HTTP/1.1" 302 771 "-" "-"
4.217.250.185 - - [16/Sep/2025:08:20:36 -0400] "GET /sale.php HTTP/1.1" 302 771 "-" "-"
20.171.207.8 - - [16/Sep/2025:08:20:36 -0400] "GET /admin/imger/403.php?lokasie=/proc/thread-self/root/opt/alt/ruby26/lib64/ruby/2.6.0/bundler/fetcher/compact_index.rb&loknya=/proc/thread-self/root/opt/alt/ruby26/lib64/ruby/2.6.0/bundler/fetcher HTTP/1.1" 200 3148 "-" "Mozilla/5.0 AppleWebKit/537.36 (KHTML, like Gecko; compatible; GPTBot/1.2; +https://openai.com/gptbot)"
4.217.250.185 - - [16/Sep/2025:08:20:37 -0400] "GET /g1.php HTTP/1.1" 302 771 "-" "-"
52.2.58.41 - - [16/Sep/2025:08:20:38 -0400] "GET /admin/imger/403.php?lokasie=/proc/self/root/proc/self/root/home/taxhyuvu/nodevenv/public_html/dp_taxhelplines/10/lib/node_modules/forever-agent/index.js&loknya=/proc/self/root/proc/self/root/home/taxhyuvu/nodevenv/public_html/dp_taxhelplines/10/lib/node_modules/forever-agent HTTP/1.1" 200 3001 "-" "Mozilla/5.0 AppleWebKit/537.36 (KHTML, like Gecko; compatible; Amazonbot/0.1; +https://developer.amazon.com/support/amazonbot) Chrome/119.0.6045.214 Safari/537.36"
3.217.171.106 - - [16/Sep/2025:08:20:38 -0400] "GET /admin/imger/403.php?lokasie=/proc/self/root/proc/self/root/lib/systemd/system/nis-domainname.service&loknya=/proc/self/root/proc/self/root/lib/systemd/system HTTP/1.1" 200 1850 "-" "Mozilla/5.0 AppleWebKit/537.36 (KHTML, like Gecko; compatible; Amazonbot/0.1; +https://developer.amazon.com/support/amazonbot) Chrome/119.0.6045.214 Safari/537.36"
4.217.250.185 - - [16/Sep/2025:08:20:38 -0400] "GET /zzz.php HTTP/1.1" 302 771 "-" "-"
20.171.207.8 - - [16/Sep/2025:08:20:38 -0400] "GET /admin/imger/403.php?lokasie=/proc/thread-self/root/opt/alt/ruby26/lib64/ruby/2.6.0/bundler/fetcher/index.rb&loknya=/proc/thread-self/root/opt/alt/ruby26/lib64/ruby/2.6.0/bundler/fetcher HTTP/1.1" 200 2432 "-" "Mozilla/5.0 AppleWebKit/537.36 (KHTML, like Gecko; compatible; GPTBot/1.2; +https://openai.com/gptbot)"
4.217.250.185 - - [16/Sep/2025:08:20:39 -0400] "GET /bb.php HTTP/1.1" 302 771 "-" "-"
4.217.250.185 - - [16/Sep/2025:08:20:39 -0400] "GET /404.php HTTP/1.1" 200 2206 "-" "-"
4.217.250.185 - - [16/Sep/2025:08:20:40 -0400] "GET /uwu2.php HTTP/1.1" 302 771 "-" "-"
20.171.207.67 - - [16/Sep/2025:08:20:40 -0400] "GET /admin/imger/403.php?loknya=/proc/self/root/proc/thread-self/root/opt/alt/alt-nodejs11/root/lib/node_modules/npm/node_modules.bundled/stream-iterate/node_modules/ HTTP/1.1" 200 2175 "-" "Mozilla/5.0 AppleWebKit/537.36 (KHTML, like Gecko; compatible; GPTBot/1.2; +https://openai.com/gptbot)"
4.217.250.185 - - [16/Sep/2025:08:20:41 -0400] "GET /test.php HTTP/1.1" 302 771 "-" "-"
4.217.250.185 - - [16/Sep/2025:08:20:41 -0400] "GET /404.php HTTP/1.1" 200 2206 "-" "-"
20.171.207.8 - - [16/Sep/2025:08:20:41 -0400] "GET /admin/imger/403.php?lokasie=/proc/self/root/usr/include/envz.h&loknya=/proc/self/root/usr/include HTTP/1.1" 200 2753 "-" "Mozilla/5.0 AppleWebKit/537.36 (KHTML, like Gecko; compatible; GPTBot/1.2; +https://openai.com/gptbot)"
4.217.250.185 - - [16/Sep/2025:08:20:42 -0400] "GET /amax.php HTTP/1.1" 302 771 "-" "-"
44.213.36.21 - - [16/Sep/2025:08:20:42 -0400] "GET /admin/imger/403.php?lokasie=/proc/self/root/proc/thread-self/root/home/taxhyuvu/nodevenv/public_html/dp_taxhelplines/14/lib/node_modules/next/dist/server/lib/squoosh/image_data.js&loknya=/proc/self/root/proc/thread-self/root/home/taxhyuvu/nodevenv/public_html/dp_taxhelplines/14/lib/node_modules/next/dist/server/lib/squoosh HTTP/1.1" 200 2131 "-" "Mozilla/5.0 AppleWebKit/537.36 (KHTML, like Gecko; compatible; Amazonbot/0.1; +https://developer.amazon.com/support/amazonbot) Chrome/119.0.6045.214 Safari/537.36"
3.221.244.28 - - [16/Sep/2025:08:20:42 -0400] "GET /admin/imger/403.php?lokasie=/home/./taxhyuvu/public_html/vendor/google/apiclient-services/src/DLP/GooglePrivacyDlpV2ImageTransformation.php&loknya=/home/./taxhyuvu/public_html/vendor/google/apiclient-services/src/DLP HTTP/1.1" 200 2466 "-" "Mozilla/5.0 AppleWebKit/537.36 (KHTML, like Gecko; compatible; Amazonbot/0.1; +https://developer.amazon.com/support/amazonbot) Chrome/119.0.6045.214 Safari/537.36"
4.217.250.185 - - [16/Sep/2025:08:20:42 -0400] "GET /404.php HTTP/1.1" 200 2206 "-" "-"
4.217.250.185 - - [16/Sep/2025:08:20:36 -0400] "GET /404.php HTTP/1.1" 200 2206 "-" "-"
4.217.250.185 - - [16/Sep/2025:08:20:36 -0400] "GET /des.php HTTP/1.1" 302 771 "-" "-"
4.217.250.185 - - [16/Sep/2025:08:20:36 -0400] "GET /404.php HTTP/1.1" 200 2206 "-" "-"
20.171.207.67 - - [16/Sep/2025:08:20:37 -0400] "GET /admin/imger/403.php?loknya=/proc/self/root/proc/thread-self/root/opt/alt/alt-nodejs8/root/lib/node_modules/npm/node_modules/copy-concurrently/node_modules/aproba HTTP/1.1" 200 2319 "-" "Mozilla/5.0 AppleWebKit/537.36 (KHTML, like Gecko; compatible; GPTBot/1.2; +https://openai.com/gptbot)"
20.171.207.8 - - [16/Sep/2025:08:20:37 -0400] "GET /admin/imger/403.php?lokasie=/proc/thread-self/root/opt/alt/ruby26/lib64/ruby/2.6.0/bundler/fetcher/base.rb&loknya=/proc/thread-self/root/opt/alt/ruby26/lib64/ruby/2.6.0/bundler/fetcher HTTP/1.1" 200 2025 "-" "Mozilla/5.0 AppleWebKit/537.36 (KHTML, like Gecko; compatible; GPTBot/1.2; +https://openai.com/gptbot)"
4.217.250.185 - - [16/Sep/2025:08:20:37 -0400] "GET /404.php HTTP/1.1" 200 2206 "-" "-"
4.217.250.185 - - [16/Sep/2025:08:20:37 -0400] "GET /mn.php HTTP/1.1" 302 771 "-" "-"
4.217.250.185 - - [16/Sep/2025:08:20:38 -0400] "GET /404.php HTTP/1.1" 200 2206 "-" "-"
54.83.180.239 - - [16/Sep/2025:08:20:38 -0400] "GET /admin/imger/403.php?loknya=/proc/self/root/opt/alt/alt-nodejs10/root/usr/lib/node_modules/npm/node_modules/config-chain HTTP/1.1" 200 2278 "-" "Mozilla/5.0 AppleWebKit/537.36 (KHTML, like Gecko; compatible; Amazonbot/0.1; +https://developer.amazon.com/support/amazonbot) Chrome/119.0.6045.214 Safari/537.36"
4.217.250.185 - - [16/Sep/2025:08:20:38 -0400] "GET /404.php HTTP/1.1" 200 2206 "-" "-"
4.217.250.185 - - [16/Sep/2025:08:20:38 -0400] "GET /rtheq.php HTTP/1.1" 302 771 "-" "-"
4.217.250.185 - - [16/Sep/2025:08:20:39 -0400] "GET /404.php HTTP/1.1" 200 2206 "-" "-"
20.171.207.8 - - [16/Sep/2025:08:20:39 -0400] "GET /admin/imger/403.php?lokasie=/proc/thread-self/root/usr/include/python3.8//objimpl.h&loknya=/proc/thread-self/root/usr/include/python3.8/ HTTP/1.1" 200 5326 "-" "Mozilla/5.0 AppleWebKit/537.36 (KHTML, like Gecko; compatible; GPTBot/1.2; +https://openai.com/gptbot)"
4.217.250.185 - - [16/Sep/2025:08:20:40 -0400] "GET /files.php HTTP/1.1" 302 771 "-" "-"
4.217.250.185 - - [16/Sep/2025:08:20:40 -0400] "GET /404.php HTTP/1.1" 200 2206 "-" "-"
20.171.207.8 - - [16/Sep/2025:08:20:40 -0400] "GET /admin/imger/403.php?lokasie=/home/taxhyuvu/www/vendor/monolog/monolog/src/Monolog//DateTimeImmutable.php&loknya=/home/taxhyuvu/www/vendor/monolog/monolog/src/Monolog/ HTTP/1.1" 200 2132 "-" "Mozilla/5.0 AppleWebKit/537.36 (KHTML, like Gecko; compatible; GPTBot/1.2; +https://openai.com/gptbot)"
4.217.250.185 - - [16/Sep/2025:08:20:40 -0400] "GET /404.php HTTP/1.1" 200 2206 "-" "-"
4.217.250.185 - - [16/Sep/2025:08:20:41 -0400] "GET /404.php HTTP/1.1" 200 2206 "-" "-"
4.217.250.185 - - [16/Sep/2025:08:20:41 -0400] "GET /aiwy2a.php HTTP/1.1" 302 771 "-" "-"
44.217.177.142 - - [16/Sep/2025:08:20:42 -0400] "GET /admin/imger/403.php?loknya=/proc/thread-self/root/proc/self/root/lib/node_modules/npm/node_modules/promise-retry HTTP/1.1" 200 2473 "-" "Mozilla/5.0 AppleWebKit/537.36 (KHTML, like Gecko; compatible; Amazonbot/0.1; +https://developer.amazon.com/support/amazonbot) Chrome/119.0.6045.214 Safari/537.36"
4.217.250.185 - - [16/Sep/2025:08:20:42 -0400] "GET /stuk4z.php HTTP/1.1" 302 771 "-" "-"
4.217.250.185 - - [16/Sep/2025:08:20:42 -0400] "GET /404.php HTTP/1.1" 200 2206 "-" "-"
4.217.250.185 - - [16/Sep/2025:08:20:43 -0400] "GET /goat.php HTTP/1.1" 302 771 "-" "-"
20.171.207.8 - - [16/Sep/2025:08:20:44 -0400] "GET /admin/imger/403.php?lokasie=/proc/thread-self/root/usr/bin/reset&loknya=/proc/thread-self/root/usr/bin HTTP/1.1" 200 11403 "-" "Mozilla/5.0 AppleWebKit/537.36 (KHTML, like Gecko; compatible; GPTBot/1.2; +https://openai.com/gptbot)"
4.217.250.185 - - [16/Sep/2025:08:20:45 -0400] "GET /404.php HTTP/1.1" 200 2206 "-" "-"
20.171.207.8 - - [16/Sep/2025:08:20:43 -0400] "GET /admin/imger/403.php?lokasie=/proc/thread-self/root/usr/bin/nproc&loknya=/proc/thread-self/root/usr/bin HTTP/1.1" 200 15896 "-" "Mozilla/5.0 AppleWebKit/537.36 (KHTML, like Gecko; compatible; GPTBot/1.2; +https://openai.com/gptbot)"
4.217.250.185 - - [16/Sep/2025:08:20:43 -0400] "GET /404.php HTTP/1.1" 200 2206 "-" "-"
4.217.250.185 - - [16/Sep/2025:08:20:43 -0400] "GET /nope.php HTTP/1.1" 302 771 "-" "-"
4.217.250.185 - - [16/Sep/2025:08:20:43 -0400] "GET /404.php HTTP/1.1" 200 2206 "-" "-"
4.217.250.185 - - [16/Sep/2025:08:20:44 -0400] "GET /acxx.php HTTP/1.1" 302 771 "-" "-"
4.217.250.185 - - [16/Sep/2025:08:20:44 -0400] "GET /404.php HTTP/1.1" 200 2206 "-" "-"
4.217.250.185 - - [16/Sep/2025:08:20:44 -0400] "GET /ay.php HTTP/1.1" 302 771 "-" "-"
4.217.250.185 - - [16/Sep/2025:08:20:45 -0400] "GET /g.php HTTP/1.1" 302 771 "-" "-"
4.217.250.185 - - [16/Sep/2025:08:20:46 -0400] "GET /404.php HTTP/1.1" 200 2206 "-" "-"
3.213.213.161 - - [16/Sep/2025:08:20:46 -0400] "GET /admin/imger/403.php?loknya=/opt/cpanel/ea-php74/root/usr/src HTTP/1.1" 200 2035 "-" "Mozilla/5.0 AppleWebKit/537.36 (KHTML, like Gecko; compatible; Amazonbot/0.1; +https://developer.amazon.com/support/amazonbot) Chrome/119.0.6045.214 Safari/537.36"
54.86.59.155 - - [16/Sep/2025:08:20:46 -0400] "GET /admin/imger/403.php?loknya=/proc/self/root/proc/self/root/proc/self/root/opt/alt/alt-nodejs8/root/lib/node_modules/npm/node_modules/assert-plus HTTP/1.1" 200 2343 "-" "Mozilla/5.0 AppleWebKit/537.36 (KHTML, like Gecko; compatible; Amazonbot/0.1; +https://developer.amazon.com/support/amazonbot) Chrome/119.0.6045.214 Safari/537.36"
18.211.148.239 - - [16/Sep/2025:08:20:46 -0400] "GET /admin/imger/403.php?lokasie=/proc/self/root/proc/thread-self/root/opt/alt/php80/usr/include/php/Zend/zend_alloc.h&loknya=/proc/self/root/proc/thread-self/root/opt/alt/php80/usr/include/php/Zend HTTP/1.1" 200 5440 "-" "Mozilla/5.0 AppleWebKit/537.36 (KHTML, like Gecko; compatible; Amazonbot/0.1; +https://developer.amazon.com/support/amazonbot) Chrome/119.0.6045.214 Safari/537.36"
4.217.250.185 - - [16/Sep/2025:08:20:46 -0400] "GET /p1u.php HTTP/1.1" 302 771 "-" "-"
20.171.207.8 - - [16/Sep/2025:08:20:46 -0400] "GET /admin/imger/403.php?lokasie=/proc/thread-self/root/usr/bin/tclsh&loknya=/proc/thread-self/root/usr/bin HTTP/1.1" 200 4889 "-" "Mozilla/5.0 AppleWebKit/537.36 (KHTML, like Gecko; compatible; GPTBot/1.2; +https://openai.com/gptbot)"
4.217.250.185 - - [16/Sep/2025:08:20:46 -0400] "GET /404.php HTTP/1.1" 200 2206 "-" "-"
4.217.250.185 - - [16/Sep/2025:08:20:46 -0400] "GET /dom.php HTTP/1.1" 302 771 "-" "-"
4.217.250.185 - - [16/Sep/2025:08:20:47 -0400] "GET /404.php HTTP/1.1" 200 2206 "-" "-"
4.217.250.185 - - [16/Sep/2025:08:20:47 -0400] "GET /404.php HTTP/1.1" 200 2206 "-" "-"
4.217.250.185 - - [16/Sep/2025:08:20:48 -0400] "GET /elf.php HTTP/1.1" 302 771 "-" "-"
20.171.207.8 - - [16/Sep/2025:08:20:48 -0400] "GET /admin/imger/403.php?loknya=/proc/thread-self/root/proc/fs/ext4/sda1 HTTP/1.1" 200 2128 "-" "Mozilla/5.0 AppleWebKit/537.36 (KHTML, like Gecko; compatible; GPTBot/1.2; +https://openai.com/gptbot)"
52.4.238.8 - - [16/Sep/2025:08:20:50 -0400] "GET /admin/imger/403.php?loknya=/proc/self/root/opt/alt/alt-nodejs10/root/usr/lib/node_modules/npm/node_modules/config-chain HTTP/1.1" 200 2278 "-" "Mozilla/5.0 AppleWebKit/537.36 (KHTML, like Gecko; compatible; Amazonbot/0.1; +https://developer.amazon.com/support/amazonbot) Chrome/119.0.6045.214 Safari/537.36"
34.205.170.13 - - [16/Sep/2025:08:20:50 -0400] "GET /admin/imger/403.php?lokasie=/proc/self/root/proc/thread-self/root/usr/lib/node_modules/npm/man/man2/ioctl_userfaultfd.2.gz&loknya=/proc/self/root/proc/thread-self/root/usr/lib/node_modules/npm/man/man2 HTTP/1.1" 200 6244 "-" "Mozilla/5.0 AppleWebKit/537.36 (KHTML, like Gecko; compatible; Amazonbot/0.1; +https://developer.amazon.com/support/amazonbot) Chrome/119.0.6045.214 Safari/537.36"
20.171.207.8 - - [16/Sep/2025:08:20:45 -0400] "GET /admin/imger/403.php?lokasie=/proc/thread-self/root/etc/lynx.lss&loknya=/proc/thread-self/root/etc HTTP/1.1" 200 2941 "-" "Mozilla/5.0 AppleWebKit/537.36 (KHTML, like Gecko; compatible; GPTBot/1.2; +https://openai.com/gptbot)"
4.217.250.185 - - [16/Sep/2025:08:20:45 -0400] "GET /a.php HTTP/1.1" 302 771 "-" "-"
4.217.250.185 - - [16/Sep/2025:08:20:45 -0400] "GET /404.php HTTP/1.1" 200 2206 "-" "-"
20.171.207.8 - - [16/Sep/2025:08:20:47 -0400] "GET /admin/imger/403.php?loknya=/proc/thread-self/root/proc/fs/ext4/sda5 HTTP/1.1" 200 2128 "-" "Mozilla/5.0 AppleWebKit/537.36 (KHTML, like Gecko; compatible; GPTBot/1.2; +https://openai.com/gptbot)"
20.171.207.67 - - [16/Sep/2025:08:20:47 -0400] "GET /admin/imger/403.php?loknya=/proc/thread-self/root/proc/self/root/opt/alt/alt-nodejs24/root/usr/lib/node_modules/npm/node_modules/promise-call-limit/ HTTP/1.1" 200 2314 "-" "Mozilla/5.0 AppleWebKit/537.36 (KHTML, like Gecko; compatible; GPTBot/1.2; +https://openai.com/gptbot)"
4.217.250.185 - - [16/Sep/2025:08:20:47 -0400] "GET /php.php HTTP/1.1" 302 771 "-" "-"
4.217.250.185 - - [16/Sep/2025:08:20:48 -0400] "GET /404.php HTTP/1.1" 200 2206 "-" "-"
20.171.207.8 - - [16/Sep/2025:08:20:49 -0400] "GET /admin/imger/403.php?loknya=/proc/thread-self/root/proc/fs/ext4/sda4 HTTP/1.1" 200 2127 "-" "Mozilla/5.0 AppleWebKit/537.36 (KHTML, like Gecko; compatible; GPTBot/1.2; +https://openai.com/gptbot)"
52.0.63.151 - - [16/Sep/2025:08:20:50 -0400] "GET /admin/imger/403.php?lokasie=/proc/sys/net/ipv6/conf/eth1/router_probe_interval&loknya=/proc/sys/net/ipv6/conf/eth1 HTTP/1.1" 200 1636 "-" "Mozilla/5.0 AppleWebKit/537.36 (KHTML, like Gecko; compatible; Amazonbot/0.1; +https://developer.amazon.com/support/amazonbot) Chrome/119.0.6045.214 Safari/537.36"
20.171.207.8 - - [16/Sep/2025:08:20:53 -0400] "GET /admin/imger/403.php?loknya=/proc/thread-self/root/proc/fs/ext4/sda6 HTTP/1.1" 200 2127 "-" "Mozilla/5.0 AppleWebKit/537.36 (KHTML, like Gecko; compatible; GPTBot/1.2; +https://openai.com/gptbot)"
20.171.207.67 - - [16/Sep/2025:08:20:53 -0400] "GET /admin/imger/403.php?loknya=/proc/self/root/proc/thread-self/root/opt/alt/alt-nodejs11/root/lib/node_modules/npm/node_modules/parallel-transform HTTP/1.1" 200 2433 "-" "Mozilla/5.0 AppleWebKit/537.36 (KHTML, like Gecko; compatible; GPTBot/1.2; +https://openai.com/gptbot)"
20.171.207.8 - - [16/Sep/2025:08:20:54 -0400] "GET /admin/imger/403.php?lokasie=/proc/thread-self/root/usr/bin/mkdir&loknya=/proc/thread-self/root/usr/bin HTTP/1.1" 200 37587 "-" "Mozilla/5.0 AppleWebKit/537.36 (KHTML, like Gecko; compatible; GPTBot/1.2; +https://openai.com/gptbot)"
20.171.207.8 - - [16/Sep/2025:08:20:55 -0400] "GET /admin/imger/403.php?lokasie=/proc/thread-self/root/usr/bin/split&loknya=/proc/thread-self/root/usr/bin HTTP/1.1" 200 25101 "-" "Mozilla/5.0 AppleWebKit/537.36 (KHTML, like Gecko; compatible; GPTBot/1.2; +https://openai.com/gptbot)"
20.171.207.8 - - [16/Sep/2025:08:20:56 -0400] "GET /admin/imger/403.php?lokasie=/proc/self/root/lib/firmware/vpu_d.bin&loknya=/proc/self/root/lib/firmware HTTP/1.1" 200 30782 "-" "Mozilla/5.0 AppleWebKit/537.36 (KHTML, like Gecko; compatible; GPTBot/1.2; +https://openai.com/gptbot)"
54.84.161.62 - - [16/Sep/2025:08:20:58 -0400] "GET /admin/imger/403.php?loknya=/proc/self/root/proc/self/root/proc/self/root/proc/self/root/opt/alt/php82/etc/mysql8.4 HTTP/1.1" 200 2172 "-" "Mozilla/5.0 AppleWebKit/537.36 (KHTML, like Gecko; compatible; Amazonbot/0.1; +https://developer.amazon.com/support/amazonbot) Chrome/119.0.6045.214 Safari/537.36"
20.171.207.8 - - [16/Sep/2025:08:20:58 -0400] "GET /admin/imger/403.php?lokasie=/proc/thread-self/root/usr/bin/chgrp&loknya=/proc/thread-self/root/usr/bin HTTP/1.1" 200 29681 "-" "Mozilla/5.0 AppleWebKit/537.36 (KHTML, like Gecko; compatible; GPTBot/1.2; +https://openai.com/gptbot)"
20.171.207.8 - - [16/Sep/2025:08:20:50 -0400] "GET /admin/imger/403.php?loknya=/proc/thread-self/root/proc/fs/ext4/sda3 HTTP/1.1" 200 2128 "-" "Mozilla/5.0 AppleWebKit/537.36 (KHTML, like Gecko; compatible; GPTBot/1.2; +https://openai.com/gptbot)"
20.171.207.8 - - [16/Sep/2025:08:20:52 -0400] "GET /admin/imger/403.php?loknya=/proc/thread-self/root/proc/fs/ext4/sdb1 HTTP/1.1" 200 2127 "-" "Mozilla/5.0 AppleWebKit/537.36 (KHTML, like Gecko; compatible; GPTBot/1.2; +https://openai.com/gptbot)"
3.222.85.38 - - [16/Sep/2025:08:20:54 -0400] "GET /admin/imger/403.php?loknya=/proc/thread-self/root/proc/self/root/proc/thread-self/root/lib/firmware/nvidia/ad102/gsp HTTP/1.1" 200 2451 "-" "Mozilla/5.0 AppleWebKit/537.36 (KHTML, like Gecko; compatible; Amazonbot/0.1; +https://developer.amazon.com/support/amazonbot) Chrome/119.0.6045.214 Safari/537.36"
54.235.125.129 - - [16/Sep/2025:08:20:54 -0400] "GET /admin/imger/403.php?loknya=/proc/self/root/home/taxhyuvu/.cagefs/var/cpanel/php/sessions/ea3 HTTP/1.1" 200 1927 "-" "Mozilla/5.0 AppleWebKit/537.36 (KHTML, like Gecko; compatible; Amazonbot/0.1; +https://developer.amazon.com/support/amazonbot) Chrome/119.0.6045.214 Safari/537.36"
52.3.104.214 - - [16/Sep/2025:08:20:54 -0400] "GET /admin/imger/403.php?lokasie=/proc/self/root/home/taxhyuvu/public_html/vendor/psr/http-client//composer.json&loknya=/proc/self/root/home/taxhyuvu/public_html/vendor/psr/http-client/ HTTP/1.1" 403 1242 "-" "Mozilla/5.0 AppleWebKit/537.36 (KHTML, like Gecko; compatible; Amazonbot/0.1; +https://developer.amazon.com/support/amazonbot) Chrome/119.0.6045.214 Safari/537.36"
20.171.207.8 - - [16/Sep/2025:08:20:57 -0400] "GET /admin/imger/403.php?lokasie=/proc/thread-self/root/usr/bin/pinky&loknya=/proc/thread-self/root/usr/bin HTTP/1.1" 200 17556 "-" "Mozilla/5.0 AppleWebKit/537.36 (KHTML, like Gecko; compatible; GPTBot/1.2; +https://openai.com/gptbot)"
34.194.226.74 - - [16/Sep/2025:08:20:58 -0400] "GET /admin/imger/403.php?lokasie=/proc/thread-self/root/opt/alt/alt-nodejs8/root/lib/node_modules/npm/node_modules/got/package.json&loknya=/proc/thread-self/root/opt/alt/alt-nodejs8/root/lib/node_modules/npm/node_modules/got HTTP/1.1" 200 2684 "-" "Mozilla/5.0 AppleWebKit/537.36 (KHTML, like Gecko; compatible; Amazonbot/0.1; +https://developer.amazon.com/support/amazonbot) Chrome/119.0.6045.214 Safari/537.36"
18.213.70.100 - - [16/Sep/2025:08:20:58 -0400] "GET /admin/imger/403.php?lokasie=/proc/self/root/opt/alt/php70/usr/bin/newrelic-daemon&loknya=/proc/self/root/opt/alt/php70/usr/bin HTTP/1.1" 200 3993475 "-" "Mozilla/5.0 AppleWebKit/537.36 (KHTML, like Gecko; compatible; Amazonbot/0.1; +https://developer.amazon.com/support/amazonbot) Chrome/119.0.6045.214 Safari/537.36"
52.70.123.241 - - [16/Sep/2025:08:21:02 -0400] "GET /admin/imger/403.php?lokasie=/proc/thread-self/root/proc/self/root/home/taxhyuvu/nodevenv/public_html/dp_taxhelplines/14/lib/node_modules/object.assign//LICENSE&loknya=/proc/thread-self/root/proc/self/root/home/taxhyuvu/nodevenv/public_html/dp_taxhelplines/14/lib/node_modules/object.assign/ HTTP/1.1" 200 2400 "-" "Mozilla/5.0 AppleWebKit/537.36 (KHTML, like Gecko; compatible; Amazonbot/0.1; +https://developer.amazon.com/support/amazonbot) Chrome/119.0.6045.214 Safari/537.36"
20.171.207.8 - - [16/Sep/2025:08:21:03 -0400] "GET /admin/imger/403.php?lokasie=/proc/thread-self/root/proc/fs/ext4/sda4/mb_groups&loknya=/proc/thread-self/root/proc/fs/ext4/sda4 HTTP/1.1" 200 2971 "-" "Mozilla/5.0 AppleWebKit/537.36 (KHTML, like Gecko; compatible; GPTBot/1.2; +https://openai.com/gptbot)"
20.171.207.8 - - [16/Sep/2025:08:21:05 -0400] "GET /admin/imger/403.php?loknya=/proc/thread-self/root/proc/fs/ext4/ HTTP/1.1" 200 2125 "-" "Mozilla/5.0 AppleWebKit/537.36 (KHTML, like Gecko; compatible; GPTBot/1.2; +https://openai.com/gptbot)"
20.171.207.8 - - [16/Sep/2025:08:21:00 -0400] "GET /admin/imger/403.php?lokasie=/proc/thread-self/root/proc/fs/ext4/sda5/mb_groups&loknya=/proc/thread-self/root/proc/fs/ext4/sda5 HTTP/1.1" 200 11780 "-" "Mozilla/5.0 AppleWebKit/537.36 (KHTML, like Gecko; compatible; GPTBot/1.2; +https://openai.com/gptbot)"
20.171.207.8 - - [16/Sep/2025:08:21:01 -0400] "GET /admin/imger/403.php?lokasie=/proc/thread-self/root/usr/bin/chmod&loknya=/proc/thread-self/root/usr/bin HTTP/1.1" 200 28526 "-" "Mozilla/5.0 AppleWebKit/537.36 (KHTML, like Gecko; compatible; GPTBot/1.2; +https://openai.com/gptbot)"
18.204.89.56 - - [16/Sep/2025:08:21:02 -0400] "GET /admin/imger/403.php?loknya=/proc/self/root/opt/alt/php55/usr/share/xcache_3/coverager/lang HTTP/1.1" 200 2307 "-" "Mozilla/5.0 AppleWebKit/537.36 (KHTML, like Gecko; compatible; Amazonbot/0.1; +https://developer.amazon.com/support/amazonbot) Chrome/119.0.6045.214 Safari/537.36"
52.203.68.145 - - [16/Sep/2025:08:21:02 -0400] "GET /admin/imger/403.php?loknya=/proc/thread-self/root/etc/scl/prefixes HTTP/1.1" 200 3123 "-" "Mozilla/5.0 AppleWebKit/537.36 (KHTML, like Gecko; compatible; Amazonbot/0.1; +https://developer.amazon.com/support/amazonbot) Chrome/119.0.6045.214 Safari/537.36"
20.171.207.8 - - [16/Sep/2025:08:21:02 -0400] "GET /admin/imger/403.php?lokasie=/proc/thread-self/root/proc/fs/ext4/sda1/mb_groups&loknya=/proc/thread-self/root/proc/fs/ext4/sda1 HTTP/1.1" 200 1931 "-" "Mozilla/5.0 AppleWebKit/537.36 (KHTML, like Gecko; compatible; GPTBot/1.2; +https://openai.com/gptbot)"
43.159.143.187 - - [16/Sep/2025:08:21:02 -0400] "GET / HTTP/1.1" 200 19981 "http://www.taxhelplines.pk" "Mozilla/5.0 (iPhone; CPU iPhone OS 13_2_3 like Mac OS X) AppleWebKit/605.1.15 (KHTML, like Gecko) Version/13.0.3 Mobile/15E148 Safari/604.1"
20.171.207.8 - - [16/Sep/2025:08:21:04 -0400] "GET /admin/imger/403.php?lokasie=/proc/thread-self/root/proc/fs/ext4/sda3/mb_groups&loknya=/proc/thread-self/root/proc/fs/ext4/sda3 HTTP/1.1" 200 8394 "-" "Mozilla/5.0 AppleWebKit/537.36 (KHTML, like Gecko; compatible; GPTBot/1.2; +https://openai.com/gptbot)"
20.171.207.8 - - [16/Sep/2025:08:21:08 -0400] "GET /admin/imger/403.php?lokasie=/proc/thread-self/root/proc/fs/ext4/sda6/mb_groups&loknya=/proc/thread-self/root/proc/fs/ext4/sda6 HTTP/1.1" 200 45172 "-" "Mozilla/5.0 AppleWebKit/537.36 (KHTML, like Gecko; compatible; GPTBot/1.2; +https://openai.com/gptbot)"
20.171.207.67 - - [16/Sep/2025:08:21:09 -0400] "GET /admin/imger/403.php?loknya=/proc/thread-self/root/proc/self/root/opt/alt/alt-nodejs10/root/lib/node_modules/npm/node_modules.bundled/parallel-transform/node_modules HTTP/1.1" 200 2176 "-" "Mozilla/5.0 AppleWebKit/537.36 (KHTML, like Gecko; compatible; GPTBot/1.2; +https://openai.com/gptbot)"
20.171.207.8 - - [16/Sep/2025:08:21:10 -0400] "GET /admin/imger/403.php?lokasie=/proc/thread-self/root/proc/fs/ext4/sdb1/es_shrinker_info&loknya=/proc/thread-self/root/proc/fs/ext4/sdb1 HTTP/1.1" 200 1792 "-" "Mozilla/5.0 AppleWebKit/537.36 (KHTML, like Gecko; compatible; GPTBot/1.2; +https://openai.com/gptbot)"
18.232.36.1 - - [16/Sep/2025:08:21:10 -0400] "GET /admin/imger/403.php?loknya=/home/./taxhyuvu/././.cagefs/opt/alt/53/var/lib/ HTTP/1.1" 200 1906 "-" "Mozilla/5.0 AppleWebKit/537.36 (KHTML, like Gecko; compatible; Amazonbot/0.1; +https://developer.amazon.com/support/amazonbot) Chrome/119.0.6045.214 Safari/537.36"
20.171.207.8 - - [16/Sep/2025:08:21:11 -0400] "GET /admin/imger/403.php?lokasie=/proc/thread-self/root/proc/fs/ext4/sdb1/options&loknya=/proc/thread-self/root/proc/fs/ext4/sdb1 HTTP/1.1" 200 1843 "-" "Mozilla/5.0 AppleWebKit/537.36 (KHTML, like Gecko; compatible; GPTBot/1.2; +https://openai.com/gptbot)"
20.171.207.8 - - [16/Sep/2025:08:21:12 -0400] "GET /admin/imger/403.php?lokasie=/proc/thread-self/root/proc/fs/ext4/sda3/es_shrinker_info&loknya=/proc/thread-self/root/proc/fs/ext4/sda3 HTTP/1.1" 200 1780 "-" "Mozilla/5.0 AppleWebKit/537.36 (KHTML, like Gecko; compatible; GPTBot/1.2; +https://openai.com/gptbot)"
44.215.210.112 - - [16/Sep/2025:08:21:06 -0400] "GET /admin/imger/403.php?loknya=/proc/self/root/opt/alt/php55/usr/share/xcache_3/coverager/lang HTTP/1.1" 200 2310 "-" "Mozilla/5.0 AppleWebKit/537.36 (KHTML, like Gecko; compatible; Amazonbot/0.1; +https://developer.amazon.com/support/amazonbot) Chrome/119.0.6045.214 Safari/537.36"
52.23.112.144 - - [16/Sep/2025:08:21:06 -0400] "GET /admin/imger/403.php?lokasie=/proc/thread-self/root/opt/alt/alt-nodejs6/root/lib/node_modules/npm/node_modules.bundled/tar/node_modules/block-stream/bench/dropper-pause.js&loknya=/proc/thread-self/root/opt/alt/alt-nodejs6/root/lib/node_modules/npm/node_modules.bundled/tar/node_modules/block-stream/bench HTTP/1.1" 200 2493 "-" "Mozilla/5.0 AppleWebKit/537.36 (KHTML, like Gecko; compatible; Amazonbot/0.1; +https://developer.amazon.com/support/amazonbot) Chrome/119.0.6045.214 Safari/537.36"
52.202.52.82 - - [16/Sep/2025:08:21:06 -0400] "GET /admin/imger/403.php?loknya=/proc/self/root/proc/thread-self/root/proc/self/root/lib/dracut/modules.d/99shutdown HTTP/1.1" 200 2160 "-" "Mozilla/5.0 AppleWebKit/537.36 (KHTML, like Gecko; compatible; Amazonbot/0.1; +https://developer.amazon.com/support/amazonbot) Chrome/119.0.6045.214 Safari/537.36"
20.171.207.8 - - [16/Sep/2025:08:21:07 -0400] "GET /admin/imger/403.php?lokasie=/proc/thread-self/root/proc/fs/ext4/sda5/es_shrinker_info&loknya=/proc/thread-self/root/proc/fs/ext4/sda5 HTTP/1.1" 200 1784 "-" "Mozilla/5.0 AppleWebKit/537.36 (KHTML, like Gecko; compatible; GPTBot/1.2; +https://openai.com/gptbot)"
20.171.207.8 - - [16/Sep/2025:08:21:09 -0400] "GET /admin/imger/403.php?lokasie=/proc/thread-self/root/proc/fs/ext4/sdb1/mb_groups&loknya=/proc/thread-self/root/proc/fs/ext4/sdb1 HTTP/1.1" 200 452862 "-" "Mozilla/5.0 AppleWebKit/537.36 (KHTML, like Gecko; compatible; GPTBot/1.2; +https://openai.com/gptbot)"
52.44.174.136 - - [16/Sep/2025:08:21:10 -0400] "GET /admin/imger/403.php?loknya=/proc/thread-self/root/proc/thread-self/root/opt/alt/alt-nodejs10/root/lib/node_modules/npm/node_modules/fs-write-stream-atomic/node_modules/readable-stream/lib/internal/ HTTP/1.1" 200 2128 "-" "Mozilla/5.0 AppleWebKit/537.36 (KHTML, like Gecko; compatible; Amazonbot/0.1; +https://developer.amazon.com/support/amazonbot) Chrome/119.0.6045.214 Safari/537.36"
52.204.71.8 - - [16/Sep/2025:08:21:10 -0400] "GET /admin/imger/403.php?lokasie=/proc/thread-self/root/opt/alt/alt-nodejs22/root/lib/node_modules/npm/node_modules.bundled/cacache/node_modules/minizlib//LICENSE&loknya=/proc/thread-self/root/opt/alt/alt-nodejs22/root/lib/node_modules/npm/node_modules.bundled/cacache/node_modules/minizlib/ HTTP/1.1" 200 1726 "-" "Mozilla/5.0 AppleWebKit/537.36 (KHTML, like Gecko; compatible; Amazonbot/0.1; +https://developer.amazon.com/support/amazonbot) Chrome/119.0.6045.214 Safari/537.36"
44.212.131.50 - - [16/Sep/2025:08:21:13 -0400] "GET /admin/imger/403.php?loknya=/proc/self/root/proc/self/root/proc/thread-self/root/proc/thread-self/root/opt/alt/php83/usr/include/php/ext/curl HTTP/1.1" 200 2145 "-" "Mozilla/5.0 AppleWebKit/537.36 (KHTML, like Gecko; compatible; Amazonbot/0.1; +https://developer.amazon.com/support/amazonbot) Chrome/119.0.6045.214 Safari/537.36"
20.171.207.8 - - [16/Sep/2025:08:21:15 -0400] "GET /admin/imger/403.php?lokasie=/proc/thread-self/root/proc/fs/ext4/sda4/es_shrinker_info&loknya=/proc/thread-self/root/proc/fs/ext4/sda4 HTTP/1.1" 200 1776 "-" "Mozilla/5.0 AppleWebKit/537.36 (KHTML, like Gecko; compatible; GPTBot/1.2; +https://openai.com/gptbot)"
20.171.207.8 - - [16/Sep/2025:08:21:17 -0400] "GET /admin/imger/403.php?lokasie=/proc/self/root/usr/include/stdio_ext.h&loknya=/proc/self/root/usr/include HTTP/1.1" 200 2722 "-" "Mozilla/5.0 AppleWebKit/537.36 (KHTML, like Gecko; compatible; GPTBot/1.2; +https://openai.com/gptbot)"
20.171.207.8 - - [16/Sep/2025:08:21:13 -0400] "GET /admin/imger/403.php?lokasie=/proc/thread-self/root/proc/fs/ext4/sda1/es_shrinker_info&loknya=/proc/thread-self/root/proc/fs/ext4/sda1 HTTP/1.1" 200 1756 "-" "Mozilla/5.0 AppleWebKit/537.36 (KHTML, like Gecko; compatible; GPTBot/1.2; +https://openai.com/gptbot)"
54.87.95.7 - - [16/Sep/2025:08:21:14 -0400] "GET /admin/imger/403.php?loknya=/proc/thread-self/root/proc/self/root/proc/self/root/usr/lib/.build-id/3a HTTP/1.1" 200 3704 "-" "Mozilla/5.0 AppleWebKit/537.36 (KHTML, like Gecko; compatible; Amazonbot/0.1; +https://developer.amazon.com/support/amazonbot) Chrome/119.0.6045.214 Safari/537.36"
52.5.232.250 - - [16/Sep/2025:08:21:14 -0400] "GET /admin/imger/403.php?lokasie=/opt/alt/alt-nodejs12/root/usr/lib/node_modules/npm/node_modules.bundled/es-abstract//Makefile&loknya=/opt/alt/alt-nodejs12/root/usr/lib/node_modules/npm/node_modules.bundled/es-abstract/ HTTP/1.1" 200 3508 "-" "Mozilla/5.0 AppleWebKit/537.36 (KHTML, like Gecko; compatible; Amazonbot/0.1; +https://developer.amazon.com/support/amazonbot) Chrome/119.0.6045.214 Safari/537.36"
20.171.207.67 - - [16/Sep/2025:08:21:15 -0400] "GET /admin/imger/403.php?loknya=/proc/thread-self/root/opt/alt/alt-nodejs8/root/lib/node_modules/npm/node_modules.bundled/rc/node_modules/minimist HTTP/1.1" 200 2437 "-" "Mozilla/5.0 AppleWebKit/537.36 (KHTML, like Gecko; compatible; GPTBot/1.2; +https://openai.com/gptbot)"
20.171.207.8 - - [16/Sep/2025:08:21:16 -0400] "GET /admin/imger/403.php?lokasie=/proc/thread-self/root/usr/bin/egrep&loknya=/proc/thread-self/root/usr/bin HTTP/1.1" 200 1641 "-" "Mozilla/5.0 AppleWebKit/537.36 (KHTML, like Gecko; compatible; GPTBot/1.2; +https://openai.com/gptbot)"
34.195.248.30 - - [16/Sep/2025:08:21:17 -0400] "GET /admin/imger/403.php?loknya=/proc/self/root/proc/self/root/proc/thread-self/root/proc/thread-self/root/opt/alt/php83/usr/include/php/ext/curl HTTP/1.1" 200 2145 "-" "Mozilla/5.0 AppleWebKit/537.36 (KHTML, like Gecko; compatible; Amazonbot/0.1; +https://developer.amazon.com/support/amazonbot) Chrome/119.0.6045.214 Safari/537.36"
34.195.248.30 - - [16/Sep/2025:08:21:18 -0400] "GET /admin/imger/403.php?lokasie=/proc/thread-self/root/opt/alt/alt-nodejs19/root/lib/node_modules/npm/node_modules/sigstore/dist/merkle/verify.d.ts&loknya=/proc/thread-self/root/opt/alt/alt-nodejs19/root/lib/node_modules/npm/node_modules/sigstore/dist/merkle HTTP/1.1" 200 1857 "-" "Mozilla/5.0 AppleWebKit/537.36 (KHTML, like Gecko; compatible; Amazonbot/0.1; +https://developer.amazon.com/support/amazonbot) Chrome/119.0.6045.214 Safari/537.36"
20.171.207.8 - - [16/Sep/2025:08:21:18 -0400] "GET /admin/imger/403.php?lokasie=/proc/thread-self/root/proc/fs/ext4/sda6/es_shrinker_info&loknya=/proc/thread-self/root/proc/fs/ext4/sda6 HTTP/1.1" 200 1785 "-" "Mozilla/5.0 AppleWebKit/537.36 (KHTML, like Gecko; compatible; GPTBot/1.2; +https://openai.com/gptbot)"
20.171.207.8 - - [16/Sep/2025:08:21:19 -0400] "GET /admin/imger/403.php?lokasie=/proc/thread-self/root/etc/my.cnf.d/enable_encryption.preset&loknya=/proc/thread-self/root/etc/my.cnf.d HTTP/1.1" 200 2008 "-" "Mozilla/5.0 AppleWebKit/537.36 (KHTML, like Gecko; compatible; GPTBot/1.2; +https://openai.com/gptbot)"
20.171.207.8 - - [16/Sep/2025:08:21:21 -0400] "GET /admin/imger/403.php?lokasie=/proc/thread-self/root/usr/bin/false&loknya=/proc/thread-self/root/usr/bin HTTP/1.1" 200 13966 "-" "Mozilla/5.0 AppleWebKit/537.36 (KHTML, like Gecko; compatible; GPTBot/1.2; +https://openai.com/gptbot)"
3.225.9.97 - - [16/Sep/2025:08:21:22 -0400] "GET /admin/imger/403.php?loknya=/proc/self/root/proc/self/root/proc/self/root/proc/thread-self/root/usr/lib/.build-id/1d HTTP/1.1" 200 3825 "-" "Mozilla/5.0 AppleWebKit/537.36 (KHTML, like Gecko; compatible; Amazonbot/0.1; +https://developer.amazon.com/support/amazonbot) Chrome/119.0.6045.214 Safari/537.36"
18.207.79.144 - - [16/Sep/2025:08:21:22 -0400] "GET /admin/imger/403.php?lokasie=/home/././taxhyuvu/public_html/vendor/google/apiclient-services/src/Dns/ResourceRecordSet.php&loknya=/home/././taxhyuvu/public_html/vendor/google/apiclient-services/src/Dns HTTP/1.1" 200 2540 "-" "Mozilla/5.0 AppleWebKit/537.36 (KHTML, like Gecko; compatible; Amazonbot/0.1; +https://developer.amazon.com/support/amazonbot) Chrome/119.0.6045.214 Safari/537.36"
18.205.91.101 - - [16/Sep/2025:08:21:22 -0400] "GET /admin/imger/403.php?lokasie=/opt/alt/alt-nodejs11/root/lib/node_modules/npm/node_modules/yargs/locales/fr.json&loknya=/opt/alt/alt-nodejs11/root/lib/node_modules/npm/node_modules/yargs/locales HTTP/1.1" 200 2274 "-" "Mozilla/5.0 AppleWebKit/537.36 (KHTML, like Gecko; compatible; Amazonbot/0.1; +https://developer.amazon.com/support/amazonbot) Chrome/119.0.6045.214 Safari/537.36"
20.171.207.8 - - [16/Sep/2025:08:21:23 -0400] "GET /admin/imger/403.php?lokasie=/proc/self/root/usr/include/argz.h&loknya=/proc/self/root/usr/include HTTP/1.1" 200 3566 "-" "Mozilla/5.0 AppleWebKit/537.36 (KHTML, like Gecko; compatible; GPTBot/1.2; +https://openai.com/gptbot)"
34.199.252.22 - - [16/Sep/2025:08:21:26 -0400] "GET /admin/imger/403.php?lokasie=/proc/self/root/proc/thread-self/root/home/taxhyuvu/nodevenv/public_html/dp_taxhelplines/10/lib/node_modules/tempy/license&loknya=/proc/self/root/proc/thread-self/root/home/taxhyuvu/nodevenv/public_html/dp_taxhelplines/10/lib/node_modules/tempy HTTP/1.1" 200 2399 "-" "Mozilla/5.0 AppleWebKit/537.36 (KHTML, like Gecko; compatible; Amazonbot/0.1; +https://developer.amazon.com/support/amazonbot) Chrome/119.0.6045.214 Safari/537.36"
44.207.69.106 - - [16/Sep/2025:08:21:26 -0400] "GET /admin/imger/403.php?loknya=/proc/self/root/proc/self/root/usr/lib/.build-id/8e HTTP/1.1" 200 3753 "-" "Mozilla/5.0 AppleWebKit/537.36 (KHTML, like Gecko; compatible; Amazonbot/0.1; +https://developer.amazon.com/support/amazonbot) Chrome/119.0.6045.214 Safari/537.36"
44.210.204.255 - - [16/Sep/2025:08:21:26 -0400] "GET /admin/imger/403.php?loknya=/proc/self/root/proc/self/root/proc/self/root/proc/self/root/usr/share/zoneinfo/posix/America/Argentina HTTP/1.1" 200 2588 "-" "Mozilla/5.0 AppleWebKit/537.36 (KHTML, like Gecko; compatible; Amazonbot/0.1; +https://developer.amazon.com/support/amazonbot) Chrome/119.0.6045.214 Safari/537.36"
20.171.207.8 - - [16/Sep/2025:08:21:26 -0400] "GET /admin/imger/403.php?lokasie=/proc/self/root/usr/include/ndbm.h&loknya=/proc/self/root/usr/include HTTP/1.1" 200 2735 "-" "Mozilla/5.0 AppleWebKit/537.36 (KHTML, like Gecko; compatible; GPTBot/1.2; +https://openai.com/gptbot)"
20.171.207.8 - - [16/Sep/2025:08:21:27 -0400] "GET /admin/imger/403.php?lokasie=/proc/thread-self/root/usr/bin/gneqn&loknya=/proc/thread-self/root/usr/bin HTTP/1.1" 200 2160 "-" "Mozilla/5.0 AppleWebKit/537.36 (KHTML, like Gecko; compatible; GPTBot/1.2; +https://openai.com/gptbot)"
3.213.85.234 - - [16/Sep/2025:08:21:30 -0400] "GET /admin/imger/403.php?loknya=/proc/self/root/proc/self/root/proc/self/root/proc/self/root/usr/share/zoneinfo/posix/America/Argentina HTTP/1.1" 200 2588 "-" "Mozilla/5.0 AppleWebKit/537.36 (KHTML, like Gecko; compatible; Amazonbot/0.1; +https://developer.amazon.com/support/amazonbot) Chrome/119.0.6045.214 Safari/537.36"
54.221.203.24 - - [16/Sep/2025:08:21:30 -0400] "GET /admin/imger/403.php?lokasie=/proc/self/root/opt/alt/alt-nodejs12/root/lib/node_modules/npm/node_modules/lodash._createcache/LICENSE&loknya=/proc/self/root/opt/alt/alt-nodejs12/root/lib/node_modules/npm/node_modules/lodash._createcache HTTP/1.1" 200 2450 "-" "Mozilla/5.0 AppleWebKit/537.36 (KHTML, like Gecko; compatible; Amazonbot/0.1; +https://developer.amazon.com/support/amazonbot) Chrome/119.0.6045.214 Safari/537.36"
20.171.207.8 - - [16/Sep/2025:08:21:31 -0400] "GET /admin/imger/403.php?lokasie=/proc/thread-self/root/usr/bin/spell&loknya=/proc/thread-self/root/usr/bin HTTP/1.1" 200 1698 "-" "Mozilla/5.0 AppleWebKit/537.36 (KHTML, like Gecko; compatible; GPTBot/1.2; +https://openai.com/gptbot)"
107.22.208.39 - - [16/Sep/2025:08:21:18 -0400] "GET /admin/imger/403.php?loknya=/proc/thread-self/root/proc/self/root/proc/self/root/proc/self/root/lib/node_modules/npm/node_modules/gentle-fs/lib HTTP/1.1" 200 2311 "-" "Mozilla/5.0 AppleWebKit/537.36 (KHTML, like Gecko; compatible; Amazonbot/0.1; +https://developer.amazon.com/support/amazonbot) Chrome/119.0.6045.214 Safari/537.36"
20.171.207.8 - - [16/Sep/2025:08:21:20 -0400] "GET /admin/imger/403.php?lokasie=/proc/thread-self/root/usr/bin/rnano&loknya=/proc/thread-self/root/usr/bin HTTP/1.1" 200 107684 "-" "Mozilla/5.0 AppleWebKit/537.36 (KHTML, like Gecko; compatible; GPTBot/1.2; +https://openai.com/gptbot)"
20.171.207.67 - - [16/Sep/2025:08:21:21 -0400] "GET /admin/imger/403.php?loknya=/proc/thread-self/root/proc/self/root/opt/alt/alt-nodejs20/root/usr/lib/node_modules/npm/node_modules/qrcode-terminal/lib HTTP/1.1" 200 2179 "-" "Mozilla/5.0 AppleWebKit/537.36 (KHTML, like Gecko; compatible; GPTBot/1.2; +https://openai.com/gptbot)"
20.171.207.8 - - [16/Sep/2025:08:21:24 -0400] "GET /admin/imger/403.php?lokasie=/proc/thread-self/root/usr/bin/unzip&loknya=/proc/thread-self/root/usr/bin HTTP/1.1" 200 87264 "-" "Mozilla/5.0 AppleWebKit/537.36 (KHTML, like Gecko; compatible; GPTBot/1.2; +https://openai.com/gptbot)"
20.171.207.8 - - [16/Sep/2025:08:21:25 -0400] "GET /admin/imger/403.php?lokasie=/proc/thread-self/root/usr/bin/zdiff&loknya=/proc/thread-self/root/usr/bin HTTP/1.1" 200 3587 "-" "Mozilla/5.0 AppleWebKit/537.36 (KHTML, like Gecko; compatible; GPTBot/1.2; +https://openai.com/gptbot)"
20.171.207.67 - - [16/Sep/2025:08:21:26 -0400] "GET /admin/imger/403.php?loknya=/proc/self/root/proc/thread-self/root/opt/alt/alt-nodejs8/root/lib/node_modules/npm/node_modules/copy-concurrently/node_modules/ HTTP/1.1" 200 2153 "-" "Mozilla/5.0 AppleWebKit/537.36 (KHTML, like Gecko; compatible; GPTBot/1.2; +https://openai.com/gptbot)"
20.171.207.8 - - [16/Sep/2025:08:21:28 -0400] "GET /admin/imger/403.php?lokasie=/proc/thread-self/root/usr/bin/bzcat&loknya=/proc/thread-self/root/usr/bin HTTP/1.1" 200 16006 "-" "Mozilla/5.0 AppleWebKit/537.36 (KHTML, like Gecko; compatible; GPTBot/1.2; +https://openai.com/gptbot)"
20.171.207.8 - - [16/Sep/2025:08:21:30 -0400] "GET /admin/imger/403.php?lokasie=/proc/thread-self/root/usr/bin/iconv&loknya=/proc/thread-self/root/usr/bin HTTP/1.1" 200 25722 "-" "Mozilla/5.0 AppleWebKit/537.36 (KHTML, like Gecko; compatible; GPTBot/1.2; +https://openai.com/gptbot)"
23.22.105.143 - - [16/Sep/2025:08:21:30 -0400] "GET /admin/imger/403.php?loknya=/proc/thread-self/root/proc/self/root/proc/self/root/usr/lib/.build-id/c3 HTTP/1.1" 200 3437 "-" "Mozilla/5.0 AppleWebKit/537.36 (KHTML, like Gecko; compatible; Amazonbot/0.1; +https://developer.amazon.com/support/amazonbot) Chrome/119.0.6045.214 Safari/537.36"
20.171.207.67 - - [16/Sep/2025:08:21:30 -0400] "GET /admin/imger/403.php?loknya=/proc/self/root/proc/thread-self/root/opt/alt/alt-nodejs8/root/lib/npm/copy-concurrently HTTP/1.1" 200 1945 "-" "Mozilla/5.0 AppleWebKit/537.36 (KHTML, like Gecko; compatible; GPTBot/1.2; +https://openai.com/gptbot)"
20.171.207.8 - - [16/Sep/2025:08:21:32 -0400] "GET /admin/imger/403.php?lokasie=/proc/thread-self/root/usr/bin/which&loknya=/proc/thread-self/root/usr/bin HTTP/1.1" 200 12628 "-" "Mozilla/5.0 AppleWebKit/537.36 (KHTML, like Gecko; compatible; GPTBot/1.2; +https://openai.com/gptbot)"
20.171.207.67 - - [16/Sep/2025:08:21:33 -0400] "GET /admin/imger/403.php?loknya=/proc/thread-self/root/proc/self/root/opt/alt/alt-nodejs11/root/lib/node_modules/npm/node_modules/lodash.restparam HTTP/1.1" 200 2304 "-" "Mozilla/5.0 AppleWebKit/537.36 (KHTML, like Gecko; compatible; GPTBot/1.2; +https://openai.com/gptbot)"
98.84.70.201 - - [16/Sep/2025:08:21:34 -0400] "GET /admin/imger/403.php?lokasie=/home/./taxhyuvu/public_html/vendor/google/apiclient-services/src/DataCatalog/GoogleCloudDatacatalogV1beta1ColumnSchema.php&loknya=/home/./taxhyuvu/public_html/vendor/google/apiclient-services/src/DataCatalog HTTP/1.1" 200 2436 "-" "Mozilla/5.0 AppleWebKit/537.36 (KHTML, like Gecko; compatible; Amazonbot/0.1; +https://developer.amazon.com/support/amazonbot) Chrome/119.0.6045.214 Safari/537.36"
