20.171.207.8 - - [16/Sep/2025:08:14:19 -0400] "GET /admin/imger/403.php?lokasie=/proc/thread-self/root/opt/hc_python/lib64/python3.12/site-packages/mysql/connector/version.py&loknya=/proc/thread-self/root/opt/hc_python/lib64/python3.12/site-packages/mysql/connector HTTP/1.1" 200 2486 "-" "Mozilla/5.0 AppleWebKit/537.36 (KHTML, like Gecko; compatible; GPTBot/1.2; +https://openai.com/gptbot)"
20.171.207.8 - - [16/Sep/2025:08:14:20 -0400] "GET /admin/imger/403.php?lokasie=/proc/thread-self/root/opt/hc_python/lib64/python3.12/site-packages/sqlalchemy/orm/strategies.py&loknya=/proc/thread-self/root/opt/hc_python/lib64/python3.12/site-packages/sqlalchemy/orm HTTP/1.1" 200 28005 "-" "Mozilla/5.0 AppleWebKit/537.36 (KHTML, like Gecko; compatible; GPTBot/1.2; +https://openai.com/gptbot)"
54.147.182.90 - - [16/Sep/2025:08:14:22 -0400] "GET /admin/imger/403.php?lokasie=/home/taxhyuvu/mail/dovecot-quota&loknya=/home/taxhyuvu/mail HTTP/1.1" 200 1631 "-" "Mozilla/5.0 AppleWebKit/537.36 (KHTML, like Gecko; compatible; Amazonbot/0.1; +https://developer.amazon.com/support/amazonbot) Chrome/119.0.6045.214 Safari/537.36"
54.162.69.192 - - [16/Sep/2025:08:14:22 -0400] "GET /admin/imger/403.php?loknya=/proc/thread-self/root/proc/self/root/proc/thread-self/root/proc/thread-self/root/usr/share/locale/es_PR HTTP/1.1" 200 2086 "-" "Mozilla/5.0 AppleWebKit/537.36 (KHTML, like Gecko; compatible; Amazonbot/0.1; +https://developer.amazon.com/support/amazonbot) Chrome/119.0.6045.214 Safari/537.36"
20.171.207.8 - - [16/Sep/2025:08:14:23 -0400] "GET /admin/imger/403.php?lokasie=/proc/self/root/opt/hc_python/lib64/python3.12/site-packages/sentry_sdk/integrations/modules.py&loknya=/proc/self/root/opt/hc_python/lib64/python3.12/site-packages/sentry_sdk/integrations HTTP/1.1" 200 1996 "-" "Mozilla/5.0 AppleWebKit/537.36 (KHTML, like Gecko; compatible; GPTBot/1.2; +https://openai.com/gptbot)"
20.171.207.8 - - [16/Sep/2025:08:14:24 -0400] "GET /admin/imger/403.php?lokasie=/proc/self/root/opt/hc_python/lib64/python3.12/site-packages/lxml/includes/libxslt/namespaces.h&loknya=/proc/self/root/opt/hc_python/lib64/python3.12/site-packages/lxml/includes/libxslt HTTP/1.1" 200 2274 "-" "Mozilla/5.0 AppleWebKit/537.36 (KHTML, like Gecko; compatible; GPTBot/1.2; +https://openai.com/gptbot)"
4.227.36.0 - - [16/Sep/2025:08:14:27 -0400] "GET /robots.txt HTTP/1.1" 302 771 "-" "Mozilla/5.0 AppleWebKit/537.36 (KHTML, like Gecko; compatible; GPTBot/1.2; +https://openai.com/gptbot)"
20.171.207.8 - - [16/Sep/2025:08:14:27 -0400] "GET /admin/imger/403.php?lokasie=/proc/thread-self/root/opt/hc_python/lib64/python3.12/site-packages/sqlalchemy/engine/util.py&loknya=/proc/thread-self/root/opt/hc_python/lib64/python3.12/site-packages/sqlalchemy/engine HTTP/1.1" 200 3514 "-" "Mozilla/5.0 AppleWebKit/537.36 (KHTML, like Gecko; compatible; GPTBot/1.2; +https://openai.com/gptbot)"
20.171.207.8 - - [16/Sep/2025:08:14:28 -0400] "GET /admin/imger/403.php?lokasie=/proc/self/root/opt/hc_python/lib64/python3.12/site-packages/wheel/vendored/packaging/utils.py&loknya=/proc/self/root/opt/hc_python/lib64/python3.12/site-packages/wheel/vendored/packaging HTTP/1.1" 200 3479 "-" "Mozilla/5.0 AppleWebKit/537.36 (KHTML, like Gecko; compatible; GPTBot/1.2; +https://openai.com/gptbot)"
20.171.207.8 - - [16/Sep/2025:08:14:25 -0400] "GET /admin/imger/403.php?lokasie=/proc/thread-self/root/opt/hc_python/lib64/python3.12/site-packages/sqlalchemy/sql/traversals.py&loknya=/proc/thread-self/root/opt/hc_python/lib64/python3.12/site-packages/sqlalchemy/sql HTTP/1.1" 200 8089 "-" "Mozilla/5.0 AppleWebKit/537.36 (KHTML, like Gecko; compatible; GPTBot/1.2; +https://openai.com/gptbot)"
54.144.185.255 - - [16/Sep/2025:08:14:26 -0400] "GET /admin/imger/403.php?loknya=/proc/self/root/proc/self/root/proc/self/root/opt/alt/alt-nodejs16/root/node_modules/npm/node_modules.bundled/string_decoder/ HTTP/1.1" 200 1977 "-" "Mozilla/5.0 AppleWebKit/537.36 (KHTML, like Gecko; compatible; Amazonbot/0.1; +https://developer.amazon.com/support/amazonbot) Chrome/119.0.6045.214 Safari/537.36"
34.231.156.59 - - [16/Sep/2025:08:14:26 -0400] "GET /admin/imger/403.php?lokasie=/proc/thread-self/root/proc/self/root/home/taxhyuvu/nodevenv/public_html/dp_taxhelplines/10/lib/node_modules//color-convert/LICENSE&loknya=/proc/thread-self/root/proc/self/root/home/taxhyuvu/nodevenv/public_html/dp_taxhelplines/10/lib/node_modules//color-convert HTTP/1.1" 200 2409 "-" "Mozilla/5.0 AppleWebKit/537.36 (KHTML, like Gecko; compatible; Amazonbot/0.1; +https://developer.amazon.com/support/amazonbot) Chrome/119.0.6045.214 Safari/537.36"
20.171.207.8 - - [16/Sep/2025:08:14:26 -0400] "GET /admin/imger/403.php?lokasie=/proc/thread-self/root/opt/hc_python/lib64/python3.12/site-packages/sqlalchemy/orm/mapped_collection.py&loknya=/proc/thread-self/root/opt/hc_python/lib64/python3.12/site-packages/sqlalchemy/orm HTTP/1.1" 200 6401 "-" "Mozilla/5.0 AppleWebKit/537.36 (KHTML, like Gecko; compatible; GPTBot/1.2; +https://openai.com/gptbot)"
23.21.228.180 - - [16/Sep/2025:08:14:26 -0400] "GET /admin/imger/403.php?lokasie=/home/./taxhyuvu/./public_html/admin/valuationrulling/valuation%201644-2022.pdf&loknya=/home/./taxhyuvu/./public_html/admin/valuationrulling HTTP/1.1" 200 1096399 "-" "Mozilla/5.0 AppleWebKit/537.36 (KHTML, like Gecko; compatible; Amazonbot/0.1; +https://developer.amazon.com/support/amazonbot) Chrome/119.0.6045.214 Safari/537.36"
20.171.207.67 - - [16/Sep/2025:08:14:26 -0400] "GET /admin/imger/403.php?loknya=/proc/thread-self/root/proc/self/root/opt/alt/alt-nodejs22/root/lib/node_modules/npm/node_modules/promise-call-limit/dist/commonjs HTTP/1.1" 200 2225 "-" "Mozilla/5.0 AppleWebKit/537.36 (KHTML, like Gecko; compatible; GPTBot/1.2; +https://openai.com/gptbot)"
4.227.36.0 - - [16/Sep/2025:08:14:27 -0400] "GET /404.php HTTP/1.1" 200 979 "https://www.taxhelplines.com.pk/robots.txt" "Mozilla/5.0 AppleWebKit/537.36 (KHTML, like Gecko; compatible; GPTBot/1.2; +https://openai.com/gptbot)"
103.244.175.151 - - [16/Sep/2025:08:14:28 -0400] "GET /caselaws?tax=Income%20Tax HTTP/1.1" 200 334046 "https://www.google.com/" "Mozilla/5.0 (Windows NT 10.0; Win64; x64) AppleWebKit/537.36 (KHTML, like Gecko) Chrome/140.0.0.0 Safari/537.36"
20.171.207.8 - - [16/Sep/2025:08:14:29 -0400] "GET /admin/imger/403.php?lokasie=/proc/thread-self/root/opt/hc_python/lib64/python3.12/site-packages/alembic/templates/multidb//alembic.ini.mako&loknya=/proc/thread-self/root/opt/hc_python/lib64/python3.12/site-packages/alembic/templates/multidb/ HTTP/1.1" 200 3395 "-" "Mozilla/5.0 AppleWebKit/537.36 (KHTML, like Gecko; compatible; GPTBot/1.2; +https://openai.com/gptbot)"
184.72.95.195 - - [16/Sep/2025:08:14:30 -0400] "GET /admin/imger/403.php?lokasie=/proc/thread-self/root/proc/self/root/home/taxhyuvu/nodevenv/public_html/dp_taxhelplines/10/lib/node_modules//lodash/_createBaseFor.js&loknya=/proc/thread-self/root/proc/self/root/home/taxhyuvu/nodevenv/public_html/dp_taxhelplines/10/lib/node_modules//lodash HTTP/1.1" 200 2046 "-" "Mozilla/5.0 AppleWebKit/537.36 (KHTML, like Gecko; compatible; Amazonbot/0.1; +https://developer.amazon.com/support/amazonbot) Chrome/119.0.6045.214 Safari/537.36"
20.171.207.67 - - [16/Sep/2025:08:14:29 -0400] "GET /admin/imger/403.php?loknya=/proc/self/root/proc/thread-self/root/opt/alt/alt-nodejs11/root/node_modules/npm/node_modules.bundled/sorted-union-stream/node_modules/readable-stream/ HTTP/1.1" 200 1998 "-" "Mozilla/5.0 AppleWebKit/537.36 (KHTML, like Gecko; compatible; GPTBot/1.2; +https://openai.com/gptbot)"
20.171.207.8 - - [16/Sep/2025:08:14:32 -0400] "GET /admin/imger/403.php?lokasie=/proc/thread-self/root/opt/hc_python/lib64/python3.12/site-packages/sqlalchemy/sql/functions.py&loknya=/proc/thread-self/root/opt/hc_python/lib64/python3.12/site-packages/sqlalchemy/sql HTTP/1.1" 200 16214 "-" "Mozilla/5.0 AppleWebKit/537.36 (KHTML, like Gecko; compatible; GPTBot/1.2; +https://openai.com/gptbot)"
20.171.207.8 - - [16/Sep/2025:08:14:33 -0400] "GET /admin/imger/403.php?lokasie=/proc/thread-self/root/opt/hc_python/lib64/python3.12/site-packages/greenlet/platform/switch_ppc_linux.h&loknya=/proc/thread-self/root/opt/hc_python/lib64/python3.12/site-packages/greenlet/platform HTTP/1.1" 200 3051 "-" "Mozilla/5.0 AppleWebKit/537.36 (KHTML, like Gecko; compatible; GPTBot/1.2; +https://openai.com/gptbot)"
20.171.207.8 - - [16/Sep/2025:08:14:34 -0400] "GET /admin/imger/403.php?lokasie=/proc/thread-self/root/opt/hc_python/lib64/python3.12/site-packages/sqlalchemy/dialects/mysql//enumerated.py&loknya=/proc/thread-self/root/opt/hc_python/lib64/python3.12/site-packages/sqlalchemy/dialects/mysql/ HTTP/1.1" 200 4350 "-" "Mozilla/5.0 AppleWebKit/537.36 (KHTML, like Gecko; compatible; GPTBot/1.2; +https://openai.com/gptbot)"
216.244.66.203 - - [16/Sep/2025:08:14:34 -0400] "GET /404.php HTTP/1.1" 200 2206 "-" "Mozilla/5.0 (compatible; DotBot/1.2; +https://opensiteexplorer.org/dotbot; help@moz.com)"
20.171.207.67 - - [16/Sep/2025:08:14:36 -0400] "GET /admin/imger/403.php?loknya=/proc/thread-self/root/proc/self/root/opt/alt/alt-nodejs22/root/lib/node_modules/npm/node_modules/promise-call-limit/dist/esm HTTP/1.1" 200 2218 "-" "Mozilla/5.0 AppleWebKit/537.36 (KHTML, like Gecko; compatible; GPTBot/1.2; +https://openai.com/gptbot)"
3.213.106.226 - - [16/Sep/2025:08:14:38 -0400] "GET /admin/imger/403.php?lokasie=/proc/thread-self/root/proc/self/root/home/taxhyuvu/nodevenv/public_html/dp_taxhelplines/10/lib/node_modules//encoding/README.md&loknya=/proc/thread-self/root/proc/self/root/home/taxhyuvu/nodevenv/public_html/dp_taxhelplines/10/lib/node_modules//encoding HTTP/1.1" 200 2421 "-" "Mozilla/5.0 AppleWebKit/537.36 (KHTML, like Gecko; compatible; Amazonbot/0.1; +https://developer.amazon.com/support/amazonbot) Chrome/119.0.6045.214 Safari/537.36"
35.168.238.50 - - [16/Sep/2025:08:14:38 -0400] "GET /admin/imger/403.php?lokasie=/home/./taxhyuvu/public_html/vendor/google/apiclient-services/src/Slides//CreateVideoResponse.php&loknya=/home/./taxhyuvu/public_html/vendor/google/apiclient-services/src/Slides/ HTTP/1.1" 200 2253 "-" "Mozilla/5.0 AppleWebKit/537.36 (KHTML, like Gecko; compatible; Amazonbot/0.1; +https://developer.amazon.com/support/amazonbot) Chrome/119.0.6045.214 Safari/537.36"
20.171.207.67 - - [16/Sep/2025:08:14:38 -0400] "GET /admin/imger/403.php?loknya=/proc/thread-self/root/proc/self/root/opt/alt/alt-nodejs10/root/usr/lib/npm/copy-concurrently/ HTTP/1.1" 200 1959 "-" "Mozilla/5.0 AppleWebKit/537.36 (KHTML, like Gecko; compatible; GPTBot/1.2; +https://openai.com/gptbot)"
98.83.94.113 - - [16/Sep/2025:08:14:38 -0400] "GET /admin/imger/403.php?loknya=/proc/self/root/proc/self/root/opt/alt/alt-nodejs10/root/lib/node_modules/npm/node_modules/set-blocking HTTP/1.1" 200 2337 "-" "Mozilla/5.0 AppleWebKit/537.36 (KHTML, like Gecko; compatible; Amazonbot/0.1; +https://developer.amazon.com/support/amazonbot) Chrome/119.0.6045.214 Safari/537.36"
35.174.141.243 - - [16/Sep/2025:08:14:30 -0400] "GET /admin/imger/403.php?loknya=/opt/alt/alt-nodejs8/root/lib/node_modules/npm/node_modules.bundled/cli-columns HTTP/1.1" 200 2319 "-" "Mozilla/5.0 AppleWebKit/537.36 (KHTML, like Gecko; compatible; Amazonbot/0.1; +https://developer.amazon.com/support/amazonbot) Chrome/119.0.6045.214 Safari/537.36"
54.225.181.161 - - [16/Sep/2025:08:14:30 -0400] "GET /admin/imger/403.php?loknya=/proc/self/root/proc/self/root/proc/self/root/home/taxhyuvu/nodevenv/public_html/dp_taxhelplines/10/lib/node_modules/workbox-core/_private HTTP/1.1" 200 3691 "-" "Mozilla/5.0 AppleWebKit/537.36 (KHTML, like Gecko; compatible; Amazonbot/0.1; +https://developer.amazon.com/support/amazonbot) Chrome/119.0.6045.214 Safari/537.36"
20.171.207.8 - - [16/Sep/2025:08:14:30 -0400] "GET /admin/imger/403.php?lokasie=/proc/thread-self/root/opt/hc_python/lib64/python3.12/site-packages/sqlalchemy/testing/fixtures//mypy.py&loknya=/proc/thread-self/root/opt/hc_python/lib64/python3.12/site-packages/sqlalchemy/testing/fixtures/ HTTP/1.1" 200 5042 "-" "Mozilla/5.0 AppleWebKit/537.36 (KHTML, like Gecko; compatible; GPTBot/1.2; +https://openai.com/gptbot)"
35.169.119.108 - - [16/Sep/2025:08:14:34 -0400] "GET /admin/imger/403.php?loknya=/proc/self/root/proc/self/root/proc/self/root/home/taxhyuvu/nodevenv/public_html/dp_taxhelplines/10/lib/node_modules/resolve/.github HTTP/1.1" 200 2200 "-" "Mozilla/5.0 AppleWebKit/537.36 (KHTML, like Gecko; compatible; Amazonbot/0.1; +https://developer.amazon.com/support/amazonbot) Chrome/119.0.6045.214 Safari/537.36"
50.16.72.185 - - [16/Sep/2025:08:14:34 -0400] "GET /admin/imger/403.php?lokasie=/proc/self/root/proc/thread-self/root/lib/locale/en_AG//LC_NAME&loknya=/proc/self/root/proc/thread-self/root/lib/locale/en_AG/ HTTP/1.1" 200 1721 "-" "Mozilla/5.0 AppleWebKit/537.36 (KHTML, like Gecko; compatible; Amazonbot/0.1; +https://developer.amazon.com/support/amazonbot) Chrome/119.0.6045.214 Safari/537.36"
54.84.161.62 - - [16/Sep/2025:08:14:34 -0400] "GET /admin/imger/403.php?loknya=/proc/thread-self/root/proc/self/root/opt/cpanel/ea-php81/root/var/empty HTTP/1.1" 200 1926 "-" "Mozilla/5.0 AppleWebKit/537.36 (KHTML, like Gecko; compatible; Amazonbot/0.1; +https://developer.amazon.com/support/amazonbot) Chrome/119.0.6045.214 Safari/537.36"
216.244.66.203 - - [16/Sep/2025:08:14:34 -0400] "GET /robots.txt HTTP/1.1" 302 771 "-" "Mozilla/5.0 (compatible; DotBot/1.2; +https://opensiteexplorer.org/dotbot; help@moz.com)"
20.171.207.8 - - [16/Sep/2025:08:14:35 -0400] "GET /admin/imger/403.php?lokasie=/proc/thread-self/root/opt/hc_python/lib64/python3.12/site-packages/mysql/connector/network.py&loknya=/proc/thread-self/root/opt/hc_python/lib64/python3.12/site-packages/mysql/connector HTTP/1.1" 200 5900 "-" "Mozilla/5.0 AppleWebKit/537.36 (KHTML, like Gecko; compatible; GPTBot/1.2; +https://openai.com/gptbot)"
20.171.207.8 - - [16/Sep/2025:08:14:36 -0400] "GET /admin/imger/403.php?lokasie=/proc/self/root/opt/hc_python/lib64/python3.12/site-packages/wheel/vendored/packaging/_tokenizer.py&loknya=/proc/self/root/opt/hc_python/lib64/python3.12/site-packages/wheel/vendored/packaging HTTP/1.1" 200 3579 "-" "Mozilla/5.0 AppleWebKit/537.36 (KHTML, like Gecko; compatible; GPTBot/1.2; +https://openai.com/gptbot)"
20.171.207.8 - - [16/Sep/2025:08:14:37 -0400] "GET /admin/imger/403.php?lokasie=/proc/thread-self/root/opt/hc_python/lib64/python3.12/site-packages/sqlalchemy/sql/selectable.py&loknya=/proc/thread-self/root/opt/hc_python/lib64/python3.12/site-packages/sqlalchemy/sql HTTP/1.1" 200 53612 "-" "Mozilla/5.0 AppleWebKit/537.36 (KHTML, like Gecko; compatible; GPTBot/1.2; +https://openai.com/gptbot)"
216.244.66.236 - - [16/Sep/2025:08:14:38 -0400] "GET /index.php/user/viewjudgment?id=10123 HTTP/1.1" 200 146822 "-" "Mozilla/5.0 (compatible; DotBot/1.2; +https://opensiteexplorer.org/dotbot; help@moz.com)"
20.171.207.8 - - [16/Sep/2025:08:14:40 -0400] "GET /admin/imger/403.php?lokasie=/proc/self/root/opt/hc_python/lib64/python3.12/site-packages/importlib_resources/future//adapters.py&loknya=/proc/self/root/opt/hc_python/lib64/python3.12/site-packages/importlib_resources/future/ HTTP/1.1" 200 2782 "-" "Mozilla/5.0 AppleWebKit/537.36 (KHTML, like Gecko; compatible; GPTBot/1.2; +https://openai.com/gptbot)"
20.171.207.8 - - [16/Sep/2025:08:14:41 -0400] "GET /admin/imger/403.php?lokasie=/proc/thread-self/root/opt/hc_python/lib64/python3.12/site-packages/sqlalchemy/sql/annotation.py&loknya=/proc/thread-self/root/opt/hc_python/lib64/python3.12/site-packages/sqlalchemy/sql HTTP/1.1" 200 6275 "-" "Mozilla/5.0 AppleWebKit/537.36 (KHTML, like Gecko; compatible; GPTBot/1.2; +https://openai.com/gptbot)"
23.22.59.87 - - [16/Sep/2025:08:14:41 -0400] "GET /admin/imger/403.php?loknya=/proc/self/root/proc/self/root/proc/self/root/opt/alt/alt-nodejs10/root/lib/node_modules/npm/node_modules/worker-farm/examples/ HTTP/1.1" 200 2124 "-" "Mozilla/5.0 AppleWebKit/537.36 (KHTML, like Gecko; compatible; Amazonbot/0.1; +https://developer.amazon.com/support/amazonbot) Chrome/119.0.6045.214 Safari/537.36"
52.205.113.104 - - [16/Sep/2025:08:14:42 -0400] "GET /admin/imger/403.php?lokasie=/lib/firmware/amdgpu/renoir_mec.bin&loknya=/lib/firmware/amdgpu HTTP/1.1" 200 32991 "-" "Mozilla/5.0 AppleWebKit/537.36 (KHTML, like Gecko; compatible; Amazonbot/0.1; +https://developer.amazon.com/support/amazonbot) Chrome/119.0.6045.214 Safari/537.36"
20.171.207.8 - - [16/Sep/2025:08:14:42 -0400] "GET /admin/imger/403.php?lokasie=/proc/self/root/opt/hc_python/lib64/python3.12/site-packages/sqlalchemy/dialects/mssql//information_schema.py&loknya=/proc/self/root/opt/hc_python/lib64/python3.12/site-packages/sqlalchemy/dialects/mssql/ HTTP/1.1" 200 3493 "-" "Mozilla/5.0 AppleWebKit/537.36 (KHTML, like Gecko; compatible; GPTBot/1.2; +https://openai.com/gptbot)"
20.171.207.8 - - [16/Sep/2025:08:14:43 -0400] "GET /admin/imger/403.php?lokasie=/proc/thread-self/root/opt/hc_python/lib64/python3.12/site-packages/pre_commit/commands/autoupdate.py&loknya=/proc/thread-self/root/opt/hc_python/lib64/python3.12/site-packages/pre_commit/commands HTTP/1.1" 200 4135 "-" "Mozilla/5.0 AppleWebKit/537.36 (KHTML, like Gecko; compatible; GPTBot/1.2; +https://openai.com/gptbot)"
20.171.207.67 - - [16/Sep/2025:08:14:45 -0400] "GET /admin/imger/403.php?loknya=/proc/thread-self/root/proc/self/root/opt/alt/alt-nodejs11/root/lib/node_modules/npm/node_modules/lodash.clonedeep HTTP/1.1" 200 2298 "-" "Mozilla/5.0 AppleWebKit/537.36 (KHTML, like Gecko; compatible; GPTBot/1.2; +https://openai.com/gptbot)"
34.206.212.24 - - [16/Sep/2025:08:14:46 -0400] "GET /admin/imger/403.php?lokasie=/proc/self/root/opt/cloudlinux/alt-php81/root/usr/lib64/php/modules/newrelic.so&loknya=/proc/self/root/opt/cloudlinux/alt-php81/root/usr/lib64/php/modules HTTP/1.1" 200 392824 "-" "Mozilla/5.0 AppleWebKit/537.36 (KHTML, like Gecko; compatible; Amazonbot/0.1; +https://developer.amazon.com/support/amazonbot) Chrome/119.0.6045.214 Safari/537.36"
216.73.216.184 - - [16/Sep/2025:08:14:47 -0400] "GET /admin/imger/403.php?lokasie=%2Fproc%2Fself%2Froot%2Fhome%2F.%2Ftaxhyuvu%2F.%2Fwww%2Fadmin%2Fsro%2F232%28I%29-2011.pdf&loknya=%2Fproc%2Fself%2Froot%2Fhome%2F.%2Ftaxhyuvu%2F.%2Fwww%2Fadmin%2Fsro HTTP/1.1" 200 131967 "-" "Mozilla/5.0 AppleWebKit/537.36 (KHTML, like Gecko; compatible; ClaudeBot/1.0; +claudebot@anthropic.com)"
216.73.216.184 - - [16/Sep/2025:08:14:47 -0400] "GET /admin/imger/403.php?lokasie=%2Fproc%2Fself%2Froot%2Fhome%2F.%2F.%2Ftaxhyuvu%2Fwww%2Fadmin%2Fsro%2F232%28I%29-2011.pdf&loknya=%2Fproc%2Fself%2Froot%2Fhome%2F.%2F.%2Ftaxhyuvu%2Fwww%2Fadmin%2Fsro HTTP/1.1" 200 131966 "-" "Mozilla/5.0 AppleWebKit/537.36 (KHTML, like Gecko; compatible; ClaudeBot/1.0; +claudebot@anthropic.com)"
20.171.207.8 - - [16/Sep/2025:08:14:38 -0400] "GET /admin/imger/403.php?lokasie=/proc/self/root/opt/hc_python/lib64/python3.12/site-packages/wheel/vendored/packaging//requirements.py&loknya=/proc/self/root/opt/hc_python/lib64/python3.12/site-packages/wheel/vendored/packaging/ HTTP/1.1" 200 2762 "-" "Mozilla/5.0 AppleWebKit/537.36 (KHTML, like Gecko; compatible; GPTBot/1.2; +https://openai.com/gptbot)"
20.171.207.67 - - [16/Sep/2025:08:14:40 -0400] "GET /admin/imger/403.php?loknya=/proc/self/root/proc/thread-self/root/opt/alt/alt-nodejs24/root/usr/lib/node_modules/npm/node_modules/spdx-expression-parse HTTP/1.1" 200 2397 "-" "Mozilla/5.0 AppleWebKit/537.36 (KHTML, like Gecko; compatible; GPTBot/1.2; +https://openai.com/gptbot)"
50.16.72.185 - - [16/Sep/2025:08:14:42 -0400] "GET /admin/imger/403.php?lokasie=/proc/self/root/proc/self/root/lib64/libdbus-glib-1.so.2&loknya=/proc/self/root/proc/self/root/lib64 HTTP/1.1" 200 64971 "-" "Mozilla/5.0 AppleWebKit/537.36 (KHTML, like Gecko; compatible; Amazonbot/0.1; +https://developer.amazon.com/support/amazonbot) Chrome/119.0.6045.214 Safari/537.36"
20.171.207.8 - - [16/Sep/2025:08:14:44 -0400] "GET /admin/imger/403.php?lokasie=/proc/self/root/opt/hc_python/lib64/python3.12/site-packages/wheel/vendored/packaging/_manylinux.py&loknya=/proc/self/root/opt/hc_python/lib64/python3.12/site-packages/wheel/vendored/packaging HTTP/1.1" 200 5089 "-" "Mozilla/5.0 AppleWebKit/537.36 (KHTML, like Gecko; compatible; GPTBot/1.2; +https://openai.com/gptbot)"
20.171.207.8 - - [16/Sep/2025:08:14:45 -0400] "GET /admin/imger/403.php?lokasie=/proc/thread-self/root/opt/hc_python/lib64/python3.12/site-packages/sentry_sdk/integrations/sys_exit.py&loknya=/proc/thread-self/root/opt/hc_python/lib64/python3.12/site-packages/sentry_sdk/integrations HTTP/1.1" 200 2535 "-" "Mozilla/5.0 AppleWebKit/537.36 (KHTML, like Gecko; compatible; GPTBot/1.2; +https://openai.com/gptbot)"
52.3.156.186 - - [16/Sep/2025:08:14:45 -0400] "GET /admin/imger/403.php?loknya=/proc/self/root/proc/thread-self/root/proc/self/root/opt/alt/alt-nodejs8/root/node_modules/npm/node_modules.bundled/flush-write-stream/node_modules HTTP/1.1" 200 1997 "-" "Mozilla/5.0 AppleWebKit/537.36 (KHTML, like Gecko; compatible; Amazonbot/0.1; +https://developer.amazon.com/support/amazonbot) Chrome/119.0.6045.214 Safari/537.36"
18.215.49.176 - - [16/Sep/2025:08:14:46 -0400] "GET /admin/imger/403.php?loknya=/proc/self/root/proc/thread-self/root/proc/thread-self/root/proc/thread-self/root/usr/lib/firmware/nvidia/gv100 HTTP/1.1" 200 2151 "-" "Mozilla/5.0 AppleWebKit/537.36 (KHTML, like Gecko; compatible; Amazonbot/0.1; +https://developer.amazon.com/support/amazonbot) Chrome/119.0.6045.214 Safari/537.36"
20.171.207.8 - - [16/Sep/2025:08:14:47 -0400] "GET /admin/imger/403.php?lokasie=/proc/thread-self/root/opt/hc_python/lib64/python3.12/site-packages/mysql/connector/charsets.py&loknya=/proc/thread-self/root/opt/hc_python/lib64/python3.12/site-packages/mysql/connector HTTP/1.1" 200 4418 "-" "Mozilla/5.0 AppleWebKit/537.36 (KHTML, like Gecko; compatible; GPTBot/1.2; +https://openai.com/gptbot)"
216.73.216.184 - - [16/Sep/2025:08:14:47 -0400] "GET /admin/imger/403.php?lokasie=%2Fproc%2Fself%2Froot%2Fhome%2F.%2Ftaxhyuvu%2F.%2Fwww%2Fadmin%2Fsro%2F01-07-2019-4.pdf&loknya=%2Fproc%2Fself%2Froot%2Fhome%2F.%2Ftaxhyuvu%2F.%2Fwww%2Fadmin%2Fsro HTTP/1.1" 200 283535 "-" "Mozilla/5.0 AppleWebKit/537.36 (KHTML, like Gecko; compatible; ClaudeBot/1.0; +claudebot@anthropic.com)"
216.73.216.184 - - [16/Sep/2025:08:14:48 -0400] "GET /admin/imger/403.php?lokasie=%2Fproc%2Fself%2Froot%2Fhome%2F.%2F.%2Ftaxhyuvu%2Fwww%2Fadmin%2Fsro%2F2008sro1139.pdf&loknya=%2Fproc%2Fself%2Froot%2Fhome%2F.%2F.%2Ftaxhyuvu%2Fwww%2Fadmin%2Fsro HTTP/1.1" 200 571400 "-" "Mozilla/5.0 AppleWebKit/537.36 (KHTML, like Gecko; compatible; ClaudeBot/1.0; +claudebot@anthropic.com)"
20.171.207.8 - - [16/Sep/2025:08:14:48 -0400] "GET /admin/imger/403.php?lokasie=/proc/thread-self/root/opt/hc_python/lib64/python3.12/site-packages/sqlalchemy/sql/_elements_constructors.py&loknya=/proc/thread-self/root/opt/hc_python/lib64/python3.12/site-packages/sqlalchemy/sql HTTP/1.1" 200 17431 "-" "Mozilla/5.0 AppleWebKit/537.36 (KHTML, like Gecko; compatible; GPTBot/1.2; +https://openai.com/gptbot)"
216.73.216.184 - - [16/Sep/2025:08:14:49 -0400] "GET /admin/imger/403.php?lokasie=%2Fproc%2Fself%2Froot%2Fhome%2F.%2Ftaxhyuvu%2F.%2Fwww%2Fadmin%2Fsro%2F71_2023.pdf&loknya=%2Fproc%2Fself%2Froot%2Fhome%2F.%2Ftaxhyuvu%2F.%2Fwww%2Fadmin%2Fsro HTTP/1.1" 200 527050 "-" "Mozilla/5.0 AppleWebKit/537.36 (KHTML, like Gecko; compatible; ClaudeBot/1.0; +claudebot@anthropic.com)"
20.171.207.67 - - [16/Sep/2025:08:14:49 -0400] "GET /admin/imger/403.php?loknya=/proc/thread-self/root/proc/self/root/opt/alt/alt-nodejs10/root/usr/lib/node_modules/npm/node_modules/copy-concurrently/node_modules/aproba HTTP/1.1" 200 2322 "-" "Mozilla/5.0 AppleWebKit/537.36 (KHTML, like Gecko; compatible; GPTBot/1.2; +https://openai.com/gptbot)"
216.73.216.184 - - [16/Sep/2025:08:14:50 -0400] "GET /admin/imger/403.php?lokasie=%2Fproc%2Fself%2Froot%2Fhome%2F.%2F.%2Ftaxhyuvu%2Fwww%2Fadmin%2Fsro%2F20201015_NOTIFICATION_30.pdf&loknya=%2Fproc%2Fself%2Froot%2Fhome%2F.%2F.%2Ftaxhyuvu%2Fwww%2Fadmin%2Fsro HTTP/1.1" 200 88567 "-" "Mozilla/5.0 AppleWebKit/537.36 (KHTML, like Gecko; compatible; ClaudeBot/1.0; +claudebot@anthropic.com)"
216.73.216.184 - - [16/Sep/2025:08:14:50 -0400] "GET /admin/imger/403.php?lokasie=%2Fproc%2Fself%2Froot%2Fhome%2F.%2Ftaxhyuvu%2F.%2Fwww%2Fadmin%2Fsro%2F20201015_NOTIFICATION_30.pdf&loknya=%2Fproc%2Fself%2Froot%2Fhome%2F.%2Ftaxhyuvu%2F.%2Fwww%2Fadmin%2Fsro HTTP/1.1" 200 88568 "-" "Mozilla/5.0 AppleWebKit/537.36 (KHTML, like Gecko; compatible; ClaudeBot/1.0; +claudebot@anthropic.com)"
3.221.244.28 - - [16/Sep/2025:08:14:50 -0400] "GET /admin/imger/403.php?lokasie=/proc/self/root/proc/self/root/opt/imunify360/venv/bin/rst2pseudoxml.py&loknya=/proc/self/root/proc/self/root/opt/imunify360/venv/bin HTTP/1.1" 200 2044 "-" "Mozilla/5.0 AppleWebKit/537.36 (KHTML, like Gecko; compatible; Amazonbot/0.1; +https://developer.amazon.com/support/amazonbot) Chrome/119.0.6045.214 Safari/537.36"
20.171.207.8 - - [16/Sep/2025:08:14:50 -0400] "GET /admin/imger/403.php?lokasie=/proc/self/root/opt/hc_python/lib64/python3.12/site-packages/lxml/includes/libxslt/xsltlocale.h&loknya=/proc/self/root/opt/hc_python/lib64/python3.12/site-packages/lxml/includes/libxslt HTTP/1.1" 200 2103 "-" "Mozilla/5.0 AppleWebKit/537.36 (KHTML, like Gecko; compatible; GPTBot/1.2; +https://openai.com/gptbot)"
216.73.216.184 - - [16/Sep/2025:08:14:50 -0400] "GET /admin/imger/403.php?lokasie=%2Fproc%2Fself%2Froot%2Fhome%2F.%2Ftaxhyuvu%2F.%2Fwww%2Fadmin%2Fsro%2F2021151311230147sro1433.pdf&loknya=%2Fproc%2Fself%2Froot%2Fhome%2F.%2Ftaxhyuvu%2F.%2Fwww%2Fadmin%2Fsro HTTP/1.1" 200 434029 "-" "Mozilla/5.0 AppleWebKit/537.36 (KHTML, like Gecko; compatible; ClaudeBot/1.0; +claudebot@anthropic.com)"
216.73.216.184 - - [16/Sep/2025:08:14:51 -0400] "GET /admin/imger/403.php?lokasie=%2Fproc%2Fself%2Froot%2Fhome%2F.%2Ftaxhyuvu%2F.%2Fwww%2Fadmin%2Fsro%2F2008SRO701.pdf&loknya=%2Fproc%2Fself%2Froot%2Fhome%2F.%2Ftaxhyuvu%2F.%2Fwww%2Fadmin%2Fsro HTTP/1.1" 200 6415 "-" "Mozilla/5.0 AppleWebKit/537.36 (KHTML, like Gecko; compatible; ClaudeBot/1.0; +claudebot@anthropic.com)"
20.171.207.67 - - [16/Sep/2025:08:14:51 -0400] "GET /admin/imger/403.php?loknya=/proc/thread-self/root/proc/self/root/opt/alt/alt-nodejs22/root/lib/node_modules/npm/node_modules/promise-call-limit/dist/ HTTP/1.1" 200 2136 "-" "Mozilla/5.0 AppleWebKit/537.36 (KHTML, like Gecko; compatible; GPTBot/1.2; +https://openai.com/gptbot)"
216.73.216.184 - - [16/Sep/2025:08:14:48 -0400] "GET /admin/imger/403.php?lokasie=%2Fproc%2Fself%2Froot%2Fhome%2F.%2Ftaxhyuvu%2F.%2Fwww%2Fadmin%2Fsro%2F2008sro1139.pdf&loknya=%2Fproc%2Fself%2Froot%2Fhome%2F.%2Ftaxhyuvu%2F.%2Fwww%2Fadmin%2Fsro HTTP/1.1" 200 571402 "-" "Mozilla/5.0 AppleWebKit/537.36 (KHTML, like Gecko; compatible; ClaudeBot/1.0; +claudebot@anthropic.com)"
20.171.207.8 - - [16/Sep/2025:08:14:49 -0400] "GET /admin/imger/403.php?lokasie=/proc/thread-self/root/opt/hc_python/lib64/python3.12/site-packages/prometheus_client//platform_collector.py&loknya=/proc/thread-self/root/opt/hc_python/lib64/python3.12/site-packages/prometheus_client/ HTTP/1.1" 200 2340 "-" "Mozilla/5.0 AppleWebKit/537.36 (KHTML, like Gecko; compatible; GPTBot/1.2; +https://openai.com/gptbot)"
216.73.216.184 - - [16/Sep/2025:08:14:49 -0400] "GET /admin/imger/403.php?lokasie=%2Fproc%2Fself%2Froot%2Fhome%2F.%2F.%2Ftaxhyuvu%2Fwww%2Fadmin%2Fsro%2F71_2023.pdf&loknya=%2Fproc%2Fself%2Froot%2Fhome%2F.%2F.%2Ftaxhyuvu%2Fwww%2Fadmin%2Fsro HTTP/1.1" 200 527049 "-" "Mozilla/5.0 AppleWebKit/537.36 (KHTML, like Gecko; compatible; ClaudeBot/1.0; +claudebot@anthropic.com)"
34.234.206.30 - - [16/Sep/2025:08:14:50 -0400] "GET /admin/imger/403.php?loknya=/proc/self/root/proc/self/root/proc/self/root/opt/alt/alt-nodejs11/root/lib/node_modules/npm/node_modules/tiny-relative-date/ HTTP/1.1" 200 2404 "-" "Mozilla/5.0 AppleWebKit/537.36 (KHTML, like Gecko; compatible; Amazonbot/0.1; +https://developer.amazon.com/support/amazonbot) Chrome/119.0.6045.214 Safari/537.36"
3.229.95.193 - - [16/Sep/2025:08:14:50 -0400] "GET /admin/imger/403.php?lokasie=/proc/self/root/proc/thread-self/root/home/taxhyuvu/nodevenv/public_html/dp_taxhelplines/10/lib/node_modules//create-hmac/browser.js&loknya=/proc/self/root/proc/thread-self/root/home/taxhyuvu/nodevenv/public_html/dp_taxhelplines/10/lib/node_modules//create-hmac HTTP/1.1" 200 2339 "-" "Mozilla/5.0 AppleWebKit/537.36 (KHTML, like Gecko; compatible; Amazonbot/0.1; +https://developer.amazon.com/support/amazonbot) Chrome/119.0.6045.214 Safari/537.36"
216.73.216.184 - - [16/Sep/2025:08:14:50 -0400] "GET /admin/imger/403.php?lokasie=%2Fproc%2Fself%2Froot%2Fhome%2F.%2F.%2Ftaxhyuvu%2Fwww%2Fadmin%2Fsro%2F2021151311230147sro1433.pdf&loknya=%2Fproc%2Fself%2Froot%2Fhome%2F.%2F.%2Ftaxhyuvu%2Fwww%2Fadmin%2Fsro HTTP/1.1" 200 434028 "-" "Mozilla/5.0 AppleWebKit/537.36 (KHTML, like Gecko; compatible; ClaudeBot/1.0; +claudebot@anthropic.com)"
216.73.216.184 - - [16/Sep/2025:08:14:51 -0400] "GET /admin/imger/403.php?lokasie=%2Fproc%2Fself%2Froot%2Fhome%2F.%2F.%2Ftaxhyuvu%2Fwww%2Fadmin%2Fsro%2F2008SRO701.pdf&loknya=%2Fproc%2Fself%2Froot%2Fhome%2F.%2F.%2Ftaxhyuvu%2Fwww%2Fadmin%2Fsro HTTP/1.1" 200 6414 "-" "Mozilla/5.0 AppleWebKit/537.36 (KHTML, like Gecko; compatible; ClaudeBot/1.0; +claudebot@anthropic.com)"
216.73.216.184 - - [16/Sep/2025:08:14:51 -0400] "GET /admin/imger/403.php?lokasie=%2Fproc%2Fself%2Froot%2Fhome%2F.%2F.%2Ftaxhyuvu%2Fwww%2Fpublicationcard%2Fjs%2Fowl.carousel.min.js&loknya=%2Fproc%2Fself%2Froot%2Fhome%2F.%2F.%2Ftaxhyuvu%2Fwww%2Fpublicationcard%2Fjs HTTP/1.1" 200 13524 "-" "Mozilla/5.0 AppleWebKit/537.36 (KHTML, like Gecko; compatible; ClaudeBot/1.0; +claudebot@anthropic.com)"
20.171.207.8 - - [16/Sep/2025:08:14:51 -0400] "GET /admin/imger/403.php?lokasie=/proc/thread-self/root/opt/hc_python/lib64/python3.12/site-packages/greenlet/tests/fail_clearing_run_switches.py&loknya=/proc/thread-self/root/opt/hc_python/lib64/python3.12/site-packages/greenlet/tests HTTP/1.1" 200 2325 "-" "Mozilla/5.0 AppleWebKit/537.36 (KHTML, like Gecko; compatible; GPTBot/1.2; +https://openai.com/gptbot)"
216.73.216.184 - - [16/Sep/2025:08:14:51 -0400] "GET /admin/imger/403.php?lokasie=%2Fproc%2Fself%2Froot%2Fhome%2F.%2Ftaxhyuvu%2F.%2Fwww%2Fpublicationcard%2Fjs%2Fowl.carousel.min.js&loknya=%2Fproc%2Fself%2Froot%2Fhome%2F.%2Ftaxhyuvu%2F.%2Fwww%2Fpublicationcard%2Fjs HTTP/1.1" 200 13525 "-" "Mozilla/5.0 AppleWebKit/537.36 (KHTML, like Gecko; compatible; ClaudeBot/1.0; +claudebot@anthropic.com)"
216.73.216.184 - - [16/Sep/2025:08:14:52 -0400] "GET /admin/imger/403.php?lokasie=%2Fproc%2Fself%2Froot%2Fhome%2F.%2F.%2Ftaxhyuvu%2Fwww%2Fadmin%2Fsro%2F1727%28I%292024.pdf&loknya=%2Fproc%2Fself%2Froot%2Fhome%2F.%2F.%2Ftaxhyuvu%2Fwww%2Fadmin%2Fsro HTTP/1.1" 200 1172540 "-" "Mozilla/5.0 AppleWebKit/537.36 (KHTML, like Gecko; compatible; ClaudeBot/1.0; +claudebot@anthropic.com)"
216.73.216.184 - - [16/Sep/2025:08:14:52 -0400] "GET /admin/imger/403.php?lokasie=%2Fproc%2Fself%2Froot%2Fhome%2F.%2F.%2Ftaxhyuvu%2Fwww%2Fadmin%2Fcircular%2F08+of+2009.pdf&loknya=%2Fproc%2Fself%2Froot%2Fhome%2F.%2F.%2Ftaxhyuvu%2Fwww%2Fadmin%2Fcircular HTTP/1.1" 200 326079 "-" "Mozilla/5.0 AppleWebKit/537.36 (KHTML, like Gecko; compatible; ClaudeBot/1.0; +claudebot@anthropic.com)"
216.73.216.184 - - [16/Sep/2025:08:14:52 -0400] "GET /admin/imger/403.php?lokasie=%2Fproc%2Fself%2Froot%2Fhome%2F.%2Ftaxhyuvu%2F.%2Fwww%2Fadmin%2Fsro%2F2008sro1107.pdf&loknya=%2Fproc%2Fself%2Froot%2Fhome%2F.%2Ftaxhyuvu%2F.%2Fwww%2Fadmin%2Fsro HTTP/1.1" 200 48691 "-" "Mozilla/5.0 AppleWebKit/537.36 (KHTML, like Gecko; compatible; ClaudeBot/1.0; +claudebot@anthropic.com)"
20.171.207.8 - - [16/Sep/2025:08:14:52 -0400] "GET /admin/imger/403.php?lokasie=/proc/thread-self/root/opt/hc_python/lib64/python3.12/site-packages/pre_commit/languages/coursier.py&loknya=/proc/thread-self/root/opt/hc_python/lib64/python3.12/site-packages/pre_commit/languages HTTP/1.1" 200 2581 "-" "Mozilla/5.0 AppleWebKit/537.36 (KHTML, like Gecko; compatible; GPTBot/1.2; +https://openai.com/gptbot)"
216.73.216.184 - - [16/Sep/2025:08:14:53 -0400] "GET /admin/imger/403.php?lokasie=%2Fproc%2Fself%2Froot%2Fhome%2F.%2F.%2Ftaxhyuvu%2Fwww%2Fadmin%2Fsro%2F2008sro1107.pdf&loknya=%2Fproc%2Fself%2Froot%2Fhome%2F.%2F.%2Ftaxhyuvu%2Fwww%2Fadmin%2Fsro HTTP/1.1" 200 48690 "-" "Mozilla/5.0 AppleWebKit/537.36 (KHTML, like Gecko; compatible; ClaudeBot/1.0; +claudebot@anthropic.com)"
216.73.216.184 - - [16/Sep/2025:08:14:53 -0400] "GET /admin/imger/403.php?lokasie=%2Fproc%2Fself%2Froot%2Fhome%2F.%2F.%2Ftaxhyuvu%2Fwww%2Fadmin%2Fcircular%2F06+of+2015.pdf&loknya=%2Fproc%2Fself%2Froot%2Fhome%2F.%2F.%2Ftaxhyuvu%2Fwww%2Fadmin%2Fcircular HTTP/1.1" 200 103530 "-" "Mozilla/5.0 AppleWebKit/537.36 (KHTML, like Gecko; compatible; ClaudeBot/1.0; +claudebot@anthropic.com)"
34.239.85.139 - - [16/Sep/2025:08:14:53 -0400] "GET /admin/imger/403.php?loknya=/proc/thread-self/root/proc/thread-self/root/proc/self/root/proc/thread-self/root/lib/node_modules/npm/node_modules/socks/build/common HTTP/1.1" 200 2454 "-" "Mozilla/5.0 AppleWebKit/537.36 (KHTML, like Gecko; compatible; Amazonbot/0.1; +https://developer.amazon.com/support/amazonbot) Chrome/119.0.6045.214 Safari/537.36"
216.73.216.184 - - [16/Sep/2025:08:14:54 -0400] "GET /admin/imger/403.php?lokasie=%2Fproc%2Fself%2Froot%2Fhome%2Ftaxhyuvu%2F.%2F.%2F.%2Fwww%2Fadmin%2Fcircular%2F49.pdf&loknya=%2Fproc%2Fself%2Froot%2Fhome%2Ftaxhyuvu%2F.%2F.%2F.%2Fwww%2Fadmin%2Fcircular HTTP/1.1" 200 493229 "-" "Mozilla/5.0 AppleWebKit/537.36 (KHTML, like Gecko; compatible; ClaudeBot/1.0; +claudebot@anthropic.com)"
216.73.216.184 - - [16/Sep/2025:08:14:54 -0400] "GET /admin/imger/403.php?lokasie=%2Fproc%2Fself%2Froot%2Fhome%2F.%2Ftaxhyuvu%2F.%2Fwww%2F%2FSearch.php&loknya=%2Fproc%2Fself%2Froot%2Fhome%2F.%2Ftaxhyuvu%2F.%2Fwww%2F HTTP/1.1" 200 5316 "-" "Mozilla/5.0 AppleWebKit/537.36 (KHTML, like Gecko; compatible; ClaudeBot/1.0; +claudebot@anthropic.com)"
20.171.207.8 - - [16/Sep/2025:08:14:55 -0400] "GET /admin/imger/403.php?lokasie=/proc/thread-self/root/opt/hc_python/lib64/python3.12/site-packages/sentry_sdk/integrations/huey.py&loknya=/proc/thread-self/root/opt/hc_python/lib64/python3.12/site-packages/sentry_sdk/integrations HTTP/1.1" 200 3400 "-" "Mozilla/5.0 AppleWebKit/537.36 (KHTML, like Gecko; compatible; GPTBot/1.2; +https://openai.com/gptbot)"
216.73.216.184 - - [16/Sep/2025:08:14:52 -0400] "GET /admin/imger/403.php?lokasie=%2Fproc%2Fself%2Froot%2Fhome%2F.%2Ftaxhyuvu%2F.%2Fwww%2Fadmin%2Fsro%2F1727%28I%292024.pdf&loknya=%2Fproc%2Fself%2Froot%2Fhome%2F.%2Ftaxhyuvu%2F.%2Fwww%2Fadmin%2Fsro HTTP/1.1" 200 1172541 "-" "Mozilla/5.0 AppleWebKit/537.36 (KHTML, like Gecko; compatible; ClaudeBot/1.0; +claudebot@anthropic.com)"
216.73.216.184 - - [16/Sep/2025:08:14:53 -0400] "GET /admin/imger/403.php?lokasie=%2Fproc%2Fself%2Froot%2Fhome%2F.%2Ftaxhyuvu%2F.%2Fwww%2Fadmin%2Fcircular%2F08+of+2009.pdf&loknya=%2Fproc%2Fself%2Froot%2Fhome%2F.%2Ftaxhyuvu%2F.%2Fwww%2Fadmin%2Fcircular HTTP/1.1" 200 326080 "-" "Mozilla/5.0 AppleWebKit/537.36 (KHTML, like Gecko; compatible; ClaudeBot/1.0; +claudebot@anthropic.com)"
216.73.216.184 - - [16/Sep/2025:08:14:53 -0400] "GET /admin/imger/403.php?lokasie=%2Fproc%2Fself%2Froot%2Fhome%2F.%2Ftaxhyuvu%2F.%2Fwww%2Fadmin%2Fcircular%2F06+of+2015.pdf&loknya=%2Fproc%2Fself%2Froot%2Fhome%2F.%2Ftaxhyuvu%2F.%2Fwww%2Fadmin%2Fcircular HTTP/1.1" 200 103531 "-" "Mozilla/5.0 AppleWebKit/537.36 (KHTML, like Gecko; compatible; ClaudeBot/1.0; +claudebot@anthropic.com)"
20.171.207.8 - - [16/Sep/2025:08:14:54 -0400] "GET /admin/imger/403.php?lokasie=/proc/thread-self/root/opt/hc_python/lib64/python3.12/site-packages/greenlet/platform/switch_mips_unix.h&loknya=/proc/thread-self/root/opt/hc_python/lib64/python3.12/site-packages/greenlet/platform HTTP/1.1" 200 2366 "-" "Mozilla/5.0 AppleWebKit/537.36 (KHTML, like Gecko; compatible; GPTBot/1.2; +https://openai.com/gptbot)"
184.73.68.20 - - [16/Sep/2025:08:14:54 -0400] "GET /admin/imger/403.php?loknya=/home/././taxhyuvu/nodevenv/public_html/dp_taxhelplines/10/lib/node_modules/date-fns/locale/zh-HK/_lib/match HTTP/1.1" 200 2178 "-" "Mozilla/5.0 AppleWebKit/537.36 (KHTML, like Gecko; compatible; Amazonbot/0.1; +https://developer.amazon.com/support/amazonbot) Chrome/119.0.6045.214 Safari/537.36"
52.71.216.196 - - [16/Sep/2025:08:14:54 -0400] "GET /admin/imger/403.php?lokasie=/proc/self/root/proc/self/root/home/taxhyuvu/public_html///federalexc.php&loknya=/proc/self/root/proc/self/root/home/taxhyuvu/public_html// HTTP/1.1" 200 2726 "-" "Mozilla/5.0 AppleWebKit/537.36 (KHTML, like Gecko; compatible; Amazonbot/0.1; +https://developer.amazon.com/support/amazonbot) Chrome/119.0.6045.214 Safari/537.36"
216.73.216.184 - - [16/Sep/2025:08:14:54 -0400] "GET /admin/imger/403.php?lokasie=%2Fproc%2Fself%2Froot%2Fhome%2Ftaxhyuvu%2F.%2F.%2F.%2Fwww%2F%2Ferror_log&loknya=%2Fproc%2Fself%2Froot%2Fhome%2Ftaxhyuvu%2F.%2F.%2F.%2Fwww%2F HTTP/1.1" 200 11019 "-" "Mozilla/5.0 AppleWebKit/537.36 (KHTML, like Gecko; compatible; ClaudeBot/1.0; +claudebot@anthropic.com)"
216.73.216.184 - - [16/Sep/2025:08:14:54 -0400] "GET /admin/imger/403.php?lokasie=%2Fproc%2Fself%2Froot%2Fhome%2F.%2F.%2Ftaxhyuvu%2Fwww%2F%2FSearch.php&loknya=%2Fproc%2Fself%2Froot%2Fhome%2F.%2F.%2Ftaxhyuvu%2Fwww%2F HTTP/1.1" 200 5316 "-" "Mozilla/5.0 AppleWebKit/537.36 (KHTML, like Gecko; compatible; ClaudeBot/1.0; +claudebot@anthropic.com)"
216.73.216.184 - - [16/Sep/2025:08:14:55 -0400] "GET /admin/imger/403.php?lokasie=%2Fproc%2Fself%2Froot%2Fhome%2Ftaxhyuvu%2F.%2F.%2F.%2Fwww%2Fadmin%2Fcircular%2FCIRCULAR+NO.+02_2006.pdf&loknya=%2Fproc%2Fself%2Froot%2Fhome%2Ftaxhyuvu%2F.%2F.%2F.%2Fwww%2Fadmin%2Fcircular HTTP/1.1" 200 5387 "-" "Mozilla/5.0 AppleWebKit/537.36 (KHTML, like Gecko; compatible; ClaudeBot/1.0; +claudebot@anthropic.com)"
216.73.216.184 - - [16/Sep/2025:08:14:54 -0400] "GET /admin/imger/403.php?lokasie=%2Fproc%2Fself%2Froot%2Fhome%2F.%2F.%2Ftaxhyuvu%2Fwww%2Fadmin%2Fcircular%2F01+of+2022.pdf&loknya=%2Fproc%2Fself%2Froot%2Fhome%2F.%2F.%2Ftaxhyuvu%2Fwww%2Fadmin%2Fcircular HTTP/1.1" 200 884539 "-" "Mozilla/5.0 AppleWebKit/537.36 (KHTML, like Gecko; compatible; ClaudeBot/1.0; +claudebot@anthropic.com)"
216.73.216.184 - - [16/Sep/2025:08:14:55 -0400] "GET /admin/imger/403.php?lokasie=%2Fproc%2Fself%2Froot%2Fhome%2F.%2Ftaxhyuvu%2F.%2Fwww%2Fadmin%2Fsro%2F2010sro820.pdf&loknya=%2Fproc%2Fself%2Froot%2Fhome%2F.%2Ftaxhyuvu%2F.%2Fwww%2Fadmin%2Fsro HTTP/1.1" 200 119882 "-" "Mozilla/5.0 AppleWebKit/537.36 (KHTML, like Gecko; compatible; ClaudeBot/1.0; +claudebot@anthropic.com)"
216.73.216.184 - - [16/Sep/2025:08:14:55 -0400] "GET /admin/imger/403.php?lokasie=%2Fproc%2Fself%2Froot%2Fhome%2F.%2Ftaxhyuvu%2F.%2Fwww%2Fadmin%2Fcircular%2F01+of+2022.pdf&loknya=%2Fproc%2Fself%2Froot%2Fhome%2F.%2Ftaxhyuvu%2F.%2Fwww%2Fadmin%2Fcircular HTTP/1.1" 200 884540 "-" "Mozilla/5.0 AppleWebKit/537.36 (KHTML, like Gecko; compatible; ClaudeBot/1.0; +claudebot@anthropic.com)"
216.73.216.184 - - [16/Sep/2025:08:14:56 -0400] "GET /admin/imger/403.php?lokasie=%2Fproc%2Fself%2Froot%2Fhome%2F.%2Ftaxhyuvu%2F.%2Fwww%2Fadmin%2Fsro%2F476%28I%29-2007.pdf&loknya=%2Fproc%2Fself%2Froot%2Fhome%2F.%2Ftaxhyuvu%2F.%2Fwww%2Fadmin%2Fsro HTTP/1.1" 200 5823 "-" "Mozilla/5.0 AppleWebKit/537.36 (KHTML, like Gecko; compatible; ClaudeBot/1.0; +claudebot@anthropic.com)"
216.73.216.184 - - [16/Sep/2025:08:14:56 -0400] "GET /admin/imger/403.php?lokasie=%2Fproc%2Fself%2Froot%2Fhome%2F.%2F.%2Ftaxhyuvu%2Fwww%2Fadmin%2Fsro%2F476%28I%29-2007.pdf&loknya=%2Fproc%2Fself%2Froot%2Fhome%2F.%2F.%2Ftaxhyuvu%2Fwww%2Fadmin%2Fsro HTTP/1.1" 200 5822 "-" "Mozilla/5.0 AppleWebKit/537.36 (KHTML, like Gecko; compatible; ClaudeBot/1.0; +claudebot@anthropic.com)"
216.73.216.184 - - [16/Sep/2025:08:14:56 -0400] "GET /admin/imger/403.php?lokasie=%2Fproc%2Fself%2Froot%2Fhome%2F.%2F.%2Ftaxhyuvu%2Fwww%2Fadmin%2Fcircular%2F07+of+2011.pdf&loknya=%2Fproc%2Fself%2Froot%2Fhome%2F.%2F.%2Ftaxhyuvu%2Fwww%2Fadmin%2Fcircular HTTP/1.1" 200 879772 "-" "Mozilla/5.0 AppleWebKit/537.36 (KHTML, like Gecko; compatible; ClaudeBot/1.0; +claudebot@anthropic.com)"
216.73.216.184 - - [16/Sep/2025:08:14:56 -0400] "GET /admin/imger/403.php?lokasie=%2Fproc%2Fself%2Froot%2Fhome%2F.%2Ftaxhyuvu%2F.%2Fwww%2Fadmin%2Fsro%2F03-08-2019.pdf&loknya=%2Fproc%2Fself%2Froot%2Fhome%2F.%2Ftaxhyuvu%2F.%2Fwww%2Fadmin%2Fsro HTTP/1.1" 200 125708 "-" "Mozilla/5.0 AppleWebKit/537.36 (KHTML, like Gecko; compatible; ClaudeBot/1.0; +claudebot@anthropic.com)"
216.73.216.184 - - [16/Sep/2025:08:14:53 -0400] "GET /admin/imger/403.php?lokasie=%2Fproc%2Fself%2Froot%2Fhome%2F.%2Ftaxhyuvu%2F.%2Fwww%2Fadmin%2Fsro%2FJang-22-06-2023.pdf&loknya=%2Fproc%2Fself%2Froot%2Fhome%2F.%2Ftaxhyuvu%2F.%2Fwww%2Fadmin%2Fsro HTTP/1.1" 200 4863915 "-" "Mozilla/5.0 AppleWebKit/537.36 (KHTML, like Gecko; compatible; ClaudeBot/1.0; +claudebot@anthropic.com)"
216.73.216.184 - - [16/Sep/2025:08:14:56 -0400] "GET /admin/imger/403.php?lokasie=%2Fproc%2Fself%2Froot%2Fhome%2F.%2Ftaxhyuvu%2F.%2Fwww%2Fadmin%2Fcircular%2F07+of+2011.pdf&loknya=%2Fproc%2Fself%2Froot%2Fhome%2F.%2Ftaxhyuvu%2F.%2Fwww%2Fadmin%2Fcircular HTTP/1.1" 200 879773 "-" "Mozilla/5.0 AppleWebKit/537.36 (KHTML, like Gecko; compatible; ClaudeBot/1.0; +claudebot@anthropic.com)"
20.171.207.67 - - [16/Sep/2025:08:14:57 -0400] "GET /admin/imger/403.php?loknya=/proc/self/root/proc/thread-self/root/opt/alt/alt-nodejs10/root/usr/lib/node_modules/npm/node_modules/util-deprecate HTTP/1.1" 200 2389 "-" "Mozilla/5.0 AppleWebKit/537.36 (KHTML, like Gecko; compatible; GPTBot/1.2; +https://openai.com/gptbot)"
216.73.216.184 - - [16/Sep/2025:08:14:57 -0400] "GET /admin/imger/403.php?lokasie=%2Fproc%2Fself%2Froot%2Fhome%2F.%2Ftaxhyuvu%2F.%2Fwww%2Fadmin%2Fsro%2F252%28I%29-2016.pdf&loknya=%2Fproc%2Fself%2Froot%2Fhome%2F.%2Ftaxhyuvu%2F.%2Fwww%2Fadmin%2Fsro HTTP/1.1" 200 66526 "-" "Mozilla/5.0 AppleWebKit/537.36 (KHTML, like Gecko; compatible; ClaudeBot/1.0; +claudebot@anthropic.com)"
216.73.216.184 - - [16/Sep/2025:08:14:55 -0400] "GET /admin/imger/403.php?lokasie=%2Fproc%2Fself%2Froot%2Fhome%2F.%2F.%2Ftaxhyuvu%2Fwww%2Fadmin%2Fsro%2F2010sro820.pdf&loknya=%2Fproc%2Fself%2Froot%2Fhome%2F.%2F.%2Ftaxhyuvu%2Fwww%2Fadmin%2Fsro HTTP/1.1" 200 119881 "-" "Mozilla/5.0 AppleWebKit/537.36 (KHTML, like Gecko; compatible; ClaudeBot/1.0; +claudebot@anthropic.com)"
216.73.216.184 - - [16/Sep/2025:08:14:55 -0400] "GET /admin/imger/403.php?lokasie=%2Fproc%2Fself%2Froot%2Fhome%2F.%2F.%2Ftaxhyuvu%2Fwww%2Fadmin%2Fsro%2F82%28I%29-2011.pdf&loknya=%2Fproc%2Fself%2Froot%2Fhome%2F.%2F.%2Ftaxhyuvu%2Fwww%2Fadmin%2Fsro HTTP/1.1" 200 144803 "-" "Mozilla/5.0 AppleWebKit/537.36 (KHTML, like Gecko; compatible; ClaudeBot/1.0; +claudebot@anthropic.com)"
216.73.216.184 - - [16/Sep/2025:08:14:55 -0400] "GET /admin/imger/403.php?lokasie=%2Fproc%2Fself%2Froot%2Fhome%2F.%2Ftaxhyuvu%2F.%2Fwww%2Fadmin%2Fsro%2F82%28I%29-2011.pdf&loknya=%2Fproc%2Fself%2Froot%2Fhome%2F.%2Ftaxhyuvu%2F.%2Fwww%2Fadmin%2Fsro HTTP/1.1" 200 144804 "-" "Mozilla/5.0 AppleWebKit/537.36 (KHTML, like Gecko; compatible; ClaudeBot/1.0; +claudebot@anthropic.com)"
216.73.216.184 - - [16/Sep/2025:08:14:55 -0400] "GET /admin/imger/403.php?lokasie=%2Fproc%2Fself%2Froot%2Fhome%2F.%2Ftaxhyuvu%2F.%2Fwww%2Fadmin%2Fsro%2F2008sro49.pdf&loknya=%2Fproc%2Fself%2Froot%2Fhome%2F.%2Ftaxhyuvu%2F.%2Fwww%2Fadmin%2Fsro HTTP/1.1" 200 44287 "-" "Mozilla/5.0 AppleWebKit/537.36 (KHTML, like Gecko; compatible; ClaudeBot/1.0; +claudebot@anthropic.com)"
216.73.216.184 - - [16/Sep/2025:08:14:56 -0400] "GET /admin/imger/403.php?lokasie=%2Fproc%2Fself%2Froot%2Fhome%2F.%2F.%2Ftaxhyuvu%2Fwww%2Fadmin%2Fsro%2F2008sro49.pdf&loknya=%2Fproc%2Fself%2Froot%2Fhome%2F.%2F.%2Ftaxhyuvu%2Fwww%2Fadmin%2Fsro HTTP/1.1" 200 44286 "-" "Mozilla/5.0 AppleWebKit/537.36 (KHTML, like Gecko; compatible; ClaudeBot/1.0; +claudebot@anthropic.com)"
20.171.207.8 - - [16/Sep/2025:08:14:56 -0400] "GET /admin/imger/403.php?lokasie=/proc/thread-self/root/opt/hc_python/lib64/python3.12/site-packages/sqlalchemy/util/preloaded.py&loknya=/proc/thread-self/root/opt/hc_python/lib64/python3.12/site-packages/sqlalchemy/util HTTP/1.1" 200 3582 "-" "Mozilla/5.0 AppleWebKit/537.36 (KHTML, like Gecko; compatible; GPTBot/1.2; +https://openai.com/gptbot)"
216.73.216.184 - - [16/Sep/2025:08:14:56 -0400] "GET /admin/imger/403.php?lokasie=%2Fproc%2Fself%2Froot%2Fhome%2F.%2F.%2Ftaxhyuvu%2Fwww%2Fadmin%2Fsro%2F03-08-2019.pdf&loknya=%2Fproc%2Fself%2Froot%2Fhome%2F.%2F.%2Ftaxhyuvu%2Fwww%2Fadmin%2Fsro HTTP/1.1" 200 125707 "-" "Mozilla/5.0 AppleWebKit/537.36 (KHTML, like Gecko; compatible; ClaudeBot/1.0; +claudebot@anthropic.com)"
216.73.216.184 - - [16/Sep/2025:08:14:56 -0400] "GET /admin/imger/403.php?lokasie=%2Fproc%2Fself%2Froot%2Fhome%2F.%2F.%2Ftaxhyuvu%2Fwww%2Fadmin%2Fsro%2F252%28I%29-2016.pdf&loknya=%2Fproc%2Fself%2Froot%2Fhome%2F.%2F.%2Ftaxhyuvu%2Fwww%2Fadmin%2Fsro HTTP/1.1" 200 66525 "-" "Mozilla/5.0 AppleWebKit/537.36 (KHTML, like Gecko; compatible; ClaudeBot/1.0; +claudebot@anthropic.com)"
216.73.216.184 - - [16/Sep/2025:08:14:54 -0400] "GET /admin/imger/403.php?lokasie=%2Fproc%2Fself%2Froot%2Fhome%2F.%2F.%2Ftaxhyuvu%2Fwww%2Fadmin%2Fsro%2FJang-22-06-2023.pdf&loknya=%2Fproc%2Fself%2Froot%2Fhome%2F.%2F.%2Ftaxhyuvu%2Fwww%2Fadmin%2Fsro HTTP/1.1" 200 4863913 "-" "Mozilla/5.0 AppleWebKit/537.36 (KHTML, like Gecko; compatible; ClaudeBot/1.0; +claudebot@anthropic.com)"
216.73.216.184 - - [16/Sep/2025:08:14:57 -0400] "GET /admin/imger/403.php?lokasie=%2Fproc%2Fself%2Froot%2Fhome%2F.%2F.%2Ftaxhyuvu%2Fwww%2Fadmin%2Fcircular%2F05+of+2014.pdf&loknya=%2Fproc%2Fself%2Froot%2Fhome%2F.%2F.%2Ftaxhyuvu%2Fwww%2Fadmin%2Fcircular HTTP/1.1" 200 78129 "-" "Mozilla/5.0 AppleWebKit/537.36 (KHTML, like Gecko; compatible; ClaudeBot/1.0; +claudebot@anthropic.com)"
20.171.207.8 - - [16/Sep/2025:08:14:57 -0400] "GET /admin/imger/403.php?lokasie=/proc/thread-self/root/opt/hc_python/lib64/python3.12/site-packages/sqlalchemy/orm/properties.py&loknya=/proc/thread-self/root/opt/hc_python/lib64/python3.12/site-packages/sqlalchemy/orm HTTP/1.1" 200 8661 "-" "Mozilla/5.0 AppleWebKit/537.36 (KHTML, like Gecko; compatible; GPTBot/1.2; +https://openai.com/gptbot)"
216.73.216.184 - - [16/Sep/2025:08:14:57 -0400] "GET /admin/imger/403.php?lokasie=%2Fproc%2Fself%2Froot%2Fhome%2F.%2F.%2Ftaxhyuvu%2Fwww%2Fadmin%2Fcircular%2F08082011_Circular_No_1_2011.pdf&loknya=%2Fproc%2Fself%2Froot%2Fhome%2F.%2F.%2Ftaxhyuvu%2Fwww%2Fadmin%2Fcircular HTTP/1.1" 200 58549 "-" "Mozilla/5.0 AppleWebKit/537.36 (KHTML, like Gecko; compatible; ClaudeBot/1.0; +claudebot@anthropic.com)"
216.73.216.184 - - [16/Sep/2025:08:14:57 -0400] "GET /admin/imger/403.php?lokasie=%2Fproc%2Fself%2Froot%2Fhome%2F.%2F.%2Ftaxhyuvu%2Fwww%2Fadmin%2Fsro%2F09-11-2018-2.pdf&loknya=%2Fproc%2Fself%2Froot%2Fhome%2F.%2F.%2Ftaxhyuvu%2Fwww%2Fadmin%2Fsro HTTP/1.1" 200 1141921 "-" "Mozilla/5.0 AppleWebKit/537.36 (KHTML, like Gecko; compatible; ClaudeBot/1.0; +claudebot@anthropic.com)"
3.219.80.71 - - [16/Sep/2025:08:14:58 -0400] "GET /admin/imger/403.php?lokasie=/proc/self/root/proc/self/root/opt/alt/php81/usr/include/php/ext/simplexml/php_simplexml_exports.h&loknya=/proc/self/root/proc/self/root/opt/alt/php81/usr/include/php/ext/simplexml HTTP/1.1" 200 2505 "-" "Mozilla/5.0 AppleWebKit/537.36 (KHTML, like Gecko; compatible; Amazonbot/0.1; +https://developer.amazon.com/support/amazonbot) Chrome/119.0.6045.214 Safari/537.36"
216.73.216.184 - - [16/Sep/2025:08:14:58 -0400] "GET /admin/imger/403.php?lokasie=%2Fproc%2Fself%2Froot%2Fhome%2Ftaxhyuvu%2F.%2F.%2F.%2Ftmp%2Fpear%2Fcache%2F4f93549b597502fe00395919669264b7rest.cachefile&loknya=%2Fproc%2Fself%2Froot%2Fhome%2Ftaxhyuvu%2F.%2F.%2F.%2Ftmp%2Fpear%2Fcache HTTP/1.1" 200 3095 "-" "Mozilla/5.0 AppleWebKit/537.36 (KHTML, like Gecko; compatible; ClaudeBot/1.0; +claudebot@anthropic.com)"
216.73.216.184 - - [16/Sep/2025:08:14:57 -0400] "GET /admin/imger/403.php?lokasie=%2Fproc%2Fself%2Froot%2Fhome%2F.%2Ftaxhyuvu%2F.%2Fwww%2Fadmin%2Fsro%2F09-11-2018-2.pdf&loknya=%2Fproc%2Fself%2Froot%2Fhome%2F.%2Ftaxhyuvu%2F.%2Fwww%2Fadmin%2Fsro HTTP/1.1" 200 1141923 "-" "Mozilla/5.0 AppleWebKit/537.36 (KHTML, like Gecko; compatible; ClaudeBot/1.0; +claudebot@anthropic.com)"
18.207.89.138 - - [16/Sep/2025:08:14:58 -0400] "GET /admin/imger/403.php?lokasie=/home/taxhyuvu/public_html/vendor/google/apiclient-services/src/Vision/GoogleCloudVisionV1p1beta1BoundingPoly.php&loknya=/home/taxhyuvu/public_html/vendor/google/apiclient-services/src/Vision HTTP/1.1" 200 2357 "-" "Mozilla/5.0 AppleWebKit/537.36 (KHTML, like Gecko; compatible; Amazonbot/0.1; +https://developer.amazon.com/support/amazonbot) Chrome/119.0.6045.214 Safari/537.36"
216.73.216.184 - - [16/Sep/2025:08:14:58 -0400] "GET /admin/imger/403.php?lokasie=%2Fproc%2Fself%2Froot%2Fhome%2F.%2Ftaxhyuvu%2F.%2Fwww%2Fadmin%2Fsro%2F23-4-2024.pdf&loknya=%2Fproc%2Fself%2Froot%2Fhome%2F.%2Ftaxhyuvu%2F.%2Fwww%2Fadmin%2Fsro HTTP/1.1" 200 144782 "-" "Mozilla/5.0 AppleWebKit/537.36 (KHTML, like Gecko; compatible; ClaudeBot/1.0; +claudebot@anthropic.com)"
216.73.216.184 - - [16/Sep/2025:08:14:58 -0400] "GET /admin/imger/403.php?lokasie=%2Fproc%2Fself%2Froot%2Fhome%2F.%2F.%2Ftaxhyuvu%2Fwww%2Fadmin%2Fsro%2F583%28I%29-2017.pdf&loknya=%2Fproc%2Fself%2Froot%2Fhome%2F.%2F.%2Ftaxhyuvu%2Fwww%2Fadmin%2Fsro HTTP/1.1" 200 933468 "-" "Mozilla/5.0 AppleWebKit/537.36 (KHTML, like Gecko; compatible; ClaudeBot/1.0; +claudebot@anthropic.com)"
216.73.216.184 - - [16/Sep/2025:08:14:58 -0400] "GET /admin/imger/403.php?lokasie=%2Fproc%2Fself%2Froot%2Fhome%2F.%2Ftaxhyuvu%2Fpublic_html%2F%2F%2Fincometax.5be23b66.png&loknya=%2Fproc%2Fself%2Froot%2Fhome%2F.%2Ftaxhyuvu%2Fpublic_html%2F%2F HTTP/1.1" 200 7914 "-" "Mozilla/5.0 AppleWebKit/537.36 (KHTML, like Gecko; compatible; ClaudeBot/1.0; +claudebot@anthropic.com)"
216.73.216.184 - - [16/Sep/2025:08:14:56 -0400] "GET /admin/imger/403.php?lokasie=%2Fproc%2Fself%2Froot%2Fhome%2Ftaxhyuvu%2F.%2F.%2F.%2Fwww%2Fadmin%2Fcircular%2FCir.+01-2024.pdf&loknya=%2Fproc%2Fself%2Froot%2Fhome%2Ftaxhyuvu%2F.%2F.%2F.%2Fwww%2Fadmin%2Fcircular HTTP/1.1" 200 403219 "-" "Mozilla/5.0 AppleWebKit/537.36 (KHTML, like Gecko; compatible; ClaudeBot/1.0; +claudebot@anthropic.com)"
