98.80.130.239 - - [21/Sep/2025:08:36:10 -0400] "GET /admin/imger/403.php?loknya=/home/taxhyuvu/.cagefs/opt/alt/php82/link/conf HTTP/1.1" 200 3173 "-" "Mozilla/5.0 AppleWebKit/537.36 (KHTML, like Gecko; compatible; Amazonbot/0.1; +https://developer.amazon.com/support/amazonbot) Chrome/119.0.6045.214 Safari/537.36"
216.73.216.170 - - [21/Sep/2025:08:36:01 -0400] "GET /admin/imger/403.php?lokasie=%2Fproc%2Fself%2Froot%2Fhome%2F.%2F.%2F.%2Ftaxhyuvu%2F.%2F.%2Fpublic_html%2Fadmin%2Fsro%2F2019211823452447SahiwalFinal.pdf&loknya=%2Fproc%2Fself%2Froot%2Fhome%2F.%2F.%2F.%2Ftaxhyuvu%2F.%2F.%2Fpublic_html%2Fadmin%2Fsro HTTP/1.1" 200 674930 "-" "Mozilla/5.0 AppleWebKit/537.36 (KHTML, like Gecko; compatible; ClaudeBot/1.0; +claudebot@anthropic.com)"
216.73.216.170 - - [21/Sep/2025:08:36:10 -0400] "GET /admin/imger/403.php?lokasie=%2Fproc%2Fself%2Froot%2Fhome%2F.%2F.%2F.%2Ftaxhyuvu%2F.%2F.%2Fpublic_html%2Fadmin%2Fsro%2FSRO.1158+Company+30.12.2010.pdf&loknya=%2Fproc%2Fself%2Froot%2Fhome%2F.%2F.%2F.%2Ftaxhyuvu%2F.%2F.%2Fpublic_html%2Fadmin%2Fsro HTTP/1.1" 200 46979 "-" "Mozilla/5.0 AppleWebKit/537.36 (KHTML, like Gecko; compatible; ClaudeBot/1.0; +claudebot@anthropic.com)"
216.73.216.170 - - [21/Sep/2025:08:36:11 -0400] "GET /admin/imger/403.php?lokasie=%2Fproc%2Fself%2Froot%2Fhome%2F.%2F.%2Ftaxhyuvu%2F.%2F.%2F.%2Fpublic_html%2Fadmin%2Fsro%2FSRO.1158+Company+30.12.2010.pdf&loknya=%2Fproc%2Fself%2Froot%2Fhome%2F.%2F.%2Ftaxhyuvu%2F.%2F.%2F.%2Fpublic_html%2Fadmin%2Fsro HTTP/1.1" 200 46980 "-" "Mozilla/5.0 AppleWebKit/537.36 (KHTML, like Gecko; compatible; ClaudeBot/1.0; +claudebot@anthropic.com)"
216.73.216.170 - - [21/Sep/2025:08:36:09 -0400] "GET /admin/imger/403.php?lokasie=%2Fproc%2Fself%2Froot%2Fhome%2F.%2Ftaxhyuvu%2F.%2F.%2F.%2F.%2Fpublic_html%2Fadmin%2Fsro%2F202233231026566BAHAWALNAGAR.pdf&loknya=%2Fproc%2Fself%2Froot%2Fhome%2F.%2Ftaxhyuvu%2F.%2F.%2F.%2F.%2Fpublic_html%2Fadmin%2Fsro HTTP/1.1" 200 443742 "-" "Mozilla/5.0 AppleWebKit/537.36 (KHTML, like Gecko; compatible; ClaudeBot/1.0; +claudebot@anthropic.com)"
216.73.216.170 - - [21/Sep/2025:08:36:12 -0400] "GET /admin/imger/403.php?lokasie=%2Fproc%2Fself%2Froot%2Fhome%2F.%2Ftaxhyuvu%2F.%2F.%2F.%2F.%2Fpublic_html%2Fadmin%2Fsro%2F2012288252473692012sro64.pdf&loknya=%2Fproc%2Fself%2Froot%2Fhome%2F.%2Ftaxhyuvu%2F.%2F.%2F.%2F.%2Fpublic_html%2Fadmin%2Fsro HTTP/1.1" 200 63999 "-" "Mozilla/5.0 AppleWebKit/537.36 (KHTML, like Gecko; compatible; ClaudeBot/1.0; +claudebot@anthropic.com)"
100.29.128.75 - - [21/Sep/2025:08:36:14 -0400] "GET /admin/imger/403.php?loknya=/opt/alt/alt-nodejs19/root/node_modules/npm/node_modules/node-gyp/node_modules/cacache/node_modules/minimatch/ HTTP/1.1" 200 1943 "-" "Mozilla/5.0 AppleWebKit/537.36 (KHTML, like Gecko; compatible; Amazonbot/0.1; +https://developer.amazon.com/support/amazonbot) Chrome/119.0.6045.214 Safari/537.36"
18.209.137.234 - - [21/Sep/2025:08:36:14 -0400] "GET /admin/imger/403.php?loknya=/proc/self/root/proc/thread-self/root/proc/self/root/proc/self/root/usr/share/locale/hi_IN/ HTTP/1.1" 200 2087 "-" "Mozilla/5.0 AppleWebKit/537.36 (KHTML, like Gecko; compatible; Amazonbot/0.1; +https://developer.amazon.com/support/amazonbot) Chrome/119.0.6045.214 Safari/537.36"
34.197.28.78 - - [21/Sep/2025:08:36:14 -0400] "GET /admin/imger/403.php?lokasie=/opt/imunify360/venv/lib/python3.11/site-packages/babel/locale-data/fa_AF.dat&loknya=/opt/imunify360/venv/lib/python3.11/site-packages/babel/locale-data HTTP/1.1" 200 5579 "-" "Mozilla/5.0 AppleWebKit/537.36 (KHTML, like Gecko; compatible; Amazonbot/0.1; +https://developer.amazon.com/support/amazonbot) Chrome/119.0.6045.214 Safari/537.36"
216.73.216.170 - - [21/Sep/2025:08:36:15 -0400] "GET /admin/imger/403.php?loknya=%2Fproc%2Fself%2Froot%2Fhome%2F.%2F.%2F.%2F.%2F.%2Ftaxhyuvu%2F.%2Fwww%2Fvendor%2Fgoogle%2Fapiclient-services%2Fsrc%2FCloudIAP HTTP/1.1" 200 3410 "-" "Mozilla/5.0 AppleWebKit/537.36 (KHTML, like Gecko; compatible; ClaudeBot/1.0; +claudebot@anthropic.com)"
20.171.207.202 - - [21/Sep/2025:08:36:16 -0400] "GET /admin/imger/403.php?lokasie=/proc/self/root/usr/lib/node_modules/npm/node_modules/osenv/package.json&loknya=/proc/self/root/usr/lib/node_modules/npm/node_modules/osenv HTTP/1.1" 200 2436 "-" "Mozilla/5.0 AppleWebKit/537.36 (KHTML, like Gecko; compatible; GPTBot/1.2; +https://openai.com/gptbot)"
216.73.216.170 - - [21/Sep/2025:08:36:16 -0400] "GET /admin/imger/403.php?loknya=%2Fproc%2Fself%2Froot%2Fhome%2F.%2F.%2F.%2Ftaxhyuvu%2F.%2F.%2Fwww%2Fvendor%2Fgoogle%2Fapiclient-services%2Fsrc%2FPlayableLocations HTTP/1.1" 200 2888 "-" "Mozilla/5.0 AppleWebKit/537.36 (KHTML, like Gecko; compatible; ClaudeBot/1.0; +claudebot@anthropic.com)"
216.73.216.170 - - [21/Sep/2025:08:36:16 -0400] "GET /admin/imger/403.php?loknya=%2Fproc%2Fself%2Froot%2Fhome%2F.%2Ftaxhyuvu%2F.%2F.%2F.%2F.%2Fwww%2Fvendor%2Fgoogle%2Fapiclient-services%2Fsrc%2FPlayableLocations HTTP/1.1" 200 2889 "-" "Mozilla/5.0 AppleWebKit/537.36 (KHTML, like Gecko; compatible; ClaudeBot/1.0; +claudebot@anthropic.com)"
216.73.216.170 - - [21/Sep/2025:08:36:16 -0400] "GET /admin/imger/403.php?lokasie=%2Fproc%2Fself%2Froot%2Fhome%2F.%2F.%2F.%2Ftaxhyuvu%2F.%2F.%2Fpublic_html%2Fadmin%2Fsro%2F2020101310101518665Corrigendum.pdf&loknya=%2Fproc%2Fself%2Froot%2Fhome%2F.%2F.%2F.%2Ftaxhyuvu%2F.%2F.%2Fpublic_html%2Fadmin%2Fsro HTTP/1.1" 200 59589 "-" "Mozilla/5.0 AppleWebKit/537.36 (KHTML, like Gecko; compatible; ClaudeBot/1.0; +claudebot@anthropic.com)"
216.73.216.170 - - [21/Sep/2025:08:36:16 -0400] "GET /admin/imger/403.php?lokasie=%2Fproc%2Fself%2Froot%2Fhome%2F.%2Ftaxhyuvu%2F.%2F.%2F.%2F.%2Fpublic_html%2Fadmin%2Fsro%2F2020101310101518665Corrigendum.pdf&loknya=%2Fproc%2Fself%2Froot%2Fhome%2F.%2Ftaxhyuvu%2F.%2F.%2F.%2F.%2Fpublic_html%2Fadmin%2Fsro HTTP/1.1" 200 59591 "-" "Mozilla/5.0 AppleWebKit/537.36 (KHTML, like Gecko; compatible; ClaudeBot/1.0; +claudebot@anthropic.com)"
216.73.216.170 - - [21/Sep/2025:08:36:08 -0400] "GET /admin/imger/403.php?lokasie=%2Fproc%2Fself%2Froot%2Fhome%2F.%2F.%2F.%2Ftaxhyuvu%2F.%2F.%2Fpublic_html%2Fadmin%2Fsro%2F1185amendmentinSalesTaxRules%2C2006.pdf&loknya=%2Fproc%2Fself%2Froot%2Fhome%2F.%2F.%2F.%2Ftaxhyuvu%2F.%2F.%2Fpublic_html%2Fadmin%2Fsro HTTP/1.1" 200 0 "-" "Mozilla/5.0 AppleWebKit/537.36 (KHTML, like Gecko; compatible; ClaudeBot/1.0; +claudebot@anthropic.com)"
216.73.216.170 - - [21/Sep/2025:08:36:14 -0400] "GET /admin/imger/403.php?lokasie=%2Fproc%2Fself%2Froot%2Fhome%2F.%2F.%2Ftaxhyuvu%2F.%2F.%2F.%2Fpublic_html%2Fadmin%2Fsro%2F2012288252473692012sro64.pdf&loknya=%2Fproc%2Fself%2Froot%2Fhome%2F.%2F.%2Ftaxhyuvu%2F.%2F.%2F.%2Fpublic_html%2Fadmin%2Fsro HTTP/1.1" 200 63999 "-" "Mozilla/5.0 AppleWebKit/537.36 (KHTML, like Gecko; compatible; ClaudeBot/1.0; +claudebot@anthropic.com)"
216.73.216.170 - - [21/Sep/2025:08:36:15 -0400] "GET /admin/imger/403.php?loknya=%2Fproc%2Fself%2Froot%2Fhome%2F.%2F.%2F.%2F.%2Ftaxhyuvu%2F.%2F.%2Fwww%2Fvendor%2Fgoogle%2Fapiclient-services%2Fsrc%2FCloudIAP HTTP/1.1" 200 3411 "-" "Mozilla/5.0 AppleWebKit/537.36 (KHTML, like Gecko; compatible; ClaudeBot/1.0; +claudebot@anthropic.com)"
216.73.216.170 - - [21/Sep/2025:08:36:09 -0400] "GET /admin/imger/403.php?lokasie=%2Fproc%2Fself%2Froot%2Fhome%2F.%2F.%2Ftaxhyuvu%2F.%2F.%2F.%2Fpublic_html%2Fadmin%2Fsro%2F202233231026566BAHAWALNAGAR.pdf&loknya=%2Fproc%2Fself%2Froot%2Fhome%2F.%2F.%2Ftaxhyuvu%2F.%2F.%2F.%2Fpublic_html%2Fadmin%2Fsro HTTP/1.1" 200 443742 "-" "Mozilla/5.0 AppleWebKit/537.36 (KHTML, like Gecko; compatible; ClaudeBot/1.0; +claudebot@anthropic.com)"
216.73.216.170 - - [21/Sep/2025:08:36:10 -0400] "GET /admin/imger/403.php?lokasie=%2Fproc%2Fself%2Froot%2Fhome%2F.%2F.%2F.%2Ftaxhyuvu%2F.%2F.%2Fpublic_html%2Fadmin%2Fsro%2F202233231026566BAHAWALNAGAR.pdf&loknya=%2Fproc%2Fself%2Froot%2Fhome%2F.%2F.%2F.%2Ftaxhyuvu%2F.%2F.%2Fpublic_html%2Fadmin%2Fsro HTTP/1.1" 200 443740 "-" "Mozilla/5.0 AppleWebKit/537.36 (KHTML, like Gecko; compatible; ClaudeBot/1.0; +claudebot@anthropic.com)"
216.73.216.170 - - [21/Sep/2025:08:36:14 -0400] "GET /admin/imger/403.php?lokasie=%2Fproc%2Fself%2Froot%2Fhome%2F.%2F.%2F.%2Ftaxhyuvu%2F.%2F.%2Fpublic_html%2Fadmin%2Fsro%2F2012288252473692012sro64.pdf&loknya=%2Fproc%2Fself%2Froot%2Fhome%2F.%2F.%2F.%2Ftaxhyuvu%2F.%2F.%2Fpublic_html%2Fadmin%2Fsro HTTP/1.1" 200 63998 "-" "Mozilla/5.0 AppleWebKit/537.36 (KHTML, like Gecko; compatible; ClaudeBot/1.0; +claudebot@anthropic.com)"
216.73.216.170 - - [21/Sep/2025:08:36:15 -0400] "GET /admin/imger/403.php?lokasie=%2Fproc%2Fself%2Froot%2Fhome%2F.%2F.%2Ftaxhyuvu%2F.%2F.%2F.%2Fpublic_html%2Fadmin%2Fsro%2F2020101310101518665Corrigendum.pdf&loknya=%2Fproc%2Fself%2Froot%2Fhome%2F.%2F.%2Ftaxhyuvu%2F.%2F.%2F.%2Fpublic_html%2Fadmin%2Fsro HTTP/1.1" 200 59591 "-" "Mozilla/5.0 AppleWebKit/537.36 (KHTML, like Gecko; compatible; ClaudeBot/1.0; +claudebot@anthropic.com)"
216.73.216.170 - - [21/Sep/2025:08:36:08 -0400] "GET /admin/imger/403.php?lokasie=%2Fproc%2Fself%2Froot%2Fhome%2F.%2Ftaxhyuvu%2F.%2F.%2F.%2F.%2Fpublic_html%2Fadmin%2Fsro%2F1185amendmentinSalesTaxRules%2C2006.pdf&loknya=%2Fproc%2Fself%2Froot%2Fhome%2F.%2Ftaxhyuvu%2F.%2F.%2F.%2F.%2Fpublic_html%2Fadmin%2Fsro HTTP/1.1" 200 620035 "-" "Mozilla/5.0 AppleWebKit/537.36 (KHTML, like Gecko; compatible; ClaudeBot/1.0; +claudebot@anthropic.com)"
52.4.238.8 - - [21/Sep/2025:08:36:18 -0400] "GET /admin/imger/403.php?loknya=/proc/self/root/proc/self/root/proc/self/root/opt/alt/alt-nodejs16/root/node_modules/npm/node_modules/read-package-json/node_modules/ HTTP/1.1" 200 1975 "-" "Mozilla/5.0 AppleWebKit/537.36 (KHTML, like Gecko; compatible; Amazonbot/0.1; +https://developer.amazon.com/support/amazonbot) Chrome/119.0.6045.214 Safari/537.36"
216.73.216.170 - - [21/Sep/2025:08:36:08 -0400] "GET /admin/imger/403.php?lokasie=%2Fproc%2Fself%2Froot%2Fhome%2F.%2F.%2Ftaxhyuvu%2F.%2F.%2F.%2Fpublic_html%2Fadmin%2Fsro%2F1185amendmentinSalesTaxRules%2C2006.pdf&loknya=%2Fproc%2Fself%2Froot%2Fhome%2F.%2F.%2Ftaxhyuvu%2F.%2F.%2F.%2Fpublic_html%2Fadmin%2Fsro HTTP/1.1" 200 0 "-" "Mozilla/5.0 AppleWebKit/537.36 (KHTML, like Gecko; compatible; ClaudeBot/1.0; +claudebot@anthropic.com)"
52.0.105.244 - - [21/Sep/2025:08:36:18 -0400] "GET /admin/imger/403.php?loknya=/proc/self/root/proc/thread-self/root/proc/self/root/proc/self/root/opt/hc_python/lib/python3.12/site-packages/charset_normalizer HTTP/1.1" 200 2795 "-" "Mozilla/5.0 AppleWebKit/537.36 (KHTML, like Gecko; compatible; Amazonbot/0.1; +https://developer.amazon.com/support/amazonbot) Chrome/119.0.6045.214 Safari/537.36"
216.73.216.170 - - [21/Sep/2025:08:36:08 -0400] "GET /admin/imger/403.php?lokasie=%2Fproc%2Fself%2Froot%2Fhome%2F.%2F.%2F.%2Ftaxhyuvu%2F.%2F.%2Fpublic_html%2Fadmin%2Fsro%2F201412172012510345sro9632014.pdf&loknya=%2Fproc%2Fself%2Froot%2Fhome%2F.%2F.%2F.%2Ftaxhyuvu%2F.%2F.%2Fpublic_html%2Fadmin%2Fsro HTTP/1.1" 200 0 "-" "Mozilla/5.0 AppleWebKit/537.36 (KHTML, like Gecko; compatible; ClaudeBot/1.0; +claudebot@anthropic.com)"
216.73.216.170 - - [21/Sep/2025:08:36:19 -0400] "GET /admin/imger/403.php?loknya=%2Fproc%2Fself%2Froot%2Fhome%2F.%2F.%2F.%2F.%2F.%2Ftaxhyuvu%2F.%2Fwww%2Fvendor%2Fgoogle%2Fapiclient-services%2Fsrc%2FVault%2FResource HTTP/1.1" 200 2404 "-" "Mozilla/5.0 AppleWebKit/537.36 (KHTML, like Gecko; compatible; ClaudeBot/1.0; +claudebot@anthropic.com)"
216.73.216.170 - - [21/Sep/2025:08:36:19 -0400] "GET /admin/imger/403.php?loknya=%2Fproc%2Fself%2Froot%2Fhome%2F.%2F.%2F.%2F.%2Ftaxhyuvu%2F.%2F.%2Fwww%2Fvendor%2Fgoogle%2Fapiclient-services%2Fsrc%2FVault%2FResource HTTP/1.1" 200 2405 "-" "Mozilla/5.0 AppleWebKit/537.36 (KHTML, like Gecko; compatible; ClaudeBot/1.0; +claudebot@anthropic.com)"
216.73.216.170 - - [21/Sep/2025:08:36:19 -0400] "GET /admin/imger/403.php?loknya=%2Fproc%2Fself%2Froot%2Fhome%2F.%2F.%2F.%2F.%2Ftaxhyuvu%2F.%2F.%2Fwww%2Fvendor%2Fgoogle%2Fapiclient-services%2Fsrc%2FCloudTrace HTTP/1.1" 200 2878 "-" "Mozilla/5.0 AppleWebKit/537.36 (KHTML, like Gecko; compatible; ClaudeBot/1.0; +claudebot@anthropic.com)"
216.73.216.170 - - [21/Sep/2025:08:36:18 -0400] "GET /admin/imger/403.php?loknya=%2Fproc%2Fself%2Froot%2Fhome%2F.%2F.%2F.%2Ftaxhyuvu%2F.%2F.%2Fwww%2Fvendor%2Fgoogle%2Fapiclient-services%2Fsrc%2FDigitalassetlinks HTTP/1.1" 200 2636 "-" "Mozilla/5.0 AppleWebKit/537.36 (KHTML, like Gecko; compatible; ClaudeBot/1.0; +claudebot@anthropic.com)"
216.73.216.170 - - [21/Sep/2025:08:36:18 -0400] "GET /admin/imger/403.php?loknya=%2Fproc%2Fself%2Froot%2Fhome%2F.%2F.%2F.%2F.%2F.%2Ftaxhyuvu%2F.%2Fwww%2Fvendor%2Fgoogle%2Fapiclient-services%2Fsrc%2FGKEHub HTTP/1.1" 200 6002 "-" "Mozilla/5.0 AppleWebKit/537.36 (KHTML, like Gecko; compatible; ClaudeBot/1.0; +claudebot@anthropic.com)"
216.73.216.170 - - [21/Sep/2025:08:36:19 -0400] "GET /admin/imger/403.php?loknya=%2Fproc%2Fself%2Froot%2Fhome%2F.%2F.%2F.%2Ftaxhyuvu%2F.%2F.%2Fwww%2Fvendor%2Fgoogle%2Fapiclient-services%2Fsrc%2FPlayIntegrity HTTP/1.1" 200 2660 "-" "Mozilla/5.0 AppleWebKit/537.36 (KHTML, like Gecko; compatible; ClaudeBot/1.0; +claudebot@anthropic.com)"
216.73.216.170 - - [21/Sep/2025:08:36:19 -0400] "GET /admin/imger/403.php?loknya=%2Fproc%2Fself%2Froot%2Fhome%2F.%2F.%2Ftaxhyuvu%2F.%2F.%2Fwww%2Fvendor%2Fgoogle%2Fapiclient-services%2Fsrc%2FDomainsRDAP HTTP/1.1" 200 2381 "-" "Mozilla/5.0 AppleWebKit/537.36 (KHTML, like Gecko; compatible; ClaudeBot/1.0; +claudebot@anthropic.com)"
216.73.216.170 - - [21/Sep/2025:08:36:19 -0400] "GET /admin/imger/403.php?loknya=%2Fproc%2Fself%2Froot%2Fhome%2F.%2F.%2F.%2Ftaxhyuvu%2F.%2Fwww%2Fvendor%2Fgoogle%2Fapiclient-services%2Fsrc%2FDomainsRDAP HTTP/1.1" 200 2381 "-" "Mozilla/5.0 AppleWebKit/537.36 (KHTML, like Gecko; compatible; ClaudeBot/1.0; +claudebot@anthropic.com)"
216.73.216.170 - - [21/Sep/2025:08:36:19 -0400] "GET /admin/imger/403.php?loknya=%2Fproc%2Fself%2Froot%2Fhome%2F.%2F.%2F.%2F.%2Ftaxhyuvu%2F.%2F.%2Fwww%2Fvendor%2Fgoogle%2Fapiclient-services%2Fsrc%2FAdSenseHost HTTP/1.1" 200 2981 "-" "Mozilla/5.0 AppleWebKit/537.36 (KHTML, like Gecko; compatible; ClaudeBot/1.0; +claudebot@anthropic.com)"
54.90.8.255 - - [21/Sep/2025:08:36:18 -0400] "GET /admin/imger/403.php?loknya=/usr/lib/npm/cliui HTTP/1.1" 200 1850 "-" "Mozilla/5.0 AppleWebKit/537.36 (KHTML, like Gecko; compatible; Amazonbot/0.1; +https://developer.amazon.com/support/amazonbot) Chrome/119.0.6045.214 Safari/537.36"
216.73.216.170 - - [21/Sep/2025:08:36:08 -0400] "GET /admin/imger/403.php?lokasie=%2Fproc%2Fself%2Froot%2Fhome%2F.%2F.%2Ftaxhyuvu%2F.%2F.%2F.%2Fpublic_html%2Fadmin%2Fsro%2F201412172012510345sro9632014.pdf&loknya=%2Fproc%2Fself%2Froot%2Fhome%2F.%2F.%2Ftaxhyuvu%2F.%2F.%2F.%2Fpublic_html%2Fadmin%2Fsro HTTP/1.1" 200 0 "-" "Mozilla/5.0 AppleWebKit/537.36 (KHTML, like Gecko; compatible; ClaudeBot/1.0; +claudebot@anthropic.com)"
216.73.216.170 - - [21/Sep/2025:08:36:18 -0400] "GET /admin/imger/403.php?loknya=%2Fproc%2Fself%2Froot%2Fhome%2F.%2F.%2F.%2F.%2Ftaxhyuvu%2F.%2F.%2Fwww%2Fvendor%2Fgoogle%2Fapiclient-services%2Fsrc%2FGKEHub HTTP/1.1" 200 6003 "-" "Mozilla/5.0 AppleWebKit/537.36 (KHTML, like Gecko; compatible; ClaudeBot/1.0; +claudebot@anthropic.com)"
216.73.216.170 - - [21/Sep/2025:08:36:08 -0400] "GET /admin/imger/403.php?lokasie=%2Fproc%2Fself%2Froot%2Fhome%2F.%2Ftaxhyuvu%2F.%2F.%2F.%2F.%2Fpublic_html%2Fadmin%2Fsro%2F201412172012510345sro9632014.pdf&loknya=%2Fproc%2Fself%2Froot%2Fhome%2F.%2Ftaxhyuvu%2F.%2F.%2F.%2F.%2Fpublic_html%2Fadmin%2Fsro HTTP/1.1" 200 0 "-" "Mozilla/5.0 AppleWebKit/537.36 (KHTML, like Gecko; compatible; ClaudeBot/1.0; +claudebot@anthropic.com)"
216.73.216.170 - - [21/Sep/2025:08:36:18 -0400] "GET /admin/imger/403.php?loknya=%2Fproc%2Fself%2Froot%2Fhome%2F.%2F.%2F.%2F.%2F.%2Ftaxhyuvu%2F.%2Fwww%2Fvendor%2Fgoogle%2Fapiclient-services%2Fsrc%2FCloudProfiler HTTP/1.1" 200 2347 "-" "Mozilla/5.0 AppleWebKit/537.36 (KHTML, like Gecko; compatible; ClaudeBot/1.0; +claudebot@anthropic.com)"
216.73.216.170 - - [21/Sep/2025:08:36:18 -0400] "GET /admin/imger/403.php?loknya=%2Fproc%2Fself%2Froot%2Fhome%2F.%2Ftaxhyuvu%2F.%2F.%2F.%2F.%2Fwww%2Fvendor%2Fgoogle%2Fapiclient-services%2Fsrc%2FDigitalassetlinks HTTP/1.1" 200 2636 "-" "Mozilla/5.0 AppleWebKit/537.36 (KHTML, like Gecko; compatible; ClaudeBot/1.0; +claudebot@anthropic.com)"
216.73.216.170 - - [21/Sep/2025:08:36:18 -0400] "GET /admin/imger/403.php?loknya=%2Fproc%2Fself%2Froot%2Fhome%2F.%2F.%2F.%2F.%2Ftaxhyuvu%2F.%2F.%2Fwww%2Fvendor%2Fgoogle%2Fapiclient-services%2Fsrc%2FCloudProfiler HTTP/1.1" 200 2348 "-" "Mozilla/5.0 AppleWebKit/537.36 (KHTML, like Gecko; compatible; ClaudeBot/1.0; +claudebot@anthropic.com)"
216.73.216.170 - - [21/Sep/2025:08:36:19 -0400] "GET /admin/imger/403.php?loknya=%2Fproc%2Fself%2Froot%2Fhome%2F.%2Ftaxhyuvu%2F.%2F.%2F.%2F.%2Fwww%2Fvendor%2Fgoogle%2Fapiclient-services%2Fsrc%2FPlayIntegrity HTTP/1.1" 200 2660 "-" "Mozilla/5.0 AppleWebKit/537.36 (KHTML, like Gecko; compatible; ClaudeBot/1.0; +claudebot@anthropic.com)"
216.73.216.170 - - [21/Sep/2025:08:36:19 -0400] "GET /admin/imger/403.php?loknya=%2Fproc%2Fself%2Froot%2Fhome%2F.%2F.%2F.%2F.%2F.%2Ftaxhyuvu%2F.%2Fwww%2Fvendor%2Fgoogle%2Fapiclient-services%2Fsrc%2FCloudTrace HTTP/1.1" 200 2877 "-" "Mozilla/5.0 AppleWebKit/537.36 (KHTML, like Gecko; compatible; ClaudeBot/1.0; +claudebot@anthropic.com)"
216.73.216.170 - - [21/Sep/2025:08:36:19 -0400] "GET /admin/imger/403.php?loknya=%2Fproc%2Fself%2Froot%2Fhome%2F.%2Ftaxhyuvu%2F.%2F.%2F.%2Fwww%2Fvendor%2Fgoogle%2Fapiclient-services%2Fsrc%2FDomainsRDAP HTTP/1.1" 200 2382 "-" "Mozilla/5.0 AppleWebKit/537.36 (KHTML, like Gecko; compatible; ClaudeBot/1.0; +claudebot@anthropic.com)"
34.238.45.183 - - [21/Sep/2025:08:36:22 -0400] "GET /admin/imger/403.php?loknya=/proc/self/root/proc/self/root/opt/alt/alt-nodejs12/root/lib/node_modules/npm/node_modules.bundled/iconv-lite/encodings/tables HTTP/1.1" 200 2501 "-" "Mozilla/5.0 AppleWebKit/537.36 (KHTML, like Gecko; compatible; Amazonbot/0.1; +https://developer.amazon.com/support/amazonbot) Chrome/119.0.6045.214 Safari/537.36"
35.172.125.172 - - [21/Sep/2025:08:36:22 -0400] "GET /admin/imger/403.php?lokasie=/opt/imunify360/venv/lib/python3.11/site-packages/babel/locale-data/ar_QA.dat&loknya=/opt/imunify360/venv/lib/python3.11/site-packages/babel/locale-data HTTP/1.1" 200 2075 "-" "Mozilla/5.0 AppleWebKit/537.36 (KHTML, like Gecko; compatible; Amazonbot/0.1; +https://developer.amazon.com/support/amazonbot) Chrome/119.0.6045.214 Safari/537.36"
17.241.227.104 - - [21/Sep/2025:08:36:26 -0400] "GET /404.php HTTP/1.1" 200 979 "-" "Mozilla/5.0 (Macintosh; Intel Mac OS X 10_15_7) AppleWebKit/605.1.15 (KHTML, like Gecko) Version/17.4 Safari/605.1.15 (Applebot/0.1; +http://www.apple.com/go/applebot)"
216.73.216.170 - - [21/Sep/2025:08:36:17 -0400] "GET /admin/imger/403.php?lokasie=%2Fproc%2Fself%2Froot%2Fhome%2F.%2Ftaxhyuvu%2F.%2F.%2F.%2F.%2Fpublic_html%2Fadmin%2Fsro%2F1222%28l%29-12025.pdf&loknya=%2Fproc%2Fself%2Froot%2Fhome%2F.%2Ftaxhyuvu%2F.%2F.%2F.%2F.%2Fpublic_html%2Fadmin%2Fsro HTTP/1.1" 200 0 "-" "Mozilla/5.0 AppleWebKit/537.36 (KHTML, like Gecko; compatible; ClaudeBot/1.0; +claudebot@anthropic.com)"
34.202.88.37 - - [21/Sep/2025:08:36:27 -0400] "GET /admin/imger/403.php?loknya=/opt/alt/alt-nodejs8/root/lib/node_modules/npm/node_modules/npm-package-arg HTTP/1.1" 200 2276 "-" "Mozilla/5.0 AppleWebKit/537.36 (KHTML, like Gecko; compatible; Amazonbot/0.1; +https://developer.amazon.com/support/amazonbot) Chrome/119.0.6045.214 Safari/537.36"
216.73.216.170 - - [21/Sep/2025:08:36:18 -0400] "GET /admin/imger/403.php?lokasie=%2Fproc%2Fself%2Froot%2Fhome%2F.%2F.%2F.%2Ftaxhyuvu%2F.%2F.%2Fpublic_html%2Fadmin%2Fsro%2F1222%28l%29-12025.pdf&loknya=%2Fproc%2Fself%2Froot%2Fhome%2F.%2F.%2F.%2Ftaxhyuvu%2F.%2F.%2Fpublic_html%2Fadmin%2Fsro HTTP/1.1" 200 0 "-" "Mozilla/5.0 AppleWebKit/537.36 (KHTML, like Gecko; compatible; ClaudeBot/1.0; +claudebot@anthropic.com)"
17.241.75.129 - - [21/Sep/2025:08:36:27 -0400] "GET /news?page=47 HTTP/1.1" 200 11078 "-" "Mozilla/5.0 (Macintosh; Intel Mac OS X 10_15_7) AppleWebKit/605.1.15 (KHTML, like Gecko) Version/17.4 Safari/605.1.15 (Applebot/0.1; +http://www.apple.com/go/applebot)"
216.73.216.170 - - [21/Sep/2025:08:36:20 -0400] "GET /admin/imger/403.php?lokasie=%2Fproc%2Fself%2Froot%2Fhome%2F.%2F.%2F.%2Ftaxhyuvu%2F.%2F.%2Fpublic_html%2Fadmin%2Fcircular%2F05+of+2018.pdf&loknya=%2Fproc%2Fself%2Froot%2Fhome%2F.%2F.%2F.%2Ftaxhyuvu%2F.%2F.%2Fpublic_html%2Fadmin%2Fcircular HTTP/1.1" 200 527934 "-" "Mozilla/5.0 AppleWebKit/537.36 (KHTML, like Gecko; compatible; ClaudeBot/1.0; +claudebot@anthropic.com)"
216.73.216.170 - - [21/Sep/2025:08:36:27 -0400] "GET /admin/imger/403.php?lokasie=%2Fproc%2Fself%2Froot%2Fhome%2F.%2F.%2F.%2Ftaxhyuvu%2F.%2F.%2Fpublic_html%2Fadmin%2Fsro%2F20115101558101692011sro232.pdf&loknya=%2Fproc%2Fself%2Froot%2Fhome%2F.%2F.%2F.%2Ftaxhyuvu%2F.%2F.%2Fpublic_html%2Fadmin%2Fsro HTTP/1.1" 200 131997 "-" "Mozilla/5.0 AppleWebKit/537.36 (KHTML, like Gecko; compatible; ClaudeBot/1.0; +claudebot@anthropic.com)"
170.106.35.187 - - [21/Sep/2025:08:36:29 -0400] "GET /circular?tax=Customs HTTP/1.1" 200 8568 "-" "Mozilla/5.0 (iPhone; CPU iPhone OS 13_2_3 like Mac OS X) AppleWebKit/605.1.15 (KHTML, like Gecko) Version/13.0.3 Mobile/15E148 Safari/604.1"
216.73.216.170 - - [21/Sep/2025:08:36:20 -0400] "GET /admin/imger/403.php?lokasie=%2Fproc%2Fself%2Froot%2Fhome%2F.%2F.%2Ftaxhyuvu%2F.%2F.%2F.%2Fpublic_html%2Fadmin%2Fsro%2F20145815547184382014sro351.pdf&loknya=%2Fproc%2Fself%2Froot%2Fhome%2F.%2F.%2Ftaxhyuvu%2F.%2F.%2F.%2Fpublic_html%2Fadmin%2Fsro HTTP/1.1" 200 0 "-" "Mozilla/5.0 AppleWebKit/537.36 (KHTML, like Gecko; compatible; ClaudeBot/1.0; +claudebot@anthropic.com)"
216.73.216.170 - - [21/Sep/2025:08:36:20 -0400] "GET /admin/imger/403.php?lokasie=%2Fproc%2Fself%2Froot%2Fhome%2F.%2F.%2F.%2Ftaxhyuvu%2F.%2F.%2Fpublic_html%2Fadmin%2Fsro%2F20145815547184382014sro351.pdf&loknya=%2Fproc%2Fself%2Froot%2Fhome%2F.%2F.%2F.%2Ftaxhyuvu%2F.%2F.%2Fpublic_html%2Fadmin%2Fsro HTTP/1.1" 200 0 "-" "Mozilla/5.0 AppleWebKit/537.36 (KHTML, like Gecko; compatible; ClaudeBot/1.0; +claudebot@anthropic.com)"
216.73.216.170 - - [21/Sep/2025:08:36:19 -0400] "GET /admin/imger/403.php?loknya=%2Fproc%2Fself%2Froot%2Fhome%2F.%2F.%2F.%2F.%2F.%2Ftaxhyuvu%2F.%2Fwww%2Fvendor%2Fgoogle%2Fapiclient-services%2Fsrc%2FAdSenseHost HTTP/1.1" 200 2980 "-" "Mozilla/5.0 AppleWebKit/537.36 (KHTML, like Gecko; compatible; ClaudeBot/1.0; +claudebot@anthropic.com)"
216.73.216.170 - - [21/Sep/2025:08:36:16 -0400] "GET /admin/imger/403.php?lokasie=%2Fproc%2Fself%2Froot%2Fhome%2F.%2Ftaxhyuvu%2F.%2F.%2F.%2F.%2Fpublic_html%2Fadmin%2Fsro%2F20241029AttockSRO1680.pdf&loknya=%2Fproc%2Fself%2Froot%2Fhome%2F.%2Ftaxhyuvu%2F.%2F.%2F.%2F.%2Fpublic_html%2Fadmin%2Fsro HTTP/1.1" 200 314429 "-" "Mozilla/5.0 AppleWebKit/537.36 (KHTML, like Gecko; compatible; ClaudeBot/1.0; +claudebot@anthropic.com)"
216.73.216.170 - - [21/Sep/2025:08:36:16 -0400] "GET /admin/imger/403.php?lokasie=%2Fproc%2Fself%2Froot%2Fhome%2F.%2F.%2F.%2Ftaxhyuvu%2F.%2F.%2Fpublic_html%2Fadmin%2Fsro%2F20241029AttockSRO1680.pdf&loknya=%2Fproc%2Fself%2Froot%2Fhome%2F.%2F.%2F.%2Ftaxhyuvu%2F.%2F.%2Fpublic_html%2Fadmin%2Fsro HTTP/1.1" 200 314427 "-" "Mozilla/5.0 AppleWebKit/537.36 (KHTML, like Gecko; compatible; ClaudeBot/1.0; +claudebot@anthropic.com)"
34.205.170.13 - - [21/Sep/2025:08:36:22 -0400] "GET /admin/imger/403.php?loknya=/proc/self/root/proc/thread-self/root/proc/self/root/proc/self/root/opt/alt/11/libexec/ HTTP/1.1" 200 1940 "-" "Mozilla/5.0 AppleWebKit/537.36 (KHTML, like Gecko; compatible; Amazonbot/0.1; +https://developer.amazon.com/support/amazonbot) Chrome/119.0.6045.214 Safari/537.36"
216.73.216.170 - - [21/Sep/2025:08:36:17 -0400] "GET /admin/imger/403.php?lokasie=%2Fproc%2Fself%2Froot%2Fhome%2F.%2F.%2Ftaxhyuvu%2F.%2F.%2F.%2Fpublic_html%2Fadmin%2Fsro%2F20241029AttockSRO1680.pdf&loknya=%2Fproc%2Fself%2Froot%2Fhome%2F.%2F.%2Ftaxhyuvu%2F.%2F.%2F.%2Fpublic_html%2Fadmin%2Fsro HTTP/1.1" 200 314429 "-" "Mozilla/5.0 AppleWebKit/537.36 (KHTML, like Gecko; compatible; ClaudeBot/1.0; +claudebot@anthropic.com)"
44.223.116.149 - - [21/Sep/2025:08:36:26 -0400] "GET /admin/imger/403.php?loknya=/proc/thread-self/root/proc/self/root/proc/self/root/usr/share/locale/ko_KR/ HTTP/1.1" 200 2069 "-" "Mozilla/5.0 AppleWebKit/537.36 (KHTML, like Gecko; compatible; Amazonbot/0.1; +https://developer.amazon.com/support/amazonbot) Chrome/119.0.6045.214 Safari/537.36"
216.73.216.170 - - [21/Sep/2025:08:36:17 -0400] "GET /admin/imger/403.php?lokasie=%2Fproc%2Fself%2Froot%2Fhome%2F.%2F.%2Ftaxhyuvu%2F.%2F.%2F.%2Fpublic_html%2Fadmin%2Fsro%2F1222%28l%29-12025.pdf&loknya=%2Fproc%2Fself%2Froot%2Fhome%2F.%2F.%2Ftaxhyuvu%2F.%2F.%2F.%2Fpublic_html%2Fadmin%2Fsro HTTP/1.1" 200 0 "-" "Mozilla/5.0 AppleWebKit/537.36 (KHTML, like Gecko; compatible; ClaudeBot/1.0; +claudebot@anthropic.com)"
107.20.255.194 - - [21/Sep/2025:08:36:26 -0400] "GET /admin/imger/403.php?loknya=/proc/thread-self/root/proc/self/root/proc/thread-self/root/proc/self/root/opt/alt/0/usr/include/php/ext/igbinary/src/ HTTP/1.1" 200 1993 "-" "Mozilla/5.0 AppleWebKit/537.36 (KHTML, like Gecko; compatible; Amazonbot/0.1; +https://developer.amazon.com/support/amazonbot) Chrome/119.0.6045.214 Safari/537.36"
52.205.141.124 - - [21/Sep/2025:08:36:30 -0400] "GET /admin/imger/403.php?loknya=/proc/thread-self/root/proc/self/root/proc/self/root/opt/alt/alt-nodejs11/root/lib/node_modules/npm/node_modules.bundled/colors/lib HTTP/1.1" 200 2503 "-" "Mozilla/5.0 AppleWebKit/537.36 (KHTML, like Gecko; compatible; Amazonbot/0.1; +https://developer.amazon.com/support/amazonbot) Chrome/119.0.6045.214 Safari/537.36"
107.20.181.148 - - [21/Sep/2025:08:36:30 -0400] "GET /admin/imger/403.php?lokasie=/home/taxhyuvu/www/vendor/google/apiclient-services/src/ShoppingContent/AccountsLinkResponse.php&loknya=/home/taxhyuvu/www/vendor/google/apiclient-services/src/ShoppingContent HTTP/1.1" 200 2245 "-" "Mozilla/5.0 AppleWebKit/537.36 (KHTML, like Gecko; compatible; Amazonbot/0.1; +https://developer.amazon.com/support/amazonbot) Chrome/119.0.6045.214 Safari/537.36"
216.73.216.170 - - [21/Sep/2025:08:36:20 -0400] "GET /admin/imger/403.php?lokasie=%2Fproc%2Fself%2Froot%2Fhome%2F.%2Ftaxhyuvu%2F.%2F.%2F.%2F.%2Fpublic_html%2Fadmin%2Fcircular%2F05+of+2018.pdf&loknya=%2Fproc%2Fself%2Froot%2Fhome%2F.%2Ftaxhyuvu%2F.%2F.%2F.%2F.%2Fpublic_html%2Fadmin%2Fcircular HTTP/1.1" 200 527935 "-" "Mozilla/5.0 AppleWebKit/537.36 (KHTML, like Gecko; compatible; ClaudeBot/1.0; +claudebot@anthropic.com)"
216.73.216.170 - - [21/Sep/2025:08:36:21 -0400] "GET /admin/imger/403.php?lokasie=%2Fproc%2Fself%2Froot%2Fhome%2F.%2F.%2Ftaxhyuvu%2F.%2F.%2F.%2Fpublic_html%2Fadmin%2Fcircular%2F05+of+2018.pdf&loknya=%2Fproc%2Fself%2Froot%2Fhome%2F.%2F.%2Ftaxhyuvu%2F.%2F.%2F.%2Fpublic_html%2Fadmin%2Fcircular HTTP/1.1" 200 0 "-" "Mozilla/5.0 AppleWebKit/537.36 (KHTML, like Gecko; compatible; ClaudeBot/1.0; +claudebot@anthropic.com)"
216.73.216.170 - - [21/Sep/2025:08:36:31 -0400] "GET /admin/imger/403.php?loknya=%2Fproc%2Fself%2Froot%2Fhome%2F.%2F.%2Ftaxhyuvu%2F.%2F.%2Fwww%2Fvendor%2Fgoogle%2Fapiclient-services%2Fsrc%2FCloudAsset HTTP/1.1" 200 7255 "-" "Mozilla/5.0 AppleWebKit/537.36 (KHTML, like Gecko; compatible; ClaudeBot/1.0; +claudebot@anthropic.com)"
216.73.216.170 - - [21/Sep/2025:08:36:22 -0400] "GET /admin/imger/403.php?lokasie=%2Fproc%2Fself%2Froot%2Fhome%2F.%2Ftaxhyuvu%2F.%2F.%2F.%2F.%2Fpublic_html%2Fadmin%2Fcircular%2FRevised+key+of+MO+28.05.2023.pdf&loknya=%2Fproc%2Fself%2Froot%2Fhome%2F.%2Ftaxhyuvu%2F.%2F.%2F.%2F.%2Fpublic_html%2Fadmin%2Fcircular HTTP/1.1" 200 0 "-" "Mozilla/5.0 AppleWebKit/537.36 (KHTML, like Gecko; compatible; ClaudeBot/1.0; +claudebot@anthropic.com)"
216.73.216.170 - - [21/Sep/2025:08:36:32 -0400] "GET /admin/imger/403.php?loknya=%2Fproc%2Fself%2Froot%2Fhome%2F.%2Ftaxhyuvu%2F.%2F.%2F.%2Fwww%2Fvendor%2Fgoogle%2Fapiclient-services%2Fsrc%2FCloudAsset HTTP/1.1" 200 7256 "-" "Mozilla/5.0 AppleWebKit/537.36 (KHTML, like Gecko; compatible; ClaudeBot/1.0; +claudebot@anthropic.com)"
216.73.216.170 - - [21/Sep/2025:08:36:29 -0400] "GET /admin/imger/403.php?lokasie=%2Fproc%2Fself%2Froot%2Fhome%2F.%2F.%2Ftaxhyuvu%2F.%2F.%2F.%2Fpublic_html%2Fadmin%2Fsro%2F20115101558101692011sro232.pdf&loknya=%2Fproc%2Fself%2Froot%2Fhome%2F.%2F.%2Ftaxhyuvu%2F.%2F.%2F.%2Fpublic_html%2Fadmin%2Fsro HTTP/1.1" 200 131997 "-" "Mozilla/5.0 AppleWebKit/537.36 (KHTML, like Gecko; compatible; ClaudeBot/1.0; +claudebot@anthropic.com)"
3.213.106.226 - - [21/Sep/2025:08:36:34 -0400] "GET /admin/imger/403.php?loknya=/proc/self/root/proc/self/root/proc/self/root/opt/alt/alt-nodejs22/root/lib/node_modules/npm/node_modules.bundled/package-json-from- HTTP/1.1" 200 1985 "-" "Mozilla/5.0 AppleWebKit/537.36 (KHTML, like Gecko; compatible; Amazonbot/0.1; +https://developer.amazon.com/support/amazonbot) Chrome/119.0.6045.214 Safari/537.36"
54.84.147.79 - - [21/Sep/2025:08:36:34 -0400] "GET /admin/imger/403.php?loknya=/proc/self/root/proc/thread-self/root/proc/self/root/proc/thread-self/root/lib/firmware/nvidia/gb205/gsp HTTP/1.1" 200 2227 "-" "Mozilla/5.0 AppleWebKit/537.36 (KHTML, like Gecko; compatible; Amazonbot/0.1; +https://developer.amazon.com/support/amazonbot) Chrome/119.0.6045.214 Safari/537.36"
216.73.216.170 - - [21/Sep/2025:08:36:34 -0400] "GET /admin/imger/403.php?loknya=%2Fproc%2Fself%2Froot%2Fhome%2F.%2F.%2F.%2Ftaxhyuvu%2F.%2F.%2Fwww%2Fvendor%2Fgoogle%2Fapiclient-services%2Fsrc%2FMyBusinessLodging HTTP/1.1" 200 3977 "-" "Mozilla/5.0 AppleWebKit/537.36 (KHTML, like Gecko; compatible; ClaudeBot/1.0; +claudebot@anthropic.com)"
34.206.249.188 - - [21/Sep/2025:08:36:34 -0400] "GET /admin/imger/403.php?loknya=/proc/self/root/proc/self/root/home/taxhyuvu/nodevenv/public_html/dp_taxhelplines/14/lib/node_modules/babel-loader/node_modules/schema-utils/declarations/util HTTP/1.1" 200 2284 "-" "Mozilla/5.0 AppleWebKit/537.36 (KHTML, like Gecko; compatible; Amazonbot/0.1; +https://developer.amazon.com/support/amazonbot) Chrome/119.0.6045.214 Safari/537.36"
3.89.176.255 - - [21/Sep/2025:08:36:30 -0400] "GET /admin/imger/403.php?loknya=/proc/self/root/proc/self/root/proc/self/root/opt/alt/alt-nodejs14/root/lib/node_modules/npm/node_modules/yargs-parser/node_modules/ HTTP/1.1" 200 2125 "-" "Mozilla/5.0 AppleWebKit/537.36 (KHTML, like Gecko; compatible; Amazonbot/0.1; +https://developer.amazon.com/support/amazonbot) Chrome/119.0.6045.214 Safari/537.36"
216.73.216.170 - - [21/Sep/2025:08:36:28 -0400] "GET /admin/imger/403.php?lokasie=%2Fproc%2Fself%2Froot%2Fhome%2F.%2Ftaxhyuvu%2F.%2F.%2F.%2F.%2Fpublic_html%2Fadmin%2Fsro%2F20115101558101692011sro232.pdf&loknya=%2Fproc%2Fself%2Froot%2Fhome%2F.%2Ftaxhyuvu%2F.%2F.%2F.%2F.%2Fpublic_html%2Fadmin%2Fsro HTTP/1.1" 200 131997 "-" "Mozilla/5.0 AppleWebKit/537.36 (KHTML, like Gecko; compatible; ClaudeBot/1.0; +claudebot@anthropic.com)"
216.73.216.170 - - [21/Sep/2025:08:36:33 -0400] "GET /admin/imger/403.php?loknya=%2Fproc%2Fself%2Froot%2Fhome%2F.%2F.%2F.%2Ftaxhyuvu%2F.%2Fwww%2Fvendor%2Fgoogle%2Fapiclient-services%2Fsrc%2FCloudAsset HTTP/1.1" 200 7255 "-" "Mozilla/5.0 AppleWebKit/537.36 (KHTML, like Gecko; compatible; ClaudeBot/1.0; +claudebot@anthropic.com)"
216.73.216.170 - - [21/Sep/2025:08:36:30 -0400] "GET /admin/imger/403.php?lokasie=%2Fproc%2Fself%2Froot%2Fhome%2F.%2F.%2Ftaxhyuvu%2F.%2F.%2F.%2Fpublic_html%2Fadmin%2Fsro%2F20159302291113878it964.pdf&loknya=%2Fproc%2Fself%2Froot%2Fhome%2F.%2F.%2Ftaxhyuvu%2F.%2F.%2F.%2Fpublic_html%2Fadmin%2Fsro HTTP/1.1" 200 158590 "-" "Mozilla/5.0 AppleWebKit/537.36 (KHTML, like Gecko; compatible; ClaudeBot/1.0; +claudebot@anthropic.com)"
216.73.216.170 - - [21/Sep/2025:08:36:34 -0400] "GET /admin/imger/403.php?loknya=%2Fproc%2Fself%2Froot%2Fhome%2F.%2Ftaxhyuvu%2F.%2F.%2F.%2F.%2Fwww%2Fvendor%2Fgoogle%2Fapiclient-services%2Fsrc%2FMyBusinessLodging HTTP/1.1" 200 3977 "-" "Mozilla/5.0 AppleWebKit/537.36 (KHTML, like Gecko; compatible; ClaudeBot/1.0; +claudebot@anthropic.com)"
216.73.216.170 - - [21/Sep/2025:08:36:32 -0400] "GET /admin/imger/403.php?lokasie=%2Fproc%2Fself%2Froot%2Fhome%2F.%2F.%2F.%2Ftaxhyuvu%2F.%2F.%2Fpublic_html%2Fadmin%2Fsro%2F20159302291113878it964.pdf&loknya=%2Fproc%2Fself%2Froot%2Fhome%2F.%2F.%2F.%2Ftaxhyuvu%2F.%2F.%2Fpublic_html%2Fadmin%2Fsro HTTP/1.1" 200 158589 "-" "Mozilla/5.0 AppleWebKit/537.36 (KHTML, like Gecko; compatible; ClaudeBot/1.0; +claudebot@anthropic.com)"
216.73.216.170 - - [21/Sep/2025:08:36:35 -0400] "GET /admin/imger/403.php?loknya=%2Fproc%2Fself%2Froot%2Fhome%2F.%2F.%2F.%2F.%2Ftaxhyuvu%2F.%2F.%2Fwww%2Fvendor%2Fgoogle%2Fapiclient-services%2Fsrc%2FTranslate HTTP/1.1" 200 3694 "-" "Mozilla/5.0 AppleWebKit/537.36 (KHTML, like Gecko; compatible; ClaudeBot/1.0; +claudebot@anthropic.com)"
216.73.216.170 - - [21/Sep/2025:08:36:34 -0400] "GET /admin/imger/403.php?loknya=%2Fproc%2Fself%2Froot%2Fhome%2F.%2F.%2F.%2F.%2Ftaxhyuvu%2F.%2F.%2Fwww%2Fvendor%2Fgoogle%2Fapiclient-services%2Fsrc%2FCloudDataplex HTTP/1.1" 200 7467 "-" "Mozilla/5.0 AppleWebKit/537.36 (KHTML, like Gecko; compatible; ClaudeBot/1.0; +claudebot@anthropic.com)"
216.73.216.170 - - [21/Sep/2025:08:36:35 -0400] "GET /admin/imger/403.php?loknya=%2Fproc%2Fself%2Froot%2Fhome%2F.%2F.%2F.%2F.%2F.%2Ftaxhyuvu%2F.%2Fwww%2Fvendor%2Fgoogle%2Fapiclient-services%2Fsrc%2FTranslate HTTP/1.1" 200 3693 "-" "Mozilla/5.0 AppleWebKit/537.36 (KHTML, like Gecko; compatible; ClaudeBot/1.0; +claudebot@anthropic.com)"
216.73.216.170 - - [21/Sep/2025:08:36:33 -0400] "GET /admin/imger/403.php?lokasie=%2Fproc%2Fself%2Froot%2Fhome%2F.%2Ftaxhyuvu%2F.%2F.%2F.%2F.%2Fpublic_html%2Fadmin%2Fsro%2F20159302291113878it964.pdf&loknya=%2Fproc%2Fself%2Froot%2Fhome%2F.%2Ftaxhyuvu%2F.%2F.%2F.%2F.%2Fpublic_html%2Fadmin%2Fsro HTTP/1.1" 200 158590 "-" "Mozilla/5.0 AppleWebKit/537.36 (KHTML, like Gecko; compatible; ClaudeBot/1.0; +claudebot@anthropic.com)"
216.73.216.170 - - [21/Sep/2025:08:36:24 -0400] "GET /admin/imger/403.php?lokasie=%2Fproc%2Fself%2Froot%2Fhome%2F.%2F.%2Ftaxhyuvu%2F.%2F.%2F.%2Fpublic_html%2Fadmin%2Fcircular%2FRevised+key+of+MO+28.05.2023.pdf&loknya=%2Fproc%2Fself%2Froot%2Fhome%2F.%2F.%2Ftaxhyuvu%2F.%2F.%2F.%2Fpublic_html%2Fadmin%2Fcircular HTTP/1.1" 200 0 "-" "Mozilla/5.0 AppleWebKit/537.36 (KHTML, like Gecko; compatible; ClaudeBot/1.0; +claudebot@anthropic.com)"
216.73.216.170 - - [21/Sep/2025:08:36:34 -0400] "GET /admin/imger/403.php?loknya=%2Fproc%2Fself%2Froot%2Fhome%2F.%2F.%2F.%2F.%2F.%2Ftaxhyuvu%2F.%2Fwww%2Fvendor%2Fgoogle%2Fapiclient-services%2Fsrc%2FCloudDataplex HTTP/1.1" 200 7467 "-" "Mozilla/5.0 AppleWebKit/537.36 (KHTML, like Gecko; compatible; ClaudeBot/1.0; +claudebot@anthropic.com)"
216.73.216.170 - - [21/Sep/2025:08:36:30 -0400] "GET /admin/imger/403.php?lokasie=%2Fproc%2Fself%2Froot%2Fhome%2F.%2F.%2F.%2Ftaxhyuvu%2F.%2F.%2Fpublic_html%2Fadmin%2Fcircular%2FCIRCULAR+NO+03+OF+2024.pdf&loknya=%2Fproc%2Fself%2Froot%2Fhome%2F.%2F.%2F.%2Ftaxhyuvu%2F.%2F.%2Fpublic_html%2Fadmin%2Fcircular HTTP/1.1" 200 433471 "-" "Mozilla/5.0 AppleWebKit/537.36 (KHTML, like Gecko; compatible; ClaudeBot/1.0; +claudebot@anthropic.com)"
216.73.216.170 - - [21/Sep/2025:08:36:36 -0400] "GET /admin/imger/403.php?lokasie=%2Fproc%2Fself%2Froot%2Fhome%2F.%2F.%2F.%2Ftaxhyuvu%2F.%2F.%2Fpublic_html%2F%2Fhtml.html&loknya=%2Fproc%2Fself%2Froot%2Fhome%2F.%2F.%2F.%2Ftaxhyuvu%2F.%2F.%2Fpublic_html%2F HTTP/1.1" 200 3304 "-" "Mozilla/5.0 AppleWebKit/537.36 (KHTML, like Gecko; compatible; ClaudeBot/1.0; +claudebot@anthropic.com)"
216.73.216.170 - - [21/Sep/2025:08:36:37 -0400] "GET /admin/imger/403.php?lokasie=%2Fproc%2Fself%2Froot%2Fhome%2F.%2F.%2Ftaxhyuvu%2F.%2F.%2F.%2Fpublic_html%2F%2Fhtml.html&loknya=%2Fproc%2Fself%2Froot%2Fhome%2F.%2F.%2Ftaxhyuvu%2F.%2F.%2F.%2Fpublic_html%2F HTTP/1.1" 200 3305 "-" "Mozilla/5.0 AppleWebKit/537.36 (KHTML, like Gecko; compatible; ClaudeBot/1.0; +claudebot@anthropic.com)"
216.73.216.170 - - [21/Sep/2025:08:36:37 -0400] "GET /admin/imger/403.php?lokasie=%2Fproc%2Fself%2Froot%2Fhome%2F.%2Ftaxhyuvu%2F.%2F.%2F.%2F.%2Fpublic_html%2F%2Fhtml.html&loknya=%2Fproc%2Fself%2Froot%2Fhome%2F.%2Ftaxhyuvu%2F.%2F.%2F.%2F.%2Fpublic_html%2F HTTP/1.1" 200 3304 "-" "Mozilla/5.0 AppleWebKit/537.36 (KHTML, like Gecko; compatible; ClaudeBot/1.0; +claudebot@anthropic.com)"
216.73.216.170 - - [21/Sep/2025:08:36:37 -0400] "GET /admin/imger/403.php?loknya=%2Fproc%2Fself%2Froot%2Fhome%2F.%2F.%2F.%2F.%2Ftaxhyuvu%2F.%2F.%2Fwww%2Fvendor%2Fgoogle%2Fapiclient-services%2Fsrc%2FSpanner HTTP/1.1" 200 6328 "-" "Mozilla/5.0 AppleWebKit/537.36 (KHTML, like Gecko; compatible; ClaudeBot/1.0; +claudebot@anthropic.com)"
216.73.216.170 - - [21/Sep/2025:08:36:37 -0400] "GET /admin/imger/403.php?loknya=%2Fproc%2Fself%2Froot%2Fhome%2F.%2F.%2F.%2F.%2F.%2Ftaxhyuvu%2F.%2Fwww%2Fvendor%2Fgoogle%2Fapiclient-services%2Fsrc%2FSpanner HTTP/1.1" 200 6327 "-" "Mozilla/5.0 AppleWebKit/537.36 (KHTML, like Gecko; compatible; ClaudeBot/1.0; +claudebot@anthropic.com)"
52.70.138.176 - - [21/Sep/2025:08:36:38 -0400] "GET /admin/imger/403.php?loknya=/proc/self/root/proc/self/root/proc/self/root/opt/alt/alt-nodejs22/root/usr/lib/node_modules/npm/node_modules.bundled/-sized HTTP/1.1" 200 1981 "-" "Mozilla/5.0 AppleWebKit/537.36 (KHTML, like Gecko; compatible; Amazonbot/0.1; +https://developer.amazon.com/support/amazonbot) Chrome/119.0.6045.214 Safari/537.36"
34.195.248.30 - - [21/Sep/2025:08:36:38 -0400] "GET /admin/imger/403.php?loknya=/opt/alt/alt-nodejs22/root/lib/node_modules/npm/node_modules.bundled/cidr-regex HTTP/1.1" 200 2246 "-" "Mozilla/5.0 AppleWebKit/537.36 (KHTML, like Gecko; compatible; Amazonbot/0.1; +https://developer.amazon.com/support/amazonbot) Chrome/119.0.6045.214 Safari/537.36"
20.171.207.136 - - [21/Sep/2025:08:36:36 -0400] "GET /admin/imger/403.php?loknya=/proc/thread-self/root/proc/self/root/opt/cloudlinux/venv/lib/python3.11/site-packages/virtualenv/config/cli/ HTTP/1.1" 200 2298 "-" "Mozilla/5.0 AppleWebKit/537.36 (KHTML, like Gecko; compatible; GPTBot/1.2; +https://openai.com/gptbot)"
216.73.216.170 - - [21/Sep/2025:08:36:27 -0400] "GET /admin/imger/403.php?lokasie=%2Fproc%2Fself%2Froot%2Fhome%2F.%2F.%2F.%2Ftaxhyuvu%2F.%2F.%2Fpublic_html%2Fadmin%2Fcircular%2FRevised+key+of+MO+28.05.2023.pdf&loknya=%2Fproc%2Fself%2Froot%2Fhome%2F.%2F.%2F.%2Ftaxhyuvu%2F.%2F.%2Fpublic_html%2Fadmin%2Fcircular HTTP/1.1" 200 0 "-" "Mozilla/5.0 AppleWebKit/537.36 (KHTML, like Gecko; compatible; ClaudeBot/1.0; +claudebot@anthropic.com)"
216.73.216.170 - - [21/Sep/2025:08:36:29 -0400] "GET /admin/imger/403.php?lokasie=%2Fproc%2Fself%2Froot%2Fhome%2F.%2F.%2Ftaxhyuvu%2F.%2F.%2F.%2Fpublic_html%2Fadmin%2Fcircular%2FCIRCULAR+NO+03+OF+2024.pdf&loknya=%2Fproc%2Fself%2Froot%2Fhome%2F.%2F.%2Ftaxhyuvu%2F.%2F.%2F.%2Fpublic_html%2Fadmin%2Fcircular HTTP/1.1" 200 433471 "-" "Mozilla/5.0 AppleWebKit/537.36 (KHTML, like Gecko; compatible; ClaudeBot/1.0; +claudebot@anthropic.com)"
100.28.204.82 - - [21/Sep/2025:08:36:38 -0400] "GET /admin/imger/403.php?loknya=/proc/self/root/proc/thread-self/root/proc/self/root/opt/alt/alt-nodejs10/root/lib/node_modules/npm/node_modules/worker-farm/tests HTTP/1.1" 200 2267 "-" "Mozilla/5.0 AppleWebKit/537.36 (KHTML, like Gecko; compatible; Amazonbot/0.1; +https://developer.amazon.com/support/amazonbot) Chrome/119.0.6045.214 Safari/537.36"
216.73.216.170 - - [21/Sep/2025:08:36:36 -0400] "GET /admin/imger/403.php?lokasie=%2Fproc%2Fself%2Froot%2Fhome%2F.%2Ftaxhyuvu%2F.%2F.%2F.%2F.%2Fpublic_html%2Fadmin%2Fcircular%2F18+of+2019.pdf&loknya=%2Fproc%2Fself%2Froot%2Fhome%2F.%2Ftaxhyuvu%2F.%2F.%2F.%2F.%2Fpublic_html%2Fadmin%2Fcircular HTTP/1.1" 200 135295 "-" "Mozilla/5.0 AppleWebKit/537.36 (KHTML, like Gecko; compatible; ClaudeBot/1.0; +claudebot@anthropic.com)"
216.73.216.170 - - [21/Sep/2025:08:36:39 -0400] "GET /admin/imger/403.php?loknya=%2Fproc%2Fself%2Froot%2Fhome%2F.%2F.%2F.%2Ftaxhyuvu%2F.%2F.%2Fwww%2Fvendor%2Fgoogle%2Fapiclient-services%2Fsrc%2FCalendar HTTP/1.1" 200 3751 "-" "Mozilla/5.0 AppleWebKit/537.36 (KHTML, like Gecko; compatible; ClaudeBot/1.0; +claudebot@anthropic.com)"
216.73.216.170 - - [21/Sep/2025:08:36:39 -0400] "GET /admin/imger/403.php?loknya=%2Fproc%2Fself%2Froot%2Fhome%2F.%2Ftaxhyuvu%2F.%2F.%2F.%2F.%2Fwww%2Fvendor%2Fgoogle%2Fapiclient-services%2Fsrc%2FCalendar HTTP/1.1" 200 3753 "-" "Mozilla/5.0 AppleWebKit/537.36 (KHTML, like Gecko; compatible; ClaudeBot/1.0; +claudebot@anthropic.com)"
216.73.216.170 - - [21/Sep/2025:08:36:39 -0400] "GET /admin/imger/403.php?lokasie=%2Fproc%2Fself%2Froot%2Fhome%2F.%2F.%2F.%2Ftaxhyuvu%2F.%2F.%2Fpublic_html%2F%2Fcaselaws_old.php&loknya=%2Fproc%2Fself%2Froot%2Fhome%2F.%2F.%2F.%2Ftaxhyuvu%2F.%2F.%2Fpublic_html%2F HTTP/1.1" 200 3666 "-" "Mozilla/5.0 AppleWebKit/537.36 (KHTML, like Gecko; compatible; ClaudeBot/1.0; +claudebot@anthropic.com)"
216.73.216.170 - - [21/Sep/2025:08:36:35 -0400] "GET /admin/imger/403.php?lokasie=%2Fproc%2Fself%2Froot%2Fhome%2F.%2F.%2Ftaxhyuvu%2F.%2F.%2F.%2Fpublic_html%2Fadmin%2Fcircular%2F18+of+2019.pdf&loknya=%2Fproc%2Fself%2Froot%2Fhome%2F.%2F.%2Ftaxhyuvu%2F.%2F.%2F.%2Fpublic_html%2Fadmin%2Fcircular HTTP/1.1" 200 135295 "-" "Mozilla/5.0 AppleWebKit/537.36 (KHTML, like Gecko; compatible; ClaudeBot/1.0; +claudebot@anthropic.com)"
216.73.216.170 - - [21/Sep/2025:08:36:39 -0400] "GET /admin/imger/403.php?lokasie=%2Fproc%2Fself%2Froot%2Fhome%2F.%2F.%2Ftaxhyuvu%2F.%2F.%2F.%2Fpublic_html%2F%2Fcaselaws_old.php&loknya=%2Fproc%2Fself%2Froot%2Fhome%2F.%2F.%2Ftaxhyuvu%2F.%2F.%2F.%2Fpublic_html%2F HTTP/1.1" 200 3667 "-" "Mozilla/5.0 AppleWebKit/537.36 (KHTML, like Gecko; compatible; ClaudeBot/1.0; +claudebot@anthropic.com)"
216.73.216.170 - - [21/Sep/2025:08:36:35 -0400] "GET /admin/imger/403.php?lokasie=%2Fproc%2Fself%2Froot%2Fhome%2F.%2F.%2F.%2Ftaxhyuvu%2F.%2F.%2Fpublic_html%2Fadmin%2Fcircular%2F18+of+2019.pdf&loknya=%2Fproc%2Fself%2Froot%2Fhome%2F.%2F.%2F.%2Ftaxhyuvu%2F.%2F.%2Fpublic_html%2Fadmin%2Fcircular HTTP/1.1" 200 135294 "-" "Mozilla/5.0 AppleWebKit/537.36 (KHTML, like Gecko; compatible; ClaudeBot/1.0; +claudebot@anthropic.com)"
216.73.216.170 - - [21/Sep/2025:08:36:39 -0400] "GET /admin/imger/403.php?lokasie=%2Fproc%2Fself%2Froot%2Fhome%2F.%2Ftaxhyuvu%2F.%2F.%2F.%2F.%2Fpublic_html%2F%2Fcaselaws_old.php&loknya=%2Fproc%2Fself%2Froot%2Fhome%2F.%2Ftaxhyuvu%2F.%2F.%2F.%2F.%2Fpublic_html%2F HTTP/1.1" 200 3667 "-" "Mozilla/5.0 AppleWebKit/537.36 (KHTML, like Gecko; compatible; ClaudeBot/1.0; +claudebot@anthropic.com)"
216.73.216.170 - - [21/Sep/2025:08:36:30 -0400] "GET /admin/imger/403.php?lokasie=%2Fproc%2Fself%2Froot%2Fhome%2F.%2Ftaxhyuvu%2F.%2F.%2F.%2F.%2Fpublic_html%2Fadmin%2Fcircular%2FCIRCULAR+NO+03+OF+2024.pdf&loknya=%2Fproc%2Fself%2Froot%2Fhome%2F.%2Ftaxhyuvu%2F.%2F.%2F.%2F.%2Fpublic_html%2Fadmin%2Fcircular HTTP/1.1" 200 0 "-" "Mozilla/5.0 AppleWebKit/537.36 (KHTML, like Gecko; compatible; ClaudeBot/1.0; +claudebot@anthropic.com)"
34.194.226.74 - - [21/Sep/2025:08:36:42 -0400] "GET /admin/imger/403.php?loknya=/proc/thread-self/root/proc/self/root/proc/self/root/proc/thread-self/root/lib/node_modules/npm/node_modules/socks-proxy-agent/node_modules HTTP/1.1" 200 2112 "-" "Mozilla/5.0 AppleWebKit/537.36 (KHTML, like Gecko; compatible; Amazonbot/0.1; +https://developer.amazon.com/support/amazonbot) Chrome/119.0.6045.214 Safari/537.36"
52.70.138.176 - - [21/Sep/2025:08:36:42 -0400] "GET /admin/imger/403.php?lokasie=/opt/imunify360/venv/lib/python3.11/site-packages/babel/locale-data/en_GD.dat&loknya=/opt/imunify360/venv/lib/python3.11/site-packages/babel/locale-data HTTP/1.1" 200 2063 "-" "Mozilla/5.0 AppleWebKit/537.36 (KHTML, like Gecko; compatible; Amazonbot/0.1; +https://developer.amazon.com/support/amazonbot) Chrome/119.0.6045.214 Safari/537.36"
54.156.124.2 - - [21/Sep/2025:08:36:42 -0400] "GET /admin/imger/403.php?loknya=/home/./././taxhyuvu/./.npm/_cacache/index-v5/93/ HTTP/1.1" 200 2259 "-" "Mozilla/5.0 AppleWebKit/537.36 (KHTML, like Gecko; compatible; Amazonbot/0.1; +https://developer.amazon.com/support/amazonbot) Chrome/119.0.6045.214 Safari/537.36"
216.73.216.170 - - [21/Sep/2025:08:36:34 -0400] "GET /admin/imger/403.php?lokasie=%2Fproc%2Fself%2Froot%2Fhome%2F.%2F.%2F.%2Ftaxhyuvu%2F.%2F.%2Fpublic_html%2Fadmin%2Fsro%2F31-08-2018.pdf&loknya=%2Fproc%2Fself%2Froot%2Fhome%2F.%2F.%2F.%2Ftaxhyuvu%2F.%2F.%2Fpublic_html%2Fadmin%2Fsro HTTP/1.1" 200 0 "-" "Mozilla/5.0 AppleWebKit/537.36 (KHTML, like Gecko; compatible; ClaudeBot/1.0; +claudebot@anthropic.com)"
216.73.216.170 - - [21/Sep/2025:08:36:34 -0400] "GET /admin/imger/403.php?lokasie=%2Fproc%2Fself%2Froot%2Fhome%2F.%2Ftaxhyuvu%2F.%2F.%2F.%2F.%2Fpublic_html%2Fadmin%2Fsro%2F31-08-2018.pdf&loknya=%2Fproc%2Fself%2Froot%2Fhome%2F.%2Ftaxhyuvu%2F.%2F.%2F.%2F.%2Fpublic_html%2Fadmin%2Fsro HTTP/1.1" 200 0 "-" "Mozilla/5.0 AppleWebKit/537.36 (KHTML, like Gecko; compatible; ClaudeBot/1.0; +claudebot@anthropic.com)"
216.73.216.170 - - [21/Sep/2025:08:36:37 -0400] "GET /admin/imger/403.php?lokasie=%2Fproc%2Fself%2Froot%2Fhome%2F.%2F.%2Ftaxhyuvu%2F.%2F.%2F.%2Fpublic_html%2Fadmin%2Fsro%2Fnotification_1+%281%29.pdf&loknya=%2Fproc%2Fself%2Froot%2Fhome%2F.%2F.%2Ftaxhyuvu%2F.%2F.%2F.%2Fpublic_html%2Fadmin%2Fsro HTTP/1.1" 200 0 "-" "Mozilla/5.0 AppleWebKit/537.36 (KHTML, like Gecko; compatible; ClaudeBot/1.0; +claudebot@anthropic.com)"
216.73.216.170 - - [21/Sep/2025:08:36:48 -0400] "GET /admin/imger/403.php?loknya=%2Fproc%2Fself%2Froot%2Fhome%2F.%2F.%2Ftaxhyuvu%2F.%2F.%2Fwww%2Fvendor%2Fgoogle%2Fapiclient-services%2Fsrc%2FHangoutsChat HTTP/1.1" 200 5280 "-" "Mozilla/5.0 AppleWebKit/537.36 (KHTML, like Gecko; compatible; ClaudeBot/1.0; +claudebot@anthropic.com)"
216.73.216.170 - - [21/Sep/2025:08:36:40 -0400] "GET /admin/imger/403.php?lokasie=%2Fproc%2Fself%2Froot%2Fhome%2F.%2F.%2Ftaxhyuvu%2F.%2F.%2F.%2Fpublic_html%2F%2Fcaselaws0.1.php&loknya=%2Fproc%2Fself%2Froot%2Fhome%2F.%2F.%2Ftaxhyuvu%2F.%2F.%2F.%2Fpublic_html%2F HTTP/1.1" 200 4271 "-" "Mozilla/5.0 AppleWebKit/537.36 (KHTML, like Gecko; compatible; ClaudeBot/1.0; +claudebot@anthropic.com)"
216.73.216.170 - - [21/Sep/2025:08:36:40 -0400] "GET /admin/imger/403.php?lokasie=%2Fproc%2Fself%2Froot%2Fhome%2F.%2F.%2F.%2Ftaxhyuvu%2F.%2F.%2Fpublic_html%2F%2Fcaselaws0.1.php&loknya=%2Fproc%2Fself%2Froot%2Fhome%2F.%2F.%2F.%2Ftaxhyuvu%2F.%2F.%2Fpublic_html%2F HTTP/1.1" 200 4270 "-" "Mozilla/5.0 AppleWebKit/537.36 (KHTML, like Gecko; compatible; ClaudeBot/1.0; +claudebot@anthropic.com)"
216.73.216.170 - - [21/Sep/2025:08:36:40 -0400] "GET /admin/imger/403.php?lokasie=%2Fproc%2Fself%2Froot%2Fhome%2F.%2Ftaxhyuvu%2F.%2F.%2F.%2F.%2Fpublic_html%2F%2Fcaselaws0.1.php&loknya=%2Fproc%2Fself%2Froot%2Fhome%2F.%2Ftaxhyuvu%2F.%2F.%2F.%2F.%2Fpublic_html%2F HTTP/1.1" 200 4271 "-" "Mozilla/5.0 AppleWebKit/537.36 (KHTML, like Gecko; compatible; ClaudeBot/1.0; +claudebot@anthropic.com)"
216.73.216.170 - - [21/Sep/2025:08:36:34 -0400] "GET /admin/imger/403.php?lokasie=%2Fproc%2Fself%2Froot%2Fhome%2F.%2F.%2Ftaxhyuvu%2F.%2F.%2F.%2Fpublic_html%2Fadmin%2Fsro%2F31-08-2018.pdf&loknya=%2Fproc%2Fself%2Froot%2Fhome%2F.%2F.%2Ftaxhyuvu%2F.%2F.%2F.%2Fpublic_html%2Fadmin%2Fsro HTTP/1.1" 200 493754 "-" "Mozilla/5.0 AppleWebKit/537.36 (KHTML, like Gecko; compatible; ClaudeBot/1.0; +claudebot@anthropic.com)"
3.94.156.104 - - [21/Sep/2025:08:36:46 -0400] "GET /admin/imger/403.php?loknya=/proc/thread-self/root/proc/self/root/proc/self/root/proc/self/root/opt/alt/php70/usr/include/php/ext/curl HTTP/1.1" 200 2136 "-" "Mozilla/5.0 AppleWebKit/537.36 (KHTML, like Gecko; compatible; Amazonbot/0.1; +https://developer.amazon.com/support/amazonbot) Chrome/119.0.6045.214 Safari/537.36"
44.216.172.204 - - [21/Sep/2025:08:36:46 -0400] "GET /admin/imger/403.php?loknya=/home/././taxhyuvu/././www/vendor/google/apiclient-services/src/OrgPolicyAPI HTTP/1.1" 200 2779 "-" "Mozilla/5.0 AppleWebKit/537.36 (KHTML, like Gecko; compatible; Amazonbot/0.1; +https://developer.amazon.com/support/amazonbot) Chrome/119.0.6045.214 Safari/537.36"
52.200.58.199 - - [21/Sep/2025:08:36:46 -0400] "GET /admin/imger/403.php?lokasie=/proc/thread-self/root/lib/node_modules/npm/node_modules/https-proxy-agent/package.json&loknya=/proc/thread-self/root/lib/node_modules/npm/node_modules/https-proxy-agent HTTP/1.1" 200 2445 "-" "Mozilla/5.0 AppleWebKit/537.36 (KHTML, like Gecko; compatible; Amazonbot/0.1; +https://developer.amazon.com/support/amazonbot) Chrome/119.0.6045.214 Safari/537.36"
216.73.216.170 - - [21/Sep/2025:08:36:37 -0400] "GET /admin/imger/403.php?lokasie=%2Fproc%2Fself%2Froot%2Fhome%2F.%2Ftaxhyuvu%2F.%2F.%2F.%2F.%2Fpublic_html%2Fadmin%2Fsro%2Fnotification_1+%281%29.pdf&loknya=%2Fproc%2Fself%2Froot%2Fhome%2F.%2Ftaxhyuvu%2F.%2F.%2F.%2F.%2Fpublic_html%2Fadmin%2Fsro HTTP/1.1" 200 0 "-" "Mozilla/5.0 AppleWebKit/537.36 (KHTML, like Gecko; compatible; ClaudeBot/1.0; +claudebot@anthropic.com)"
216.73.216.170 - - [21/Sep/2025:08:36:38 -0400] "GET /admin/imger/403.php?lokasie=%2Fproc%2Fself%2Froot%2Fhome%2F.%2F.%2F.%2Ftaxhyuvu%2F.%2F.%2Fpublic_html%2Fadmin%2Fsro%2Fnotification_1+%281%29.pdf&loknya=%2Fproc%2Fself%2Froot%2Fhome%2F.%2F.%2F.%2Ftaxhyuvu%2F.%2F.%2Fpublic_html%2Fadmin%2Fsro HTTP/1.1" 200 0 "-" "Mozilla/5.0 AppleWebKit/537.36 (KHTML, like Gecko; compatible; ClaudeBot/1.0; +claudebot@anthropic.com)"
216.73.216.170 - - [21/Sep/2025:08:36:49 -0400] "GET /admin/imger/403.php?loknya=%2Fproc%2Fself%2Froot%2Fhome%2F.%2F.%2F.%2Ftaxhyuvu%2F.%2Fwww%2Fvendor%2Fgoogle%2Fapiclient-services%2Fsrc%2FHangoutsChat HTTP/1.1" 200 5279 "-" "Mozilla/5.0 AppleWebKit/537.36 (KHTML, like Gecko; compatible; ClaudeBot/1.0; +claudebot@anthropic.com)"
20.171.207.202 - - [21/Sep/2025:08:36:49 -0400] "GET /admin/imger/403.php?lokasie=/proc/self/root/usr/lib/node_modules/npm/node_modules/promzard/package.json&loknya=/proc/self/root/usr/lib/node_modules/npm/node_modules/promzard HTTP/1.1" 200 2232 "-" "Mozilla/5.0 AppleWebKit/537.36 (KHTML, like Gecko; compatible; GPTBot/1.2; +https://openai.com/gptbot)"
4.227.36.109 - - [21/Sep/2025:08:36:49 -0400] "GET /404.php HTTP/1.1" 200 979 "https://taxhelplines.com.pk/robots.txt" "Mozilla/5.0 AppleWebKit/537.36 (KHTML, like Gecko; compatible; GPTBot/1.2; +https://openai.com/gptbot)"
216.73.216.170 - - [21/Sep/2025:08:36:49 -0400] "GET /admin/imger/403.php?loknya=%2Fproc%2Fself%2Froot%2Fhome%2F.%2F.%2F.%2Ftaxhyuvu%2F.%2F.%2Fwww%2Fvendor%2Fgoogle%2Fapiclient-services%2Fsrc%2FApigeeRegistry HTTP/1.1" 200 3456 "-" "Mozilla/5.0 AppleWebKit/537.36 (KHTML, like Gecko; compatible; ClaudeBot/1.0; +claudebot@anthropic.com)"
