52.169.206.229 - - [28/Sep/2025:20:44:50 -0400] "GET /k90.php HTTP/1.1" 301 795 "-" "-"
52.169.206.229 - - [28/Sep/2025:20:44:50 -0400] "GET /uwu2.php HTTP/1.1" 301 795 "-" "-"
52.169.206.229 - - [28/Sep/2025:20:44:52 -0400] "GET /zews.php HTTP/1.1" 301 795 "-" "-"
52.169.206.229 - - [28/Sep/2025:20:44:53 -0400] "GET /epinyins.php HTTP/1.1" 301 795 "-" "-"
52.169.206.229 - - [28/Sep/2025:20:44:54 -0400] "GET /geck.php HTTP/1.1" 301 795 "-" "-"
52.169.206.229 - - [28/Sep/2025:20:44:56 -0400] "GET /wp-gr.php HTTP/1.1" 301 795 "-" "-"
52.169.206.229 - - [28/Sep/2025:20:44:57 -0400] "GET /ww.php HTTP/1.1" 301 795 "-" "-"
52.169.206.229 - - [28/Sep/2025:20:44:58 -0400] "GET /111.php HTTP/1.1" 301 795 "-" "-"
52.169.206.229 - - [28/Sep/2025:20:45:00 -0400] "GET /goat.php HTTP/1.1" 301 795 "-" "-"
52.169.206.229 - - [28/Sep/2025:20:45:01 -0400] "GET /v.php HTTP/1.1" 301 795 "-" "-"
52.169.206.229 - - [28/Sep/2025:20:45:01 -0400] "GET /ar.php HTTP/1.1" 301 795 "-" "-"
52.169.206.229 - - [28/Sep/2025:20:45:02 -0400] "GET /qing.php HTTP/1.1" 301 795 "-" "-"
52.169.206.229 - - [28/Sep/2025:20:45:02 -0400] "GET /lv.php HTTP/1.1" 301 795 "-" "-"
52.169.206.229 - - [28/Sep/2025:20:45:03 -0400] "GET /mms.php HTTP/1.1" 301 795 "-" "-"
52.169.206.229 - - [28/Sep/2025:20:45:04 -0400] "GET /dev.php HTTP/1.1" 301 795 "-" "-"
52.169.206.229 - - [28/Sep/2025:20:45:04 -0400] "GET /lite.php HTTP/1.1" 301 795 "-" "-"
52.169.206.229 - - [28/Sep/2025:20:45:05 -0400] "GET /pp.php HTTP/1.1" 301 795 "-" "-"
52.169.206.229 - - [28/Sep/2025:20:45:05 -0400] "GET /a1.php HTTP/1.1" 301 795 "-" "-"
52.169.206.229 - - [28/Sep/2025:20:45:06 -0400] "GET /lock360.php HTTP/1.1" 301 795 "-" "-"
52.169.206.229 - - [28/Sep/2025:20:45:09 -0400] "GET /02.php HTTP/1.1" 301 795 "-" "-"
52.169.206.229 - - [28/Sep/2025:20:45:09 -0400] "GET /2.php HTTP/1.1" 301 795 "-" "-"
52.169.206.229 - - [28/Sep/2025:20:45:10 -0400] "GET /13.php HTTP/1.1" 301 795 "-" "-"
52.169.206.229 - - [28/Sep/2025:20:45:10 -0400] "GET /13k.php HTTP/1.1" 301 795 "-" "-"
52.169.206.229 - - [28/Sep/2025:20:45:11 -0400] "GET /css.php HTTP/1.1" 301 795 "-" "-"
52.169.206.229 - - [28/Sep/2025:20:45:11 -0400] "GET /bypass.php HTTP/1.1" 301 795 "-" "-"
52.169.206.229 - - [28/Sep/2025:20:45:11 -0400] "GET /3.php HTTP/1.1" 301 795 "-" "-"
52.169.206.229 - - [28/Sep/2025:20:45:13 -0400] "GET /cf.php HTTP/1.1" 301 795 "-" "-"
52.169.206.229 - - [28/Sep/2025:20:45:14 -0400] "GET /7.php HTTP/1.1" 301 795 "-" "-"
52.169.206.229 - - [28/Sep/2025:20:45:15 -0400] "GET /modules/mod_simplefileuploadv1.3/elements/filemanager.php HTTP/1.1" 301 795 "-" "-"
52.169.206.229 - - [28/Sep/2025:20:45:15 -0400] "GET /2x.php HTTP/1.1" 301 795 "-" "-"
52.169.206.229 - - [28/Sep/2025:20:45:16 -0400] "GET /goods.php HTTP/1.1" 301 795 "-" "-"
52.169.206.229 - - [28/Sep/2025:20:45:17 -0400] "GET /file32.php HTTP/1.1" 301 795 "-" "-"
52.169.206.229 - - [28/Sep/2025:20:45:17 -0400] "GET /file.php HTTP/1.1" 301 795 "-" "-"
52.169.206.229 - - [28/Sep/2025:20:45:20 -0400] "GET /wp-admin/maint/maint.php HTTP/1.1" 301 795 "-" "-"
52.169.206.229 - - [28/Sep/2025:20:45:21 -0400] "GET /system_log.php HTTP/1.1" 301 795 "-" "-"
52.169.206.229 - - [28/Sep/2025:20:45:22 -0400] "GET /wp.php HTTP/1.1" 301 795 "-" "-"
52.169.206.229 - - [28/Sep/2025:20:45:23 -0400] "GET /wp-mn.php HTTP/1.1" 301 795 "-" "-"
52.169.206.229 - - [28/Sep/2025:20:45:23 -0400] "GET /pp.php HTTP/1.1" 301 795 "-" "-"
52.169.206.229 - - [28/Sep/2025:20:45:25 -0400] "GET /html.php HTTP/1.1" 301 795 "-" "-"
52.169.206.229 - - [28/Sep/2025:20:45:26 -0400] "GET /fileas.php HTTP/1.1" 301 795 "-" "-"
52.169.206.229 - - [28/Sep/2025:20:45:27 -0400] "GET /667.php HTTP/1.1" 301 795 "-" "-"
52.169.206.229 - - [28/Sep/2025:20:45:28 -0400] "GET /yellow.php HTTP/1.1" 301 795 "-" "-"
52.200.58.199 - - [28/Sep/2025:20:54:50 -0400] "GET /circular?tax=Income%20Tax HTTP/1.1" 301 795 "-" "Mozilla/5.0 AppleWebKit/537.36 (KHTML, like Gecko; compatible; Amazonbot/0.1; +https://developer.amazon.com/support/amazonbot) Chrome/119.0.6045.214 Safari/537.36"
216.244.66.236 - - [28/Sep/2025:21:07:06 -0400] "GET /robots.txt HTTP/1.1" 301 795 "-" "Mozilla/5.0 (compatible; DotBot/1.2; +https://opensiteexplorer.org/dotbot; help@moz.com)"
216.244.66.236 - - [28/Sep/2025:21:07:06 -0400] "GET /robots.txt HTTP/1.1" 301 795 "-" "Mozilla/5.0 (compatible; DotBot/1.2; +https://opensiteexplorer.org/dotbot; help@moz.com)"
4.227.36.28 - - [28/Sep/2025:21:07:15 -0400] "GET /robots.txt HTTP/1.1" 301 795 "-" "Mozilla/5.0 AppleWebKit/537.36 (KHTML, like Gecko; compatible; GPTBot/1.2; +https://openai.com/gptbot)"
20.171.207.60 - - [28/Sep/2025:21:07:25 -0400] "GET /wordpress HTTP/1.1" 301 795 "-" "Mozilla/5.0 AppleWebKit/537.36 (KHTML, like Gecko; compatible; GPTBot/1.2; +https://openai.com/gptbot)"
216.244.66.203 - - [28/Sep/2025:21:20:45 -0400] "GET /robots.txt HTTP/1.1" 301 795 "-" "Mozilla/5.0 (compatible; DotBot/1.2; +https://opensiteexplorer.org/dotbot; help@moz.com)"
40.77.167.74 - - [28/Sep/2025:21:11:59 -0400] "GET /viewreport?id=256 HTTP/1.1" 301 795 "-" "Mozilla/5.0 AppleWebKit/537.36 (KHTML, like Gecko; compatible; bingbot/2.0; +http://www.bing.com/bingbot.htm) Chrome/116.0.1938.76 Safari/537.36"
66.249.69.141 - - [28/Sep/2025:21:19:48 -0400] "GET /ads.txt HTTP/1.1" 301 795 "-" "Google-adstxt"
203.2.64.59 - - [28/Sep/2025:21:44:07 -0400] "GET / HTTP/1.1" 301 795 "-" "Mozilla/5.0 (iPhone; CPU iPhone OS 13_2_3 like Mac OS X) AppleWebKit/605.1.15 (KHTML, like Gecko) Version/13.0.3 Mobile/15E148 Safari/604.1"
203.2.64.59 - - [28/Sep/2025:21:44:11 -0400] "GET / HTTP/1.1" 301 795 "-" "Mozilla/5.0 (iPhone; CPU iPhone OS 13_2_3 like Mac OS X) AppleWebKit/605.1.15 (KHTML, like Gecko) Version/13.0.3 Mobile/15E148 Safari/604.1"
34.195.248.30 - - [28/Sep/2025:21:47:46 -0400] "GET / HTTP/1.1" 301 795 "-" "Mozilla/5.0 AppleWebKit/537.36 (KHTML, like Gecko; compatible; Amazonbot/0.1; +https://developer.amazon.com/support/amazonbot) Chrome/119.0.6045.214 Safari/537.36"
216.244.66.236 - - [28/Sep/2025:22:01:53 -0400] "GET /robots.txt HTTP/1.1" 301 795 "-" "Mozilla/5.0 (compatible; DotBot/1.2; +https://opensiteexplorer.org/dotbot; help@moz.com)"
196.251.86.13 - - [28/Sep/2025:21:46:54 -0400] "GET /sites/all/libraries/plupload/examples/upload.php HTTP/1.1" 301 795 "-" "ALittle Client"
216.244.66.236 - - [28/Sep/2025:22:01:53 -0400] "GET /robots.txt HTTP/1.1" 301 795 "-" "Mozilla/5.0 (compatible; DotBot/1.2; +https://opensiteexplorer.org/dotbot; help@moz.com)"
216.244.66.236 - - [28/Sep/2025:22:01:53 -0400] "GET /robots.txt HTTP/1.1" 301 795 "-" "Mozilla/5.0 (compatible; DotBot/1.2; +https://opensiteexplorer.org/dotbot; help@moz.com)"
223.15.245.170 - - [28/Sep/2025:22:34:00 -0400] "GET / HTTP/1.1" 301 795 "-" "Mozilla/5.0 (iPhone; CPU iPhone OS 13_2_3 like Mac OS X) AppleWebKit/605.1.15 (KHTML, like Gecko) Version/13.0.3 Mobile/15E148 Safari/604.1"
40.77.167.108 - - [28/Sep/2025:22:45:33 -0400] "GET /robots.txt HTTP/1.1" 301 795 "-" "Mozilla/5.0 AppleWebKit/537.36 (KHTML, like Gecko; compatible; bingbot/2.0; +http://www.bing.com/bingbot.htm) Chrome/116.0.1938.76 Safari/537.36"
180.242.130.164 - - [28/Sep/2025:22:47:53 -0400] "GET /wp-content/plugins/wps-hide-login/wps-hide-login.php HTTP/1.1" 301 795 "-" "python-requests/2.32.3"
52.167.144.172 - - [28/Sep/2025:22:45:41 -0400] "GET /login HTTP/1.1" 301 795 "-" "Mozilla/5.0 AppleWebKit/537.36 (KHTML, like Gecko; compatible; bingbot/2.0; +http://www.bing.com/bingbot.htm) Chrome/116.0.1938.76 Safari/537.36"
216.244.66.236 - - [28/Sep/2025:22:56:47 -0400] "GET /robots.txt HTTP/1.1" 301 795 "-" "Mozilla/5.0 (compatible; DotBot/1.2; +https://opensiteexplorer.org/dotbot; help@moz.com)"
216.244.66.236 - - [28/Sep/2025:22:56:48 -0400] "GET /robots.txt HTTP/1.1" 301 795 "-" "Mozilla/5.0 (compatible; DotBot/1.2; +https://opensiteexplorer.org/dotbot; help@moz.com)"
112.65.212.111 - - [28/Sep/2025:23:27:28 -0400] "GET /viewjudgment?id=6518 HTTP/1.1" 301 795 "-" "Mozilla/5.0 (Windows NT 10.0; Win64; x64) AppleWebKit/537.36 (KHTML, like Gecko) Chrome/132.0.0.0 Safari/537.36"
112.65.212.111 - - [28/Sep/2025:23:27:56 -0400] "GET /viewjudgment?id=6518 HTTP/1.1" 301 795 "-" "Mozilla/5.0 (Windows NT 10.0; Win64; x64) AppleWebKit/537.36 (KHTML, like Gecko) Chrome/132.0.0.0 Safari/537.36"
216.244.66.203 - - [28/Sep/2025:23:28:52 -0400] "GET /robots.txt HTTP/1.1" 301 795 "-" "Mozilla/5.0 (compatible; DotBot/1.2; +https://opensiteexplorer.org/dotbot; help@moz.com)"
112.65.212.247 - - [28/Sep/2025:23:29:41 -0400] "GET /viewjudgment?id=6518 HTTP/1.1" 301 795 "-" "Mozilla/5.0 (iPhone; CPU iPhone OS 16_0 like Mac OS X) AppleWebKit/605.1.15 (KHTML, like Gecko) Version/18.0 Mobile/15E148 Safari/604.1"
43.153.67.21 - - [28/Sep/2025:23:38:57 -0400] "GET / HTTP/1.1" 301 795 "-" "Mozilla/5.0 (iPhone; CPU iPhone OS 13_2_3 like Mac OS X) AppleWebKit/605.1.15 (KHTML, like Gecko) Version/13.0.3 Mobile/15E148 Safari/604.1"
191.101.61.134 - - [28/Sep/2025:23:42:02 -0400] "GET /.env HTTP/1.1" 301 795 "-" "Mozilla/5.0 (Macintosh; Intel Mac OS X 10.15; rv:77.0) Gecko/20100101 Firefox/77.0"
188.239.10.188 - - [28/Sep/2025:23:30:14 -0400] "GET /viewjudgment?id=6518 HTTP/1.1" 301 795 "-" "Mozilla/5.0 (iPhone; CPU iPhone OS 16_0 like Mac OS X) AppleWebKit/605.1.15 (KHTML, like Gecko) Version/18.0 Mobile/15E148 Safari/604.1"
213.209.157.216 - - [28/Sep/2025:23:43:00 -0400] "GET //ajax.googleapis.com/ajax/libs/jquery/3.6.4/jquery.min.js HTTP/1.1" 301 795 "-" "Mozilla/5.0 (X11; Fedora; Linux x86_64) AppleWebKit/537.36 (KHTML, like Gecko) Chrome/52.0.2743.116 Safari/537.36"
213.209.157.216 - - [28/Sep/2025:23:43:00 -0400] "GET //cdn.js HTTP/1.1" 301 795 "-" "SonyEricssonW995/R1EA Profile/MIDP-2.1 Configuration/CLDC-1.1 UNTRUSTED/1.0"
213.209.157.216 - - [28/Sep/2025:23:43:00 -0400] "GET /main.js HTTP/1.1" 301 795 "-" "Mozilla/5.0 (Linux; Android 9; EML-L09) AppleWebKit/537.36 (KHTML, like Gecko) Chrome/76.0.3809.89 Mobile Safari/537.36"
213.209.157.216 - - [28/Sep/2025:23:43:00 -0400] "GET //ajax.googleapis.com/ajax/libs/jquery/3.6.4/jquery.min.js HTTP/1.1" 301 795 "-" "Mozilla/5.0 (Macintosh; Intel Mac OS X 10_12_2) AppleWebKit/537.36 (KHTML, like Gecko) Chrome/76.0.3809.100 Safari/537.36"
216.244.66.236 - - [28/Sep/2025:23:51:37 -0400] "GET /robots.txt HTTP/1.1" 301 795 "-" "Mozilla/5.0 (compatible; DotBot/1.2; +https://opensiteexplorer.org/dotbot; help@moz.com)"
52.45.15.233 - - [28/Sep/2025:23:53:11 -0400] "GET /miscellaneous?tax=Baluchistan%20Province HTTP/1.1" 301 795 "-" "Mozilla/5.0 AppleWebKit/537.36 (KHTML, like Gecko; compatible; Amazonbot/0.1; +https://developer.amazon.com/support/amazonbot) Chrome/119.0.6045.214 Safari/537.36"
213.209.157.216 - - [28/Sep/2025:23:43:00 -0400] "GET /dist/js/bootstrap.bundle.min.js HTTP/1.1" 301 795 "-" "Mozilla/5.0 (compatible; Konqueror/4.5; NetBSD 5.0.2; X11; amd64; en_US) KHTML/4.5.4 (like Gecko)"
213.209.157.216 - - [28/Sep/2025:23:43:00 -0400] "GET //cdn.js HTTP/1.1" 301 795 "-" "MSIE (MSIE 6.0; X11; Linux; i686) Opera 7.23"
213.209.157.216 - - [28/Sep/2025:23:43:00 -0400] "GET /dist/js/bootstrap.bundle.min.js HTTP/1.1" 301 795 "-" "Mozilla/5.0 (iPhone; CPU iPhone OS 12_2 like Mac OS X) AppleWebKit/605.1.15 (KHTML, like Gecko) Mobile/15E148 MicroMessenger/7.0.5(0x17000523) NetType/WIFI Language/zh_CN"
213.209.157.216 - - [28/Sep/2025:23:43:00 -0400] "GET /main.js HTTP/1.1" 301 795 "-" "Mozilla/5.0 (Macintosh; U; Intel Mac OS X 10_7; en-us) AppleWebKit/534.20.8 (KHTML, like Gecko) Version/5.1 Safari/534.20.8"
216.244.66.236 - - [28/Sep/2025:23:51:37 -0400] "GET /robots.txt HTTP/1.1" 301 795 "-" "Mozilla/5.0 (compatible; DotBot/1.2; +https://opensiteexplorer.org/dotbot; help@moz.com)"
3.221.156.96 - - [28/Sep/2025:23:52:54 -0400] "GET /circular?tax=Federal%20Excise HTTP/1.1" 301 795 "-" "Mozilla/5.0 AppleWebKit/537.36 (KHTML, like Gecko; compatible; Amazonbot/0.1; +https://developer.amazon.com/support/amazonbot) Chrome/119.0.6045.214 Safari/537.36"
52.167.144.213 - - [28/Sep/2025:23:58:25 -0400] "GET /viewreport?id=368 HTTP/1.1" 301 795 "-" "Mozilla/5.0 AppleWebKit/537.36 (KHTML, like Gecko; compatible; bingbot/2.0; +http://www.bing.com/bingbot.htm) Chrome/116.0.1938.76 Safari/537.36"
43.133.220.37 - - [29/Sep/2025:00:11:15 -0400] "GET / HTTP/1.1" 301 795 "-" "Mozilla/5.0 (iPhone; CPU iPhone OS 13_2_3 like Mac OS X) AppleWebKit/605.1.15 (KHTML, like Gecko) Version/13.0.3 Mobile/15E148 Safari/604.1"
40.77.167.151 - - [29/Sep/2025:00:15:19 -0400] "GET /viewreport?id=228 HTTP/1.1" 301 795 "-" "Mozilla/5.0 AppleWebKit/537.36 (KHTML, like Gecko; compatible; bingbot/2.0; +http://www.bing.com/bingbot.htm) Chrome/116.0.1938.76 Safari/537.36"
40.77.167.17 - - [29/Sep/2025:00:02:27 -0400] "GET /viewreport?id=509 HTTP/1.1" 301 795 "-" "Mozilla/5.0 AppleWebKit/537.36 (KHTML, like Gecko; compatible; bingbot/2.0; +http://www.bing.com/bingbot.htm) Chrome/116.0.1938.76 Safari/537.36"
191.101.61.134 - - [29/Sep/2025:00:14:49 -0400] "GET /.env HTTP/1.1" 301 795 "-" "Mozilla/5.0 (Macintosh; Intel Mac OS X 10.15; rv:77.0) Gecko/20100101 Firefox/77.0"
2a06:98c0:3600::103 - - [29/Sep/2025:00:18:46 -0400] "GET /wp-admin/setup-config.php HTTP/1.1" 301 795 "-" "Mozilla/5.0 (Windows NT 10.0; Win64; x64) AppleWebKit/537.36 (KHTML, like Gecko) Chrome/140.0.0.0 Safari/537.36"
2a06:98c0:3600::103 - - [29/Sep/2025:00:18:48 -0400] "GET /wordpress/wp-admin/setup-config.php HTTP/1.1" 301 795 "-" "Mozilla/5.0 (Windows NT 10.0; Win64; x64) AppleWebKit/537.36 (KHTML, like Gecko) Chrome/140.0.0.0 Safari/537.36"
222.78.15.61 - - [29/Sep/2025:00:22:01 -0400] "GET http://www.taxhelplines.com.pk/ HTTP/1.1" 301 795 "-" "Mozilla/5.0 (Windows NT 10.0; Win64; x64) AppleWebKit/537.36 (KHTML, like Gecko) Chrome/111.0.0.0 Safari/537.36"
52.167.144.56 - - [29/Sep/2025:00:25:30 -0400] "GET /robots.txt HTTP/1.1" 301 795 "-" "Mozilla/5.0 AppleWebKit/537.36 (KHTML, like Gecko; compatible; bingbot/2.0; +http://www.bing.com/bingbot.htm) Chrome/116.0.1938.76 Safari/537.36"
2a06:98c0:3600::103 - - [29/Sep/2025:00:19:25 -0400] "GET /wp-admin/setup-config.php HTTP/1.1" 301 795 "-" "Mozilla/5.0 (Windows NT 10.0; Win64; x64) AppleWebKit/537.36 (KHTML, like Gecko) Chrome/140.0.0.0 Safari/537.36"
2a06:98c0:3600::103 - - [29/Sep/2025:00:20:47 -0400] "GET /wordpress/wp-admin/setup-config.php HTTP/1.1" 301 795 "-" "Mozilla/5.0 (Windows NT 10.0; Win64; x64) AppleWebKit/537.36 (KHTML, like Gecko) Chrome/140.0.0.0 Safari/537.36"
43.137.8.62 - - [29/Sep/2025:00:22:05 -0400] "GET / HTTP/1.1" 301 795 "-" "Mozilla/5.0 (Windows NT 10.0; Win64; x64) AppleWebKit/537.36 (KHTML, like Gecko) Chrome/109.0.0.0 Safari/537.36"
52.167.144.56 - - [29/Sep/2025:00:40:58 -0400] "GET /robots.txt HTTP/1.1" 301 795 "-" "Mozilla/5.0 AppleWebKit/537.36 (KHTML, like Gecko; compatible; bingbot/2.0; +http://www.bing.com/bingbot.htm) Chrome/116.0.1938.76 Safari/537.36"
191.101.61.134 - - [29/Sep/2025:00:34:29 -0400] "GET /.env HTTP/1.1" 301 795 "-" "Mozilla/5.0 (Macintosh; Intel Mac OS X 10.15; rv:77.0) Gecko/20100101 Firefox/77.0"
40.77.167.42 - - [29/Sep/2025:00:41:09 -0400] "GET /desktop-app HTTP/1.1" 301 795 "-" "Mozilla/5.0 AppleWebKit/537.36 (KHTML, like Gecko; compatible; bingbot/2.0; +http://www.bing.com/bingbot.htm) Chrome/116.0.1938.76 Safari/537.36"
216.244.66.236 - - [29/Sep/2025:00:47:14 -0400] "GET /robots.txt HTTP/1.1" 301 795 "-" "Mozilla/5.0 (compatible; DotBot/1.2; +https://opensiteexplorer.org/dotbot; help@moz.com)"
216.244.66.236 - - [29/Sep/2025:00:47:14 -0400] "GET /robots.txt HTTP/1.1" 301 795 "-" "Mozilla/5.0 (compatible; DotBot/1.2; +https://opensiteexplorer.org/dotbot; help@moz.com)"
3.224.104.67 - - [29/Sep/2025:00:52:30 -0400] "GET /stgos?tax=Customs HTTP/1.1" 301 795 "-" "Mozilla/5.0 AppleWebKit/537.36 (KHTML, like Gecko; compatible; Amazonbot/0.1; +https://developer.amazon.com/support/amazonbot) Chrome/119.0.6045.214 Safari/537.36"
191.101.61.134 - - [29/Sep/2025:00:56:12 -0400] "GET /.env HTTP/1.1" 301 795 "-" "Mozilla/5.0 (Macintosh; Intel Mac OS X 10.15; rv:77.0) Gecko/20100101 Firefox/77.0"
191.101.61.134 - - [29/Sep/2025:00:54:06 -0400] "GET /.env HTTP/1.1" 301 795 "-" "Mozilla/5.0 (Macintosh; Intel Mac OS X 10.15; rv:77.0) Gecko/20100101 Firefox/77.0"
52.54.95.127 - - [29/Sep/2025:00:55:27 -0400] "GET /sros?tax=Income%20Tax HTTP/1.1" 301 795 "-" "Mozilla/5.0 AppleWebKit/537.36 (KHTML, like Gecko; compatible; Amazonbot/0.1; +https://developer.amazon.com/support/amazonbot) Chrome/119.0.6045.214 Safari/537.36"
57.141.2.11 - - [29/Sep/2025:01:02:16 -0400] "GET /news_detaill?id=143 HTTP/1.1" 301 795 "-" "meta-externalagent/1.1 (+https://developers.facebook.com/docs/sharing/webmasters/crawler)"
191.101.61.134 - - [29/Sep/2025:01:07:15 -0400] "GET /.env HTTP/1.1" 301 795 "-" "Mozilla/5.0 (Macintosh; Intel Mac OS X 10.15; rv:77.0) Gecko/20100101 Firefox/77.0"
66.249.69.129 - - [29/Sep/2025:01:19:49 -0400] "GET /ads.txt HTTP/1.1" 301 795 "-" "Google-adstxt"
13.79.168.144 - - [29/Sep/2025:01:21:20 -0400] "GET /wp-content/plugins/hellopress/wp_filemanager.php HTTP/1.1" 301 795 "-" "-"
13.79.168.144 - - [29/Sep/2025:01:21:21 -0400] "GET /wp-admin/maint/index.php HTTP/1.1" 301 795 "-" "-"
13.79.168.144 - - [29/Sep/2025:01:21:22 -0400] "GET /wp-admin/maint/maint.php HTTP/1.1" 301 795 "-" "-"
13.79.168.144 - - [29/Sep/2025:01:21:23 -0400] "GET /firewall.php7 HTTP/1.1" 301 795 "-" "-"
13.79.168.144 - - [29/Sep/2025:01:21:24 -0400] "GET /admin1.php HTTP/1.1" 301 795 "-" "-"
13.79.168.144 - - [29/Sep/2025:01:21:24 -0400] "GET /ar.php HTTP/1.1" 301 795 "-" "-"
13.79.168.144 - - [29/Sep/2025:01:21:25 -0400] "GET /function/function.php?p= HTTP/1.1" 301 795 "-" "-"
13.79.168.144 - - [29/Sep/2025:01:21:26 -0400] "GET /f.php HTTP/1.1" 301 795 "-" "-"
13.79.168.144 - - [29/Sep/2025:01:21:27 -0400] "GET /uploads/form3.php HTTP/1.1" 301 795 "-" "-"
13.79.168.144 - - [29/Sep/2025:01:21:28 -0400] "GET /av.php HTTP/1.1" 301 795 "-" "-"
13.79.168.144 - - [29/Sep/2025:01:21:29 -0400] "GET /update/nf.php HTTP/1.1" 301 795 "-" "-"
13.79.168.144 - - [29/Sep/2025:01:21:29 -0400] "GET /jp.php HTTP/1.1" 301 795 "-" "-"
13.79.168.144 - - [29/Sep/2025:01:21:30 -0400] "GET /adminfuns.php HTTP/1.1" 301 795 "-" "-"
13.79.168.144 - - [29/Sep/2025:01:21:30 -0400] "GET /wp-includes/0.php HTTP/1.1" 301 795 "-" "-"
13.79.168.144 - - [29/Sep/2025:01:21:31 -0400] "GET /berlin.php HTTP/1.1" 301 795 "-" "-"
13.79.168.144 - - [29/Sep/2025:01:21:31 -0400] "GET /avaa.php HTTP/1.1" 301 795 "-" "-"
13.79.168.144 - - [29/Sep/2025:01:21:33 -0400] "GET /byp.php HTTP/1.1" 301 795 "-" "-"
13.79.168.144 - - [29/Sep/2025:01:21:34 -0400] "GET /sym403.php HTTP/1.1" 301 795 "-" "-"
13.79.168.144 - - [29/Sep/2025:01:21:35 -0400] "GET /eror.php HTTP/1.1" 301 795 "-" "-"
13.79.168.144 - - [29/Sep/2025:01:21:36 -0400] "GET /po.php HTTP/1.1" 301 795 "-" "-"
13.79.168.144 - - [29/Sep/2025:01:21:36 -0400] "GET /info.php HTTP/1.1" 301 795 "-" "-"
13.79.168.144 - - [29/Sep/2025:01:21:37 -0400] "GET /atomlib.php HTTP/1.1" 301 795 "-" "-"
13.79.168.144 - - [29/Sep/2025:01:21:39 -0400] "GET /system_log.php HTTP/1.1" 301 795 "-" "-"
13.79.168.144 - - [29/Sep/2025:01:21:40 -0400] "GET /lock360.php?p= HTTP/1.1" 301 795 "-" "-"
13.79.168.144 - - [29/Sep/2025:01:21:40 -0400] "GET /mail.php HTTP/1.1" 301 795 "-" "-"
13.79.168.144 - - [29/Sep/2025:01:21:41 -0400] "GET /usage-file.php HTTP/1.1" 301 795 "-" "-"
13.79.168.144 - - [29/Sep/2025:01:21:42 -0400] "GET /wp-admin/network/index.php HTTP/1.1" 301 795 "-" "-"
13.79.168.144 - - [29/Sep/2025:01:21:43 -0400] "GET /wp-includes/fonts/about.php HTTP/1.1" 301 795 "-" "-"
13.79.168.144 - - [29/Sep/2025:01:21:44 -0400] "GET /v.php HTTP/1.1" 301 795 "-" "-"
13.79.168.144 - - [29/Sep/2025:01:21:44 -0400] "GET /wp-content/uploads/bootstrap.inc.php HTTP/1.1" 301 795 "-" "-"
13.79.168.144 - - [29/Sep/2025:01:21:46 -0400] "GET /images/photo.php HTTP/1.1" 301 795 "-" "-"
13.79.168.144 - - [29/Sep/2025:01:21:47 -0400] "GET /wp-includes/Text/Diff/Engine.php HTTP/1.1" 301 795 "-" "-"
13.79.168.144 - - [29/Sep/2025:01:21:48 -0400] "GET /images/footer.php HTTP/1.1" 301 795 "-" "-"
13.79.168.144 - - [29/Sep/2025:01:21:49 -0400] "GET /wp-includes/block-editor.php HTTP/1.1" 301 795 "-" "-"
13.79.168.144 - - [29/Sep/2025:01:21:49 -0400] "GET /wp-admin/js/themes.php HTTP/1.1" 301 795 "-" "-"
13.79.168.144 - - [29/Sep/2025:01:21:50 -0400] "GET /wp-content/uploads/about.php HTTP/1.1" 301 795 "-" "-"
13.79.168.144 - - [29/Sep/2025:01:21:50 -0400] "GET /.well-known/zaza.php HTTP/1.1" 301 795 "-" "-"
13.79.168.144 - - [29/Sep/2025:01:21:51 -0400] "GET /images/sendme.php HTTP/1.1" 301 795 "-" "-"
13.79.168.144 - - [29/Sep/2025:01:21:51 -0400] "GET /wp-admin/images/singlep.php HTTP/1.1" 301 795 "-" "-"
13.79.168.144 - - [29/Sep/2025:01:21:52 -0400] "GET /wp-admin/includes/nav.php HTTP/1.1" 301 795 "-" "-"
13.79.168.144 - - [29/Sep/2025:01:21:53 -0400] "GET /.well-known/zaza.php HTTP/1.1" 301 795 "-" "-"
13.79.168.144 - - [29/Sep/2025:01:21:21 -0400] "GET /adminer.php HTTP/1.1" 301 795 "-" "-"
13.79.168.144 - - [29/Sep/2025:01:21:22 -0400] "GET /filename.php HTTP/1.1" 301 795 "-" "-"
13.79.168.144 - - [29/Sep/2025:01:21:23 -0400] "GET /wp-content/themes/twentytwentythree/styles/about.php HTTP/1.1" 301 795 "-" "-"
13.79.168.144 - - [29/Sep/2025:01:21:25 -0400] "GET /wp-admin/images/wp-conflg.php?p= HTTP/1.1" 301 795 "-" "-"
13.79.168.144 - - [29/Sep/2025:01:21:26 -0400] "GET /worksec.php HTTP/1.1" 301 795 "-" "-"
13.79.168.144 - - [29/Sep/2025:01:21:27 -0400] "GET /wp-crom.php HTTP/1.1" 301 795 "-" "-"
13.79.168.144 - - [29/Sep/2025:01:21:28 -0400] "GET /uploads/multi.php HTTP/1.1" 301 795 "-" "-"
13.79.168.144 - - [29/Sep/2025:01:21:29 -0400] "GET /ay.php HTTP/1.1" 301 795 "-" "-"
13.79.168.144 - - [29/Sep/2025:01:21:32 -0400] "GET /minik.php HTTP/1.1" 301 795 "-" "-"
13.79.168.144 - - [29/Sep/2025:01:21:32 -0400] "GET /update/f35.php HTTP/1.1" 301 795 "-" "-"
13.79.168.144 - - [29/Sep/2025:01:21:33 -0400] "GET /wp-content/BypassBest.php HTTP/1.1" 301 795 "-" "-"
13.79.168.144 - - [29/Sep/2025:01:21:34 -0400] "GET /admin.php HTTP/1.1" 301 795 "-" "-"
13.79.168.144 - - [29/Sep/2025:01:21:35 -0400] "GET /wp-blog.php HTTP/1.1" 301 795 "-" "-"
13.79.168.144 - - [29/Sep/2025:01:21:35 -0400] "GET /composer.php HTTP/1.1" 301 795 "-" "-"
13.79.168.144 - - [29/Sep/2025:01:21:37 -0400] "GET /goods.php HTTP/1.1" 301 795 "-" "-"
13.79.168.144 - - [29/Sep/2025:01:21:38 -0400] "GET /moon.php?p= HTTP/1.1" 301 795 "-" "-"
13.79.168.144 - - [29/Sep/2025:01:21:38 -0400] "GET /file.php HTTP/1.1" 301 795 "-" "-"
13.79.168.144 - - [29/Sep/2025:01:21:39 -0400] "GET /lv.php HTTP/1.1" 301 795 "-" "-"
13.79.168.144 - - [29/Sep/2025:01:21:41 -0400] "GET /wp-admin/images/wp-signup.php HTTP/1.1" 301 795 "-" "-"
13.79.168.144 - - [29/Sep/2025:01:21:42 -0400] "GET /wp-includes/Requests/Cookie/alfa-rex.php HTTP/1.1" 301 795 "-" "-"
13.79.168.144 - - [29/Sep/2025:01:21:42 -0400] "GET /lock.php HTTP/1.1" 301 795 "-" "-"
13.79.168.144 - - [29/Sep/2025:01:21:43 -0400] "GET /es.php HTTP/1.1" 301 795 "-" "-"
13.79.168.144 - - [29/Sep/2025:01:21:45 -0400] "GET /images/m.php HTTP/1.1" 301 795 "-" "-"
13.79.168.144 - - [29/Sep/2025:01:21:45 -0400] "GET /images/c99.php HTTP/1.1" 301 795 "-" "-"
13.79.168.144 - - [29/Sep/2025:01:21:46 -0400] "GET /wp-includes/compats.php HTTP/1.1" 301 795 "-" "-"
13.79.168.144 - - [29/Sep/2025:01:21:47 -0400] "GET /wp-admin/maint/Mailer.php HTTP/1.1" 301 795 "-" "-"
13.79.168.144 - - [29/Sep/2025:01:21:48 -0400] "GET /wp-admin/images/wp-ksv1i.php HTTP/1.1" 301 795 "-" "-"
13.79.168.144 - - [29/Sep/2025:01:21:49 -0400] "GET /wp-content/upgrade/file.php HTTP/1.1" 301 795 "-" "-"
13.79.168.144 - - [29/Sep/2025:01:21:52 -0400] "GET /wp-includes/rk2.php HTTP/1.1" 301 795 "-" "-"
13.79.168.144 - - [29/Sep/2025:01:21:55 -0400] "GET /wp-includes/widgets//include.php HTTP/1.1" 301 795 "-" "-"
13.79.168.144 - - [29/Sep/2025:01:21:55 -0400] "GET /terminal.php HTTP/1.1" 301 795 "-" "-"
13.79.168.144 - - [29/Sep/2025:01:21:59 -0400] "GET /wp-includes/pomo/secure.php HTTP/1.1" 301 795 "-" "-"
13.79.168.144 - - [29/Sep/2025:01:21:59 -0400] "GET /.well-known/acme-challenge/LA.php HTTP/1.1" 301 795 "-" "-"
13.79.168.144 - - [29/Sep/2025:01:22:00 -0400] "GET /vendor/nikic/php-parser/parser.php HTTP/1.1" 301 795 "-" "-"
13.79.168.144 - - [29/Sep/2025:01:22:01 -0400] "GET /2.php HTTP/1.1" 301 795 "-" "-"
13.79.168.144 - - [29/Sep/2025:01:21:53 -0400] "GET /images/Marvins.php HTTP/1.1" 301 795 "-" "-"
13.79.168.144 - - [29/Sep/2025:01:21:54 -0400] "GET /wp-content/themes/jaida/lang.php HTTP/1.1" 301 795 "-" "-"
13.79.168.144 - - [29/Sep/2025:01:21:54 -0400] "GET /ee.php HTTP/1.1" 301 795 "-" "-"
13.79.168.144 - - [29/Sep/2025:01:21:55 -0400] "GET /chosen.php?p= HTTP/1.1" 301 795 "-" "-"
13.79.168.144 - - [29/Sep/2025:01:21:56 -0400] "GET /ioxi002.PhP7 HTTP/1.1" 301 795 "-" "-"
13.79.168.144 - - [29/Sep/2025:01:21:56 -0400] "GET /img/5/radio.php HTTP/1.1" 301 795 "-" "-"
13.79.168.144 - - [29/Sep/2025:01:21:57 -0400] "GET /wp-includes/sim.php HTTP/1.1" 301 795 "-" "-"
13.79.168.144 - - [29/Sep/2025:01:21:57 -0400] "GET /wp-content/plugins/edaewni/index.php HTTP/1.1" 301 795 "-" "-"
13.79.168.144 - - [29/Sep/2025:01:21:58 -0400] "GET /wso-x569.php HTTP/1.1" 301 795 "-" "-"
13.79.168.144 - - [29/Sep/2025:01:21:58 -0400] "GET /hi.php HTTP/1.1" 301 795 "-" "-"
13.79.168.144 - - [29/Sep/2025:01:22:00 -0400] "GET /wp-includes//wp-includes/atomlib.php HTTP/1.1" 301 795 "-" "-"
13.79.168.144 - - [29/Sep/2025:01:22:01 -0400] "GET /assets/js/wp-config.php HTTP/1.1" 301 795 "-" "-"
13.79.168.144 - - [29/Sep/2025:01:22:02 -0400] "GET /wp-admin/maint/item.php HTTP/1.1" 301 795 "-" "-"
40.88.21.235 - - [29/Sep/2025:01:29:22 -0400] "GET /favicon.ico HTTP/1.1" 301 795 "http://www.taxhelplines.pk/favicon.ico" "DuckDuckBot/1.1; (+http://duckduckgo.com/duckduckbot.html)"
182.42.110.255 - - [29/Sep/2025:01:29:28 -0400] "GET / HTTP/1.1" 301 795 "-" "Mozilla/5.0 (iPhone; CPU iPhone OS 13_2_3 like Mac OS X) AppleWebKit/605.1.15 (KHTML, like Gecko) Version/13.0.3 Mobile/15E148 Safari/604.1"
159.138.145.156 - - [29/Sep/2025:01:31:54 -0400] "GET /viewjudgment?id=6518 HTTP/1.1" 301 795 "-" "Mozilla/5.0 (iPhone; CPU iPhone OS 16_0 like Mac OS X) AppleWebKit/605.1.15 (KHTML, like Gecko) Version/18.0 Mobile/15E148 Safari/604.1"
196.251.86.13 - - [29/Sep/2025:01:27:24 -0400] "GET /sites/all/libraries/plupload/examples/upload.php HTTP/1.1" 301 795 "-" "ALittle Client"
40.88.21.235 - - [29/Sep/2025:01:29:21 -0400] "GET / HTTP/1.1" 301 795 "http://www.taxhelplines.pk/" "DuckDuckBot/1.1; (+http://duckduckgo.com/duckduckbot.html)"
182.42.110.255 - - [29/Sep/2025:01:29:30 -0400] "GET / HTTP/1.1" 301 795 "-" "Mozilla/5.0 (iPhone; CPU iPhone OS 13_2_3 like Mac OS X) AppleWebKit/605.1.15 (KHTML, like Gecko) Version/13.0.3 Mobile/15E148 Safari/604.1"
188.239.49.105 - - [29/Sep/2025:01:30:26 -0400] "GET /viewjudgment?id=6518 HTTP/1.1" 301 795 "-" "Mozilla/5.0 (Macintosh; Intel Mac OS X 10_15_7) AppleWebKit/537.36 (KHTML, like Gecko) Chrome/132.0.0.0 Safari/537.36"
216.244.66.236 - - [29/Sep/2025:01:43:12 -0400] "GET /robots.txt HTTP/1.1" 301 795 "-" "Mozilla/5.0 (compatible; DotBot/1.2; +https://opensiteexplorer.org/dotbot; help@moz.com)"
170.106.110.146 - - [29/Sep/2025:01:53:07 -0400] "GET / HTTP/1.1" 301 795 "-" "Mozilla/5.0 (iPhone; CPU iPhone OS 13_2_3 like Mac OS X) AppleWebKit/605.1.15 (KHTML, like Gecko) Version/13.0.3 Mobile/15E148 Safari/604.1"
216.244.66.236 - - [29/Sep/2025:01:43:12 -0400] "GET /robots.txt HTTP/1.1" 301 795 "-" "Mozilla/5.0 (compatible; DotBot/1.2; +https://opensiteexplorer.org/dotbot; help@moz.com)"
3.224.104.67 - - [29/Sep/2025:02:00:34 -0400] "GET /sros?tax=KPK%20Province HTTP/1.1" 301 795 "-" "Mozilla/5.0 AppleWebKit/537.36 (KHTML, like Gecko; compatible; Amazonbot/0.1; +https://developer.amazon.com/support/amazonbot) Chrome/119.0.6045.214 Safari/537.36"
66.249.77.11 - - [29/Sep/2025:02:19:32 -0400] "GET /robots.txt HTTP/1.1" 301 795 "-" "Mozilla/5.0 (compatible; Googlebot/2.1; +http://www.google.com/bot.html)"
66.249.77.10 - - [29/Sep/2025:02:19:32 -0400] "GET /ads.txt HTTP/1.1" 301 795 "-" "Mozilla/5.0 (compatible; Googlebot/2.1; +http://www.google.com/bot.html)"
118.89.233.234 - - [29/Sep/2025:02:20:19 -0400] "GET / HTTP/1.1" 301 795 "-" "Mozilla/5.0 (iPhone; CPU iPhone OS 13_2_3 like Mac OS X) AppleWebKit/605.1.15 (KHTML, like Gecko) Version/13.0.3 Mobile/15E148 Safari/604.1"
2a06:98c0:3600::103 - - [29/Sep/2025:02:28:06 -0400] "GET /wordpress/wp-admin/setup-config.php HTTP/1.1" 301 795 "-" "Mozilla/5.0 (Windows NT 10.0; Win64; x64) AppleWebKit/537.36 (KHTML, like Gecko) Chrome/140.0.0.0 Safari/537.36"
2a06:98c0:3600::103 - - [29/Sep/2025:02:29:54 -0400] "GET /wp-admin/setup-config.php HTTP/1.1" 301 795 "-" "Mozilla/5.0 (Windows NT 10.0; Win64; x64) AppleWebKit/537.36 (KHTML, like Gecko) Chrome/140.0.0.0 Safari/537.36"
2a06:98c0:3600::103 - - [29/Sep/2025:02:29:57 -0400] "GET /wp-admin/setup-config.php HTTP/1.1" 301 795 "-" "Mozilla/5.0 (Windows NT 10.0; Win64; x64) AppleWebKit/537.36 (KHTML, like Gecko) Chrome/140.0.0.0 Safari/537.36"
216.73.216.145 - - [29/Sep/2025:02:14:41 -0400] "GET /robots.txt HTTP/1.1" 301 795 "-" "Mozilla/5.0 AppleWebKit/537.36 (KHTML, like Gecko; compatible; ClaudeBot/1.0; +claudebot@anthropic.com)"
150.109.12.53 - - [29/Sep/2025:02:18:32 -0400] "GET /robots.txt HTTP/1.1" 301 795 "-" "Mozilla/5.0 (Windows NT 10.0; Win64; x64) AppleWebKit/537.36 (KHTML, like Gecko) Chrome/131.0.0.0 Safari/537.36"
2a06:98c0:3600::103 - - [29/Sep/2025:02:28:00 -0400] "GET /wordpress/wp-admin/setup-config.php HTTP/1.1" 301 795 "-" "Mozilla/5.0 (Windows NT 10.0; Win64; x64) AppleWebKit/537.36 (KHTML, like Gecko) Chrome/140.0.0.0 Safari/537.36"
176.65.141.144 - - [29/Sep/2025:02:35:37 -0400] "GET /sites/all/libraries/plupload/examples/upload.php HTTP/1.1" 301 795 "-" "ALittle Client"
216.244.66.236 - - [29/Sep/2025:02:39:35 -0400] "GET /robots.txt HTTP/1.1" 301 795 "-" "Mozilla/5.0 (compatible; DotBot/1.2; +https://opensiteexplorer.org/dotbot; help@moz.com)"
216.244.66.236 - - [29/Sep/2025:02:39:35 -0400] "GET /robots.txt HTTP/1.1" 301 795 "-" "Mozilla/5.0 (compatible; DotBot/1.2; +https://opensiteexplorer.org/dotbot; help@moz.com)"
216.244.66.236 - - [29/Sep/2025:02:39:35 -0400] "GET /robots.txt HTTP/1.1" 301 795 "-" "Mozilla/5.0 (compatible; DotBot/1.2; +https://opensiteexplorer.org/dotbot; help@moz.com)"
216.73.216.145 - - [29/Sep/2025:02:42:52 -0400] "GET /sitemap.xml HTTP/1.1" 301 795 "-" "Mozilla/5.0 AppleWebKit/537.36 (KHTML, like Gecko; compatible; ClaudeBot/1.0; +claudebot@anthropic.com)"
216.244.66.203 - - [29/Sep/2025:03:08:42 -0400] "GET /robots.txt HTTP/1.1" 301 795 "-" "Mozilla/5.0 (compatible; DotBot/1.2; +https://opensiteexplorer.org/dotbot; help@moz.com)"

Youez - 2016 - github.com/yon3zu
LinuXploit