ÿØÿà JPEG ÿþ;
Server IP : 68.65.120.201 / Your IP : 216.73.216.184 Web Server : LiteSpeed System : Linux server179.web-hosting.com 4.18.0-513.18.1.lve.el8.x86_64 #1 SMP Thu Feb 22 12:55:50 UTC 2024 x86_64 User : taxhyuvu ( 2294) PHP Version : 8.1.33 Disable Function : NONE MySQL : OFF | cURL : ON | WGET : ON | Perl : ON | Python : ON | Sudo : OFF | Pkexec : OFF Directory : /proc/self/root/home/./taxhyuvu/./access-logs/ |
Upload File : |
216.244.66.203 - - [16/Sep/2025:08:14:34 -0400] "GET /robots.txt HTTP/1.1" 301 795 "-" "Mozilla/5.0 (compatible; DotBot/1.2; +https://opensiteexplorer.org/dotbot; help@moz.com)"
66.249.74.15 - - [16/Sep/2025:08:16:47 -0400] "GET /robots.txt HTTP/1.1" 301 795 "-" "Mozilla/5.0 (compatible; Googlebot/2.1; +http://www.google.com/bot.html)"
66.249.74.15 - - [16/Sep/2025:08:16:47 -0400] "GET / HTTP/1.1" 301 795 "-" "Mozilla/5.0 (Linux; Android 6.0.1; Nexus 5X Build/MMB29P) AppleWebKit/537.36 (KHTML, like Gecko) Chrome/99.0.4844.84 Mobile Safari/537.36 (compatible; Googlebot/2.1; +http://www.google.com/bot.html)"
66.249.74.15 - - [16/Sep/2025:08:16:47 -0400] "GET / HTTP/1.1" 301 795 "-" "Mozilla/5.0 (compatible; Googlebot/2.1; +http://www.google.com/bot.html)"
4.217.250.185 - - [16/Sep/2025:08:20:24 -0400] "GET /vanta.php HTTP/1.1" 301 795 "-" "-"
4.217.250.185 - - [16/Sep/2025:08:20:26 -0400] "GET /cc.php HTTP/1.1" 301 795 "-" "-"
4.217.250.185 - - [16/Sep/2025:08:20:28 -0400] "GET /mg.php HTTP/1.1" 301 795 "-" "-"
4.217.250.185 - - [16/Sep/2025:08:20:29 -0400] "GET /sad8rd1.php HTTP/1.1" 301 795 "-" "-"
4.217.250.185 - - [16/Sep/2025:08:20:30 -0400] "GET /drunk.php HTTP/1.1" 301 795 "-" "-"
4.217.250.185 - - [16/Sep/2025:08:20:30 -0400] "GET /667.php HTTP/1.1" 301 795 "-" "-"
4.217.250.185 - - [16/Sep/2025:08:20:31 -0400] "GET /dropdown.php HTTP/1.1" 301 795 "-" "-"
4.217.250.185 - - [16/Sep/2025:08:20:32 -0400] "GET /x0.php HTTP/1.1" 301 795 "-" "-"
4.217.250.185 - - [16/Sep/2025:08:20:33 -0400] "GET /qcivq.php HTTP/1.1" 301 795 "-" "-"
4.217.250.185 - - [16/Sep/2025:08:20:34 -0400] "GET /dds.php HTTP/1.1" 301 795 "-" "-"
4.217.250.185 - - [16/Sep/2025:08:20:36 -0400] "GET /des.php HTTP/1.1" 301 795 "-" "-"
4.217.250.185 - - [16/Sep/2025:08:20:37 -0400] "GET /mn.php HTTP/1.1" 301 795 "-" "-"
4.217.250.185 - - [16/Sep/2025:08:20:38 -0400] "GET /zzz.php HTTP/1.1" 301 795 "-" "-"
4.217.250.185 - - [16/Sep/2025:08:20:40 -0400] "GET /files.php HTTP/1.1" 301 795 "-" "-"
4.217.250.185 - - [16/Sep/2025:08:20:42 -0400] "GET /stuk4z.php HTTP/1.1" 301 795 "-" "-"
4.217.250.185 - - [16/Sep/2025:08:20:44 -0400] "GET /acxx.php HTTP/1.1" 301 795 "-" "-"
4.217.250.185 - - [16/Sep/2025:08:20:44 -0400] "GET /ay.php HTTP/1.1" 301 795 "-" "-"
4.217.250.185 - - [16/Sep/2025:08:20:45 -0400] "GET /a.php HTTP/1.1" 301 795 "-" "-"
4.217.250.185 - - [16/Sep/2025:08:20:46 -0400] "GET /p1u.php HTTP/1.1" 301 795 "-" "-"
4.217.250.185 - - [16/Sep/2025:08:20:46 -0400] "GET /dom.php HTTP/1.1" 301 795 "-" "-"
4.217.250.185 - - [16/Sep/2025:08:20:47 -0400] "GET /elf.php HTTP/1.1" 301 795 "-" "-"
40.77.167.0 - - [16/Sep/2025:08:29:01 -0400] "GET /viewreport?id=459 HTTP/1.1" 301 795 "-" "Mozilla/5.0 AppleWebKit/537.36 (KHTML, like Gecko; compatible; bingbot/2.0; +http://www.bing.com/bingbot.htm) Chrome/116.0.1938.76 Safari/537.36"
216.244.66.236 - - [16/Sep/2025:08:34:32 -0400] "GET /robots.txt HTTP/1.1" 301 795 "-" "Mozilla/5.0 (compatible; DotBot/1.2; +https://opensiteexplorer.org/dotbot; help@moz.com)"
66.249.74.13 - - [16/Sep/2025:08:16:47 -0400] "GET / HTTP/1.1" 301 795 "-" "Mozilla/5.0 (Linux; Android 6.0.1; Nexus 5X Build/MMB29P) AppleWebKit/537.36 (KHTML, like Gecko) Chrome/140.0.7339.127 Mobile Safari/537.36 (compatible; Googlebot/2.1; +http://www.google.com/bot.html)"
66.249.74.14 - - [16/Sep/2025:08:16:48 -0400] "GET / HTTP/1.1" 301 795 "-" "Mozilla/5.0 (compatible; Googlebot/2.1; +http://www.google.com/bot.html)"
52.167.144.161 - - [16/Sep/2025:08:16:53 -0400] "GET /viewjudgment?id=6259 HTTP/1.1" 301 795 "-" "Mozilla/5.0 AppleWebKit/537.36 (KHTML, like Gecko; compatible; bingbot/2.0; +http://www.bing.com/bingbot.htm) Chrome/116.0.1938.76 Safari/537.36"
4.217.250.185 - - [16/Sep/2025:08:20:22 -0400] "GET /wp-content/plugins/hellopress/wp_filemanager.php HTTP/1.1" 301 795 "-" "-"
4.217.250.185 - - [16/Sep/2025:08:20:25 -0400] "GET /f.php HTTP/1.1" 301 795 "-" "-"
4.217.250.185 - - [16/Sep/2025:08:20:25 -0400] "GET /222.php HTTP/1.1" 301 795 "-" "-"
4.217.250.185 - - [16/Sep/2025:08:20:26 -0400] "GET /ova-wso.php HTTP/1.1" 301 795 "-" "-"
4.217.250.185 - - [16/Sep/2025:08:20:27 -0400] "GET /g1.php HTTP/1.1" 301 795 "-" "-"
4.217.250.185 - - [16/Sep/2025:08:20:27 -0400] "GET /hk.php HTTP/1.1" 301 795 "-" "-"
4.217.250.185 - - [16/Sep/2025:08:20:28 -0400] "GET /sad821.php HTTP/1.1" 301 795 "-" "-"
4.217.250.185 - - [16/Sep/2025:08:20:29 -0400] "GET /blurbs.php HTTP/1.1" 301 795 "-" "-"
4.217.250.185 - - [16/Sep/2025:08:20:32 -0400] "GET /hackfut_4927.php HTTP/1.1" 301 795 "-" "-"
4.217.250.185 - - [16/Sep/2025:08:20:33 -0400] "GET /ig4i9t.php HTTP/1.1" 301 795 "-" "-"
4.217.250.185 - - [16/Sep/2025:08:20:35 -0400] "GET /ant.php HTTP/1.1" 301 795 "-" "-"
4.217.250.185 - - [16/Sep/2025:08:20:35 -0400] "GET /y.php HTTP/1.1" 301 795 "-" "-"
4.217.250.185 - - [16/Sep/2025:08:20:36 -0400] "GET /sale.php HTTP/1.1" 301 795 "-" "-"
4.217.250.185 - - [16/Sep/2025:08:20:37 -0400] "GET /g1.php HTTP/1.1" 301 795 "-" "-"
4.217.250.185 - - [16/Sep/2025:08:20:38 -0400] "GET /rtheq.php HTTP/1.1" 301 795 "-" "-"
4.217.250.185 - - [16/Sep/2025:08:20:39 -0400] "GET /bb.php HTTP/1.1" 301 795 "-" "-"
4.217.250.185 - - [16/Sep/2025:08:20:40 -0400] "GET /uwu2.php HTTP/1.1" 301 795 "-" "-"
4.217.250.185 - - [16/Sep/2025:08:20:40 -0400] "GET /test.php HTTP/1.1" 301 795 "-" "-"
4.217.250.185 - - [16/Sep/2025:08:20:41 -0400] "GET /aiwy2a.php HTTP/1.1" 301 795 "-" "-"
4.217.250.185 - - [16/Sep/2025:08:20:42 -0400] "GET /amax.php HTTP/1.1" 301 795 "-" "-"
4.217.250.185 - - [16/Sep/2025:08:20:42 -0400] "GET /goat.php HTTP/1.1" 301 795 "-" "-"
4.217.250.185 - - [16/Sep/2025:08:20:43 -0400] "GET /nope.php HTTP/1.1" 301 795 "-" "-"
4.217.250.185 - - [16/Sep/2025:08:20:45 -0400] "GET /g.php HTTP/1.1" 301 795 "-" "-"
4.217.250.185 - - [16/Sep/2025:08:20:47 -0400] "GET /php.php HTTP/1.1" 301 795 "-" "-"
43.159.143.187 - - [16/Sep/2025:08:21:02 -0400] "GET / HTTP/1.1" 301 795 "-" "Mozilla/5.0 (iPhone; CPU iPhone OS 13_2_3 like Mac OS X) AppleWebKit/605.1.15 (KHTML, like Gecko) Version/13.0.3 Mobile/15E148 Safari/604.1"
216.244.66.236 - - [16/Sep/2025:08:34:32 -0400] "GET /robots.txt HTTP/1.1" 301 795 "-" "Mozilla/5.0 (compatible; DotBot/1.2; +https://opensiteexplorer.org/dotbot; help@moz.com)"
117.62.235.53 - - [16/Sep/2025:08:46:44 -0400] "GET / HTTP/1.1" 301 795 "-" "Mozilla/5.0 (iPhone; CPU iPhone OS 13_2_3 like Mac OS X) AppleWebKit/605.1.15 (KHTML, like Gecko) Version/13.0.3 Mobile/15E148 Safari/604.1"
43.166.7.113 - - [16/Sep/2025:08:46:34 -0400] "GET / HTTP/1.1" 301 795 "-" "Mozilla/5.0 (iPhone; CPU iPhone OS 13_2_3 like Mac OS X) AppleWebKit/605.1.15 (KHTML, like Gecko) Version/13.0.3 Mobile/15E148 Safari/604.1"
2a06:98c0:3600::103 - - [16/Sep/2025:08:50:15 -0400] "GET /wordpress/wp-admin/setup-config.php HTTP/1.1" 301 795 "-" "Mozilla/5.0 (Windows NT 10.0; Win64; x64) AppleWebKit/537.36 (KHTML, like Gecko) Chrome/139.0.0.0 Safari/537.36"
2a06:98c0:3600::103 - - [16/Sep/2025:08:50:46 -0400] "GET /wordpress/wp-admin/setup-config.php HTTP/1.1" 301 795 "-" "Mozilla/5.0 (Windows NT 10.0; Win64; x64) AppleWebKit/537.36 (KHTML, like Gecko) Chrome/139.0.0.0 Safari/537.36"
2a06:98c0:3600::103 - - [16/Sep/2025:08:52:35 -0400] "GET /wp-admin/setup-config.php HTTP/1.1" 301 795 "-" "Mozilla/5.0 (Windows NT 10.0; Win64; x64) AppleWebKit/537.36 (KHTML, like Gecko) Chrome/139.0.0.0 Safari/537.36"
2a06:98c0:3600::103 - - [16/Sep/2025:08:53:04 -0400] "GET /wp-admin/setup-config.php HTTP/1.1" 301 795 "-" "Mozilla/5.0 (Windows NT 10.0; Win64; x64) AppleWebKit/537.36 (KHTML, like Gecko) Chrome/139.0.0.0 Safari/537.36"
20.41.84.129 - - [16/Sep/2025:09:01:17 -0400] "GET /wp-content/plugins/hellopress/wp_filemanager.php HTTP/1.1" 301 795 "-" "-"
20.41.84.129 - - [16/Sep/2025:09:01:20 -0400] "GET /makeasmtp.php HTTP/1.1" 301 795 "-" "-"
20.41.84.129 - - [16/Sep/2025:09:01:21 -0400] "GET /co.php HTTP/1.1" 301 795 "-" "-"
20.41.84.129 - - [16/Sep/2025:09:01:22 -0400] "GET /bolt.php HTTP/1.1" 301 795 "-" "-"
20.41.84.129 - - [16/Sep/2025:09:01:24 -0400] "GET /dejavu.php HTTP/1.1" 301 795 "-" "-"
20.41.84.129 - - [16/Sep/2025:09:01:25 -0400] "GET /atomlib.php HTTP/1.1" 301 795 "-" "-"
20.41.84.129 - - [16/Sep/2025:09:01:25 -0400] "GET /sder52u.php HTTP/1.1" 301 795 "-" "-"
20.41.84.129 - - [16/Sep/2025:09:01:26 -0400] "GET /sh.php HTTP/1.1" 301 795 "-" "-"
20.41.84.129 - - [16/Sep/2025:09:01:29 -0400] "GET /slo.php HTTP/1.1" 301 795 "-" "-"
20.41.84.129 - - [16/Sep/2025:09:01:30 -0400] "GET /aaaa.php HTTP/1.1" 301 795 "-" "-"
20.41.84.129 - - [16/Sep/2025:09:01:32 -0400] "GET /ahax.php HTTP/1.1" 301 795 "-" "-"
20.41.84.129 - - [16/Sep/2025:09:01:32 -0400] "GET /goods.php HTTP/1.1" 301 795 "-" "-"
20.41.84.129 - - [16/Sep/2025:09:01:32 -0400] "GET /gfile.php HTTP/1.1" 301 795 "-" "-"
20.41.84.129 - - [16/Sep/2025:09:01:33 -0400] "GET /new.php HTTP/1.1" 301 795 "-" "-"
20.41.84.129 - - [16/Sep/2025:09:01:34 -0400] "GET /bless2.php HTTP/1.1" 301 795 "-" "-"
20.41.84.129 - - [16/Sep/2025:09:01:35 -0400] "GET /ss.php HTTP/1.1" 301 795 "-" "-"
20.41.84.129 - - [16/Sep/2025:09:01:36 -0400] "GET /fm.php HTTP/1.1" 301 795 "-" "-"
20.41.84.129 - - [16/Sep/2025:09:01:36 -0400] "GET /wander.php HTTP/1.1" 301 795 "-" "-"
20.41.84.129 - - [16/Sep/2025:09:01:37 -0400] "GET /lo.php HTTP/1.1" 301 795 "-" "-"
20.41.84.129 - - [16/Sep/2025:09:01:37 -0400] "GET /cfile.php HTTP/1.1" 301 795 "-" "-"
20.41.84.129 - - [16/Sep/2025:09:01:38 -0400] "GET /lc.php HTTP/1.1" 301 795 "-" "-"
20.41.84.129 - - [16/Sep/2025:09:01:20 -0400] "GET /num.php HTTP/1.1" 301 795 "-" "-"
20.41.84.129 - - [16/Sep/2025:09:01:20 -0400] "GET /about.php HTTP/1.1" 301 795 "-" "-"
20.41.84.129 - - [16/Sep/2025:09:01:21 -0400] "GET /rsnu.php HTTP/1.1" 301 795 "-" "-"
20.41.84.129 - - [16/Sep/2025:09:01:22 -0400] "GET /file7.php HTTP/1.1" 301 795 "-" "-"
20.41.84.129 - - [16/Sep/2025:09:01:23 -0400] "GET /akc.php HTTP/1.1" 301 795 "-" "-"
20.41.84.129 - - [16/Sep/2025:09:01:23 -0400] "GET /file8.php HTTP/1.1" 301 795 "-" "-"
20.41.84.129 - - [16/Sep/2025:09:01:24 -0400] "GET /great.php HTTP/1.1" 301 795 "-" "-"
20.41.84.129 - - [16/Sep/2025:09:01:24 -0400] "GET /CLA.php HTTP/1.1" 301 795 "-" "-"
20.41.84.129 - - [16/Sep/2025:09:01:26 -0400] "GET /wp.php HTTP/1.1" 301 795 "-" "-"
20.41.84.129 - - [16/Sep/2025:09:01:27 -0400] "GET /re.php HTTP/1.1" 301 795 "-" "-"
20.41.84.129 - - [16/Sep/2025:09:01:28 -0400] "GET /nc4.php HTTP/1.1" 301 795 "-" "-"
20.41.84.129 - - [16/Sep/2025:09:01:28 -0400] "GET /file.php HTTP/1.1" 301 795 "-" "-"
20.41.84.129 - - [16/Sep/2025:09:01:29 -0400] "GET /wp-content/plugins/lwbdene/index.php HTTP/1.1" 301 795 "-" "-"
20.41.84.129 - - [16/Sep/2025:09:01:30 -0400] "GET /gold.php HTTP/1.1" 301 795 "-" "-"
20.41.84.129 - - [16/Sep/2025:09:01:31 -0400] "GET /ol.php HTTP/1.1" 301 795 "-" "-"
20.41.84.129 - - [16/Sep/2025:09:01:31 -0400] "GET /lock360.php HTTP/1.1" 301 795 "-" "-"
20.41.84.129 - - [16/Sep/2025:09:01:33 -0400] "GET /we.php HTTP/1.1" 301 795 "-" "-"
20.41.84.129 - - [16/Sep/2025:09:01:35 -0400] "GET /file5.php HTTP/1.1" 301 795 "-" "-"
20.41.84.129 - - [16/Sep/2025:09:01:35 -0400] "GET /cool.php HTTP/1.1" 301 795 "-" "-"
216.244.66.203 - - [16/Sep/2025:09:02:31 -0400] "GET /robots.txt HTTP/1.1" 301 795 "-" "Mozilla/5.0 (compatible; DotBot/1.2; +https://opensiteexplorer.org/dotbot; help@moz.com)"
216.73.216.184 - - [16/Sep/2025:09:11:55 -0400] "GET /robots.txt HTTP/1.1" 301 795 "-" "Mozilla/5.0 AppleWebKit/537.36 (KHTML, like Gecko; compatible; ClaudeBot/1.0; +claudebot@anthropic.com)"
216.73.216.184 - - [16/Sep/2025:09:11:56 -0400] "GET /sitemap.xml HTTP/1.1" 301 795 "-" "Mozilla/5.0 AppleWebKit/537.36 (KHTML, like Gecko; compatible; ClaudeBot/1.0; +claudebot@anthropic.com)"
37.59.204.132 - - [16/Sep/2025:09:15:36 -0400] "GET /robots.txt HTTP/1.1" 301 795 "-" "Mozilla/5.0 (compatible; AhrefsBot/7.0; +http://ahrefs.com/robot/)"
216.244.66.236 - - [16/Sep/2025:09:19:02 -0400] "GET /robots.txt HTTP/1.1" 301 795 "-" "Mozilla/5.0 (compatible; DotBot/1.2; +https://opensiteexplorer.org/dotbot; help@moz.com)"
216.73.216.184 - - [16/Sep/2025:09:29:41 -0400] "GET /sitemap.xml HTTP/1.1" 301 795 "-" "Mozilla/5.0 AppleWebKit/537.36 (KHTML, like Gecko; compatible; ClaudeBot/1.0; +claudebot@anthropic.com)"
52.167.144.146 - - [16/Sep/2025:09:50:42 -0400] "GET /viewreport?id=501 HTTP/1.1" 301 795 "-" "Mozilla/5.0 AppleWebKit/537.36 (KHTML, like Gecko; compatible; bingbot/2.0; +http://www.bing.com/bingbot.htm) Chrome/116.0.1938.76 Safari/537.36"
66.249.74.170 - - [16/Sep/2025:09:59:21 -0400] "GET /ads.txt HTTP/1.1" 301 795 "-" "Mozilla/5.0 (compatible; Googlebot/2.1; +http://www.google.com/bot.html)"
216.244.66.203 - - [16/Sep/2025:10:01:48 -0400] "GET /robots.txt HTTP/1.1" 301 795 "-" "Mozilla/5.0 (compatible; DotBot/1.2; +https://opensiteexplorer.org/dotbot; help@moz.com)"
216.244.66.236 - - [16/Sep/2025:10:03:18 -0400] "GET /robots.txt HTTP/1.1" 301 795 "-" "Mozilla/5.0 (compatible; DotBot/1.2; +https://opensiteexplorer.org/dotbot; help@moz.com)"
66.249.74.172 - - [16/Sep/2025:09:59:21 -0400] "GET /robots.txt HTTP/1.1" 301 795 "-" "Mozilla/5.0 (compatible; Googlebot/2.1; +http://www.google.com/bot.html)"
216.244.66.236 - - [16/Sep/2025:10:03:18 -0400] "GET /robots.txt HTTP/1.1" 301 795 "-" "Mozilla/5.0 (compatible; DotBot/1.2; +https://opensiteexplorer.org/dotbot; help@moz.com)"
205.169.39.11 - - [16/Sep/2025:10:31:07 -0400] "GET / HTTP/1.1" 301 795 "-" "Mozilla/5.0 (Windows NT 10.0) AppleWebKit/537.36 (KHTML, like Gecko) Chrome/106.0.0.0 Safari/537.36"
40.77.167.6 - - [16/Sep/2025:10:45:07 -0400] "GET /viewreport?id=41 HTTP/1.1" 301 795 "-" "Mozilla/5.0 AppleWebKit/537.36 (KHTML, like Gecko; compatible; bingbot/2.0; +http://www.bing.com/bingbot.htm) Chrome/116.0.1938.76 Safari/537.36"
216.244.66.236 - - [16/Sep/2025:10:47:15 -0400] "GET /robots.txt HTTP/1.1" 301 795 "-" "Mozilla/5.0 (compatible; DotBot/1.2; +https://opensiteexplorer.org/dotbot; help@moz.com)"
216.244.66.203 - - [16/Sep/2025:10:49:17 -0400] "GET /robots.txt HTTP/1.1" 301 795 "-" "Mozilla/5.0 (compatible; DotBot/1.2; +https://opensiteexplorer.org/dotbot; help@moz.com)"
40.67.245.89 - - [16/Sep/2025:10:43:10 -0400] "GET /.env HTTP/1.1" 301 795 "-" "Mozilla/5.0 (Linux; Android 7.0; ASUS_X00GD) AppleWebKit/537.36 (KHTML, like Gecko) Chrome/76.0.3809.111 Mobile Safari/537.36"
216.244.66.236 - - [16/Sep/2025:10:47:15 -0400] "GET /robots.txt HTTP/1.1" 301 795 "-" "Mozilla/5.0 (compatible; DotBot/1.2; +https://opensiteexplorer.org/dotbot; help@moz.com)"
216.244.66.203 - - [16/Sep/2025:10:49:17 -0400] "GET /robots.txt HTTP/1.1" 301 795 "-" "Mozilla/5.0 (compatible; DotBot/1.2; +https://opensiteexplorer.org/dotbot; help@moz.com)"
40.77.167.55 - - [16/Sep/2025:10:50:14 -0400] "GET /viewreport?id=162 HTTP/1.1" 301 795 "-" "Mozilla/5.0 AppleWebKit/537.36 (KHTML, like Gecko; compatible; bingbot/2.0; +http://www.bing.com/bingbot.htm) Chrome/116.0.1938.76 Safari/537.36"
43.157.50.58 - - [16/Sep/2025:10:55:30 -0400] "GET / HTTP/1.1" 301 795 "-" "Mozilla/5.0 (iPhone; CPU iPhone OS 13_2_3 like Mac OS X) AppleWebKit/605.1.15 (KHTML, like Gecko) Version/13.0.3 Mobile/15E148 Safari/604.1"
207.46.13.92 - - [16/Sep/2025:11:28:58 -0400] "GET /viewreport?id=266 HTTP/1.1" 301 795 "-" "Mozilla/5.0 AppleWebKit/537.36 (KHTML, like Gecko; compatible; bingbot/2.0; +http://www.bing.com/bingbot.htm) Chrome/116.0.1938.76 Safari/537.36"
216.244.66.236 - - [16/Sep/2025:11:30:52 -0400] "GET /robots.txt HTTP/1.1" 301 795 "-" "Mozilla/5.0 (compatible; DotBot/1.2; +https://opensiteexplorer.org/dotbot; help@moz.com)"
216.244.66.236 - - [16/Sep/2025:11:30:52 -0400] "GET /robots.txt HTTP/1.1" 301 795 "-" "Mozilla/5.0 (compatible; DotBot/1.2; +https://opensiteexplorer.org/dotbot; help@moz.com)"
216.244.66.203 - - [16/Sep/2025:11:37:48 -0400] "GET /robots.txt HTTP/1.1" 301 795 "-" "Mozilla/5.0 (compatible; DotBot/1.2; +https://opensiteexplorer.org/dotbot; help@moz.com)"
216.244.66.203 - - [16/Sep/2025:11:37:48 -0400] "GET /robots.txt HTTP/1.1" 301 795 "-" "Mozilla/5.0 (compatible; DotBot/1.2; +https://opensiteexplorer.org/dotbot; help@moz.com)"
216.73.216.184 - - [16/Sep/2025:11:39:34 -0400] "GET /robots.txt HTTP/1.1" 301 795 "-" "Mozilla/5.0 AppleWebKit/537.36 (KHTML, like Gecko; compatible; ClaudeBot/1.0; +claudebot@anthropic.com)"
216.73.216.184 - - [16/Sep/2025:11:39:35 -0400] "GET /viewjudgment?id=6181 HTTP/1.1" 301 795 "-" "Mozilla/5.0 AppleWebKit/537.36 (KHTML, like Gecko; compatible; ClaudeBot/1.0; +claudebot@anthropic.com)"
129.28.14.231 - - [16/Sep/2025:11:43:02 -0400] "GET / HTTP/1.1" 301 795 "-" "Mozilla/5.0 (iPhone; CPU iPhone OS 13_2_3 like Mac OS X) AppleWebKit/605.1.15 (KHTML, like Gecko) Version/13.0.3 Mobile/15E148 Safari/604.1"
66.249.65.74 - - [16/Sep/2025:12:01:48 -0400] "GET /robots.txt HTTP/1.1" 301 795 "-" "Mozilla/5.0 (compatible; Googlebot/2.1; +http://www.google.com/bot.html)"
66.249.65.74 - - [16/Sep/2025:12:02:08 -0400] "GET /ads.txt HTTP/1.1" 301 795 "-" "Mozilla/5.0 (compatible; Googlebot/2.1; +http://www.google.com/bot.html)"
157.55.39.203 - - [16/Sep/2025:12:10:13 -0400] "GET /viewreport?id=24 HTTP/1.1" 301 795 "-" "Mozilla/5.0 AppleWebKit/537.36 (KHTML, like Gecko; compatible; bingbot/2.0; +http://www.bing.com/bingbot.htm) Chrome/116.0.1938.76 Safari/537.36"
216.244.66.236 - - [16/Sep/2025:12:14:04 -0400] "GET /robots.txt HTTP/1.1" 301 795 "-" "Mozilla/5.0 (compatible; DotBot/1.2; +https://opensiteexplorer.org/dotbot; help@moz.com)"
167.172.80.229 - - [16/Sep/2025:12:30:13 -0400] "GET /user/login.htm HTTP/1.1" 301 795 "-" "Mozilla/5.0 (Windows NT 10.0; Win64; x64) AppleWebKit/537.36 (KHTML, like Gecko) Chrome/120.0.6099.71 Safari/537.36"
167.172.80.229 - - [16/Sep/2025:12:30:15 -0400] "GET /user/login.htm HTTP/1.1" 301 795 "-" "Mozilla/5.0 (Windows NT 10.0; Win64; x64) AppleWebKit/537.36 (KHTML, like Gecko) Chrome/120.0.6099.71 Safari/537.36"
167.172.80.229 - - [16/Sep/2025:12:30:15 -0400] "GET /user/login.htm HTTP/1.1" 301 795 "-" "Mozilla/5.0 (Windows NT 10.0; Win64; x64) AppleWebKit/537.36 (KHTML, like Gecko) Chrome/120.0.6099.71 Safari/537.36"
216.244.66.203 - - [16/Sep/2025:12:37:24 -0400] "GET /robots.txt HTTP/1.1" 301 795 "-" "Mozilla/5.0 (compatible; DotBot/1.2; +https://opensiteexplorer.org/dotbot; help@moz.com)"
170.106.37.20 - - [16/Sep/2025:12:37:45 -0400] "GET / HTTP/1.1" 301 795 "-" "Mozilla/5.0 (Windows NT 10.0; Win64; x64) AppleWebKit/537.36 (KHTML, like Gecko) Chrome/111.0.0.0 Safari/537.36"
167.172.80.229 - - [16/Sep/2025:12:30:16 -0400] "POST /user/login.htm HTTP/1.1" 301 795 "-" "Mozilla/5.0 (Windows NT 10.0; Win64; x64) AppleWebKit/537.36 (KHTML, like Gecko) Chrome/120.0.6099.71 Safari/537.36"
43.163.23.33 - - [16/Sep/2025:12:32:22 -0400] "GET / HTTP/1.1" 301 795 "-" "Mozilla/5.0 (Windows NT 10.0; Win64; x64) AppleWebKit/537.36 (KHTML, like Gecko) Chrome/110.0.0.0 Safari/537.36"
216.244.66.203 - - [16/Sep/2025:12:37:24 -0400] "GET /robots.txt HTTP/1.1" 301 795 "-" "Mozilla/5.0 (compatible; DotBot/1.2; +https://opensiteexplorer.org/dotbot; help@moz.com)"
82.156.68.74 - - [16/Sep/2025:12:45:47 -0400] "GET / HTTP/1.1" 301 795 "-" "Mozilla/5.0 (iPhone; CPU iPhone OS 13_2_3 like Mac OS X) AppleWebKit/605.1.15 (KHTML, like Gecko) Version/13.0.3 Mobile/15E148 Safari/604.1"
40.67.245.89 - - [16/Sep/2025:12:46:51 -0400] "GET /.env HTTP/1.1" 301 795 "-" "Mozilla/5.0 (Windows NT 6.3; Trident/7.0; rv:11.0) like Gecko"
216.244.66.236 - - [16/Sep/2025:12:58:09 -0400] "GET /robots.txt HTTP/1.1" 301 795 "-" "Mozilla/5.0 (compatible; DotBot/1.2; +https://opensiteexplorer.org/dotbot; help@moz.com)"
18.218.231.239 - - [16/Sep/2025:13:00:23 -0400] "GET /robots.txt HTTP/1.1" 301 795 "-" "Mozilla/5.0 (Macintosh; Intel Mac OS X 10_15_7) AppleWebKit/537.36 (KHTML, like Gecko) Chrome/131.0.0.0 Safari/537.36; ClaudeBot/1.0; +claudebot@anthropic.com)"
216.244.66.236 - - [16/Sep/2025:12:58:09 -0400] "GET /robots.txt HTTP/1.1" 301 795 "-" "Mozilla/5.0 (compatible; DotBot/1.2; +https://opensiteexplorer.org/dotbot; help@moz.com)"
18.218.231.239 - - [16/Sep/2025:13:00:24 -0400] "GET /viewjudgment?id=6195 HTTP/1.1" 301 795 "-" "Mozilla/5.0 (Macintosh; Intel Mac OS X 10_15_7) AppleWebKit/537.36 (KHTML, like Gecko) Chrome/131.0.0.0 Safari/537.36; ClaudeBot/1.0; +claudebot@anthropic.com)"
31.13.127.27 - - [16/Sep/2025:13:16:13 -0400] "GET /js/main.js HTTP/1.1" 301 795 "-" "facebookexternalhit/1.1 (+http://www.facebook.com/externalhit_uatext.php)"
31.13.115.4 - - [16/Sep/2025:13:19:20 -0400] "GET /news_detaill?id=810 HTTP/1.1" 301 795 "-" "facebookexternalhit/1.1 (+http://www.facebook.com/externalhit_uatext.php)"
216.244.66.203 - - [16/Sep/2025:13:25:35 -0400] "GET /robots.txt HTTP/1.1" 301 795 "-" "Mozilla/5.0 (compatible; DotBot/1.2; +https://opensiteexplorer.org/dotbot; help@moz.com)"
31.13.127.27 - - [16/Sep/2025:13:16:12 -0400] "GET /news_detaill?id=809 HTTP/1.1" 301 795 "-" "facebookexternalhit/1.1 (+http://www.facebook.com/externalhit_uatext.php)"
31.13.127.10 - - [16/Sep/2025:13:17:14 -0400] "GET /robots.txt HTTP/1.1" 301 795 "-" "facebookexternalhit/1.1 (+http://www.facebook.com/externalhit_uatext.php)"
216.244.66.203 - - [16/Sep/2025:13:25:35 -0400] "GET /robots.txt HTTP/1.1" 301 795 "-" "Mozilla/5.0 (compatible; DotBot/1.2; +https://opensiteexplorer.org/dotbot; help@moz.com)"
173.252.79.116 - - [16/Sep/2025:13:33:05 -0400] "GET /news_detaill?id=811 HTTP/1.1" 301 795 "-" "facebookexternalhit/1.1 (+http://www.facebook.com/externalhit_uatext.php)"
69.171.234.6 - - [16/Sep/2025:13:34:31 -0400] "GET /news_detaill?id=810 HTTP/1.1" 301 795 "-" "facebookexternalhit/1.1 (+http://www.facebook.com/externalhit_uatext.php)"
31.13.127.50 - - [16/Sep/2025:13:34:33 -0400] "GET /news_detaill?id=810 HTTP/1.1" 301 795 "-" "facebookexternalhit/1.1 (+http://www.facebook.com/externalhit_uatext.php)"
69.171.234.56 - - [16/Sep/2025:13:37:21 -0400] "GET /news_detaill?id=811 HTTP/1.1" 301 795 "-" "facebookexternalhit/1.1 (+http://www.facebook.com/externalhit_uatext.php)"
216.244.66.236 - - [16/Sep/2025:13:41:28 -0400] "GET /robots.txt HTTP/1.1" 301 795 "-" "Mozilla/5.0 (compatible; DotBot/1.2; +https://opensiteexplorer.org/dotbot; help@moz.com)"
157.55.39.63 - - [16/Sep/2025:13:45:58 -0400] "GET /news_detaill?id=30 HTTP/1.1" 301 795 "-" "Mozilla/5.0 AppleWebKit/537.36 (KHTML, like Gecko; compatible; bingbot/2.0; +http://www.bing.com/bingbot.htm) Chrome/116.0.1938.76 Safari/537.36"
173.252.95.19 - - [16/Sep/2025:13:31:39 -0400] "GET /news_detaill?id=809 HTTP/1.1" 301 795 "-" "facebookexternalhit/1.1 (+http://www.facebook.com/externalhit_uatext.php)"
173.252.95.22 - - [16/Sep/2025:13:34:30 -0400] "GET /news_detaill?id=810 HTTP/1.1" 301 795 "-" "facebookexternalhit/1.1 (+http://www.facebook.com/externalhit_uatext.php)"
69.171.231.3 - - [16/Sep/2025:13:34:33 -0400] "GET /news_detaill?id=810 HTTP/1.1" 301 795 "-" "facebookexternalhit/1.1 (+http://www.facebook.com/externalhit_uatext.php)"
216.244.66.236 - - [16/Sep/2025:13:41:28 -0400] "GET /robots.txt HTTP/1.1" 301 795 "-" "Mozilla/5.0 (compatible; DotBot/1.2; +https://opensiteexplorer.org/dotbot; help@moz.com)"
173.252.95.115 - - [16/Sep/2025:13:48:19 -0400] "GET /news_detaill?id=811 HTTP/1.1" 301 795 "-" "facebookexternalhit/1.1 (+http://www.facebook.com/externalhit_uatext.php)"
69.171.231.6 - - [16/Sep/2025:13:48:43 -0400] "GET /news_detaill?id=812 HTTP/1.1" 301 795 "-" "facebookexternalhit/1.1 (+http://www.facebook.com/externalhit_uatext.php)"
69.171.230.24 - - [16/Sep/2025:13:50:26 -0400] "GET /news_detaill?id=812 HTTP/1.1" 301 795 "-" "facebookexternalhit/1.1 (+http://www.facebook.com/externalhit_uatext.php)"
69.63.184.28 - - [16/Sep/2025:13:51:12 -0400] "GET /news_detaill?id=810 HTTP/1.1" 301 795 "-" "facebookexternalhit/1.1 (+http://www.facebook.com/externalhit_uatext.php)"
173.252.107.22 - - [16/Sep/2025:13:51:13 -0400] "GET /news_detaill?id=810 HTTP/1.1" 301 795 "-" "facebookexternalhit/1.1 (+http://www.facebook.com/externalhit_uatext.php)"
31.13.115.1 - - [16/Sep/2025:13:51:20 -0400] "GET /news_detaill?id=812 HTTP/1.1" 301 795 "-" "facebookexternalhit/1.1 (+http://www.facebook.com/externalhit_uatext.php)"
43.130.3.120 - - [16/Sep/2025:14:01:20 -0400] "GET / HTTP/1.1" 301 795 "-" "Mozilla/5.0 (iPhone; CPU iPhone OS 13_2_3 like Mac OS X) AppleWebKit/605.1.15 (KHTML, like Gecko) Version/13.0.3 Mobile/15E148 Safari/604.1"
185.39.19.97 - - [16/Sep/2025:13:55:07 -0400] "GET / HTTP/1.0" 301 795 "http://customshelpline.com.pk/" "Mozilla/5.0 (Windows NT 10.0; Win64; x64) AppleWebKit/537.36 (KHTML, like Gecko) Chrome/130.0.0.0 Safari/537.36"
216.244.66.203 - - [16/Sep/2025:14:12:54 -0400] "GET /robots.txt HTTP/1.1" 301 795 "-" "Mozilla/5.0 (compatible; DotBot/1.2; +https://opensiteexplorer.org/dotbot; help@moz.com)"
185.39.19.97 - - [16/Sep/2025:14:14:56 -0400] "GET / HTTP/1.0" 301 795 "http://taxhelplines.pk/" "Mozilla/5.0 (Windows NT 10.0; Win64; x64) AppleWebKit/537.36 (KHTML, like Gecko) Chrome/130.0.0.0 Safari/537.36"
167.172.80.229 - - [16/Sep/2025:14:07:59 -0400] "GET /user/login.htm HTTP/1.1" 301 795 "-" "Mozilla/5.0 (Windows NT 10.0; Win64; x64) AppleWebKit/537.36 (KHTML, like Gecko) Chrome/120.0.6099.71 Safari/537.36"
167.172.80.229 - - [16/Sep/2025:14:08:01 -0400] "GET /user/login.htm HTTP/1.1" 301 795 "-" "Mozilla/5.0 (Windows NT 10.0; Win64; x64) AppleWebKit/537.36 (KHTML, like Gecko) Chrome/120.0.6099.71 Safari/537.36"
167.172.80.229 - - [16/Sep/2025:14:08:01 -0400] "GET /user/login.htm HTTP/1.1" 301 795 "-" "Mozilla/5.0 (Windows NT 10.0; Win64; x64) AppleWebKit/537.36 (KHTML, like Gecko) Chrome/120.0.6099.71 Safari/537.36"
167.172.80.229 - - [16/Sep/2025:14:08:02 -0400] "POST /user/login.htm HTTP/1.1" 301 795 "-" "Mozilla/5.0 (Windows NT 10.0; Win64; x64) AppleWebKit/537.36 (KHTML, like Gecko) Chrome/120.0.6099.71 Safari/537.36"
216.244.66.236 - - [16/Sep/2025:14:25:02 -0400] "GET /robots.txt HTTP/1.1" 301 795 "-" "Mozilla/5.0 (compatible; DotBot/1.2; +https://opensiteexplorer.org/dotbot; help@moz.com)"
216.244.66.236 - - [16/Sep/2025:14:25:02 -0400] "GET /robots.txt HTTP/1.1" 301 795 "-" "Mozilla/5.0 (compatible; DotBot/1.2; +https://opensiteexplorer.org/dotbot; help@moz.com)"
66.249.74.13 - - [16/Sep/2025:14:31:01 -0400] "GET / HTTP/1.1" 301 795 "-" "Mozilla/5.0 (Linux; Android 6.0.1; Nexus 5X Build/MMB29P) AppleWebKit/537.36 (KHTML, like Gecko) Chrome/140.0.7339.127 Mobile Safari/537.36 (compatible; Googlebot/2.1; +http://www.google.com/bot.html)"
216.73.216.184 - - [16/Sep/2025:14:31:30 -0400] "GET /robots.txt HTTP/1.1" 301 795 "-" "Mozilla/5.0 AppleWebKit/537.36 (KHTML, like Gecko; compatible; ClaudeBot/1.0; +claudebot@anthropic.com)"
216.73.216.184 - - [16/Sep/2025:14:31:32 -0400] "GET /viewjudgment?id=6182 HTTP/1.1" 301 795 "-" "Mozilla/5.0 AppleWebKit/537.36 (KHTML, like Gecko; compatible; ClaudeBot/1.0; +claudebot@anthropic.com)"
66.249.74.15 - - [16/Sep/2025:14:33:06 -0400] "GET / HTTP/1.1" 301 795 "-" "Mozilla/5.0 (Linux; Android 6.0.1; Nexus 5X Build/MMB29P) AppleWebKit/537.36 (KHTML, like Gecko) Chrome/140.0.7339.127 Mobile Safari/537.36 (compatible; Googlebot/2.1; +http://www.google.com/bot.html)"
185.220.101.153 - - [16/Sep/2025:14:21:06 -0400] "GET / HTTP/1.1" 301 795 "taxhelplines.com.pk" "Mozilla/5.0 (Windows NT 10.0; Win64; x64) AppleWebKit/537.36 (KHTML, like Gecko) Chrome/125.0.0.0 Safari/537.36"
85.10.210.19 - - [16/Sep/2025:14:28:08 -0400] "GET /robots.txt HTTP/1.1" 301 795 "-" "AwarioSmartBot/1.0 (+https://awario.com/bots.html; bots@awario.com)"
66.249.74.15 - - [16/Sep/2025:14:33:03 -0400] "GET / HTTP/1.1" 301 795 "-" "Mozilla/5.0 (compatible; Googlebot/2.1; +http://www.google.com/bot.html)"
66.249.74.14 - - [16/Sep/2025:14:33:04 -0400] "GET / HTTP/1.1" 301 795 "-" "Mozilla/5.0 (Linux; Android 6.0.1; Nexus 5X Build/MMB29P) AppleWebKit/537.36 (KHTML, like Gecko) Chrome/99.0.4844.84 Mobile Safari/537.36 (compatible; Googlebot/2.1; +http://www.google.com/bot.html)"
66.249.74.13 - - [16/Sep/2025:14:33:05 -0400] "GET / HTTP/1.1" 301 795 "-" "Mozilla/5.0 (compatible; Googlebot/2.1; +http://www.google.com/bot.html)"
143.110.252.218 - - [16/Sep/2025:14:43:12 -0400] "GET /wp-admin/install.php HTTP/1.1" 301 795 "-" "Mozilla/5.0 (Macintosh; Intel Mac OS X 10_10_1) AppleWebKit/537.36 (KHTML, like Gecko) Chrome/39.0.2171.95 Safari/537.36"
143.110.252.218 - - [16/Sep/2025:14:43:21 -0400] "GET /new/wp-admin/install.php HTTP/1.1" 301 795 "-" "Mozilla/5.0 (Macintosh; Intel Mac OS X 10_10_1) AppleWebKit/537.36 (KHTML, like Gecko) Chrome/39.0.2171.95 Safari/537.36"
143.110.252.218 - - [16/Sep/2025:14:43:42 -0400] "GET /blog/wp-admin/install.php HTTP/1.1" 301 795 "-" "Mozilla/5.0 (Macintosh; Intel Mac OS X 10_10_1) AppleWebKit/537.36 (KHTML, like Gecko) Chrome/39.0.2171.95 Safari/537.36"
143.110.252.218 - - [16/Sep/2025:14:44:21 -0400] "GET /shop/wp-admin/install.php HTTP/1.1" 301 795 "-" "Mozilla/5.0 (Macintosh; Intel Mac OS X 10_10_1) AppleWebKit/537.36 (KHTML, like Gecko) Chrome/39.0.2171.95 Safari/537.36"
69.171.249.114 - - [16/Sep/2025:14:47:06 -0400] "GET /robots.txt HTTP/1.1" 301 795 "-" "facebookexternalhit/1.1 (+http://www.facebook.com/externalhit_uatext.php)"
143.110.252.218 - - [16/Sep/2025:14:43:18 -0400] "GET /wp/wp-admin/install.php HTTP/1.1" 301 795 "-" "Mozilla/5.0 (Macintosh; Intel Mac OS X 10_10_1) AppleWebKit/537.36 (KHTML, like Gecko) Chrome/39.0.2171.95 Safari/537.36"
143.110.252.218 - - [16/Sep/2025:14:43:28 -0400] "GET /old/wp-admin/install.php HTTP/1.1" 301 795 "-" "Mozilla/5.0 (Macintosh; Intel Mac OS X 10_10_1) AppleWebKit/537.36 (KHTML, like Gecko) Chrome/39.0.2171.95 Safari/537.36"
143.110.252.218 - - [16/Sep/2025:14:43:33 -0400] "GET /wordpress/wp-admin/install.php HTTP/1.1" 301 795 "-" "Mozilla/5.0 (Macintosh; Intel Mac OS X 10_10_1) AppleWebKit/537.36 (KHTML, like Gecko) Chrome/39.0.2171.95 Safari/537.36"
143.110.252.218 - - [16/Sep/2025:14:43:40 -0400] "GET /test/wp-admin/install.php HTTP/1.1" 301 795 "-" "Mozilla/5.0 (Macintosh; Intel Mac OS X 10_10_1) AppleWebKit/537.36 (KHTML, like Gecko) Chrome/39.0.2171.95 Safari/537.36"
143.110.252.218 - - [16/Sep/2025:14:44:03 -0400] "GET /cms/wp-admin/install.php HTTP/1.1" 301 795 "-" "Mozilla/5.0 (Macintosh; Intel Mac OS X 10_10_1) AppleWebKit/537.36 (KHTML, like Gecko) Chrome/39.0.2171.95 Safari/537.36"
143.110.252.218 - - [16/Sep/2025:14:44:07 -0400] "GET /web/wp-admin/install.php HTTP/1.1" 301 795 "-" "Mozilla/5.0 (Macintosh; Intel Mac OS X 10_10_1) AppleWebKit/537.36 (KHTML, like Gecko) Chrome/39.0.2171.95 Safari/537.36"
143.110.252.218 - - [16/Sep/2025:14:44:11 -0400] "GET /backup/wp-admin/install.php HTTP/1.1" 301 795 "-" "Mozilla/5.0 (Macintosh; Intel Mac OS X 10_10_1) AppleWebKit/537.36 (KHTML, like Gecko) Chrome/39.0.2171.95 Safari/537.36"
143.110.252.218 - - [16/Sep/2025:14:44:15 -0400] "GET /site/wp-admin/install.php HTTP/1.1" 301 795 "-" "Mozilla/5.0 (Macintosh; Intel Mac OS X 10_10_1) AppleWebKit/537.36 (KHTML, like Gecko) Chrome/39.0.2171.95 Safari/537.36"
143.110.252.218 - - [16/Sep/2025:14:44:18 -0400] "GET /oldsite/wp-admin/install.php HTTP/1.1" 301 795 "-" "Mozilla/5.0 (Macintosh; Intel Mac OS X 10_10_1) AppleWebKit/537.36 (KHTML, like Gecko) Chrome/39.0.2171.95 Safari/537.36"
74.161.42.54 - - [16/Sep/2025:14:48:30 -0400] "GET /.git/config HTTP/1.1" 403 1242 "-" "Mozilla/5.0 (X11; Linux x86_64) AppleWebKit/537.36 (KHTML, like Gecko) Chrome/81.0.4044.129 Safari/537.36"
43.166.255.102 - - [16/Sep/2025:14:49:09 -0400] "GET / HTTP/1.1" 301 795 "-" "Mozilla/5.0 (iPhone; CPU iPhone OS 13_2_3 like Mac OS X) AppleWebKit/605.1.15 (KHTML, like Gecko) Version/13.0.3 Mobile/15E148 Safari/604.1"
152.42.198.87 - - [16/Sep/2025:15:07:45 -0400] "GET /user/login.htm HTTP/1.1" 301 795 "-" "Mozilla/5.0 (Windows NT 10.0; Win64; x64) AppleWebKit/537.36 (KHTML, like Gecko) Chrome/120.0.6099.71 Safari/537.36"
152.42.198.87 - - [16/Sep/2025:15:07:46 -0400] "GET /user/login.htm HTTP/1.1" 301 795 "-" "Mozilla/5.0 (Windows NT 10.0; Win64; x64) AppleWebKit/537.36 (KHTML, like Gecko) Chrome/120.0.6099.71 Safari/537.36"
152.42.198.87 - - [16/Sep/2025:15:07:46 -0400] "POST /user/login.htm HTTP/1.1" 301 795 "-" "Mozilla/5.0 (Windows NT 10.0; Win64; x64) AppleWebKit/537.36 (KHTML, like Gecko) Chrome/120.0.6099.71 Safari/537.36"
216.244.66.236 - - [16/Sep/2025:15:08:11 -0400] "GET /robots.txt HTTP/1.1" 301 795 "-" "Mozilla/5.0 (compatible; DotBot/1.2; +https://opensiteexplorer.org/dotbot; help@moz.com)"
216.244.66.236 - - [16/Sep/2025:15:08:11 -0400] "GET /robots.txt HTTP/1.1" 301 795 "-" "Mozilla/5.0 (compatible; DotBot/1.2; +https://opensiteexplorer.org/dotbot; help@moz.com)"
152.42.198.87 - - [16/Sep/2025:15:07:44 -0400] "GET /user/login.htm HTTP/1.1" 301 795 "-" "Mozilla/5.0 (Windows NT 10.0; Win64; x64) AppleWebKit/537.36 (KHTML, like Gecko) Chrome/120.0.6099.71 Safari/537.36"
216.244.66.236 - - [16/Sep/2025:15:08:11 -0400] "GET /robots.txt HTTP/1.1" 301 795 "-" "Mozilla/5.0 (compatible; DotBot/1.2; +https://opensiteexplorer.org/dotbot; help@moz.com)"
216.244.66.203 - - [16/Sep/2025:15:09:59 -0400] "GET /robots.txt HTTP/1.1" 301 795 "-" "Mozilla/5.0 (compatible; DotBot/1.2; +https://opensiteexplorer.org/dotbot; help@moz.com)"
216.244.66.203 - - [16/Sep/2025:15:09:59 -0400] "GET /robots.txt HTTP/1.1" 301 795 "-" "Mozilla/5.0 (compatible; DotBot/1.2; +https://opensiteexplorer.org/dotbot; help@moz.com)"
43.157.181.189 - - [16/Sep/2025:15:16:49 -0400] "GET / HTTP/1.1" 301 795 "-" "Mozilla/5.0 (iPhone; CPU iPhone OS 13_2_3 like Mac OS X) AppleWebKit/605.1.15 (KHTML, like Gecko) Version/13.0.3 Mobile/15E148 Safari/604.1"
20.39.202.51 - - [16/Sep/2025:15:34:24 -0400] "GET /wp-content/plugins/hellopress/wp_filemanager.php HTTP/1.1" 301 795 "-" "-"
20.39.202.51 - - [16/Sep/2025:15:34:27 -0400] "GET /vanta.php HTTP/1.1" 301 795 "-" "-"
20.39.202.51 - - [16/Sep/2025:15:34:27 -0400] "GET /sder52u.php HTTP/1.1" 301 795 "-" "-"
20.39.202.51 - - [16/Sep/2025:15:34:27 -0400] "GET /Sanskrit.php HTTP/1.1" 301 795 "-" "-"
20.39.202.51 - - [16/Sep/2025:15:34:29 -0400] "GET /aa.php HTTP/1.1" 301 795 "-" "-"
20.39.202.51 - - [16/Sep/2025:15:34:29 -0400] "GET /great.php HTTP/1.1" 301 795 "-" "-"
20.39.202.51 - - [16/Sep/2025:15:34:30 -0400] "GET /class9.php HTTP/1.1" 301 795 "-" "-"
20.39.202.51 - - [16/Sep/2025:15:34:31 -0400] "GET /lock360.php HTTP/1.1" 301 795 "-" "-"
20.39.202.51 - - [16/Sep/2025:15:34:31 -0400] "GET /ot.php HTTP/1.1" 301 795 "-" "-"
20.39.202.51 - - [16/Sep/2025:15:34:33 -0400] "GET /aua.php HTTP/1.1" 301 795 "-" "-"
20.39.202.51 - - [16/Sep/2025:15:34:35 -0400] "GET /aa8.php HTTP/1.1" 301 795 "-" "-"
20.39.202.51 - - [16/Sep/2025:15:34:37 -0400] "GET /.well-known/info.php HTTP/1.1" 301 795 "-" "-"
20.39.202.51 - - [16/Sep/2025:15:34:38 -0400] "GET /bqcheck.php HTTP/1.1" 301 795 "-" "-"
20.39.202.51 - - [16/Sep/2025:15:34:38 -0400] "GET /blurbs8.php HTTP/1.1" 301 795 "-" "-"
20.39.202.51 - - [16/Sep/2025:15:34:40 -0400] "GET /winkel.php HTTP/1.1" 301 795 "-" "-"
20.39.202.51 - - [16/Sep/2025:15:34:41 -0400] "GET /v2.php HTTP/1.1" 301 795 "-" "-"
20.39.202.51 - - [16/Sep/2025:15:34:42 -0400] "GET /gfile.php HTTP/1.1" 301 795 "-" "-"
20.39.202.51 - - [16/Sep/2025:15:34:43 -0400] "GET /CLA.php HTTP/1.1" 301 795 "-" "-"
20.39.202.51 - - [16/Sep/2025:15:34:44 -0400] "GET /gmo.php HTTP/1.1" 301 795 "-" "-"
20.39.202.51 - - [16/Sep/2025:15:34:44 -0400] "GET /axx.php HTTP/1.1" 301 795 "-" "-"
20.39.202.51 - - [16/Sep/2025:15:34:46 -0400] "GET /ffile.php HTTP/1.1" 301 795 "-" "-"
20.39.202.51 - - [16/Sep/2025:15:34:47 -0400] "GET /cfile.php HTTP/1.1" 301 795 "-" "-"
20.39.202.51 - - [16/Sep/2025:15:34:47 -0400] "GET /gg.php HTTP/1.1" 301 795 "-" "-"
20.39.202.51 - - [16/Sep/2025:15:34:49 -0400] "GET /ggs.php HTTP/1.1" 301 795 "-" "-"
20.39.202.51 - - [16/Sep/2025:15:34:49 -0400] "GET /pp.php HTTP/1.1" 301 795 "-" "-"
58.49.233.126 - - [16/Sep/2025:15:36:42 -0400] "GET / HTTP/1.1" 301 795 "-" "Mozilla/5.0 (iPhone; CPU iPhone OS 13_2_3 like Mac OS X) AppleWebKit/605.1.15 (KHTML, like Gecko) Version/13.0.3 Mobile/15E148 Safari/604.1"
58.49.233.126 - - [16/Sep/2025:15:36:42 -0400] "GET / HTTP/1.1" 301 795 "-" "Mozilla/5.0 (iPhone; CPU iPhone OS 13_2_3 like Mac OS X) AppleWebKit/605.1.15 (KHTML, like Gecko) Version/13.0.3 Mobile/15E148 Safari/604.1"
20.39.202.51 - - [16/Sep/2025:15:34:28 -0400] "GET /an.php HTTP/1.1" 301 795 "-" "-"
20.39.202.51 - - [16/Sep/2025:15:34:30 -0400] "GET /pass.php HTTP/1.1" 301 795 "-" "-"
20.39.202.51 - - [16/Sep/2025:15:34:32 -0400] "GET /witmm.php HTTP/1.1" 301 795 "-" "-"
20.39.202.51 - - [16/Sep/2025:15:34:32 -0400] "GET /gold.php HTTP/1.1" 301 795 "-" "-"
20.39.202.51 - - [16/Sep/2025:15:34:33 -0400] "GET /lo.php HTTP/1.1" 301 795 "-" "-"
20.39.202.51 - - [16/Sep/2025:15:34:34 -0400] "GET /nc4.php HTTP/1.1" 301 795 "-" "-"
20.39.202.51 - - [16/Sep/2025:15:34:34 -0400] "GET /ava.php HTTP/1.1" 301 795 "-" "-"
20.39.202.51 - - [16/Sep/2025:15:34:35 -0400] "GET /xl.php HTTP/1.1" 301 795 "-" "-"
20.39.202.51 - - [16/Sep/2025:15:34:36 -0400] "GET /akc.php HTTP/1.1" 301 795 "-" "-"
20.39.202.51 - - [16/Sep/2025:15:34:39 -0400] "GET /bless3.php HTTP/1.1" 301 795 "-" "-"
20.39.202.51 - - [16/Sep/2025:15:34:40 -0400] "GET /bless2.php HTTP/1.1" 301 795 "-" "-"
20.39.202.51 - - [16/Sep/2025:15:34:45 -0400] "GET /akc.php HTTP/1.1" 301 795 "-" "-"
20.39.202.51 - - [16/Sep/2025:15:34:46 -0400] "GET /wsr2.php?p= HTTP/1.1" 301 795 "-" "-"
20.39.202.51 - - [16/Sep/2025:15:34:48 -0400] "GET /aa17.php HTTP/1.1" 301 795 "-" "-"
20.39.202.51 - - [16/Sep/2025:15:34:48 -0400] "GET /cool.php HTTP/1.1" 301 795 "-" "-"
20.39.202.51 - - [16/Sep/2025:15:34:50 -0400] "GET /rak.php HTTP/1.1" 301 795 "-" "-"
20.39.202.51 - - [16/Sep/2025:15:34:50 -0400] "GET /rdfe.php HTTP/1.1" 301 795 "-" "-"
20.39.202.51 - - [16/Sep/2025:15:34:50 -0400] "GET /sad.php HTTP/1.1" 301 795 "-" "-"
216.244.66.236 - - [16/Sep/2025:15:52:47 -0400] "GET /robots.txt HTTP/1.1" 301 795 "-" "Mozilla/5.0 (compatible; DotBot/1.2; +https://opensiteexplorer.org/dotbot; help@moz.com)"
216.244.66.203 - - [16/Sep/2025:15:56:38 -0400] "GET /robots.txt HTTP/1.1" 301 795 "-" "Mozilla/5.0 (compatible; DotBot/1.2; +https://opensiteexplorer.org/dotbot; help@moz.com)"
20.39.202.51 - - [16/Sep/2025:15:57:31 -0400] "GET /sder52u.php HTTP/1.1" 301 795 "-" "-"
20.39.202.51 - - [16/Sep/2025:15:57:32 -0400] "GET /Sanskrit.php HTTP/1.1" 301 795 "-" "-"
20.39.202.51 - - [16/Sep/2025:15:57:33 -0400] "GET /an.php HTTP/1.1" 301 795 "-" "-"
20.39.202.51 - - [16/Sep/2025:15:57:34 -0400] "GET /great.php HTTP/1.1" 301 795 "-" "-"
20.39.202.51 - - [16/Sep/2025:15:57:36 -0400] "GET /lock360.php HTTP/1.1" 301 795 "-" "-"
20.39.202.51 - - [16/Sep/2025:15:57:38 -0400] "GET /gold.php HTTP/1.1" 301 795 "-" "-"
20.39.202.51 - - [16/Sep/2025:15:57:39 -0400] "GET /aua.php HTTP/1.1" 301 795 "-" "-"
20.39.202.51 - - [16/Sep/2025:15:57:40 -0400] "GET /nc4.php HTTP/1.1" 301 795 "-" "-"
20.39.202.51 - - [16/Sep/2025:15:57:40 -0400] "GET /ava.php HTTP/1.1" 301 795 "-" "-"
20.39.202.51 - - [16/Sep/2025:15:57:41 -0400] "GET /xl.php HTTP/1.1" 301 795 "-" "-"
20.39.202.51 - - [16/Sep/2025:15:57:42 -0400] "GET /akc.php HTTP/1.1" 301 795 "-" "-"
20.39.202.51 - - [16/Sep/2025:15:57:43 -0400] "GET /bqcheck.php HTTP/1.1" 301 795 "-" "-"
20.39.202.51 - - [16/Sep/2025:15:57:45 -0400] "GET /winkel.php HTTP/1.1" 301 795 "-" "-"
20.39.202.51 - - [16/Sep/2025:15:57:46 -0400] "GET /v2.php HTTP/1.1" 301 795 "-" "-"
20.39.202.51 - - [16/Sep/2025:15:57:46 -0400] "GET /gfile.php HTTP/1.1" 301 795 "-" "-"
20.39.202.51 - - [16/Sep/2025:15:57:49 -0400] "GET /axx.php HTTP/1.1" 301 795 "-" "-"
20.39.202.51 - - [16/Sep/2025:15:57:50 -0400] "GET /ffile.php HTTP/1.1" 301 795 "-" "-"
20.39.202.51 - - [16/Sep/2025:15:57:52 -0400] "GET /aa17.php HTTP/1.1" 301 795 "-" "-"
20.39.202.51 - - [16/Sep/2025:15:57:52 -0400] "GET /cool.php HTTP/1.1" 301 795 "-" "-"
20.39.202.51 - - [16/Sep/2025:15:57:53 -0400] "GET /ggs.php HTTP/1.1" 301 795 "-" "-"
20.39.202.51 - - [16/Sep/2025:15:57:54 -0400] "GET /pp.php HTTP/1.1" 301 795 "-" "-"
20.39.202.51 - - [16/Sep/2025:15:57:54 -0400] "GET /rak.php HTTP/1.1" 301 795 "-" "-"
20.39.202.51 - - [16/Sep/2025:15:57:55 -0400] "GET /sad.php HTTP/1.1" 301 795 "-" "-"
216.244.66.236 - - [16/Sep/2025:15:52:47 -0400] "GET /robots.txt HTTP/1.1" 301 795 "-" "Mozilla/5.0 (compatible; DotBot/1.2; +https://opensiteexplorer.org/dotbot; help@moz.com)"
20.39.202.51 - - [16/Sep/2025:15:57:27 -0400] "GET /wp-content/plugins/hellopress/wp_filemanager.php HTTP/1.1" 301 795 "-" "-"
20.39.202.51 - - [16/Sep/2025:15:57:31 -0400] "GET /vanta.php HTTP/1.1" 301 795 "-" "-"
20.39.202.51 - - [16/Sep/2025:15:57:33 -0400] "GET /aa.php HTTP/1.1" 301 795 "-" "-"
20.39.202.51 - - [16/Sep/2025:15:57:35 -0400] "GET /class9.php HTTP/1.1" 301 795 "-" "-"
20.39.202.51 - - [16/Sep/2025:15:57:35 -0400] "GET /pass.php HTTP/1.1" 301 795 "-" "-"
20.39.202.51 - - [16/Sep/2025:15:57:37 -0400] "GET /ot.php HTTP/1.1" 301 795 "-" "-"
20.39.202.51 - - [16/Sep/2025:15:57:37 -0400] "GET /witmm.php HTTP/1.1" 301 795 "-" "-"
20.39.202.51 - - [16/Sep/2025:15:57:39 -0400] "GET /lo.php HTTP/1.1" 301 795 "-" "-"
20.39.202.51 - - [16/Sep/2025:15:57:41 -0400] "GET /aa8.php HTTP/1.1" 301 795 "-" "-"
20.39.202.51 - - [16/Sep/2025:15:57:43 -0400] "GET /.well-known/info.php HTTP/1.1" 301 795 "-" "-"
20.39.202.51 - - [16/Sep/2025:15:57:44 -0400] "GET /blurbs8.php HTTP/1.1" 301 795 "-" "-"
20.39.202.51 - - [16/Sep/2025:15:57:44 -0400] "GET /bless3.php HTTP/1.1" 301 795 "-" "-"
20.39.202.51 - - [16/Sep/2025:15:57:45 -0400] "GET /bless2.php HTTP/1.1" 301 795 "-" "-"
20.39.202.51 - - [16/Sep/2025:15:57:47 -0400] "GET /CLA.php HTTP/1.1" 301 795 "-" "-"
20.39.202.51 - - [16/Sep/2025:15:57:48 -0400] "GET /gmo.php HTTP/1.1" 301 795 "-" "-"
20.39.202.51 - - [16/Sep/2025:15:57:49 -0400] "GET /akc.php HTTP/1.1" 301 795 "-" "-"
20.39.202.51 - - [16/Sep/2025:15:57:49 -0400] "GET /wsr2.php?p= HTTP/1.1" 301 795 "-" "-"
20.39.202.51 - - [16/Sep/2025:15:57:51 -0400] "GET /cfile.php HTTP/1.1" 301 795 "-" "-"
20.39.202.51 - - [16/Sep/2025:15:57:51 -0400] "GET /gg.php HTTP/1.1" 301 795 "-" "-"
20.39.202.51 - - [16/Sep/2025:15:57:55 -0400] "GET /rdfe.php HTTP/1.1" 301 795 "-" "-"
20.39.201.150 - - [16/Sep/2025:16:05:18 -0400] "GET /sder52u.php HTTP/1.1" 301 795 "-" "-"
20.39.201.150 - - [16/Sep/2025:16:05:20 -0400] "GET /great.php HTTP/1.1" 301 795 "-" "-"
20.39.201.150 - - [16/Sep/2025:16:05:23 -0400] "GET /ot.php HTTP/1.1" 301 795 "-" "-"
20.39.201.150 - - [16/Sep/2025:16:05:23 -0400] "GET /witmm.php HTTP/1.1" 301 795 "-" "-"
20.39.201.150 - - [16/Sep/2025:16:05:26 -0400] "GET /nc4.php HTTP/1.1" 301 795 "-" "-"
20.39.201.150 - - [16/Sep/2025:16:05:26 -0400] "GET /ava.php HTTP/1.1" 301 795 "-" "-"
20.39.201.150 - - [16/Sep/2025:16:05:28 -0400] "GET /.well-known/info.php HTTP/1.1" 301 795 "-" "-"
20.39.201.150 - - [16/Sep/2025:16:05:30 -0400] "GET /bless2.php HTTP/1.1" 301 795 "-" "-"
20.39.201.150 - - [16/Sep/2025:16:05:32 -0400] "GET /gfile.php HTTP/1.1" 301 795 "-" "-"
20.39.201.150 - - [16/Sep/2025:16:05:32 -0400] "GET /CLA.php HTTP/1.1" 301 795 "-" "-"
20.39.201.150 - - [16/Sep/2025:16:05:33 -0400] "GET /axx.php HTTP/1.1" 301 795 "-" "-"
20.39.201.150 - - [16/Sep/2025:16:05:35 -0400] "GET /cfile.php HTTP/1.1" 301 795 "-" "-"
20.39.201.150 - - [16/Sep/2025:16:05:35 -0400] "GET /gg.php HTTP/1.1" 301 795 "-" "-"
20.39.201.150 - - [16/Sep/2025:16:05:37 -0400] "GET /pp.php HTTP/1.1" 301 795 "-" "-"
20.39.201.150 - - [16/Sep/2025:16:05:39 -0400] "GET /sad.php HTTP/1.1" 301 795 "-" "-"
157.55.39.15 - - [16/Sep/2025:16:15:32 -0400] "GET /viewreport?id=580 HTTP/1.1" 301 795 "-" "Mozilla/5.0 AppleWebKit/537.36 (KHTML, like Gecko; compatible; bingbot/2.0; +http://www.bing.com/bingbot.htm) Chrome/116.0.1938.76 Safari/537.36"
20.39.201.150 - - [16/Sep/2025:16:05:15 -0400] "GET /wp-content/plugins/hellopress/wp_filemanager.php HTTP/1.1" 301 795 "-" "-"
20.39.201.150 - - [16/Sep/2025:16:05:17 -0400] "GET /vanta.php HTTP/1.1" 301 795 "-" "-"
20.39.201.150 - - [16/Sep/2025:16:05:18 -0400] "GET /Sanskrit.php HTTP/1.1" 301 795 "-" "-"
20.39.201.150 - - [16/Sep/2025:16:05:19 -0400] "GET /an.php HTTP/1.1" 301 795 "-" "-"
20.39.201.150 - - [16/Sep/2025:16:05:20 -0400] "GET /aa.php HTTP/1.1" 301 795 "-" "-"
20.39.201.150 - - [16/Sep/2025:16:05:21 -0400] "GET /class9.php HTTP/1.1" 301 795 "-" "-"
20.39.201.150 - - [16/Sep/2025:16:05:22 -0400] "GET /pass.php HTTP/1.1" 301 795 "-" "-"
20.39.201.150 - - [16/Sep/2025:16:05:22 -0400] "GET /lock360.php HTTP/1.1" 301 795 "-" "-"
20.39.201.150 - - [16/Sep/2025:16:05:24 -0400] "GET /gold.php HTTP/1.1" 301 795 "-" "-"
20.39.201.150 - - [16/Sep/2025:16:05:24 -0400] "GET /lo.php HTTP/1.1" 301 795 "-" "-"
20.39.201.150 - - [16/Sep/2025:16:05:25 -0400] "GET /aua.php HTTP/1.1" 301 795 "-" "-"
20.39.201.150 - - [16/Sep/2025:16:05:27 -0400] "GET /aa8.php HTTP/1.1" 301 795 "-" "-"
20.39.201.150 - - [16/Sep/2025:16:05:27 -0400] "GET /xl.php HTTP/1.1" 301 795 "-" "-"
20.39.201.150 - - [16/Sep/2025:16:05:28 -0400] "GET /akc.php HTTP/1.1" 301 795 "-" "-"
20.39.201.150 - - [16/Sep/2025:16:05:29 -0400] "GET /bqcheck.php HTTP/1.1" 301 795 "-" "-"
20.39.201.150 - - [16/Sep/2025:16:05:29 -0400] "GET /blurbs8.php HTTP/1.1" 301 795 "-" "-"
20.39.201.150 - - [16/Sep/2025:16:05:30 -0400] "GET /bless3.php HTTP/1.1" 301 795 "-" "-"
20.39.201.150 - - [16/Sep/2025:16:05:31 -0400] "GET /winkel.php HTTP/1.1" 301 795 "-" "-"
20.39.201.150 - - [16/Sep/2025:16:05:31 -0400] "GET /v2.php HTTP/1.1" 301 795 "-" "-"
20.39.201.150 - - [16/Sep/2025:16:05:32 -0400] "GET /gmo.php HTTP/1.1" 301 795 "-" "-"
20.39.201.150 - - [16/Sep/2025:16:05:33 -0400] "GET /akc.php HTTP/1.1" 301 795 "-" "-"
20.39.201.150 - - [16/Sep/2025:16:05:34 -0400] "GET /wsr2.php?p= HTTP/1.1" 301 795 "-" "-"
20.39.201.150 - - [16/Sep/2025:16:05:34 -0400] "GET /ffile.php HTTP/1.1" 301 795 "-" "-"
20.39.201.150 - - [16/Sep/2025:16:05:36 -0400] "GET /aa17.php HTTP/1.1" 301 795 "-" "-"
20.39.201.150 - - [16/Sep/2025:16:05:36 -0400] "GET /cool.php HTTP/1.1" 301 795 "-" "-"
20.39.201.150 - - [16/Sep/2025:16:05:37 -0400] "GET /ggs.php HTTP/1.1" 301 795 "-" "-"
20.39.201.150 - - [16/Sep/2025:16:05:38 -0400] "GET /rak.php HTTP/1.1" 301 795 "-" "-"
20.39.201.150 - - [16/Sep/2025:16:05:38 -0400] "GET /rdfe.php HTTP/1.1" 301 795 "-" "-"
216.244.66.203 - - [16/Sep/2025:16:45:00 -0400] "GET /robots.txt HTTP/1.1" 301 795 "-" "Mozilla/5.0 (compatible; DotBot/1.2; +https://opensiteexplorer.org/dotbot; help@moz.com)"
54.84.93.8 - - [16/Sep/2025:16:49:23 -0400] "GET /robots.txt HTTP/1.1" 301 795 "-" "Mozilla/5.0 AppleWebKit/537.36 (KHTML, like Gecko; compatible; Amazonbot/0.1; +https://developer.amazon.com/support/amazonbot) Chrome/119.0.6045.214 Safari/537.36"
54.225.181.161 - - [16/Sep/2025:16:49:34 -0400] "GET /news_detaill?id=23 HTTP/1.1" 301 795 "-" "Mozilla/5.0 AppleWebKit/537.36 (KHTML, like Gecko; compatible; Amazonbot/0.1; +https://developer.amazon.com/support/amazonbot) Chrome/119.0.6045.214 Safari/537.36"
216.244.66.236 - - [16/Sep/2025:16:35:31 -0400] "GET /robots.txt HTTP/1.1" 301 795 "-" "Mozilla/5.0 (compatible; DotBot/1.2; +https://opensiteexplorer.org/dotbot; help@moz.com)"
216.244.66.236 - - [16/Sep/2025:16:35:31 -0400] "GET /robots.txt HTTP/1.1" 301 795 "-" "Mozilla/5.0 (compatible; DotBot/1.2; +https://opensiteexplorer.org/dotbot; help@moz.com)"
40.67.245.89 - - [16/Sep/2025:16:39:17 -0400] "GET /.env HTTP/1.1" 301 795 "-" "Mozilla/5.0 (MSIE 9.0; Windows NT 10.0; Win64; x64) AppleWebKit/537.36 (KHTML, like Gecko) Chrome/51.0.2704.79 Safari/537.36 Edge/14.14931"
216.244.66.203 - - [16/Sep/2025:16:45:00 -0400] "GET /robots.txt HTTP/1.1" 301 795 "-" "Mozilla/5.0 (compatible; DotBot/1.2; +https://opensiteexplorer.org/dotbot; help@moz.com)"
54.84.93.8 - - [16/Sep/2025:16:49:23 -0400] "GET /news_detaill?id=27 HTTP/1.1" 301 795 "-" "Mozilla/5.0 AppleWebKit/537.36 (KHTML, like Gecko; compatible; Amazonbot/0.1; +https://developer.amazon.com/support/amazonbot) Chrome/119.0.6045.214 Safari/537.36"
124.198.131.107 - - [16/Sep/2025:16:57:02 -0400] "GET / HTTP/1.1" 301 795 "www.google.com" "Mozilla/5.0 (Windows NT 10.0; Win64; x64) AppleWebKit/537.36 (KHTML, like Gecko) Chrome/90.0.4430.85 Safari/537.36"
216.244.66.236 - - [16/Sep/2025:17:17:44 -0400] "GET /robots.txt HTTP/1.1" 301 795 "-" "Mozilla/5.0 (compatible; DotBot/1.2; +https://opensiteexplorer.org/dotbot; help@moz.com)"
157.55.39.195 - - [16/Sep/2025:17:18:13 -0400] "GET /viewreport?id=537 HTTP/1.1" 301 795 "-" "Mozilla/5.0 AppleWebKit/537.36 (KHTML, like Gecko; compatible; bingbot/2.0; +http://www.bing.com/bingbot.htm) Chrome/116.0.1938.76 Safari/537.36"
34.82.251.51 - - [16/Sep/2025:17:21:41 -0400] "HEAD /bk HTTP/1.1" 301 0 "-" "Mozilla/5.0 (Windows NT 10.0; Win64; x64; rv:125.0) Gecko/20100101 Firefox/125.0"
34.82.251.51 - - [16/Sep/2025:17:21:41 -0400] "HEAD /bc HTTP/1.1" 301 0 "-" "Mozilla/5.0 (iPhone; CPU iPhone OS 17_2 like Mac OS X) AppleWebKit/605.1.15 (KHTML, like Gecko) CriOS/124.0.6367.56 Mobile/15E148 Safari/604.1"
34.82.251.51 - - [16/Sep/2025:17:21:41 -0400] "HEAD / HTTP/1.1" 301 0 "-" "Mozilla/5.0 (iPad; CPU OS 16_6 like Mac OS X) AppleWebKit/605.1.15 (KHTML, like Gecko) Version/16.6 Mobile/15E148 Safari/604.1"
34.82.251.51 - - [16/Sep/2025:17:21:42 -0400] "HEAD /new HTTP/1.1" 301 0 "-" "Mozilla/5.0 (Linux; Android 12; CPH2381) AppleWebKit/537.36 (KHTML, like Gecko) Chrome/119.0.6045.163 Mobile Safari/537.36 OPR/76.3.4027.73374"
34.82.251.51 - - [16/Sep/2025:17:21:42 -0400] "HEAD /home HTTP/1.1" 301 0 "-" "Mozilla/5.0 (Linux; U; Android 11; en-US; V2027) AppleWebKit/537.36 (KHTML, like Gecko) Version/4.0 Chrome/89.0.4389.116 UCBrowser/13.4.0.1306 Mobile Safari/537.36"
