52.178.144.89 - - [17/Sep/2025:16:23:36 -0400] "GET /ava.php HTTP/1.1" 301 795 "-" "-"
52.178.144.89 - - [17/Sep/2025:16:23:36 -0400] "GET /public/wsr2.php HTTP/1.1" 301 795 "-" "-"
52.178.144.89 - - [17/Sep/2025:16:23:37 -0400] "GET /gg.php HTTP/1.1" 301 795 "-" "-"
52.178.144.89 - - [17/Sep/2025:16:23:38 -0400] "GET /file1.php HTTP/1.1" 301 795 "-" "-"
52.178.144.89 - - [17/Sep/2025:16:23:38 -0400] "GET /an.php HTTP/1.1" 301 795 "-" "-"
52.178.144.89 - - [17/Sep/2025:16:23:40 -0400] "GET /slo.php HTTP/1.1" 301 795 "-" "-"
52.178.144.89 - - [17/Sep/2025:16:23:42 -0400] "GET /aaaa.php HTTP/1.1" 301 795 "-" "-"
52.178.144.89 - - [17/Sep/2025:16:23:42 -0400] "GET /good.php HTTP/1.1" 301 795 "-" "-"
216.244.66.236 - - [17/Sep/2025:16:31:39 -0400] "GET /robots.txt HTTP/1.1" 301 795 "-" "Mozilla/5.0 (compatible; DotBot/1.2; +https://opensiteexplorer.org/dotbot; help@moz.com)"
216.244.66.236 - - [17/Sep/2025:16:31:39 -0400] "GET /robots.txt HTTP/1.1" 301 795 "-" "Mozilla/5.0 (compatible; DotBot/1.2; +https://opensiteexplorer.org/dotbot; help@moz.com)"
216.244.66.203 - - [17/Sep/2025:16:35:23 -0400] "GET /robots.txt HTTP/1.1" 301 795 "-" "Mozilla/5.0 (compatible; DotBot/1.2; +https://opensiteexplorer.org/dotbot; help@moz.com)"
216.244.66.203 - - [17/Sep/2025:16:35:23 -0400] "GET /robots.txt HTTP/1.1" 301 795 "-" "Mozilla/5.0 (compatible; DotBot/1.2; +https://opensiteexplorer.org/dotbot; help@moz.com)"
216.73.216.184 - - [17/Sep/2025:17:00:35 -0400] "GET /viewreport?id=835 HTTP/1.1" 301 795 "-" "Mozilla/5.0 AppleWebKit/537.36 (KHTML, like Gecko; compatible; ClaudeBot/1.0; +claudebot@anthropic.com)"
216.73.216.184 - - [17/Sep/2025:17:00:35 -0400] "GET /sitemap.xml HTTP/1.1" 301 795 "-" "Mozilla/5.0 AppleWebKit/537.36 (KHTML, like Gecko; compatible; ClaudeBot/1.0; +claudebot@anthropic.com)"
114.119.146.70 - - [17/Sep/2025:17:14:39 -0400] "GET /robots.txt HTTP/1.1" 301 795 "-" "Mozilla/5.0 (compatible;PetalBot;+https://webmaster.petalsearch.com/site/petalbot)"
216.244.66.236 - - [17/Sep/2025:17:15:59 -0400] "GET /robots.txt HTTP/1.1" 301 795 "-" "Mozilla/5.0 (compatible; DotBot/1.2; +https://opensiteexplorer.org/dotbot; help@moz.com)"
66.249.74.13 - - [17/Sep/2025:17:16:57 -0400] "GET / HTTP/1.1" 301 795 "-" "Mozilla/5.0 (compatible; Googlebot/2.1; +http://www.google.com/bot.html)"
66.249.74.14 - - [17/Sep/2025:17:16:58 -0400] "GET / HTTP/1.1" 301 795 "-" "Mozilla/5.0 (compatible; Googlebot/2.1; +http://www.google.com/bot.html)"
66.249.74.13 - - [17/Sep/2025:17:17:01 -0400] "GET / HTTP/1.1" 301 795 "-" "Mozilla/5.0 (Linux; Android 6.0.1; Nexus 5X Build/MMB29P) AppleWebKit/537.36 (KHTML, like Gecko) Chrome/140.0.7339.127 Mobile Safari/537.36 (compatible; Googlebot/2.1; +http://www.google.com/bot.html)"
216.244.66.203 - - [17/Sep/2025:17:24:07 -0400] "GET /robots.txt HTTP/1.1" 301 795 "-" "Mozilla/5.0 (compatible; DotBot/1.2; +https://opensiteexplorer.org/dotbot; help@moz.com)"
216.244.66.203 - - [17/Sep/2025:17:24:07 -0400] "GET /robots.txt HTTP/1.1" 301 795 "-" "Mozilla/5.0 (compatible; DotBot/1.2; +https://opensiteexplorer.org/dotbot; help@moz.com)"
66.249.74.15 - - [17/Sep/2025:17:17:00 -0400] "GET / HTTP/1.1" 301 795 "-" "Mozilla/5.0 (Linux; Android 6.0.1; Nexus 5X Build/MMB29P) AppleWebKit/537.36 (KHTML, like Gecko) Chrome/99.0.4844.84 Mobile Safari/537.36 (compatible; Googlebot/2.1; +http://www.google.com/bot.html)"
114.119.153.11 - - [17/Sep/2025:17:26:09 -0400] "GET /robots.txt HTTP/1.1" 301 795 "-" "Mozilla/5.0 (compatible;PetalBot;+https://webmaster.petalsearch.com/site/petalbot)"
124.243.177.146 - - [17/Sep/2025:17:32:34 -0400] "GET /viewreport?id=2331 HTTP/1.1" 301 795 "-" "Mozilla/5.0 (Windows NT 10.0; Win64; x64) AppleWebKit/537.36 (KHTML, like Gecko) Chrome/129.0.0.0 Safari/537.36"
159.138.109.53 - - [17/Sep/2025:17:34:04 -0400] "GET /viewreport?id=2331 HTTP/1.1" 301 795 "-" "Mozilla/5.0 (iPhone; CPU iPhone OS 16_0 like Mac OS X) AppleWebKit/605.1.15 (KHTML, like Gecko) Version/18.0 Mobile/15E148 Safari/604.1"
52.167.144.207 - - [17/Sep/2025:17:34:53 -0400] "GET /viewreport?id=183 HTTP/1.1" 301 795 "-" "Mozilla/5.0 AppleWebKit/537.36 (KHTML, like Gecko; compatible; bingbot/2.0; +http://www.bing.com/bingbot.htm) Chrome/116.0.1938.76 Safari/537.36"
216.73.216.184 - - [17/Sep/2025:17:35:55 -0400] "GET /robots.txt HTTP/1.1" 301 795 "-" "Mozilla/5.0 AppleWebKit/537.36 (KHTML, like Gecko; compatible; ClaudeBot/1.0; +claudebot@anthropic.com)"
45.89.70.31 - - [17/Sep/2025:17:41:55 -0400] "GET / HTTP/1.0" 301 795 "http://customhelpline.com.pk/" "Mozilla/5.0 (Windows NT 10.0; Win64; x64) AppleWebKit/537.36 (KHTML, like Gecko) Chrome/130.0.0.0 Safari/537.36 CCleaner/130.0.0.0"
189.1.218.69 - - [17/Sep/2025:17:46:56 -0400] "GET /viewjudgment?id=5134 HTTP/1.1" 301 795 "-" "Mozilla/5.0 (Windows NT 10.0; Win64; x64) AppleWebKit/537.36 (KHTML, like Gecko) Chrome/129.0.0.0 Safari/537.36"
46.250.171.186 - - [17/Sep/2025:17:47:59 -0400] "GET /viewjudgment?id=5134 HTTP/1.1" 301 795 "-" "Mozilla/5.0 (iPhone; CPU iPhone OS 16_0 like Mac OS X) AppleWebKit/605.1.15 (KHTML, like Gecko) Version/18.0 Mobile/15E148 Safari/604.1"
216.73.216.184 - - [17/Sep/2025:17:35:55 -0400] "GET /sitemap.xml HTTP/1.1" 301 795 "-" "Mozilla/5.0 AppleWebKit/537.36 (KHTML, like Gecko; compatible; ClaudeBot/1.0; +claudebot@anthropic.com)"
199.244.88.219 - - [17/Sep/2025:17:43:18 -0400] "GET / HTTP/1.1" 301 795 "-" "Mozilla/5.0 (X11; Linux x86_64) AppleWebKit/537.36 (KHTML, like Gecko) Chrome/105.0.0.0 Safari/537.36"
216.73.216.184 - - [17/Sep/2025:17:43:49 -0400] "GET /viewjudgment?id=6230 HTTP/1.1" 301 795 "-" "Mozilla/5.0 AppleWebKit/537.36 (KHTML, like Gecko; compatible; ClaudeBot/1.0; +claudebot@anthropic.com)"
140.143.98.18 - - [17/Sep/2025:17:56:53 -0400] "GET / HTTP/1.1" 301 795 "-" "Mozilla/5.0 (iPhone; CPU iPhone OS 13_2_3 like Mac OS X) AppleWebKit/605.1.15 (KHTML, like Gecko) Version/13.0.3 Mobile/15E148 Safari/604.1"
140.143.98.18 - - [17/Sep/2025:17:56:56 -0400] "GET / HTTP/1.1" 301 795 "-" "Mozilla/5.0 (iPhone; CPU iPhone OS 13_2_3 like Mac OS X) AppleWebKit/605.1.15 (KHTML, like Gecko) Version/13.0.3 Mobile/15E148 Safari/604.1"
216.244.66.236 - - [17/Sep/2025:18:01:01 -0400] "GET /robots.txt HTTP/1.1" 301 795 "-" "Mozilla/5.0 (compatible; DotBot/1.2; +https://opensiteexplorer.org/dotbot; help@moz.com)"
216.244.66.236 - - [17/Sep/2025:18:01:01 -0400] "GET /robots.txt HTTP/1.1" 301 795 "-" "Mozilla/5.0 (compatible; DotBot/1.2; +https://opensiteexplorer.org/dotbot; help@moz.com)"
157.230.38.139 - - [17/Sep/2025:18:06:35 -0400] "GET /user/login.htm HTTP/1.1" 301 795 "-" "Mozilla/5.0 (Windows NT 10.0; Win64; x64) AppleWebKit/537.36 (KHTML, like Gecko) Chrome/120.0.6099.71 Safari/537.36"
54.37.252.46 - - [17/Sep/2025:18:13:38 -0400] "GET /robots.txt HTTP/1.1" 301 795 "-" "Mozilla/5.0 (compatible; MJ12bot/v1.4.8; http://mj12bot.com/)"
54.37.252.46 - - [17/Sep/2025:18:13:41 -0400] "GET /news_detaill?id=171 HTTP/1.1" 301 795 "-" "Mozilla/5.0 (compatible; MJ12bot/v1.4.8; http://mj12bot.com/)"
216.244.66.203 - - [17/Sep/2025:18:18:27 -0400] "GET /robots.txt HTTP/1.1" 301 795 "-" "Mozilla/5.0 (compatible; DotBot/1.2; +https://opensiteexplorer.org/dotbot; help@moz.com)"
157.230.38.139 - - [17/Sep/2025:18:06:34 -0400] "GET /user/login.htm HTTP/1.1" 301 795 "-" "Mozilla/5.0 (Windows NT 10.0; Win64; x64) AppleWebKit/537.36 (KHTML, like Gecko) Chrome/120.0.6099.71 Safari/537.36"
157.230.38.139 - - [17/Sep/2025:18:06:35 -0400] "GET /user/login.htm HTTP/1.1" 301 795 "-" "Mozilla/5.0 (Windows NT 10.0; Win64; x64) AppleWebKit/537.36 (KHTML, like Gecko) Chrome/120.0.6099.71 Safari/537.36"
157.230.38.139 - - [17/Sep/2025:18:06:36 -0400] "POST /user/login.htm HTTP/1.1" 301 795 "-" "Mozilla/5.0 (Windows NT 10.0; Win64; x64) AppleWebKit/537.36 (KHTML, like Gecko) Chrome/120.0.6099.71 Safari/537.36"
216.244.66.203 - - [17/Sep/2025:18:18:27 -0400] "GET /robots.txt HTTP/1.1" 301 795 "-" "Mozilla/5.0 (compatible; DotBot/1.2; +https://opensiteexplorer.org/dotbot; help@moz.com)"
177.155.239.71 - - [17/Sep/2025:18:32:03 -0400] "GET / HTTP/1.1" 301 795 "-" "Mozilla/5.0 (Windows NT 10.0; Win64; x64) AppleWebKit/537.36 (KHTML, like Gecko) Chrome/110.0.0.0 Safari/537.36"
34.168.187.140 - - [17/Sep/2025:18:33:28 -0400] "HEAD /home HTTP/1.1" 301 0 "-" "Mozilla/5.0 (Linux; Android 10; Nokia 2720 Flip) AppleWebKit/537.36 (KHTML, like Gecko) Chrome/80.0.3987.99 Mobile Safari/537.36 KAIOS/2.5"
34.168.187.140 - - [17/Sep/2025:18:33:28 -0400] "HEAD /main HTTP/1.1" 301 0 "-" "Mozilla/5.0 (Linux; Android 12; CPH2381) AppleWebKit/537.36 (KHTML, like Gecko) Chrome/119.0.6045.163 Mobile Safari/537.36 OPR/76.3.4027.73374"
129.226.131.103 - - [17/Sep/2025:18:25:24 -0400] "GET / HTTP/1.1" 301 795 "-" "Mozilla/5.0 (Windows NT 10.0; Win64; x64) AppleWebKit/537.36 (KHTML, like Gecko) Chrome/108.0.0.0 Safari/537.36"
34.168.187.140 - - [17/Sep/2025:18:33:28 -0400] "HEAD /wp HTTP/1.1" 301 0 "-" "Mozilla/5.0 (Android 13; Mobile; rv:124.0) Gecko/124.0 Firefox/124.0"
34.168.187.140 - - [17/Sep/2025:18:33:28 -0400] "HEAD /bc HTTP/1.1" 301 0 "-" "Mozilla/5.0 (Macintosh; Intel Mac OS X 13_6) AppleWebKit/537.36 (KHTML, like Gecko) Chrome/122.0.6280.88 Safari/537.36"
34.168.187.140 - - [17/Sep/2025:18:33:28 -0400] "HEAD /old HTTP/1.1" 301 0 "-" "Mozilla/5.0 (Macintosh; Intel Mac OS X 14_2) AppleWebKit/537.36 (KHTML, like Gecko) Chrome/121.0.6167.86 Safari/537.36 Brave/1.62.162"
34.168.187.140 - - [17/Sep/2025:18:33:28 -0400] "HEAD /backup HTTP/1.1" 301 0 "-" "Mozilla/5.0 (Windows NT 10.0; Win64; x64) AppleWebKit/537.36 (KHTML, like Gecko) Chrome/120.0.6099.224 Safari/537.36 OPR/106.0.0.0"
34.168.187.140 - - [17/Sep/2025:18:33:29 -0400] "HEAD / HTTP/1.1" 301 0 "-" "Mozilla/5.0 (Windows NT 11.0; Win64; x64; rv:126.0) Gecko/20100101 Firefox/126.0"
34.168.187.140 - - [17/Sep/2025:18:33:29 -0400] "HEAD /wordpress HTTP/1.1" 301 0 "-" "Mozilla/5.0 (Macintosh; Intel Mac OS X 13_6) AppleWebKit/537.36 (KHTML, like Gecko) Chrome/122.0.6280.88 Safari/537.36"
34.168.187.140 - - [17/Sep/2025:18:33:29 -0400] "HEAD /new HTTP/1.1" 301 0 "-" "Mozilla/5.0 (Linux; Android 14; Pixel 8 Pro) AppleWebKit/537.36 (KHTML, like Gecko) Chrome/124.0.6367.56 Mobile Safari/537.36"
34.168.187.140 - - [17/Sep/2025:18:33:29 -0400] "HEAD /bk HTTP/1.1" 301 0 "-" "Mozilla/5.0 (Macintosh; Intel Mac OS X 14_2) AppleWebKit/537.36 (KHTML, like Gecko) Chrome/121.0.6167.86 Safari/537.36 Brave/1.62.162"
216.73.216.184 - - [17/Sep/2025:18:43:38 -0400] "GET /robots.txt HTTP/1.1" 301 795 "-" "Mozilla/5.0 AppleWebKit/537.36 (KHTML, like Gecko; compatible; ClaudeBot/1.0; +claudebot@anthropic.com)"
216.244.66.236 - - [17/Sep/2025:18:46:51 -0400] "GET /robots.txt HTTP/1.1" 301 795 "-" "Mozilla/5.0 (compatible; DotBot/1.2; +https://opensiteexplorer.org/dotbot; help@moz.com)"
66.249.74.14 - - [17/Sep/2025:18:47:22 -0400] "GET / HTTP/1.1" 301 795 "-" "Mozilla/5.0 (Linux; Android 6.0.1; Nexus 5X Build/MMB29P) AppleWebKit/537.36 (KHTML, like Gecko) Chrome/140.0.7339.127 Mobile Safari/537.36 (compatible; Googlebot/2.1; +http://www.google.com/bot.html)"
216.244.66.203 - - [17/Sep/2025:19:03:51 -0400] "GET /robots.txt HTTP/1.1" 301 795 "-" "Mozilla/5.0 (compatible; DotBot/1.2; +https://opensiteexplorer.org/dotbot; help@moz.com)"
216.244.66.203 - - [17/Sep/2025:19:03:51 -0400] "GET /robots.txt HTTP/1.1" 301 795 "-" "Mozilla/5.0 (compatible; DotBot/1.2; +https://opensiteexplorer.org/dotbot; help@moz.com)"
45.143.200.32 - - [17/Sep/2025:19:18:31 -0400] "GET / HTTP/1.1" 301 795 "taxhelplines.pk" "Mozilla/5.0 (Linux; Android 5.1.1; SM-J200G) AppleWebKit/537.36 (KHTML, like Gecko) Chrome/73.0.3683.75 Mobile Safari/537.36"
103.67.244.109 - - [17/Sep/2025:19:19:14 -0400] "GET /administrator/index.php HTTP/1.1" 301 795 "http://taxhelplines.com.pk" "Mozilla/5.0 (Windows NT 10.0; Win64; x64) AppleWebKit/537.36 (KHTML, like Gecko) Chrome/124.0.0.0 Safari/537.36"
103.67.244.109 - - [17/Sep/2025:19:19:17 -0400] "POST /user/login HTTP/1.1" 301 795 "https://taxhelplines.com.pk/user/login" "Mozilla/5.0 (Windows NT 10.0; Win64; x64) AppleWebKit/537.36 (KHTML, like Gecko) Chrome/129.0.0.0 Safari/537.36"
222.79.103.59 - - [17/Sep/2025:19:15:36 -0400] "GET / HTTP/1.1" 301 795 "-" "Mozilla/5.0 (iPhone; CPU iPhone OS 13_2_3 like Mac OS X) AppleWebKit/605.1.15 (KHTML, like Gecko) Version/13.0.3 Mobile/15E148 Safari/604.1"
216.73.216.184 - - [17/Sep/2025:19:30:02 -0400] "GET /incometax HTTP/1.1" 301 795 "-" "Mozilla/5.0 AppleWebKit/537.36 (KHTML, like Gecko; compatible; ClaudeBot/1.0; +claudebot@anthropic.com)"
34.31.48.187 - - [17/Sep/2025:19:34:52 -0400] "HEAD /old HTTP/1.1" 301 0 "-" "Mozilla/5.0 (X11; Linux x86_64) AppleWebKit/537.36 (KHTML, like Gecko) Chrome/126.0.6478.20 Safari/537.36"
34.31.48.187 - - [17/Sep/2025:19:34:52 -0400] "HEAD /new HTTP/1.1" 301 0 "-" "Mozilla/5.0 (X11; Ubuntu; Linux x86_64; rv:124.0) Gecko/20100101 Firefox/124.0"
34.31.48.187 - - [17/Sep/2025:19:34:52 -0400] "HEAD /backup HTTP/1.1" 301 0 "-" "Mozilla/5.0 (Windows NT 10.0; Win64; x64) AppleWebKit/537.36 (KHTML, like Gecko) Chrome/123.0.6312.86 Safari/537.36"
34.31.48.187 - - [17/Sep/2025:19:34:53 -0400] "HEAD /wordpress HTTP/1.1" 301 0 "-" "Mozilla/5.0 (Windows NT 10.0; Win64; x64) AppleWebKit/537.36 (KHTML, like Gecko) Chrome/123.0.6312.86 Safari/537.36"
34.31.48.187 - - [17/Sep/2025:19:34:53 -0400] "HEAD /wp HTTP/1.1" 301 0 "-" "Mozilla/5.0 (Windows NT 10.0; Win64; x64) AppleWebKit/537.36 (KHTML, like Gecko) Chrome/120.0.6099.224 Safari/537.36 OPR/106.0.0.0"
34.31.48.187 - - [17/Sep/2025:19:34:53 -0400] "HEAD /bk HTTP/1.1" 301 0 "-" "Mozilla/5.0 (X11; Linux x86_64) AppleWebKit/537.36 (KHTML, like Gecko) Chrome/126.0.6478.20 Safari/537.36"
34.31.48.187 - - [17/Sep/2025:19:34:53 -0400] "HEAD / HTTP/1.1" 301 0 "-" "Mozilla/5.0 (Windows NT 10.0; Win64; x64; rv:123.0) Gecko/20100101 Firefox/123.0"
216.73.216.184 - - [17/Sep/2025:19:45:04 -0400] "GET /robots.txt HTTP/1.1" 301 795 "-" "Mozilla/5.0 AppleWebKit/537.36 (KHTML, like Gecko; compatible; ClaudeBot/1.0; +claudebot@anthropic.com)"
216.73.216.184 - - [17/Sep/2025:19:45:04 -0400] "GET /viewreport?id=860 HTTP/1.1" 301 795 "-" "Mozilla/5.0 AppleWebKit/537.36 (KHTML, like Gecko; compatible; ClaudeBot/1.0; +claudebot@anthropic.com)"
216.73.216.184 - - [17/Sep/2025:19:45:04 -0400] "GET /viewjudgment?id=6190 HTTP/1.1" 301 795 "-" "Mozilla/5.0 AppleWebKit/537.36 (KHTML, like Gecko; compatible; ClaudeBot/1.0; +claudebot@anthropic.com)"
34.31.48.187 - - [17/Sep/2025:19:34:52 -0400] "HEAD /home HTTP/1.1" 301 0 "-" "Mozilla/5.0 (Windows NT 10.0; Win64; x64) AppleWebKit/537.36 (KHTML, like Gecko) Chrome/121.0.6167.140 Safari/537.36 Vivaldi/6.4.3160.47"
34.31.48.187 - - [17/Sep/2025:19:34:53 -0400] "HEAD /bc HTTP/1.1" 301 0 "-" "Mozilla/5.0 (Macintosh; Intel Mac OS X 14_2) AppleWebKit/537.36 (KHTML, like Gecko) Chrome/121.0.6167.86 Safari/537.36 Brave/1.62.162"
34.31.48.187 - - [17/Sep/2025:19:34:53 -0400] "HEAD /main HTTP/1.1" 301 0 "-" "Mozilla/5.0 (Macintosh; Intel Mac OS X 14_3) AppleWebKit/537.36 (KHTML, like Gecko) Chrome/125.0.6422.60 Safari/537.36 Edg/125.0.2535.51"
216.244.66.236 - - [17/Sep/2025:19:42:28 -0400] "GET /robots.txt HTTP/1.1" 301 795 "-" "Mozilla/5.0 (compatible; DotBot/1.2; +https://opensiteexplorer.org/dotbot; help@moz.com)"
216.244.66.236 - - [17/Sep/2025:19:42:28 -0400] "GET /robots.txt HTTP/1.1" 301 795 "-" "Mozilla/5.0 (compatible; DotBot/1.2; +https://opensiteexplorer.org/dotbot; help@moz.com)"
216.73.216.184 - - [17/Sep/2025:19:45:04 -0400] "GET /viewreport?id=866 HTTP/1.1" 301 795 "-" "Mozilla/5.0 AppleWebKit/537.36 (KHTML, like Gecko; compatible; ClaudeBot/1.0; +claudebot@anthropic.com)"
216.73.216.184 - - [17/Sep/2025:19:45:04 -0400] "GET /viewreport?id=880 HTTP/1.1" 301 795 "-" "Mozilla/5.0 AppleWebKit/537.36 (KHTML, like Gecko; compatible; ClaudeBot/1.0; +claudebot@anthropic.com)"
216.244.66.203 - - [17/Sep/2025:19:50:34 -0400] "GET /robots.txt HTTP/1.1" 301 795 "-" "Mozilla/5.0 (compatible; DotBot/1.2; +https://opensiteexplorer.org/dotbot; help@moz.com)"
40.77.167.57 - - [17/Sep/2025:20:02:56 -0400] "GET /viewreport?id=159 HTTP/1.1" 301 795 "-" "Mozilla/5.0 AppleWebKit/537.36 (KHTML, like Gecko; compatible; bingbot/2.0; +http://www.bing.com/bingbot.htm) Chrome/116.0.1938.76 Safari/537.36"
216.244.66.203 - - [17/Sep/2025:19:50:34 -0400] "GET /robots.txt HTTP/1.1" 301 795 "-" "Mozilla/5.0 (compatible; DotBot/1.2; +https://opensiteexplorer.org/dotbot; help@moz.com)"
31.173.86.226 - - [17/Sep/2025:20:02:57 -0400] "GET / HTTP/1.0" 301 795 "http://taxhelplines.com.pk/" "Mozilla/5.0 (Windows NT 10.0; Win64; x64) AppleWebKit/537.36 (KHTML, like Gecko) Chrome/129.0.0.0 Safari/537.36"
216.73.216.184 - - [17/Sep/2025:20:04:13 -0400] "GET /sitemap.xml HTTP/1.1" 301 795 "-" "Mozilla/5.0 AppleWebKit/537.36 (KHTML, like Gecko; compatible; ClaudeBot/1.0; +claudebot@anthropic.com)"
216.73.216.184 - - [17/Sep/2025:20:04:13 -0400] "GET /login HTTP/1.1" 301 795 "-" "Mozilla/5.0 AppleWebKit/537.36 (KHTML, like Gecko; compatible; ClaudeBot/1.0; +claudebot@anthropic.com)"
216.244.66.236 - - [17/Sep/2025:20:28:46 -0400] "GET /robots.txt HTTP/1.1" 301 795 "-" "Mozilla/5.0 (compatible; DotBot/1.2; +https://opensiteexplorer.org/dotbot; help@moz.com)"
216.244.66.203 - - [17/Sep/2025:20:37:19 -0400] "GET /robots.txt HTTP/1.1" 301 795 "-" "Mozilla/5.0 (compatible; DotBot/1.2; +https://opensiteexplorer.org/dotbot; help@moz.com)"
216.244.66.203 - - [17/Sep/2025:20:37:19 -0400] "GET /robots.txt HTTP/1.1" 301 795 "-" "Mozilla/5.0 (compatible; DotBot/1.2; +https://opensiteexplorer.org/dotbot; help@moz.com)"
216.244.66.236 - - [17/Sep/2025:20:28:46 -0400] "GET /robots.txt HTTP/1.1" 301 795 "-" "Mozilla/5.0 (compatible; DotBot/1.2; +https://opensiteexplorer.org/dotbot; help@moz.com)"
119.123.102.105 - - [17/Sep/2025:20:36:46 -0400] "GET / HTTP/1.1" 301 795 "-" "-"
199.244.88.218 - - [17/Sep/2025:20:58:25 -0400] "GET / HTTP/1.1" 301 795 "-" "Mozilla/5.0 (X11; Linux x86_64) AppleWebKit/537.36 (KHTML, like Gecko) Chrome/105.0.0.0 Safari/537.36"
87.236.176.126 - - [17/Sep/2025:21:17:23 -0400] "GET / HTTP/1.1" 301 795 "-" "Mozilla/5.0 (compatible; InternetMeasurement/1.0; +https://internet-measurement.com/)"
216.244.66.236 - - [17/Sep/2025:21:13:42 -0400] "GET /robots.txt HTTP/1.1" 301 795 "-" "Mozilla/5.0 (compatible; DotBot/1.2; +https://opensiteexplorer.org/dotbot; help@moz.com)"
43.157.172.39 - - [17/Sep/2025:21:42:47 -0400] "GET / HTTP/1.1" 301 795 "-" "Mozilla/5.0 (iPhone; CPU iPhone OS 13_2_3 like Mac OS X) AppleWebKit/605.1.15 (KHTML, like Gecko) Version/13.0.3 Mobile/15E148 Safari/604.1"
101.33.55.204 - - [17/Sep/2025:21:46:12 -0400] "GET / HTTP/1.1" 301 795 "-" "Mozilla/5.0 (iPhone; CPU iPhone OS 13_2_3 like Mac OS X) AppleWebKit/605.1.15 (KHTML, like Gecko) Version/13.0.3 Mobile/15E148 Safari/604.1"
14.215.163.132 - - [17/Sep/2025:21:51:32 -0400] "GET / HTTP/1.1" 301 795 "-" "Mozilla/5.0 (iPhone; CPU iPhone OS 13_2_3 like Mac OS X) AppleWebKit/605.1.15 (KHTML, like Gecko) Version/13.0.3 Mobile/15E148 Safari/604.1"
14.215.163.132 - - [17/Sep/2025:21:51:33 -0400] "GET / HTTP/1.1" 301 795 "-" "Mozilla/5.0 (iPhone; CPU iPhone OS 13_2_3 like Mac OS X) AppleWebKit/605.1.15 (KHTML, like Gecko) Version/13.0.3 Mobile/15E148 Safari/604.1"
216.244.66.236 - - [17/Sep/2025:21:57:22 -0400] "GET /robots.txt HTTP/1.1" 301 795 "-" "Mozilla/5.0 (compatible; DotBot/1.2; +https://opensiteexplorer.org/dotbot; help@moz.com)"
216.244.66.236 - - [17/Sep/2025:21:57:22 -0400] "GET /robots.txt HTTP/1.1" 301 795 "-" "Mozilla/5.0 (compatible; DotBot/1.2; +https://opensiteexplorer.org/dotbot; help@moz.com)"
216.244.66.203 - - [17/Sep/2025:22:23:01 -0400] "GET /robots.txt HTTP/1.1" 301 795 "-" "Mozilla/5.0 (compatible; DotBot/1.2; +https://opensiteexplorer.org/dotbot; help@moz.com)"
152.42.198.87 - - [17/Sep/2025:22:40:55 -0400] "GET /user/login.htm HTTP/1.1" 301 795 "-" "Mozilla/5.0 (Windows NT 10.0; Win64; x64) AppleWebKit/537.36 (KHTML, like Gecko) Chrome/120.0.6099.71 Safari/537.36"
152.42.198.87 - - [17/Sep/2025:22:40:56 -0400] "GET /user/login.htm HTTP/1.1" 301 795 "-" "Mozilla/5.0 (Windows NT 10.0; Win64; x64) AppleWebKit/537.36 (KHTML, like Gecko) Chrome/120.0.6099.71 Safari/537.36"
152.42.198.87 - - [17/Sep/2025:22:40:58 -0400] "POST /user/login.htm HTTP/1.1" 301 795 "-" "Mozilla/5.0 (Windows NT 10.0; Win64; x64) AppleWebKit/537.36 (KHTML, like Gecko) Chrome/120.0.6099.71 Safari/537.36"
216.244.66.236 - - [17/Sep/2025:22:41:26 -0400] "GET /robots.txt HTTP/1.1" 301 795 "-" "Mozilla/5.0 (compatible; DotBot/1.2; +https://opensiteexplorer.org/dotbot; help@moz.com)"
216.244.66.236 - - [17/Sep/2025:22:41:26 -0400] "GET /robots.txt HTTP/1.1" 301 795 "-" "Mozilla/5.0 (compatible; DotBot/1.2; +https://opensiteexplorer.org/dotbot; help@moz.com)"
216.73.216.184 - - [17/Sep/2025:22:47:11 -0400] "GET /viewreport?id=884 HTTP/1.1" 301 795 "-" "Mozilla/5.0 AppleWebKit/537.36 (KHTML, like Gecko; compatible; ClaudeBot/1.0; +claudebot@anthropic.com)"
216.73.216.184 - - [17/Sep/2025:22:47:11 -0400] "GET /viewjudgment?id=6214 HTTP/1.1" 301 795 "-" "Mozilla/5.0 AppleWebKit/537.36 (KHTML, like Gecko; compatible; ClaudeBot/1.0; +claudebot@anthropic.com)"
5.255.231.141 - - [17/Sep/2025:22:49:50 -0400] "GET /robots.txt HTTP/1.1" 301 795 "-" "Mozilla/5.0 (compatible; YandexBot/3.0; +http://yandex.com/bots)"
95.108.213.237 - - [17/Sep/2025:22:49:52 -0400] "GET / HTTP/1.1" 301 795 "-" "Mozilla/5.0 (compatible; YandexRenderResourcesBot/1.0; +http://yandex.com/bots) AppleWebKit/537.36 (KHTML, like Gecko) Chrome/108.0.0.0"
152.42.198.87 - - [17/Sep/2025:22:40:57 -0400] "GET /user/login.htm HTTP/1.1" 301 795 "-" "Mozilla/5.0 (Windows NT 10.0; Win64; x64) AppleWebKit/537.36 (KHTML, like Gecko) Chrome/120.0.6099.71 Safari/537.36"
216.73.216.184 - - [17/Sep/2025:22:47:11 -0400] "GET /robots.txt HTTP/1.1" 301 795 "-" "Mozilla/5.0 AppleWebKit/537.36 (KHTML, like Gecko; compatible; ClaudeBot/1.0; +claudebot@anthropic.com)"
20.41.85.141 - - [17/Sep/2025:23:10:58 -0400] "GET /ws.php HTTP/1.1" 301 795 "-" "-"
20.41.85.141 - - [17/Sep/2025:23:10:59 -0400] "GET /cah.php HTTP/1.1" 301 795 "-" "-"
20.41.85.141 - - [17/Sep/2025:23:10:59 -0400] "GET /bak.php HTTP/1.1" 301 795 "-" "-"
20.41.85.141 - - [17/Sep/2025:23:10:59 -0400] "GET /wp.php HTTP/1.1" 301 795 "-" "-"
20.41.85.141 - - [17/Sep/2025:23:11:01 -0400] "GET /mah.php HTTP/1.1" 301 795 "-" "-"
20.41.85.141 - - [17/Sep/2025:23:11:02 -0400] "GET /fi2.php HTTP/1.1" 301 795 "-" "-"
20.41.85.141 - - [17/Sep/2025:23:11:03 -0400] "GET /x.php HTTP/1.1" 301 795 "-" "-"
20.41.85.141 - - [17/Sep/2025:23:11:04 -0400] "GET /erin1.PhP7 HTTP/1.1" 301 795 "-" "-"
20.41.85.141 - - [17/Sep/2025:23:11:04 -0400] "GET /as.php HTTP/1.1" 301 795 "-" "-"
20.41.85.141 - - [17/Sep/2025:23:11:06 -0400] "GET /byp.php HTTP/1.1" 301 795 "-" "-"
20.41.85.141 - - [17/Sep/2025:23:11:07 -0400] "GET /ova.php HTTP/1.1" 301 795 "-" "-"
20.41.85.141 - - [17/Sep/2025:23:11:08 -0400] "GET /wp-theme.php HTTP/1.1" 301 795 "-" "-"
20.41.85.141 - - [17/Sep/2025:23:11:08 -0400] "GET /wp-crons.php HTTP/1.1" 301 795 "-" "-"
20.41.85.141 - - [17/Sep/2025:23:11:09 -0400] "GET /baxa1.php HTTP/1.1" 301 795 "-" "-"
20.41.85.141 - - [17/Sep/2025:23:11:11 -0400] "GET /go.php HTTP/1.1" 301 795 "-" "-"
20.41.85.141 - - [17/Sep/2025:23:11:13 -0400] "GET /cc.php HTTP/1.1" 301 795 "-" "-"
20.41.85.141 - - [17/Sep/2025:23:11:14 -0400] "GET /mar.php HTTP/1.1" 301 795 "-" "-"
20.41.85.141 - - [17/Sep/2025:23:11:14 -0400] "GET /g.php HTTP/1.1" 301 795 "-" "-"
20.41.85.141 - - [17/Sep/2025:23:11:16 -0400] "GET /zwso.php HTTP/1.1" 301 795 "-" "-"
20.41.85.141 - - [17/Sep/2025:23:11:16 -0400] "GET /vv.php HTTP/1.1" 301 795 "-" "-"
20.41.85.141 - - [17/Sep/2025:23:11:17 -0400] "GET /db.php HTTP/1.1" 301 795 "-" "-"
20.41.85.141 - - [17/Sep/2025:23:11:18 -0400] "GET /wp2.php HTTP/1.1" 301 795 "-" "-"
20.41.85.141 - - [17/Sep/2025:23:11:18 -0400] "GET /asasx.php HTTP/1.1" 301 795 "-" "-"
20.41.85.141 - - [17/Sep/2025:23:11:19 -0400] "GET /13.php HTTP/1.1" 301 795 "-" "-"
20.41.85.141 - - [17/Sep/2025:23:11:19 -0400] "GET /ge.php HTTP/1.1" 301 795 "-" "-"
20.41.85.141 - - [17/Sep/2025:23:11:20 -0400] "GET /f.php HTTP/1.1" 301 795 "-" "-"
20.41.85.141 - - [17/Sep/2025:23:11:21 -0400] "GET /s.php HTTP/1.1" 301 795 "-" "-"
20.41.85.141 - - [17/Sep/2025:23:11:22 -0400] "GET /ee.php HTTP/1.1" 301 795 "-" "-"
20.41.85.141 - - [17/Sep/2025:23:11:23 -0400] "GET /xl.php HTTP/1.1" 301 795 "-" "-"
20.41.85.141 - - [17/Sep/2025:23:11:23 -0400] "GET /ty.php HTTP/1.1" 301 795 "-" "-"
20.41.85.141 - - [17/Sep/2025:23:11:24 -0400] "GET /load.php HTTP/1.1" 301 795 "-" "-"
20.41.85.141 - - [17/Sep/2025:23:11:24 -0400] "GET /v.php HTTP/1.1" 301 795 "-" "-"
20.41.85.141 - - [17/Sep/2025:23:11:25 -0400] "GET /aa.php HTTP/1.1" 301 795 "-" "-"
20.41.85.141 - - [17/Sep/2025:23:11:25 -0400] "GET /xxx.php HTTP/1.1" 301 795 "-" "-"
20.41.85.141 - - [17/Sep/2025:23:11:26 -0400] "GET /wi.php HTTP/1.1" 301 795 "-" "-"
20.41.85.141 - - [17/Sep/2025:23:11:26 -0400] "GET /bs1.php HTTP/1.1" 301 795 "-" "-"
20.41.85.141 - - [17/Sep/2025:23:11:27 -0400] "GET /k.php HTTP/1.1" 301 795 "-" "-"
20.41.85.141 - - [17/Sep/2025:23:11:27 -0400] "GET /new.php HTTP/1.1" 301 795 "-" "-"
216.73.216.184 - - [17/Sep/2025:23:23:54 -0400] "GET /viewreport?id=840 HTTP/1.1" 301 795 "-" "Mozilla/5.0 AppleWebKit/537.36 (KHTML, like Gecko; compatible; ClaudeBot/1.0; +claudebot@anthropic.com)"
20.41.85.141 - - [17/Sep/2025:23:10:56 -0400] "GET /wp-content/plugins/hellopress/wp_filemanager.php HTTP/1.1" 301 795 "-" "-"
20.41.85.141 - - [17/Sep/2025:23:10:58 -0400] "GET /c.php HTTP/1.1" 301 795 "-" "-"
20.41.85.141 - - [17/Sep/2025:23:11:00 -0400] "GET /sx.php HTTP/1.1" 301 795 "-" "-"
20.41.85.141 - - [17/Sep/2025:23:11:00 -0400] "GET /123.php HTTP/1.1" 301 795 "-" "-"
20.41.85.141 - - [17/Sep/2025:23:11:01 -0400] "GET /manager.php HTTP/1.1" 301 795 "-" "-"
20.41.85.141 - - [17/Sep/2025:23:11:02 -0400] "GET /12.php HTTP/1.1" 301 795 "-" "-"
20.41.85.141 - - [17/Sep/2025:23:11:02 -0400] "GET /02.php HTTP/1.1" 301 795 "-" "-"
20.41.85.141 - - [17/Sep/2025:23:11:03 -0400] "GET /gebase.php HTTP/1.1" 301 795 "-" "-"
20.41.85.141 - - [17/Sep/2025:23:11:05 -0400] "GET /css.php HTTP/1.1" 301 795 "-" "-"
20.41.85.141 - - [17/Sep/2025:23:11:05 -0400] "GET /f35.php HTTP/1.1" 301 795 "-" "-"
20.41.85.141 - - [17/Sep/2025:23:11:06 -0400] "GET /text.php HTTP/1.1" 301 795 "-" "-"
20.41.85.141 - - [17/Sep/2025:23:11:06 -0400] "GET /st.php HTTP/1.1" 301 795 "-" "-"
20.41.85.141 - - [17/Sep/2025:23:11:07 -0400] "GET /01.php HTTP/1.1" 301 795 "-" "-"
20.41.85.141 - - [17/Sep/2025:23:11:09 -0400] "GET /tes.php HTTP/1.1" 301 795 "-" "-"
20.41.85.141 - - [17/Sep/2025:23:11:10 -0400] "GET /cd.php HTTP/1.1" 301 795 "-" "-"
20.41.85.141 - - [17/Sep/2025:23:11:10 -0400] "GET /readme.php HTTP/1.1" 301 795 "-" "-"
20.41.85.141 - - [17/Sep/2025:23:11:10 -0400] "GET /lv.php HTTP/1.1" 301 795 "-" "-"
20.41.85.141 - - [17/Sep/2025:23:11:11 -0400] "GET /atomlib.php HTTP/1.1" 301 795 "-" "-"
20.41.85.141 - - [17/Sep/2025:23:11:12 -0400] "GET /0x.php HTTP/1.1" 301 795 "-" "-"
20.41.85.141 - - [17/Sep/2025:23:11:12 -0400] "GET /link.php HTTP/1.1" 301 795 "-" "-"
20.41.85.141 - - [17/Sep/2025:23:11:13 -0400] "GET /a.php HTTP/1.1" 301 795 "-" "-"
20.41.85.141 - - [17/Sep/2025:23:11:13 -0400] "GET /xx.php HTTP/1.1" 301 795 "-" "-"
20.41.85.141 - - [17/Sep/2025:23:11:15 -0400] "GET /wso.php HTTP/1.1" 301 795 "-" "-"
20.41.85.141 - - [17/Sep/2025:23:11:15 -0400] "GET /ok.php HTTP/1.1" 301 795 "-" "-"
20.41.85.141 - - [17/Sep/2025:23:11:17 -0400] "GET /gmo.php HTTP/1.1" 301 795 "-" "-"
20.41.85.141 - - [17/Sep/2025:23:11:17 -0400] "GET /php8.php HTTP/1.1" 301 795 "-" "-"
20.41.85.141 - - [17/Sep/2025:23:11:19 -0400] "GET /2.php HTTP/1.1" 301 795 "-" "-"
20.41.85.141 - - [17/Sep/2025:23:11:20 -0400] "GET /ini.php HTTP/1.1" 301 795 "-" "-"
20.41.85.141 - - [17/Sep/2025:23:11:21 -0400] "GET /acp.php HTTP/1.1" 301 795 "-" "-"
20.41.85.141 - - [17/Sep/2025:23:11:22 -0400] "GET /6.php HTTP/1.1" 301 795 "-" "-"
20.41.85.141 - - [17/Sep/2025:23:11:22 -0400] "GET /aged.php HTTP/1.1" 301 795 "-" "-"
20.41.85.141 - - [17/Sep/2025:23:11:26 -0400] "GET /1.php HTTP/1.1" 301 795 "-" "-"
120.71.59.24 - - [17/Sep/2025:23:12:08 -0400] "GET / HTTP/1.1" 301 795 "-" "Mozilla/5.0 (iPhone; CPU iPhone OS 13_2_3 like Mac OS X) AppleWebKit/605.1.15 (KHTML, like Gecko) Version/13.0.3 Mobile/15E148 Safari/604.1"
216.73.216.184 - - [17/Sep/2025:23:23:54 -0400] "GET /forget HTTP/1.1" 301 795 "-" "Mozilla/5.0 AppleWebKit/537.36 (KHTML, like Gecko; compatible; ClaudeBot/1.0; +claudebot@anthropic.com)"
216.244.66.236 - - [17/Sep/2025:23:25:24 -0400] "GET /robots.txt HTTP/1.1" 301 795 "-" "Mozilla/5.0 (compatible; DotBot/1.2; +https://opensiteexplorer.org/dotbot; help@moz.com)"
152.42.198.87 - - [17/Sep/2025:23:41:29 -0400] "GET /user/login.htm HTTP/1.1" 301 795 "-" "Mozilla/5.0 (Windows NT 10.0; Win64; x64) AppleWebKit/537.36 (KHTML, like Gecko) Chrome/120.0.6099.71 Safari/537.36"
152.42.198.87 - - [17/Sep/2025:23:41:31 -0400] "GET /user/login.htm HTTP/1.1" 301 795 "-" "Mozilla/5.0 (Windows NT 10.0; Win64; x64) AppleWebKit/537.36 (KHTML, like Gecko) Chrome/120.0.6099.71 Safari/537.36"
152.42.198.87 - - [17/Sep/2025:23:41:30 -0400] "GET /user/login.htm HTTP/1.1" 301 795 "-" "Mozilla/5.0 (Windows NT 10.0; Win64; x64) AppleWebKit/537.36 (KHTML, like Gecko) Chrome/120.0.6099.71 Safari/537.36"
152.42.198.87 - - [17/Sep/2025:23:41:32 -0400] "POST /user/login.htm HTTP/1.1" 301 795 "-" "Mozilla/5.0 (Windows NT 10.0; Win64; x64) AppleWebKit/537.36 (KHTML, like Gecko) Chrome/120.0.6099.71 Safari/537.36"
196.39.30.219 - - [17/Sep/2025:23:57:43 -0400] "GET /administrator/index.php HTTP/1.1" 301 795 "-" "Mozilla/5.0 (Linux; Android 12; SM-A325F Build/SP1A.210812.016; wv) AppleWebKit/537.36 (KHTML, like Gecko) Version/4.0 Chrome/132.0.6834.163 Mobile Safari/537.36 [FB_IAB/FB4A;FBAV/491.0.0.46.109;]"
196.39.30.219 - - [17/Sep/2025:23:58:00 -0400] "GET /wp-login.php HTTP/1.1" 301 795 "-" "Mozilla/5.0 (Linux; Android 12; SM-A325F Build/SP1A.210812.016; wv) AppleWebKit/537.36 (KHTML, like Gecko) Version/4.0 Chrome/132.0.6834.163 Mobile Safari/537.36 [FB_IAB/FB4A;FBAV/491.0.0.46.109;]"
196.39.30.219 - - [17/Sep/2025:23:58:42 -0400] "GET /admin HTTP/1.1" 301 795 "-" "Mozilla/5.0 (Linux; Android 12; SM-A325F Build/SP1A.210812.016; wv) AppleWebKit/537.36 (KHTML, like Gecko) Version/4.0 Chrome/132.0.6834.163 Mobile Safari/537.36 [FB_IAB/FB4A;FBAV/491.0.0.46.109;]"
196.39.30.219 - - [17/Sep/2025:23:59:15 -0400] "GET /admin/ HTTP/1.1" 301 795 "-" "Mozilla/5.0 (Linux; Android 12; SM-A325F Build/SP1A.210812.016; wv) AppleWebKit/537.36 (KHTML, like Gecko) Version/4.0 Chrome/132.0.6834.163 Mobile Safari/537.36 [FB_IAB/FB4A;FBAV/491.0.0.46.109;]"
23.129.64.155 - - [17/Sep/2025:23:59:24 -0400] "GET /administrator/index.php HTTP/1.1" 301 795 "https://taxhelplines.com.pk/404.php" "Mozilla/5.0 (Linux; Android 12; SM-A325F Build/SP1A.210812.016; wv) AppleWebKit/537.36 (KHTML, like Gecko) Version/4.0 Chrome/132.0.6834.163 Mobile Safari/537.36 [FB_IAB/FB4A;FBAV/491.0.0.46.109;]"
196.39.30.219 - - [17/Sep/2025:23:57:22 -0400] "GET /phpmyadmin/ HTTP/1.1" 301 795 "-" "Mozilla/5.0 (Linux; Android 14; SM-A556E Build/UP1A.231005.007; wv) AppleWebKit/537.36 (KHTML, like Gecko) Version/4.0 Chrome/132.0.6834.122 Mobile Safari/537.36 Instagram 365.0.0.40.94 Android (34/14; 450dpi; 1080x2116; samsung; SM-A556E; a55x; s5e8845; pt_BR; 690234900)"
196.39.30.219 - - [17/Sep/2025:23:57:32 -0400] "GET /administrator/ HTTP/1.1" 301 795 "-" "Mozilla/5.0 (Linux; Android 12; SM-A325F Build/SP1A.210812.016; wv) AppleWebKit/537.36 (KHTML, like Gecko) Version/4.0 Chrome/132.0.6834.163 Mobile Safari/537.36 [FB_IAB/FB4A;FBAV/491.0.0.46.109;]"
196.39.30.219 - - [17/Sep/2025:23:58:34 -0400] "GET /admin.php HTTP/1.1" 301 795 "-" "Mozilla/5.0 (Linux; Android 12; SM-A325F Build/SP1A.210812.016; wv) AppleWebKit/537.36 (KHTML, like Gecko) Version/4.0 Chrome/132.0.6834.163 Mobile Safari/537.36 [FB_IAB/FB4A;FBAV/491.0.0.46.109;]"
196.39.30.219 - - [17/Sep/2025:23:59:02 -0400] "GET /admin HTTP/1.1" 301 795 "-" "Mozilla/5.0 (Linux; Android 12; SM-A325F Build/SP1A.210812.016; wv) AppleWebKit/537.36 (KHTML, like Gecko) Version/4.0 Chrome/132.0.6834.163 Mobile Safari/537.36 [FB_IAB/FB4A;FBAV/491.0.0.46.109;]"
23.129.64.155 - - [17/Sep/2025:23:59:20 -0400] "GET /administrator/ HTTP/1.1" 301 795 "-" "Mozilla/5.0 (Linux; Android 12; SM-A325F Build/SP1A.210812.016; wv) AppleWebKit/537.36 (KHTML, like Gecko) Version/4.0 Chrome/132.0.6834.163 Mobile Safari/537.36 [FB_IAB/FB4A;FBAV/491.0.0.46.109;]"
185.220.101.40 - - [17/Sep/2025:23:59:27 -0400] "GET /wp-login.php HTTP/1.1" 301 795 "-" "Mozilla/5.0 (Linux; Android 12; SM-A325F Build/SP1A.210812.016; wv) AppleWebKit/537.36 (KHTML, like Gecko) Version/4.0 Chrome/132.0.6834.163 Mobile Safari/537.36 [FB_IAB/FB4A;FBAV/491.0.0.46.109;]"
185.220.101.40 - - [17/Sep/2025:23:59:31 -0400] "GET /wp-admin/ HTTP/1.1" 301 795 "https://taxhelplines.com.pk/404.php" "Mozilla/5.0 (Linux; Android 12; SM-A325F Build/SP1A.210812.016; wv) AppleWebKit/537.36 (KHTML, like Gecko) Version/4.0 Chrome/132.0.6834.163 Mobile Safari/537.36 [FB_IAB/FB4A;FBAV/491.0.0.46.109;]"
192.42.116.173 - - [17/Sep/2025:23:59:34 -0400] "GET /admin.php HTTP/1.1" 301 795 "-" "Mozilla/5.0 (Linux; Android 12; SM-A325F Build/SP1A.210812.016; wv) AppleWebKit/537.36 (KHTML, like Gecko) Version/4.0 Chrome/132.0.6834.163 Mobile Safari/537.36 [FB_IAB/FB4A;FBAV/491.0.0.46.109;]"
79.100.12.71 - - [17/Sep/2025:23:59:38 -0400] "GET /admin HTTP/1.1" 301 795 "-" "Mozilla/5.0 (Linux; Android 12; SM-A325F Build/SP1A.210812.016; wv) AppleWebKit/537.36 (KHTML, like Gecko) Version/4.0 Chrome/132.0.6834.163 Mobile Safari/537.36 [FB_IAB/FB4A;FBAV/491.0.0.46.109;]"
185.40.4.22 - - [17/Sep/2025:23:59:42 -0400] "GET /admin HTTP/1.1" 301 795 "-" "Mozilla/5.0 (Linux; Android 12; SM-A325F Build/SP1A.210812.016; wv) AppleWebKit/537.36 (KHTML, like Gecko) Version/4.0 Chrome/132.0.6834.163 Mobile Safari/537.36 [FB_IAB/FB4A;FBAV/491.0.0.46.109;]"
124.198.132.237 - - [17/Sep/2025:23:59:47 -0400] "GET /admin/ HTTP/1.1" 301 795 "-" "Mozilla/5.0 (Linux; Android 12; SM-A325F Build/SP1A.210812.016; wv) AppleWebKit/537.36 (KHTML, like Gecko) Version/4.0 Chrome/132.0.6834.163 Mobile Safari/537.36 [FB_IAB/FB4A;FBAV/491.0.0.46.109;]"
216.244.66.236 - - [18/Sep/2025:00:09:01 -0400] "GET /robots.txt HTTP/1.1" 301 795 "-" "Mozilla/5.0 (compatible; DotBot/1.2; +https://opensiteexplorer.org/dotbot; help@moz.com)"
40.77.167.28 - - [18/Sep/2025:00:03:21 -0400] "GET /statutes?tax=Baluchistan%20Province HTTP/1.1" 301 795 "-" "Mozilla/5.0 AppleWebKit/537.36 (KHTML, like Gecko; compatible; bingbot/2.0; +http://www.bing.com/bingbot.htm) Chrome/116.0.1938.76 Safari/537.36"
43.163.22.91 - - [18/Sep/2025:00:25:11 -0400] "GET / HTTP/1.1" 301 795 "-" "Mozilla/5.0 (Windows NT 10.0; Win64; x64) AppleWebKit/537.36 (KHTML, like Gecko) Chrome/108.0.0.0 Safari/537.36"
43.173.172.185 - - [18/Sep/2025:00:25:13 -0400] "GET / HTTP/1.1" 301 795 "-" "Mozilla/5.0 (Windows NT 10.0; Win64; x64) AppleWebKit/537.36 (KHTML, like Gecko) Chrome/133.0.0.0 Safari/537.36"
216.73.216.184 - - [18/Sep/2025:00:35:12 -0400] "GET /robots.txt HTTP/1.1" 301 795 "-" "Mozilla/5.0 AppleWebKit/537.36 (KHTML, like Gecko; compatible; ClaudeBot/1.0; +claudebot@anthropic.com)"
216.244.66.203 - - [18/Sep/2025:00:38:55 -0400] "GET /robots.txt HTTP/1.1" 301 795 "-" "Mozilla/5.0 (compatible; DotBot/1.2; +https://opensiteexplorer.org/dotbot; help@moz.com)"
216.244.66.203 - - [18/Sep/2025:00:38:56 -0400] "GET /robots.txt HTTP/1.1" 301 795 "-" "Mozilla/5.0 (compatible; DotBot/1.2; +https://opensiteexplorer.org/dotbot; help@moz.com)"
157.55.39.9 - - [18/Sep/2025:00:41:04 -0400] "GET /judgment?tax=Sales%20Tax%20on%20Services HTTP/1.1" 301 795 "-" "Mozilla/5.0 AppleWebKit/537.36 (KHTML, like Gecko; compatible; bingbot/2.0; +http://www.bing.com/bingbot.htm) Chrome/116.0.1938.76 Safari/537.36"
188.190.104.51 - - [18/Sep/2025:00:47:25 -0400] "HEAD / HTTP/1.1" 301 0 "-" "Mozilla/5.0 (Windows NT 6.0; rv:2.0) Gecko/20100101 Firefox/4.0"
216.73.216.184 - - [18/Sep/2025:00:35:13 -0400] "GET /viewreport?id=885 HTTP/1.1" 301 795 "-" "Mozilla/5.0 AppleWebKit/537.36 (KHTML, like Gecko; compatible; ClaudeBot/1.0; +claudebot@anthropic.com)"
216.73.216.184 - - [18/Sep/2025:00:35:13 -0400] "GET /viewreport?id=854 HTTP/1.1" 301 795 "-" "Mozilla/5.0 AppleWebKit/537.36 (KHTML, like Gecko; compatible; ClaudeBot/1.0; +claudebot@anthropic.com)"
216.73.216.184 - - [18/Sep/2025:00:35:13 -0400] "GET /viewjudgment?id=6209 HTTP/1.1" 301 795 "-" "Mozilla/5.0 AppleWebKit/537.36 (KHTML, like Gecko; compatible; ClaudeBot/1.0; +claudebot@anthropic.com)"
216.244.66.236 - - [18/Sep/2025:00:53:12 -0400] "GET /robots.txt HTTP/1.1" 301 795 "-" "Mozilla/5.0 (compatible; DotBot/1.2; +https://opensiteexplorer.org/dotbot; help@moz.com)"
216.244.66.236 - - [18/Sep/2025:00:53:12 -0400] "GET /robots.txt HTTP/1.1" 301 795 "-" "Mozilla/5.0 (compatible; DotBot/1.2; +https://opensiteexplorer.org/dotbot; help@moz.com)"
216.73.216.184 - - [18/Sep/2025:00:55:40 -0400] "GET /viewjudgment?id=6207 HTTP/1.1" 301 795 "-" "Mozilla/5.0 AppleWebKit/537.36 (KHTML, like Gecko; compatible; ClaudeBot/1.0; +claudebot@anthropic.com)"
216.244.66.236 - - [18/Sep/2025:00:53:12 -0400] "GET /robots.txt HTTP/1.1" 301 795 "-" "Mozilla/5.0 (compatible; DotBot/1.2; +https://opensiteexplorer.org/dotbot; help@moz.com)"
216.73.216.184 - - [18/Sep/2025:00:55:40 -0400] "GET /viewreport?id=809 HTTP/1.1" 301 795 "-" "Mozilla/5.0 AppleWebKit/537.36 (KHTML, like Gecko; compatible; ClaudeBot/1.0; +claudebot@anthropic.com)"
216.73.216.184 - - [18/Sep/2025:00:55:40 -0400] "GET /viewreport?id=889 HTTP/1.1" 301 795 "-" "Mozilla/5.0 AppleWebKit/537.36 (KHTML, like Gecko; compatible; ClaudeBot/1.0; +claudebot@anthropic.com)"
216.73.216.184 - - [18/Sep/2025:00:55:40 -0400] "GET /viewreport?id=811 HTTP/1.1" 301 795 "-" "Mozilla/5.0 AppleWebKit/537.36 (KHTML, like Gecko; compatible; ClaudeBot/1.0; +claudebot@anthropic.com)"
152.42.198.87 - - [18/Sep/2025:01:12:40 -0400] "GET /user/login.htm HTTP/1.1" 301 795 "-" "Mozilla/5.0 (Windows NT 10.0; Win64; x64) AppleWebKit/537.36 (KHTML, like Gecko) Chrome/120.0.6099.71 Safari/537.36"
152.42.198.87 - - [18/Sep/2025:01:12:41 -0400] "POST /user/login.htm HTTP/1.1" 301 795 "-" "Mozilla/5.0 (Windows NT 10.0; Win64; x64) AppleWebKit/537.36 (KHTML, like Gecko) Chrome/120.0.6099.71 Safari/537.36"
152.42.198.87 - - [18/Sep/2025:01:12:38 -0400] "GET /user/login.htm HTTP/1.1" 301 795 "-" "Mozilla/5.0 (Windows NT 10.0; Win64; x64) AppleWebKit/537.36 (KHTML, like Gecko) Chrome/120.0.6099.71 Safari/537.36"
152.42.198.87 - - [18/Sep/2025:01:12:40 -0400] "GET /user/login.htm HTTP/1.1" 301 795 "-" "Mozilla/5.0 (Windows NT 10.0; Win64; x64) AppleWebKit/537.36 (KHTML, like Gecko) Chrome/120.0.6099.71 Safari/537.36"
43.156.204.134 - - [18/Sep/2025:01:21:20 -0400] "GET / HTTP/1.1" 301 795 "-" "Mozilla/5.0 (iPhone; CPU iPhone OS 13_2_3 like Mac OS X) AppleWebKit/605.1.15 (KHTML, like Gecko) Version/13.0.3 Mobile/15E148 Safari/604.1"
216.244.66.236 - - [18/Sep/2025:01:39:02 -0400] "GET /robots.txt HTTP/1.1" 301 795 "-" "Mozilla/5.0 (compatible; DotBot/1.2; +https://opensiteexplorer.org/dotbot; help@moz.com)"
216.244.66.236 - - [18/Sep/2025:01:39:02 -0400] "GET /robots.txt HTTP/1.1" 301 795 "-" "Mozilla/5.0 (compatible; DotBot/1.2; +https://opensiteexplorer.org/dotbot; help@moz.com)"
216.244.66.203 - - [18/Sep/2025:01:37:59 -0400] "GET /robots.txt HTTP/1.1" 301 795 "-" "Mozilla/5.0 (compatible; DotBot/1.2; +https://opensiteexplorer.org/dotbot; help@moz.com)"
182.44.8.254 - - [18/Sep/2025:01:49:51 -0400] "GET / HTTP/1.1" 301 795 "-" "Mozilla/5.0 (iPhone; CPU iPhone OS 13_2_3 like Mac OS X) AppleWebKit/605.1.15 (KHTML, like Gecko) Version/13.0.3 Mobile/15E148 Safari/604.1"
188.166.176.84 - - [18/Sep/2025:01:54:51 -0400] "GET /index.php/user/login.htm HTTP/1.1" 301 795 "-" "Mozilla/5.0 (Windows NT 10.0; Win64; x64) AppleWebKit/537.36 (KHTML, like Gecko) Chrome/120.0.6099.71 Safari/537.36"
188.166.176.84 - - [18/Sep/2025:01:54:52 -0400] "GET /index.php/user/login.htm HTTP/1.1" 301 795 "-" "Mozilla/5.0 (Windows NT 10.0; Win64; x64) AppleWebKit/537.36 (KHTML, like Gecko) Chrome/120.0.6099.71 Safari/537.36"
188.166.176.84 - - [18/Sep/2025:01:54:52 -0400] "GET /index.php/user/login.htm HTTP/1.1" 301 795 "-" "Mozilla/5.0 (Windows NT 10.0; Win64; x64) AppleWebKit/537.36 (KHTML, like Gecko) Chrome/120.0.6099.71 Safari/537.36"
188.166.176.84 - - [18/Sep/2025:01:54:52 -0400] "POST /index.php/user/login.htm HTTP/1.1" 301 795 "-" "Mozilla/5.0 (Windows NT 10.0; Win64; x64) AppleWebKit/537.36 (KHTML, like Gecko) Chrome/120.0.6099.71 Safari/537.36"
188.166.176.84 - - [18/Sep/2025:02:05:11 -0400] "GET /user/login.htm HTTP/1.1" 301 795 "-" "Mozilla/5.0 (Windows NT 10.0; Win64; x64) AppleWebKit/537.36 (KHTML, like Gecko) Chrome/120.0.6099.71 Safari/537.36"
188.166.176.84 - - [18/Sep/2025:02:05:13 -0400] "GET /user/login.htm HTTP/1.1" 301 795 "-" "Mozilla/5.0 (Windows NT 10.0; Win64; x64) AppleWebKit/537.36 (KHTML, like Gecko) Chrome/120.0.6099.71 Safari/537.36"
152.42.198.87 - - [18/Sep/2025:02:07:57 -0400] "GET /user/login.htm HTTP/1.1" 301 795 "-" "Mozilla/5.0 (Windows NT 10.0; Win64; x64) AppleWebKit/537.36 (KHTML, like Gecko) Chrome/120.0.6099.71 Safari/537.36"
152.42.198.87 - - [18/Sep/2025:02:07:59 -0400] "GET /user/login.htm HTTP/1.1" 301 795 "-" "Mozilla/5.0 (Windows NT 10.0; Win64; x64) AppleWebKit/537.36 (KHTML, like Gecko) Chrome/120.0.6099.71 Safari/537.36"
152.42.198.87 - - [18/Sep/2025:02:08:00 -0400] "POST /user/login.htm HTTP/1.1" 301 795 "-" "Mozilla/5.0 (Windows NT 10.0; Win64; x64) AppleWebKit/537.36 (KHTML, like Gecko) Chrome/120.0.6099.71 Safari/537.36"
188.166.176.84 - - [18/Sep/2025:02:05:12 -0400] "GET /user/login.htm HTTP/1.1" 301 795 "-" "Mozilla/5.0 (Windows NT 10.0; Win64; x64) AppleWebKit/537.36 (KHTML, like Gecko) Chrome/120.0.6099.71 Safari/537.36"
188.166.176.84 - - [18/Sep/2025:02:05:14 -0400] "POST /user/login.htm HTTP/1.1" 301 795 "-" "Mozilla/5.0 (Windows NT 10.0; Win64; x64) AppleWebKit/537.36 (KHTML, like Gecko) Chrome/120.0.6099.71 Safari/537.36"
152.42.198.87 - - [18/Sep/2025:02:08:00 -0400] "GET /user/login.htm HTTP/1.1" 301 795 "-" "Mozilla/5.0 (Windows NT 10.0; Win64; x64) AppleWebKit/537.36 (KHTML, like Gecko) Chrome/120.0.6099.71 Safari/537.36"
152.42.198.87 - - [18/Sep/2025:02:20:08 -0400] "POST /user/login.htm HTTP/1.1" 301 795 "-" "Mozilla/5.0 (Windows NT 10.0; Win64; x64) AppleWebKit/537.36 (KHTML, like Gecko) Chrome/120.0.6099.71 Safari/537.36"
216.244.66.203 - - [18/Sep/2025:02:22:12 -0400] "GET /robots.txt HTTP/1.1" 301 795 "-" "Mozilla/5.0 (compatible; DotBot/1.2; +https://opensiteexplorer.org/dotbot; help@moz.com)"
152.42.198.87 - - [18/Sep/2025:02:20:05 -0400] "GET /user/login.htm HTTP/1.1" 301 795 "-" "Mozilla/5.0 (Windows NT 10.0; Win64; x64) AppleWebKit/537.36 (KHTML, like Gecko) Chrome/120.0.6099.71 Safari/537.36"
152.42.198.87 - - [18/Sep/2025:02:20:07 -0400] "GET /user/login.htm HTTP/1.1" 301 795 "-" "Mozilla/5.0 (Windows NT 10.0; Win64; x64) AppleWebKit/537.36 (KHTML, like Gecko) Chrome/120.0.6099.71 Safari/537.36"
152.42.198.87 - - [18/Sep/2025:02:20:08 -0400] "GET /user/login.htm HTTP/1.1" 301 795 "-" "Mozilla/5.0 (Windows NT 10.0; Win64; x64) AppleWebKit/537.36 (KHTML, like Gecko) Chrome/120.0.6099.71 Safari/537.36"
216.244.66.236 - - [18/Sep/2025:02:24:47 -0400] "GET /robots.txt HTTP/1.1" 301 795 "-" "Mozilla/5.0 (compatible; DotBot/1.2; +https://opensiteexplorer.org/dotbot; help@moz.com)"