ÿØÿà JPEG ÿþ;
Server IP : 68.65.120.201 / Your IP : 216.73.216.184 Web Server : LiteSpeed System : Linux server179.web-hosting.com 4.18.0-513.18.1.lve.el8.x86_64 #1 SMP Thu Feb 22 12:55:50 UTC 2024 x86_64 User : taxhyuvu ( 2294) PHP Version : 8.1.33 Disable Function : NONE MySQL : OFF | cURL : ON | WGET : ON | Perl : ON | Python : ON | Sudo : OFF | Pkexec : OFF Directory : /proc/self/root/home/./taxhyuvu/././access-logs/ |
Upload File : |
167.99.211.152 - - [17/Sep/2025:08:20:37 -0400] "GET / HTTP/1.1" 301 795 "-" "Mozilla/5.0 (X11; Linux x86_64) AppleWebKit/537.36 (KHTML, like Gecko) Chrome/139.0.0.0 Safari/537.36"
167.99.211.152 - - [17/Sep/2025:08:20:37 -0400] "GET /favicon.ico HTTP/1.1" 301 795 "http://mail.customshelpline.com.pk/" "Mozilla/5.0 (X11; Linux x86_64) AppleWebKit/537.36 (KHTML, like Gecko) Chrome/139.0.0.0 Safari/537.36"
216.244.66.203 - - [17/Sep/2025:08:30:16 -0400] "GET /robots.txt HTTP/1.1" 301 795 "-" "Mozilla/5.0 (compatible; DotBot/1.2; +https://opensiteexplorer.org/dotbot; help@moz.com)"
216.244.66.236 - - [17/Sep/2025:08:49:36 -0400] "GET /robots.txt HTTP/1.1" 301 795 "-" "Mozilla/5.0 (compatible; DotBot/1.2; +https://opensiteexplorer.org/dotbot; help@moz.com)"
43.159.143.190 - - [17/Sep/2025:08:50:35 -0400] "GET / HTTP/1.1" 301 795 "-" "Mozilla/5.0 (iPhone; CPU iPhone OS 13_2_3 like Mac OS X) AppleWebKit/605.1.15 (KHTML, like Gecko) Version/13.0.3 Mobile/15E148 Safari/604.1"
40.77.167.55 - - [17/Sep/2025:08:50:40 -0400] "GET /viewreport?id=874 HTTP/1.1" 301 795 "-" "Mozilla/5.0 AppleWebKit/537.36 (KHTML, like Gecko; compatible; bingbot/2.0; +http://www.bing.com/bingbot.htm) Chrome/116.0.1938.76 Safari/537.36"
43.130.57.46 - - [17/Sep/2025:08:22:00 -0400] "GET / HTTP/1.1" 301 795 "-" "Mozilla/5.0 (iPhone; CPU iPhone OS 13_2_3 like Mac OS X) AppleWebKit/605.1.15 (KHTML, like Gecko) Version/13.0.3 Mobile/15E148 Safari/604.1"
43.153.76.247 - - [17/Sep/2025:08:52:01 -0400] "GET / HTTP/1.1" 301 795 "-" "Mozilla/5.0 (iPhone; CPU iPhone OS 13_2_3 like Mac OS X) AppleWebKit/605.1.15 (KHTML, like Gecko) Version/13.0.3 Mobile/15E148 Safari/604.1"
198.44.138.171 - - [17/Sep/2025:09:02:07 -0400] "GET /administrator/index.php HTTP/1.1" 301 795 "-" "Mozilla/5.0 (Windows NT 10.0; Win64; x64) AppleWebKit/537.36 (KHTML, like Gecko) Chrome/124.0.0.0 Safari/537.36"
198.44.138.171 - - [17/Sep/2025:09:03:05 -0400] "GET /administrator/index.php HTTP/1.1" 301 795 "-" "Mozilla/5.0 (Windows NT 10.0; Win64; x64) AppleWebKit/537.36 (KHTML, like Gecko) Chrome/124.0.0.0 Safari/537.36"
198.44.138.171 - - [17/Sep/2025:09:03:11 -0400] "POST /user/login HTTP/1.1" 301 795 "http://taxhelplines.com.pk/user/login" "Mozilla/5.0 (Windows NT 10.0; Win64; x64) AppleWebKit/537.36 (KHTML, like Gecko) Chrome/124.0.0.0 Safari/537.36"
198.44.138.171 - - [17/Sep/2025:09:05:51 -0400] "POST /user/login HTTP/1.1" 301 795 "http://taxhelplines.com.pk/user/login" "Mozilla/5.0 (Windows NT 10.0; Win64; x64) AppleWebKit/537.36 (KHTML, like Gecko) Chrome/124.0.0.0 Safari/537.36"
198.44.138.171 - - [17/Sep/2025:09:07:04 -0400] "POST /user/login HTTP/1.1" 301 795 "http://taxhelplines.com.pk/user/login" "Mozilla/5.0 (Windows NT 10.0; Win64; x64) AppleWebKit/537.36 (KHTML, like Gecko) Chrome/124.0.0.0 Safari/537.36"
173.252.87.13 - - [17/Sep/2025:08:59:47 -0400] "GET / HTTP/1.1" 301 795 "-" "facebookexternalhit/1.1 (+http://www.facebook.com/externalhit_uatext.php)"
198.44.138.171 - - [17/Sep/2025:09:02:09 -0400] "POST /user/login HTTP/1.1" 301 795 "http://taxhelplines.com.pk/user/login" "Mozilla/5.0 (Windows NT 10.0; Win64; x64) AppleWebKit/537.36 (KHTML, like Gecko) Chrome/124.0.0.0 Safari/537.36"
198.44.138.171 - - [17/Sep/2025:09:04:23 -0400] "GET /administrator/index.php HTTP/1.1" 301 795 "-" "Mozilla/5.0 (Windows NT 10.0; Win64; x64) AppleWebKit/537.36 (KHTML, like Gecko) Chrome/124.0.0.0 Safari/537.36"
198.44.138.171 - - [17/Sep/2025:09:04:29 -0400] "POST /user/login HTTP/1.1" 301 795 "http://taxhelplines.com.pk/user/login" "Mozilla/5.0 (Windows NT 10.0; Win64; x64) AppleWebKit/537.36 (KHTML, like Gecko) Chrome/124.0.0.0 Safari/537.36"
198.44.138.171 - - [17/Sep/2025:09:05:32 -0400] "GET /administrator/index.php HTTP/1.1" 301 795 "-" "Mozilla/5.0 (Windows NT 10.0; Win64; x64) AppleWebKit/537.36 (KHTML, like Gecko) Chrome/124.0.0.0 Safari/537.36"
198.44.138.171 - - [17/Sep/2025:09:07:01 -0400] "GET /administrator/index.php HTTP/1.1" 301 795 "-" "Mozilla/5.0 (Windows NT 10.0; Win64; x64) AppleWebKit/537.36 (KHTML, like Gecko) Chrome/124.0.0.0 Safari/537.36"
198.44.138.171 - - [17/Sep/2025:09:08:09 -0400] "GET /administrator/index.php HTTP/1.1" 301 795 "-" "Mozilla/5.0 (Windows NT 10.0; Win64; x64) AppleWebKit/537.36 (KHTML, like Gecko) Chrome/124.0.0.0 Safari/537.36"
216.73.216.184 - - [17/Sep/2025:09:19:41 -0400] "GET /robots.txt HTTP/1.1" 301 795 "-" "Mozilla/5.0 AppleWebKit/537.36 (KHTML, like Gecko; compatible; ClaudeBot/1.0; +claudebot@anthropic.com)"
181.214.218.141 - - [17/Sep/2025:09:25:24 -0400] "GET / HTTP/1.0" 301 795 "http://taxhelplines.pk/" "Mozilla/5.0 (Windows NT 10.0; Win64; x64) AppleWebKit/537.36 (KHTML, like Gecko) Chrome/131.0.0.0 Safari/537.36"
216.244.66.203 - - [17/Sep/2025:09:26:18 -0400] "GET /robots.txt HTTP/1.1" 301 795 "-" "Mozilla/5.0 (compatible; DotBot/1.2; +https://opensiteexplorer.org/dotbot; help@moz.com)"
198.44.138.171 - - [17/Sep/2025:09:41:31 -0400] "GET /administrator/index.php HTTP/1.1" 301 795 "-" "Mozilla/5.0 (Windows NT 10.0; Win64; x64) AppleWebKit/537.36 (KHTML, like Gecko) Chrome/124.0.0.0 Safari/537.36"
216.244.66.203 - - [17/Sep/2025:09:26:18 -0400] "GET /robots.txt HTTP/1.1" 301 795 "-" "Mozilla/5.0 (compatible; DotBot/1.2; +https://opensiteexplorer.org/dotbot; help@moz.com)"
216.244.66.236 - - [17/Sep/2025:09:34:44 -0400] "GET /robots.txt HTTP/1.1" 301 795 "-" "Mozilla/5.0 (compatible; DotBot/1.2; +https://opensiteexplorer.org/dotbot; help@moz.com)"
216.244.66.236 - - [17/Sep/2025:09:34:44 -0400] "GET /robots.txt HTTP/1.1" 301 795 "-" "Mozilla/5.0 (compatible; DotBot/1.2; +https://opensiteexplorer.org/dotbot; help@moz.com)"
198.44.138.171 - - [17/Sep/2025:09:41:35 -0400] "POST /user/login HTTP/1.1" 301 795 "http://taxhelplines.com.pk/user/login" "Mozilla/5.0 (Windows NT 10.0; Win64; x64) AppleWebKit/537.36 (KHTML, like Gecko) Chrome/124.0.0.0 Safari/537.36"
216.73.216.184 - - [17/Sep/2025:09:42:25 -0400] "GET /customs HTTP/1.1" 301 795 "-" "Mozilla/5.0 AppleWebKit/537.36 (KHTML, like Gecko; compatible; ClaudeBot/1.0; +claudebot@anthropic.com)"
198.44.138.171 - - [17/Sep/2025:09:43:50 -0400] "GET /administrator/index.php HTTP/1.1" 301 795 "-" "Mozilla/5.0 (Windows NT 10.0; Win64; x64) AppleWebKit/537.36 (KHTML, like Gecko) Chrome/124.0.0.0 Safari/537.36"
198.44.138.171 - - [17/Sep/2025:09:43:58 -0400] "POST /user/login HTTP/1.1" 301 795 "http://taxhelplines.com.pk/user/login" "Mozilla/5.0 (Windows NT 10.0; Win64; x64) AppleWebKit/537.36 (KHTML, like Gecko) Chrome/124.0.0.0 Safari/537.36"
198.44.138.171 - - [17/Sep/2025:09:44:54 -0400] "GET /administrator/index.php HTTP/1.1" 301 795 "-" "Mozilla/5.0 (Windows NT 10.0; Win64; x64) AppleWebKit/537.36 (KHTML, like Gecko) Chrome/124.0.0.0 Safari/537.36"
198.44.138.171 - - [17/Sep/2025:09:42:37 -0400] "GET /administrator/index.php HTTP/1.1" 301 795 "-" "Mozilla/5.0 (Windows NT 10.0; Win64; x64) AppleWebKit/537.36 (KHTML, like Gecko) Chrome/124.0.0.0 Safari/537.36"
198.44.138.171 - - [17/Sep/2025:09:42:38 -0400] "POST /user/login HTTP/1.1" 301 795 "http://taxhelplines.com.pk/user/login" "Mozilla/5.0 (Windows NT 10.0; Win64; x64) AppleWebKit/537.36 (KHTML, like Gecko) Chrome/124.0.0.0 Safari/537.36"
198.44.138.171 - - [17/Sep/2025:09:46:14 -0400] "GET /administrator/index.php HTTP/1.1" 301 795 "-" "Mozilla/5.0 (Windows NT 10.0; Win64; x64) AppleWebKit/537.36 (KHTML, like Gecko) Chrome/124.0.0.0 Safari/537.36"
198.44.138.171 - - [17/Sep/2025:09:46:37 -0400] "POST /user/login HTTP/1.1" 301 795 "http://taxhelplines.com.pk/user/login" "Mozilla/5.0 (Windows NT 10.0; Win64; x64) AppleWebKit/537.36 (KHTML, like Gecko) Chrome/124.0.0.0 Safari/537.36"
66.249.74.172 - - [17/Sep/2025:09:59:54 -0400] "GET /robots.txt HTTP/1.1" 301 795 "-" "Mozilla/5.0 (compatible; Googlebot/2.1; +http://www.google.com/bot.html)"
66.249.74.171 - - [17/Sep/2025:09:59:54 -0400] "GET /ads.txt HTTP/1.1" 301 795 "-" "Mozilla/5.0 (compatible; Googlebot/2.1; +http://www.google.com/bot.html)"
20.191.45.212 - - [17/Sep/2025:10:01:11 -0400] "GET / HTTP/1.1" 301 795 "http://taxhelplines.com.pk/" "DuckDuckBot/1.1; (+http://duckduckgo.com/duckduckbot.html)"
216.244.66.203 - - [17/Sep/2025:10:12:43 -0400] "GET /robots.txt HTTP/1.1" 301 795 "-" "Mozilla/5.0 (compatible; DotBot/1.2; +https://opensiteexplorer.org/dotbot; help@moz.com)"
20.191.45.212 - - [17/Sep/2025:10:01:13 -0400] "GET /favicon.ico HTTP/1.1" 301 795 "http://taxhelplines.com.pk/favicon.ico" "DuckDuckBot/1.1; (+http://duckduckgo.com/duckduckbot.html)"
118.195.153.213 - - [17/Sep/2025:10:04:05 -0400] "GET / HTTP/1.1" 301 795 "-" "Mozilla/5.0 (iPhone; CPU iPhone OS 13_2_3 like Mac OS X) AppleWebKit/605.1.15 (KHTML, like Gecko) Version/13.0.3 Mobile/15E148 Safari/604.1"
216.244.66.203 - - [17/Sep/2025:10:12:43 -0400] "GET /robots.txt HTTP/1.1" 301 795 "-" "Mozilla/5.0 (compatible; DotBot/1.2; +https://opensiteexplorer.org/dotbot; help@moz.com)"
216.244.66.236 - - [17/Sep/2025:10:31:28 -0400] "GET /robots.txt HTTP/1.1" 301 795 "-" "Mozilla/5.0 (compatible; DotBot/1.2; +https://opensiteexplorer.org/dotbot; help@moz.com)"
216.244.66.236 - - [17/Sep/2025:10:31:28 -0400] "GET /robots.txt HTTP/1.1" 301 795 "-" "Mozilla/5.0 (compatible; DotBot/1.2; +https://opensiteexplorer.org/dotbot; help@moz.com)"
52.167.144.236 - - [17/Sep/2025:10:52:51 -0400] "GET /login HTTP/1.1" 301 795 "-" "Mozilla/5.0 AppleWebKit/537.36 (KHTML, like Gecko; compatible; bingbot/2.0; +http://www.bing.com/bingbot.htm) Chrome/116.0.1938.76 Safari/537.36"
198.44.138.171 - - [17/Sep/2025:11:03:45 -0400] "GET /administrator/index.php HTTP/1.1" 301 795 "-" "Mozilla/5.0 (Windows NT 10.0; Win64; x64) AppleWebKit/537.36 (KHTML, like Gecko) Chrome/124.0.0.0 Safari/537.36"
198.44.138.171 - - [17/Sep/2025:11:03:47 -0400] "POST /user/login HTTP/1.1" 301 795 "http://taxhelplines.com.pk/user/login" "Mozilla/5.0 (Windows NT 10.0; Win64; x64) AppleWebKit/537.36 (KHTML, like Gecko) Chrome/124.0.0.0 Safari/537.36"
198.44.138.171 - - [17/Sep/2025:11:04:47 -0400] "GET /administrator/index.php HTTP/1.1" 301 795 "-" "Mozilla/5.0 (Windows NT 10.0; Win64; x64) AppleWebKit/537.36 (KHTML, like Gecko) Chrome/124.0.0.0 Safari/537.36"
216.244.66.203 - - [17/Sep/2025:10:58:00 -0400] "GET /robots.txt HTTP/1.1" 301 795 "-" "Mozilla/5.0 (compatible; DotBot/1.2; +https://opensiteexplorer.org/dotbot; help@moz.com)"
198.44.138.171 - - [17/Sep/2025:11:04:51 -0400] "POST /user/login HTTP/1.1" 301 795 "http://taxhelplines.com.pk/user/login" "Mozilla/5.0 (Windows NT 10.0; Win64; x64) AppleWebKit/537.36 (KHTML, like Gecko) Chrome/124.0.0.0 Safari/537.36"
198.44.138.171 - - [17/Sep/2025:11:05:58 -0400] "GET /administrator/index.php HTTP/1.1" 301 795 "-" "Mozilla/5.0 (Windows NT 10.0; Win64; x64) AppleWebKit/537.36 (KHTML, like Gecko) Chrome/124.0.0.0 Safari/537.36"
198.44.138.171 - - [17/Sep/2025:11:07:09 -0400] "GET /administrator/index.php HTTP/1.1" 301 795 "-" "Mozilla/5.0 (Windows NT 10.0; Win64; x64) AppleWebKit/537.36 (KHTML, like Gecko) Chrome/124.0.0.0 Safari/537.36"
198.44.138.171 - - [17/Sep/2025:11:07:14 -0400] "POST /user/login HTTP/1.1" 301 795 "http://taxhelplines.com.pk/user/login" "Mozilla/5.0 (Windows NT 10.0; Win64; x64) AppleWebKit/537.36 (KHTML, like Gecko) Chrome/124.0.0.0 Safari/537.36"
198.44.138.171 - - [17/Sep/2025:11:10:05 -0400] "GET /administrator/index.php HTTP/1.1" 301 795 "-" "Mozilla/5.0 (Windows NT 10.0; Win64; x64) AppleWebKit/537.36 (KHTML, like Gecko) Chrome/124.0.0.0 Safari/537.36"
198.44.138.171 - - [17/Sep/2025:11:10:07 -0400] "POST /user/login HTTP/1.1" 301 795 "http://taxhelplines.com.pk/user/login" "Mozilla/5.0 (Windows NT 10.0; Win64; x64) AppleWebKit/537.36 (KHTML, like Gecko) Chrome/124.0.0.0 Safari/537.36"
198.44.138.171 - - [17/Sep/2025:11:10:55 -0400] "GET /administrator/index.php HTTP/1.1" 301 795 "-" "Mozilla/5.0 (Windows NT 10.0; Win64; x64) AppleWebKit/537.36 (KHTML, like Gecko) Chrome/124.0.0.0 Safari/537.36"
198.44.138.171 - - [17/Sep/2025:11:10:56 -0400] "POST /user/login HTTP/1.1" 301 795 "http://taxhelplines.com.pk/user/login" "Mozilla/5.0 (Windows NT 10.0; Win64; x64) AppleWebKit/537.36 (KHTML, like Gecko) Chrome/124.0.0.0 Safari/537.36"
198.44.138.171 - - [17/Sep/2025:11:11:51 -0400] "GET /administrator/index.php HTTP/1.1" 301 795 "-" "Mozilla/5.0 (Windows NT 10.0; Win64; x64) AppleWebKit/537.36 (KHTML, like Gecko) Chrome/124.0.0.0 Safari/537.36"
198.44.138.171 - - [17/Sep/2025:11:12:55 -0400] "GET /administrator/index.php HTTP/1.1" 301 795 "-" "Mozilla/5.0 (Windows NT 10.0; Win64; x64) AppleWebKit/537.36 (KHTML, like Gecko) Chrome/124.0.0.0 Safari/537.36"
216.73.216.184 - - [17/Sep/2025:11:13:19 -0400] "GET /robots.txt HTTP/1.1" 301 795 "-" "Mozilla/5.0 AppleWebKit/537.36 (KHTML, like Gecko; compatible; ClaudeBot/1.0; +claudebot@anthropic.com)"
198.44.138.171 - - [17/Sep/2025:11:13:51 -0400] "GET /administrator/index.php HTTP/1.1" 301 795 "-" "Mozilla/5.0 (Windows NT 10.0; Win64; x64) AppleWebKit/537.36 (KHTML, like Gecko) Chrome/124.0.0.0 Safari/537.36"
198.44.138.171 - - [17/Sep/2025:11:13:52 -0400] "POST /user/login HTTP/1.1" 301 795 "http://taxhelplines.com.pk/user/login" "Mozilla/5.0 (Windows NT 10.0; Win64; x64) AppleWebKit/537.36 (KHTML, like Gecko) Chrome/124.0.0.0 Safari/537.36"
198.44.138.171 - - [17/Sep/2025:11:06:00 -0400] "POST /user/login HTTP/1.1" 301 795 "http://taxhelplines.com.pk/user/login" "Mozilla/5.0 (Windows NT 10.0; Win64; x64) AppleWebKit/537.36 (KHTML, like Gecko) Chrome/124.0.0.0 Safari/537.36"
198.44.138.171 - - [17/Sep/2025:11:08:06 -0400] "GET /administrator/index.php HTTP/1.1" 301 795 "-" "Mozilla/5.0 (Windows NT 10.0; Win64; x64) AppleWebKit/537.36 (KHTML, like Gecko) Chrome/124.0.0.0 Safari/537.36"
198.44.138.171 - - [17/Sep/2025:11:08:08 -0400] "POST /user/login HTTP/1.1" 301 795 "http://taxhelplines.com.pk/user/login" "Mozilla/5.0 (Windows NT 10.0; Win64; x64) AppleWebKit/537.36 (KHTML, like Gecko) Chrome/124.0.0.0 Safari/537.36"
198.44.138.171 - - [17/Sep/2025:11:09:15 -0400] "GET /administrator/index.php HTTP/1.1" 301 795 "-" "Mozilla/5.0 (Windows NT 10.0; Win64; x64) AppleWebKit/537.36 (KHTML, like Gecko) Chrome/124.0.0.0 Safari/537.36"
198.44.138.171 - - [17/Sep/2025:11:09:16 -0400] "POST /user/login HTTP/1.1" 301 795 "http://taxhelplines.com.pk/user/login" "Mozilla/5.0 (Windows NT 10.0; Win64; x64) AppleWebKit/537.36 (KHTML, like Gecko) Chrome/124.0.0.0 Safari/537.36"
198.44.138.171 - - [17/Sep/2025:11:11:58 -0400] "POST /user/login HTTP/1.1" 301 795 "http://taxhelplines.com.pk/user/login" "Mozilla/5.0 (Windows NT 10.0; Win64; x64) AppleWebKit/537.36 (KHTML, like Gecko) Chrome/124.0.0.0 Safari/537.36"
198.44.138.171 - - [17/Sep/2025:11:12:56 -0400] "POST /user/login HTTP/1.1" 301 795 "http://taxhelplines.com.pk/user/login" "Mozilla/5.0 (Windows NT 10.0; Win64; x64) AppleWebKit/537.36 (KHTML, like Gecko) Chrome/124.0.0.0 Safari/537.36"
216.73.216.184 - - [17/Sep/2025:11:13:20 -0400] "GET /sitemap.xml HTTP/1.1" 301 795 "-" "Mozilla/5.0 AppleWebKit/537.36 (KHTML, like Gecko; compatible; ClaudeBot/1.0; +claudebot@anthropic.com)"
198.44.138.171 - - [17/Sep/2025:11:14:42 -0400] "GET /administrator/index.php HTTP/1.1" 301 795 "-" "Mozilla/5.0 (Windows NT 10.0; Win64; x64) AppleWebKit/537.36 (KHTML, like Gecko) Chrome/124.0.0.0 Safari/537.36"
198.44.138.171 - - [17/Sep/2025:11:14:54 -0400] "POST /user/login HTTP/1.1" 301 795 "http://taxhelplines.com.pk/user/login" "Mozilla/5.0 (Windows NT 10.0; Win64; x64) AppleWebKit/537.36 (KHTML, like Gecko) Chrome/124.0.0.0 Safari/537.36"
198.44.138.171 - - [17/Sep/2025:11:15:41 -0400] "GET /administrator/index.php HTTP/1.1" 301 795 "-" "Mozilla/5.0 (Windows NT 10.0; Win64; x64) AppleWebKit/537.36 (KHTML, like Gecko) Chrome/124.0.0.0 Safari/537.36"
198.44.138.171 - - [17/Sep/2025:11:16:32 -0400] "POST /user/login HTTP/1.1" 301 795 "http://taxhelplines.com.pk/user/login" "Mozilla/5.0 (Windows NT 10.0; Win64; x64) AppleWebKit/537.36 (KHTML, like Gecko) Chrome/124.0.0.0 Safari/537.36"
198.44.138.171 - - [17/Sep/2025:11:17:27 -0400] "POST /user/login HTTP/1.1" 301 795 "http://taxhelplines.com.pk/user/login" "Mozilla/5.0 (Windows NT 10.0; Win64; x64) AppleWebKit/537.36 (KHTML, like Gecko) Chrome/124.0.0.0 Safari/537.36"
198.44.138.171 - - [17/Sep/2025:11:18:32 -0400] "GET /administrator/index.php HTTP/1.1" 301 795 "-" "Mozilla/5.0 (Windows NT 10.0; Win64; x64) AppleWebKit/537.36 (KHTML, like Gecko) Chrome/124.0.0.0 Safari/537.36"
198.44.138.171 - - [17/Sep/2025:11:18:40 -0400] "POST /user/login HTTP/1.1" 301 795 "http://taxhelplines.com.pk/user/login" "Mozilla/5.0 (Windows NT 10.0; Win64; x64) AppleWebKit/537.36 (KHTML, like Gecko) Chrome/124.0.0.0 Safari/537.36"
198.44.138.171 - - [17/Sep/2025:11:19:33 -0400] "POST /user/login HTTP/1.1" 301 795 "http://taxhelplines.com.pk/user/login" "Mozilla/5.0 (Windows NT 10.0; Win64; x64) AppleWebKit/537.36 (KHTML, like Gecko) Chrome/124.0.0.0 Safari/537.36"
198.44.138.171 - - [17/Sep/2025:11:15:42 -0400] "POST /user/login HTTP/1.1" 301 795 "http://taxhelplines.com.pk/user/login" "Mozilla/5.0 (Windows NT 10.0; Win64; x64) AppleWebKit/537.36 (KHTML, like Gecko) Chrome/124.0.0.0 Safari/537.36"
198.44.138.171 - - [17/Sep/2025:11:16:29 -0400] "GET /administrator/index.php HTTP/1.1" 301 795 "-" "Mozilla/5.0 (Windows NT 10.0; Win64; x64) AppleWebKit/537.36 (KHTML, like Gecko) Chrome/124.0.0.0 Safari/537.36"
198.44.138.171 - - [17/Sep/2025:11:17:24 -0400] "GET /administrator/index.php HTTP/1.1" 301 795 "-" "Mozilla/5.0 (Windows NT 10.0; Win64; x64) AppleWebKit/537.36 (KHTML, like Gecko) Chrome/124.0.0.0 Safari/537.36"
216.244.66.236 - - [17/Sep/2025:11:19:17 -0400] "GET /robots.txt HTTP/1.1" 301 795 "-" "Mozilla/5.0 (compatible; DotBot/1.2; +https://opensiteexplorer.org/dotbot; help@moz.com)"
198.44.138.171 - - [17/Sep/2025:11:19:31 -0400] "GET /administrator/index.php HTTP/1.1" 301 795 "-" "Mozilla/5.0 (Windows NT 10.0; Win64; x64) AppleWebKit/537.36 (KHTML, like Gecko) Chrome/124.0.0.0 Safari/537.36"
198.44.138.171 - - [17/Sep/2025:11:20:23 -0400] "GET /administrator/index.php HTTP/1.1" 301 795 "-" "Mozilla/5.0 (Windows NT 10.0; Win64; x64) AppleWebKit/537.36 (KHTML, like Gecko) Chrome/124.0.0.0 Safari/537.36"
198.44.138.171 - - [17/Sep/2025:11:20:25 -0400] "POST /user/login HTTP/1.1" 301 795 "http://taxhelplines.com.pk/user/login" "Mozilla/5.0 (Windows NT 10.0; Win64; x64) AppleWebKit/537.36 (KHTML, like Gecko) Chrome/124.0.0.0 Safari/537.36"
196.251.80.148 - - [17/Sep/2025:11:30:25 -0400] "GET / HTTP/1.1" 301 795 "-" "-"
196.251.80.148 - - [17/Sep/2025:11:30:26 -0400] "GET / HTTP/1.1" 301 795 "-" "-"
196.251.80.148 - - [17/Sep/2025:11:30:26 -0400] "GET / HTTP/1.1" 301 795 "-" "-"
216.73.216.184 - - [17/Sep/2025:11:35:15 -0400] "GET /viewjudgment?id=6226 HTTP/1.1" 301 795 "-" "Mozilla/5.0 AppleWebKit/537.36 (KHTML, like Gecko; compatible; ClaudeBot/1.0; +claudebot@anthropic.com)"
216.73.216.184 - - [17/Sep/2025:11:35:15 -0400] "GET /viewjudgment?id=6205 HTTP/1.1" 301 795 "-" "Mozilla/5.0 AppleWebKit/537.36 (KHTML, like Gecko; compatible; ClaudeBot/1.0; +claudebot@anthropic.com)"
162.62.213.165 - - [17/Sep/2025:11:24:45 -0400] "GET / HTTP/1.1" 301 795 "-" "Mozilla/5.0 (iPhone; CPU iPhone OS 13_2_3 like Mac OS X) AppleWebKit/605.1.15 (KHTML, like Gecko) Version/13.0.3 Mobile/15E148 Safari/604.1"
196.251.80.148 - - [17/Sep/2025:11:30:25 -0400] "GET / HTTP/1.1" 301 795 "-" "-"
196.251.80.148 - - [17/Sep/2025:11:30:26 -0400] "GET / HTTP/1.1" 301 795 "-" "-"
196.251.80.148 - - [17/Sep/2025:11:30:26 -0400] "GET / HTTP/1.1" 301 795 "-" "-"
216.73.216.184 - - [17/Sep/2025:11:35:15 -0400] "GET /viewreport?id=867 HTTP/1.1" 301 795 "-" "Mozilla/5.0 AppleWebKit/537.36 (KHTML, like Gecko; compatible; ClaudeBot/1.0; +claudebot@anthropic.com)"
216.73.216.184 - - [17/Sep/2025:11:35:15 -0400] "GET /viewjudgment?id=6208 HTTP/1.1" 301 795 "-" "Mozilla/5.0 AppleWebKit/537.36 (KHTML, like Gecko; compatible; ClaudeBot/1.0; +claudebot@anthropic.com)"
216.244.66.203 - - [17/Sep/2025:11:44:32 -0400] "GET /robots.txt HTTP/1.1" 301 795 "-" "Mozilla/5.0 (compatible; DotBot/1.2; +https://opensiteexplorer.org/dotbot; help@moz.com)"
216.244.66.203 - - [17/Sep/2025:11:44:32 -0400] "GET /robots.txt HTTP/1.1" 301 795 "-" "Mozilla/5.0 (compatible; DotBot/1.2; +https://opensiteexplorer.org/dotbot; help@moz.com)"
184.73.47.24 - - [17/Sep/2025:11:47:54 -0400] "GET /statutes?tax=Federal%20Territory HTTP/1.1" 301 795 "-" "Mozilla/5.0 AppleWebKit/537.36 (KHTML, like Gecko; compatible; Amazonbot/0.1; +https://developer.amazon.com/support/amazonbot) Chrome/119.0.6045.214 Safari/537.36"
54.225.148.123 - - [17/Sep/2025:11:49:38 -0400] "GET /judgment?tax=Sales%20Tax%20on%20Services HTTP/1.1" 301 795 "-" "Mozilla/5.0 AppleWebKit/537.36 (KHTML, like Gecko; compatible; Amazonbot/0.1; +https://developer.amazon.com/support/amazonbot) Chrome/119.0.6045.214 Safari/537.36"
66.249.65.64 - - [17/Sep/2025:12:01:07 -0400] "GET /ads.txt HTTP/1.1" 301 795 "-" "Mozilla/5.0 (compatible; Googlebot/2.1; +http://www.google.com/bot.html)"
40.77.167.132 - - [17/Sep/2025:12:12:14 -0400] "GET /viewreport?id=33 HTTP/1.1" 301 795 "-" "Mozilla/5.0 AppleWebKit/537.36 (KHTML, like Gecko; compatible; bingbot/2.0; +http://www.bing.com/bingbot.htm) Chrome/116.0.1938.76 Safari/537.36"
40.77.167.108 - - [17/Sep/2025:12:12:16 -0400] "GET /robots.txt HTTP/1.1" 301 795 "-" "Mozilla/5.0 AppleWebKit/537.36 (KHTML, like Gecko; compatible; bingbot/2.0; +http://www.bing.com/bingbot.htm) Chrome/116.0.1938.76 Safari/537.36"
216.244.66.236 - - [17/Sep/2025:12:05:23 -0400] "GET /robots.txt HTTP/1.1" 301 795 "-" "Mozilla/5.0 (compatible; DotBot/1.2; +https://opensiteexplorer.org/dotbot; help@moz.com)"
66.249.74.170 - - [17/Sep/2025:12:06:26 -0400] "GET / HTTP/1.1" 301 795 "-" "Mozilla/5.0 (Linux; Android 6.0.1; Nexus 5X Build/MMB29P) AppleWebKit/537.36 (KHTML, like Gecko) Chrome/140.0.7339.127 Mobile Safari/537.36 (compatible; Googlebot/2.1; +http://www.google.com/bot.html)"
40.77.167.15 - - [17/Sep/2025:12:12:23 -0400] "GET /service/sectxt/4ZJRGT14ZJRGT14ZJRGT14ZJRGT14JDSAFGHJGFJSZJRGT14ZJRGT14ZJRGT14ZJRGT14ZJRGT14ZJRGT14ZJRGT14ZJRGT14ZJRGT14ZJRGT14ZJRGT14ZJRGT14ZJRGT14ZJRGT144.htm HTTP/1.1" 301 795 "-" "Mozilla/5.0 AppleWebKit/537.36 (KHTML, like Gecko; compatible; bingbot/2.0; +http://www.bing.com/bingbot.htm) Chrome/116.0.1938.76 Safari/537.36"
159.223.83.116 - - [17/Sep/2025:12:19:44 -0400] "GET /server/php/ HTTP/1.1" 301 795 "-" "Go-http-client/1.1"
159.223.83.116 - - [17/Sep/2025:12:19:45 -0400] "GET /admin/tools/assets/jquery-file-upload/server/php/ HTTP/1.1" 301 795 "-" "Go-http-client/1.1"
159.223.83.116 - - [17/Sep/2025:12:19:46 -0400] "GET /assets/global/plugins/jquery-file-upload/server/php/ HTTP/1.1" 301 795 "-" "Go-http-client/1.1"
159.223.83.116 - - [17/Sep/2025:12:19:47 -0400] "GET /admin/assets/jquery-file-upload/server/php/ HTTP/1.1" 301 795 "-" "Go-http-client/1.1"
159.223.83.116 - - [17/Sep/2025:12:19:47 -0400] "GET /assets/upload/server/php/ HTTP/1.1" 301 795 "-" "Go-http-client/1.1"
159.223.83.116 - - [17/Sep/2025:12:19:48 -0400] "GET /assets/plugins/jquery-file-upload/server/php/ HTTP/1.1" 301 795 "-" "Go-http-client/1.1"
159.223.83.116 - - [17/Sep/2025:12:19:50 -0400] "GET /admin/ckeditor/kcfinder/browse.php HTTP/1.1" 301 795 "-" "Go-http-client/1.1"
159.223.83.116 - - [17/Sep/2025:12:19:51 -0400] "GET /asset/kcfinder/browse.php HTTP/1.1" 301 795 "-" "Go-http-client/1.1"
159.223.83.116 - - [17/Sep/2025:12:19:51 -0400] "GET /asset/plugins/kcfinder/browse.php HTTP/1.1" 301 795 "-" "Go-http-client/1.1"
159.223.83.116 - - [17/Sep/2025:12:19:52 -0400] "GET /assets/kcfinder/browse.php HTTP/1.1" 301 795 "-" "Go-http-client/1.1"
159.223.83.116 - - [17/Sep/2025:12:19:52 -0400] "GET /assets/plugins/kcfinder/browse.php HTTP/1.1" 301 795 "-" "Go-http-client/1.1"
159.223.83.116 - - [17/Sep/2025:12:19:53 -0400] "GET /kcfinder/browse.php HTTP/1.1" 301 795 "-" "Go-http-client/1.1"
159.223.83.116 - - [17/Sep/2025:12:19:57 -0400] "GET /editor/plugins/filemanager/dialog.php HTTP/1.1" 301 795 "-" "Go-http-client/1.1"
159.223.83.116 - - [17/Sep/2025:12:19:57 -0400] "GET /vendor/filemanager/dialog.php HTTP/1.1" 301 795 "-" "Go-http-client/1.1"
159.223.83.116 - - [17/Sep/2025:12:19:58 -0400] "GET /filemanager/dialog.php HTTP/1.1" 301 795 "-" "Go-http-client/1.1"
159.223.83.116 - - [17/Sep/2025:12:19:59 -0400] "GET /assets/admin/js/filemanager/dialog.php HTTP/1.1" 301 795 "-" "Go-http-client/1.1"
159.223.83.116 - - [17/Sep/2025:12:20:00 -0400] "GET /tinymce/js/tinymce/plugins/filemanager/dialog.php HTTP/1.1" 301 795 "-" "Go-http-client/1.1"
159.223.83.116 - - [17/Sep/2025:12:20:00 -0400] "GET /admin/assets/filemanager/dialog.php HTTP/1.1" 301 795 "-" "Go-http-client/1.1"
159.223.83.116 - - [17/Sep/2025:12:20:02 -0400] "GET /sftp-config.json HTTP/1.1" 301 795 "-" "Go-http-client/1.1"
159.223.83.116 - - [17/Sep/2025:12:20:03 -0400] "GET /.vscode/sftp.json HTTP/1.1" 301 795 "-" "Go-http-client/1.1"
159.223.83.116 - - [17/Sep/2025:12:20:04 -0400] "POST /vendor/phpunits/phpunit/src/Util/PHP/eval-stdin.php HTTP/1.1" 301 795 "-" "Mozilla/5.0 (Windows NT 10.0; Win64; x64) AppleWebKit/537.36 (KHTML, like Gecko) Chrome/58.0.3029.110 Safari/537.3"
159.223.83.116 - - [17/Sep/2025:12:20:05 -0400] "POST /admin/vendor/phpunit/phpunit/src/Util/PHP/eval-stdin.php HTTP/1.1" 301 795 "-" "Mozilla/5.0 (Windows NT 10.0; Win64; x64) AppleWebKit/537.36 (KHTML, like Gecko) Chrome/58.0.3029.110 Safari/537.3"
159.223.83.116 - - [17/Sep/2025:12:20:06 -0400] "POST /lib/vendor/phpunit/phpunit/src/Util/PHP/eval-stdin.php HTTP/1.1" 301 795 "-" "Mozilla/5.0 (Windows NT 10.0; Win64; x64) AppleWebKit/537.36 (KHTML, like Gecko) Chrome/58.0.3029.110 Safari/537.3"
159.223.83.116 - - [17/Sep/2025:12:20:07 -0400] "POST /_vendor/phpunit/phpunit/src/Util/PHP/eval-stdin.php HTTP/1.1" 301 795 "-" "Mozilla/5.0 (Windows NT 10.0; Win64; x64) AppleWebKit/537.36 (KHTML, like Gecko) Chrome/58.0.3029.110 Safari/537.3"
159.223.83.116 - - [17/Sep/2025:12:20:07 -0400] "POST /adminstrator/vendor/phpunit/phpunit/src/Util/PHP/eval-stdin.php HTTP/1.1" 301 795 "-" "Mozilla/5.0 (Windows NT 10.0; Win64; x64) AppleWebKit/537.36 (KHTML, like Gecko) Chrome/58.0.3029.110 Safari/537.3"
159.223.83.116 - - [17/Sep/2025:12:20:08 -0400] "POST /plugins/vendor/phpunit/phpunit/src/Util/PHP/eval-stdin.php HTTP/1.1" 301 795 "-" "Mozilla/5.0 (Windows NT 10.0; Win64; x64) AppleWebKit/537.36 (KHTML, like Gecko) Chrome/58.0.3029.110 Safari/537.3"
159.223.83.116 - - [17/Sep/2025:12:20:09 -0400] "POST /zend/vendor/phpunit/phpunit/src/Util/PHP/eval-stdin.php HTTP/1.1" 301 795 "-" "Mozilla/5.0 (Windows NT 10.0; Win64; x64) AppleWebKit/537.36 (KHTML, like Gecko) Chrome/58.0.3029.110 Safari/537.3"
159.223.83.116 - - [17/Sep/2025:12:20:09 -0400] "POST /laravel71/vendor/phpunit/phpunit/src/Util/PHP/eval-stdin.php HTTP/1.1" 301 795 "-" "Mozilla/5.0 (Windows NT 10.0; Win64; x64) AppleWebKit/537.36 (KHTML, like Gecko) Chrome/58.0.3029.110 Safari/537.3"
159.223.83.116 - - [17/Sep/2025:12:20:10 -0400] "POST /laravel52/vendor/phpunit/phpunit/src/Util/PHP/eval-stdin.php HTTP/1.1" 301 795 "-" "Mozilla/5.0 (Windows NT 10.0; Win64; x64) AppleWebKit/537.36 (KHTML, like Gecko) Chrome/58.0.3029.110 Safari/537.3"
159.223.83.116 - - [17/Sep/2025:12:20:11 -0400] "POST /app/laravel/vendor/phpunit/phpunit/src/Util/PHP/eval-stdin.php HTTP/1.1" 301 795 "-" "Mozilla/5.0 (Windows NT 10.0; Win64; x64) AppleWebKit/537.36 (KHTML, like Gecko) Chrome/58.0.3029.110 Safari/537.3"
159.223.83.116 - - [17/Sep/2025:12:20:12 -0400] "POST /yii/vendor/phpunit/phpunit/src/Util/PHP/eval-stdin.php HTTP/1.1" 301 795 "-" "Mozilla/5.0 (Windows NT 10.0; Win64; x64) AppleWebKit/537.36 (KHTML, like Gecko) Chrome/58.0.3029.110 Safari/537.3"
206.189.195.0 - - [17/Sep/2025:12:29:48 -0400] "GET / HTTP/1.1" 301 795 "-" "Mozilla/5.0 (X11; Linux x86_64) AppleWebKit/537.36 (KHTML, like Gecko) Chrome/139.0.0.0 Safari/537.36"
43.163.227.186 - - [17/Sep/2025:12:17:39 -0400] "GET / HTTP/1.1" 301 795 "-" "Mozilla/5.0 (Windows NT 10.0; Win64; x64) AppleWebKit/537.36 (KHTML, like Gecko) Chrome/133.0.0.0 Safari/537.36"
159.223.83.116 - - [17/Sep/2025:12:19:42 -0400] "GET /upload/server/php/ HTTP/1.1" 301 795 "-" "Go-http-client/1.1"
159.223.83.116 - - [17/Sep/2025:12:19:43 -0400] "GET /admin/server/php/ HTTP/1.1" 301 795 "-" "Go-http-client/1.1"
159.223.83.116 - - [17/Sep/2025:12:19:43 -0400] "GET /fileupload/server/php/ HTTP/1.1" 301 795 "-" "Go-http-client/1.1"
159.223.83.116 - - [17/Sep/2025:12:19:45 -0400] "GET /assets/jquery-file-upload/server/php/ HTTP/1.1" 301 795 "-" "Go-http-client/1.1"
159.223.83.116 - - [17/Sep/2025:12:19:48 -0400] "GET /assets/data/jquery-file-upload/server/php/ HTTP/1.1" 301 795 "-" "Go-http-client/1.1"
159.223.83.116 - - [17/Sep/2025:12:19:49 -0400] "GET /assets/admin/data/jquery-file-upload/server/php/ HTTP/1.1" 301 795 "-" "Go-http-client/1.1"
159.223.83.116 - - [17/Sep/2025:12:19:50 -0400] "GET /ckeditor/kcfinder/browse.php HTTP/1.1" 301 795 "-" "Go-http-client/1.1"
159.223.83.116 - - [17/Sep/2025:12:19:54 -0400] "GET /plugins/kcfinder/browse.php HTTP/1.1" 301 795 "-" "Go-http-client/1.1"
159.223.83.116 - - [17/Sep/2025:12:19:54 -0400] "GET /plugins/filemanager/dialog.php HTTP/1.1" 301 795 "-" "Go-http-client/1.1"
159.223.83.116 - - [17/Sep/2025:12:19:55 -0400] "GET /assets/filemanager/dialog.php HTTP/1.1" 301 795 "-" "Go-http-client/1.1"
159.223.83.116 - - [17/Sep/2025:12:19:55 -0400] "GET /tinymce/filemanager/dialog.php HTTP/1.1" 301 795 "-" "Go-http-client/1.1"
159.223.83.116 - - [17/Sep/2025:12:19:56 -0400] "GET /admin/filemanager/dialog.php HTTP/1.1" 301 795 "-" "Go-http-client/1.1"
159.223.83.116 - - [17/Sep/2025:12:19:58 -0400] "GET /webroot/filemanager/dialog.php HTTP/1.1" 301 795 "-" "Go-http-client/1.1"
159.223.83.116 - - [17/Sep/2025:12:20:01 -0400] "GET /vendor/filemanger/dialog.php HTTP/1.1" 301 795 "-" "Go-http-client/1.1"
159.223.83.116 - - [17/Sep/2025:12:20:01 -0400] "GET /panel/filemanager/dialog.php HTTP/1.1" 301 795 "-" "Go-http-client/1.1"
159.223.83.116 - - [17/Sep/2025:12:20:02 -0400] "GET /admin/filemanager/dialog.php HTTP/1.1" 301 795 "-" "Go-http-client/1.1"
159.223.83.116 - - [17/Sep/2025:12:20:04 -0400] "POST /vendor/phpunit/phpunit/src/Util/PHP/eval-stdin.php HTTP/1.1" 301 795 "-" "Mozilla/5.0 (Windows NT 10.0; Win64; x64) AppleWebKit/537.36 (KHTML, like Gecko) Chrome/58.0.3029.110 Safari/537.3"
159.223.83.116 - - [17/Sep/2025:12:20:05 -0400] "POST /assets/vendor/phpunit/phpunit/src/Util/PHP/eval-stdin.php HTTP/1.1" 301 795 "-" "Mozilla/5.0 (Windows NT 10.0; Win64; x64) AppleWebKit/537.36 (KHTML, like Gecko) Chrome/58.0.3029.110 Safari/537.3"
159.223.83.116 - - [17/Sep/2025:12:20:11 -0400] "POST /laravel/vendor/phpunit/phpunit/src/Util/PHP/eval-stdin.php HTTP/1.1" 301 795 "-" "Mozilla/5.0 (Windows NT 10.0; Win64; x64) AppleWebKit/537.36 (KHTML, like Gecko) Chrome/58.0.3029.110 Safari/537.3"
43.153.244.67 - - [17/Sep/2025:12:24:48 -0400] "GET / HTTP/1.1" 301 795 "-" "Mozilla/5.0 (Windows NT 10.0; Win64; x64) AppleWebKit/537.36 (KHTML, like Gecko) Chrome/133.0.0.0 Safari/537.36"
206.189.195.0 - - [17/Sep/2025:12:29:49 -0400] "GET /favicon.ico HTTP/1.1" 301 795 "http://mail.taxhelplines.pk/" "Mozilla/5.0 (X11; Linux x86_64) AppleWebKit/537.36 (KHTML, like Gecko) Chrome/139.0.0.0 Safari/537.36"
216.244.66.203 - - [17/Sep/2025:12:31:37 -0400] "GET /robots.txt HTTP/1.1" 301 795 "-" "Mozilla/5.0 (compatible; DotBot/1.2; +https://opensiteexplorer.org/dotbot; help@moz.com)"
5.255.231.147 - - [17/Sep/2025:12:43:05 -0400] "GET /robots.txt HTTP/1.1" 301 795 "-" "Mozilla/5.0 (compatible; YandexBot/3.0; +http://yandex.com/bots)"
213.180.203.254 - - [17/Sep/2025:12:43:07 -0400] "GET /icon.png HTTP/1.1" 301 795 "-" "Mozilla/5.0 (compatible; YandexFavicons/1.0; +http://yandex.com/bots)"
216.244.66.203 - - [17/Sep/2025:12:31:37 -0400] "GET /robots.txt HTTP/1.1" 301 795 "-" "Mozilla/5.0 (compatible; DotBot/1.2; +https://opensiteexplorer.org/dotbot; help@moz.com)"
216.73.216.184 - - [17/Sep/2025:12:39:37 -0400] "GET /robots.txt HTTP/1.1" 301 795 "-" "Mozilla/5.0 AppleWebKit/537.36 (KHTML, like Gecko; compatible; ClaudeBot/1.0; +claudebot@anthropic.com)"
216.73.216.184 - - [17/Sep/2025:12:39:37 -0400] "GET /contact HTTP/1.1" 301 795 "-" "Mozilla/5.0 AppleWebKit/537.36 (KHTML, like Gecko; compatible; ClaudeBot/1.0; +claudebot@anthropic.com)"
52.207.47.227 - - [17/Sep/2025:12:44:26 -0400] "GET /ordinance?tax=Customs HTTP/1.1" 301 795 "-" "Mozilla/5.0 AppleWebKit/537.36 (KHTML, like Gecko; compatible; Amazonbot/0.1; +https://developer.amazon.com/support/amazonbot) Chrome/119.0.6045.214 Safari/537.36"
216.244.66.236 - - [17/Sep/2025:12:50:05 -0400] "GET /robots.txt HTTP/1.1" 301 795 "-" "Mozilla/5.0 (compatible; DotBot/1.2; +https://opensiteexplorer.org/dotbot; help@moz.com)"
216.244.66.236 - - [17/Sep/2025:12:50:05 -0400] "GET /robots.txt HTTP/1.1" 301 795 "-" "Mozilla/5.0 (compatible; DotBot/1.2; +https://opensiteexplorer.org/dotbot; help@moz.com)"
216.73.216.184 - - [17/Sep/2025:12:56:50 -0400] "GET /viewjudgment?id=6215 HTTP/1.1" 301 795 "-" "Mozilla/5.0 AppleWebKit/537.36 (KHTML, like Gecko; compatible; ClaudeBot/1.0; +claudebot@anthropic.com)"
216.73.216.184 - - [17/Sep/2025:12:56:47 -0400] "GET /sitemap.xml HTTP/1.1" 301 795 "-" "Mozilla/5.0 AppleWebKit/537.36 (KHTML, like Gecko; compatible; ClaudeBot/1.0; +claudebot@anthropic.com)"
66.249.65.34 - - [17/Sep/2025:13:05:54 -0400] "GET /robots.txt HTTP/1.1" 301 795 "-" "Mozilla/5.0 (compatible; Googlebot/2.1; +http://www.google.com/bot.html)"
173.252.107.14 - - [17/Sep/2025:13:21:42 -0400] "GET /news_detaill?id=813 HTTP/1.1" 301 795 "-" "facebookexternalhit/1.1 (+http://www.facebook.com/externalhit_uatext.php)"
173.252.107.7 - - [17/Sep/2025:13:21:43 -0400] "GET /js/main.js HTTP/1.1" 301 795 "-" "facebookexternalhit/1.1 (+http://www.facebook.com/externalhit_uatext.php)"
69.171.231.3 - - [17/Sep/2025:13:26:29 -0400] "GET /robots.txt HTTP/1.1" 301 795 "-" "facebookexternalhit/1.1 (+http://www.facebook.com/externalhit_uatext.php)"
46.105.38.210 - - [17/Sep/2025:13:31:24 -0400] "GET /robots.txt HTTP/1.1" 301 795 "-" "Mozilla/5.0 (compatible; MJ12bot/v2.0.4; http://mj12bot.com/)"
46.105.38.210 - - [17/Sep/2025:13:31:25 -0400] "GET / HTTP/1.1" 301 795 "-" "Mozilla/5.0 (compatible; MJ12bot/v2.0.4; http://mj12bot.com/)"
216.244.66.203 - - [17/Sep/2025:13:32:18 -0400] "GET /robots.txt HTTP/1.1" 301 795 "-" "Mozilla/5.0 (compatible; DotBot/1.2; +https://opensiteexplorer.org/dotbot; help@moz.com)"
199.244.88.225 - - [17/Sep/2025:13:27:14 -0400] "GET / HTTP/1.1" 301 795 "-" "Mozilla/5.0 (X11; Linux x86_64) AppleWebKit/537.36 (KHTML, like Gecko) Chrome/105.0.0.0 Safari/537.36"
216.244.66.203 - - [17/Sep/2025:13:32:18 -0400] "GET /robots.txt HTTP/1.1" 301 795 "-" "Mozilla/5.0 (compatible; DotBot/1.2; +https://opensiteexplorer.org/dotbot; help@moz.com)"
216.244.66.236 - - [17/Sep/2025:13:34:03 -0400] "GET /robots.txt HTTP/1.1" 301 795 "-" "Mozilla/5.0 (compatible; DotBot/1.2; +https://opensiteexplorer.org/dotbot; help@moz.com)"
216.244.66.236 - - [17/Sep/2025:13:34:03 -0400] "GET /robots.txt HTTP/1.1" 301 795 "-" "Mozilla/5.0 (compatible; DotBot/1.2; +https://opensiteexplorer.org/dotbot; help@moz.com)"
31.13.115.5 - - [17/Sep/2025:13:41:28 -0400] "GET /news_detaill?id=814 HTTP/1.1" 301 795 "-" "facebookexternalhit/1.1 (+http://www.facebook.com/externalhit_uatext.php)"
173.252.95.27 - - [17/Sep/2025:13:52:16 -0400] "GET /news_detaill?id=815 HTTP/1.1" 301 795 "-" "facebookexternalhit/1.1 (+http://www.facebook.com/externalhit_uatext.php)"
66.220.149.47 - - [17/Sep/2025:13:52:21 -0400] "GET /news_detaill?id=815 HTTP/1.1" 301 795 "-" "facebookexternalhit/1.1 (+http://www.facebook.com/externalhit_uatext.php)"
173.252.107.12 - - [17/Sep/2025:13:41:26 -0400] "GET /news_detaill?id=814 HTTP/1.1" 301 795 "-" "facebookexternalhit/1.1 (+http://www.facebook.com/externalhit_uatext.php)"
31.13.115.112 - - [17/Sep/2025:13:41:29 -0400] "GET /js/main.js HTTP/1.1" 301 795 "-" "facebookexternalhit/1.1 (+http://www.facebook.com/externalhit_uatext.php)"
31.13.127.56 - - [17/Sep/2025:13:52:16 -0400] "GET /news_detaill?id=815 HTTP/1.1" 301 795 "-" "facebookexternalhit/1.1 (+http://www.facebook.com/externalhit_uatext.php)"
66.220.149.57 - - [17/Sep/2025:13:52:21 -0400] "GET /js/main.js HTTP/1.1" 301 795 "-" "facebookexternalhit/1.1 (+http://www.facebook.com/externalhit_uatext.php)"
207.46.13.141 - - [17/Sep/2025:13:55:15 -0400] "GET /news_detaill?id=19 HTTP/1.1" 301 795 "-" "Mozilla/5.0 AppleWebKit/537.36 (KHTML, like Gecko; compatible; bingbot/2.0; +http://www.bing.com/bingbot.htm) Chrome/116.0.1938.76 Safari/537.36"
66.220.149.1 - - [17/Sep/2025:14:03:10 -0400] "GET /news_detaill?id=815 HTTP/1.1" 301 795 "-" "facebookexternalhit/1.1 (+http://www.facebook.com/externalhit_uatext.php)"
69.171.230.8 - - [17/Sep/2025:14:07:44 -0400] "GET /news_detaill?id=815 HTTP/1.1" 301 795 "-" "facebookexternalhit/1.1 (+http://www.facebook.com/externalhit_uatext.php)"
69.171.249.2 - - [17/Sep/2025:13:56:42 -0400] "GET /news_detaill?id=814 HTTP/1.1" 301 795 "-" "facebookexternalhit/1.1 (+http://www.facebook.com/externalhit_uatext.php)"
108.179.192.35 - - [17/Sep/2025:13:59:25 -0400] "GET / HTTP/1.1" 301 795 "https://www.google.co.in" "Mozilla/5.0 (Macintosh; Intel Mac OS X 10_15_7; rv:127.0) Gecko/20100101 Firefox/127.0"
31.13.127.17 - - [17/Sep/2025:13:59:55 -0400] "GET /news_detaill?id=814 HTTP/1.1" 301 795 "-" "facebookexternalhit/1.1 (+http://www.facebook.com/externalhit_uatext.php)"
69.171.230.11 - - [17/Sep/2025:13:59:56 -0400] "GET /news_detaill?id=814 HTTP/1.1" 301 795 "-" "facebookexternalhit/1.1 (+http://www.facebook.com/externalhit_uatext.php)"
40.77.167.74 - - [17/Sep/2025:14:07:34 -0400] "GET /viewreport?id=682 HTTP/1.1" 301 795 "-" "Mozilla/5.0 AppleWebKit/537.36 (KHTML, like Gecko; compatible; bingbot/2.0; +http://www.bing.com/bingbot.htm) Chrome/116.0.1938.76 Safari/537.36"
31.13.115.14 - - [17/Sep/2025:14:07:45 -0400] "GET /news_detaill?id=815 HTTP/1.1" 301 795 "-" "facebookexternalhit/1.1 (+http://www.facebook.com/externalhit_uatext.php)"
216.73.216.184 - - [17/Sep/2025:14:09:17 -0400] "GET /robots.txt HTTP/1.1" 301 795 "-" "Mozilla/5.0 AppleWebKit/537.36 (KHTML, like Gecko; compatible; ClaudeBot/1.0; +claudebot@anthropic.com)"
124.222.142.44 - - [17/Sep/2025:14:13:20 -0400] "GET / HTTP/1.1" 301 795 "-" "Mozilla/5.0 (iPhone; CPU iPhone OS 13_2_3 like Mac OS X) AppleWebKit/605.1.15 (KHTML, like Gecko) Version/13.0.3 Mobile/15E148 Safari/604.1"
124.222.142.44 - - [17/Sep/2025:14:13:26 -0400] "GET / HTTP/1.1" 301 795 "-" "Mozilla/5.0 (iPhone; CPU iPhone OS 13_2_3 like Mac OS X) AppleWebKit/605.1.15 (KHTML, like Gecko) Version/13.0.3 Mobile/15E148 Safari/604.1"
40.77.167.74 - - [17/Sep/2025:14:13:59 -0400] "GET /viewjudgment?id=6226 HTTP/1.1" 301 795 "-" "Mozilla/5.0 AppleWebKit/537.36 (KHTML, like Gecko; compatible; bingbot/2.0; +http://www.bing.com/bingbot.htm) Chrome/116.0.1938.76 Safari/537.36"
216.244.66.203 - - [17/Sep/2025:14:17:52 -0400] "GET /robots.txt HTTP/1.1" 301 795 "-" "Mozilla/5.0 (compatible; DotBot/1.2; +https://opensiteexplorer.org/dotbot; help@moz.com)"
216.244.66.236 - - [17/Sep/2025:14:18:14 -0400] "GET /robots.txt HTTP/1.1" 301 795 "-" "Mozilla/5.0 (compatible; DotBot/1.2; +https://opensiteexplorer.org/dotbot; help@moz.com)"
108.167.157.173 - - [17/Sep/2025:14:11:43 -0400] "GET / HTTP/1.1" 301 795 "-" "Mozilla/5.0 (Windows NT 10.0; Win64; x64) AppleWebKit/537.36 (KHTML, like Gecko) Chrome/113.0.5672.93 Safari/537.36"
216.244.66.203 - - [17/Sep/2025:14:17:52 -0400] "GET /robots.txt HTTP/1.1" 301 795 "-" "Mozilla/5.0 (compatible; DotBot/1.2; +https://opensiteexplorer.org/dotbot; help@moz.com)"
216.244.66.236 - - [17/Sep/2025:14:18:14 -0400] "GET /robots.txt HTTP/1.1" 301 795 "-" "Mozilla/5.0 (compatible; DotBot/1.2; +https://opensiteexplorer.org/dotbot; help@moz.com)"
181.214.218.151 - - [17/Sep/2025:14:33:57 -0400] "GET / HTTP/1.0" 301 795 "http://taxhelplines.com.pk/" "Mozilla/5.0 (Windows NT 10.0; Win64; x64) AppleWebKit/537.36 (KHTML, like Gecko) Chrome/130.0.0.0 Safari/537.36"
216.244.66.236 - - [17/Sep/2025:15:02:48 -0400] "GET /robots.txt HTTP/1.1" 301 795 "-" "Mozilla/5.0 (compatible; DotBot/1.2; +https://opensiteexplorer.org/dotbot; help@moz.com)"
216.244.66.203 - - [17/Sep/2025:15:02:59 -0400] "GET /robots.txt HTTP/1.1" 301 795 "-" "Mozilla/5.0 (compatible; DotBot/1.2; +https://opensiteexplorer.org/dotbot; help@moz.com)"
216.244.66.203 - - [17/Sep/2025:15:02:59 -0400] "GET /robots.txt HTTP/1.1" 301 795 "-" "Mozilla/5.0 (compatible; DotBot/1.2; +https://opensiteexplorer.org/dotbot; help@moz.com)"
52.167.144.191 - - [17/Sep/2025:15:08:48 -0400] "GET /miscellaneous?tax=Baluchistan%20Province HTTP/1.1" 301 795 "-" "Mozilla/5.0 AppleWebKit/537.36 (KHTML, like Gecko; compatible; bingbot/2.0; +http://www.bing.com/bingbot.htm) Chrome/116.0.1938.76 Safari/537.36"
110.166.71.39 - - [17/Sep/2025:15:34:00 -0400] "GET / HTTP/1.1" 301 795 "-" "Mozilla/5.0 (iPhone; CPU iPhone OS 13_2_3 like Mac OS X) AppleWebKit/605.1.15 (KHTML, like Gecko) Version/13.0.3 Mobile/15E148 Safari/604.1"
157.55.39.63 - - [17/Sep/2025:15:20:43 -0400] "GET /public_html/book/fbr_clarifications/A%204%202018%20Clr.%2029467.pdf HTTP/1.1" 301 795 "-" "Mozilla/5.0 AppleWebKit/537.36 (KHTML, like Gecko; compatible; bingbot/2.0; +http://www.bing.com/bingbot.htm) Chrome/116.0.1938.76 Safari/537.36"
43.155.195.141 - - [17/Sep/2025:15:29:52 -0400] "GET / HTTP/1.1" 301 795 "-" "Mozilla/5.0 (iPhone; CPU iPhone OS 13_2_3 like Mac OS X) AppleWebKit/605.1.15 (KHTML, like Gecko) Version/13.0.3 Mobile/15E148 Safari/604.1"
50.116.112.110 - - [17/Sep/2025:15:33:22 -0400] "GET / HTTP/1.1" 301 795 "https://www.google.com.br" "Mozilla/5.0 (Windows NT 11.0; Win64; x64) AppleWebKit/537.36 (KHTML, like Gecko) Chrome/126.0.0.0 Safari/537.36"
216.244.66.236 - - [17/Sep/2025:15:46:57 -0400] "GET /robots.txt HTTP/1.1" 301 795 "-" "Mozilla/5.0 (compatible; DotBot/1.2; +https://opensiteexplorer.org/dotbot; help@moz.com)"
216.244.66.203 - - [17/Sep/2025:15:48:56 -0400] "GET /robots.txt HTTP/1.1" 301 795 "-" "Mozilla/5.0 (compatible; DotBot/1.2; +https://opensiteexplorer.org/dotbot; help@moz.com)"
192.42.116.212 - - [17/Sep/2025:15:50:06 -0400] "GET / HTTP/1.1" 301 795 "taxhelplines.pk" "Mozilla/5.0 (Linux; Android 9; Redmi Y3) AppleWebKit/537.36 (KHTML, like Gecko) Chrome/81.0.4044.138 Mobile Safari/537.36"
35.229.88.221 - - [17/Sep/2025:15:51:14 -0400] "HEAD / HTTP/1.1" 301 0 "-" "Mozilla/5.0 (Windows NT 10.0; Win64; x64) AppleWebKit/537.36 (KHTML, like Gecko) Chrome/120.0.6099.200 YaBrowser/24.1.0.0 Safari/537.36"
35.229.88.221 - - [17/Sep/2025:15:51:15 -0400] "HEAD /new HTTP/1.1" 301 0 "-" "Mozilla/5.0 (Macintosh; Intel Mac OS X 14_3) AppleWebKit/537.36 (KHTML, like Gecko) Chrome/125.0.6422.60 Safari/537.36 Edg/125.0.2535.51"
35.229.88.221 - - [17/Sep/2025:15:51:16 -0400] "HEAD /wp HTTP/1.1" 301 0 "-" "Mozilla/5.0 (Macintosh; Intel Mac OS X 14_4) AppleWebKit/605.1.15 (KHTML, like Gecko) Version/17.4 Safari/605.1.15"
35.229.88.221 - - [17/Sep/2025:15:51:16 -0400] "HEAD /main HTTP/1.1" 301 0 "-" "Mozilla/5.0 (Linux; Android 10; Nokia 2720 Flip) AppleWebKit/537.36 (KHTML, like Gecko) Chrome/80.0.3987.99 Mobile Safari/537.36 KAIOS/2.5"
35.229.88.221 - - [17/Sep/2025:15:51:17 -0400] "HEAD /old HTTP/1.1" 301 0 "-" "Mozilla/5.0 (Windows NT 10.0; Win64; x64; rv:125.0) Gecko/20100101 Firefox/125.0"
35.229.88.221 - - [17/Sep/2025:15:51:17 -0400] "HEAD /backup HTTP/1.1" 301 0 "-" "Mozilla/5.0 (Macintosh; Intel Mac OS X 12_7_4) AppleWebKit/605.1.15 (KHTML, like Gecko) Version/16.6 Safari/605.1.15"
216.244.66.203 - - [17/Sep/2025:15:48:56 -0400] "GET /robots.txt HTTP/1.1" 301 795 "-" "Mozilla/5.0 (compatible; DotBot/1.2; +https://opensiteexplorer.org/dotbot; help@moz.com)"
35.229.88.221 - - [17/Sep/2025:15:51:16 -0400] "HEAD /home HTTP/1.1" 301 0 "-" "Mozilla/5.0 (Macintosh; Intel Mac OS X 12_7_4) AppleWebKit/605.1.15 (KHTML, like Gecko) Version/16.6 Safari/605.1.15"
35.229.88.221 - - [17/Sep/2025:15:51:17 -0400] "HEAD /bc HTTP/1.1" 301 0 "-" "Mozilla/5.0 (Windows NT 10.0; Win64; x64) AppleWebKit/537.36 (KHTML, like Gecko) Chrome/120.0.6099.200 YaBrowser/24.1.0.0 Safari/537.36"
35.229.88.221 - - [17/Sep/2025:15:51:17 -0400] "HEAD /bk HTTP/1.1" 301 0 "-" "Mozilla/5.0 (Linux; U; Android 11; en-US; V2027) AppleWebKit/537.36 (KHTML, like Gecko) Version/4.0 Chrome/89.0.4389.116 UCBrowser/13.4.0.1306 Mobile Safari/537.36"
35.229.88.221 - - [17/Sep/2025:15:51:17 -0400] "HEAD /wordpress HTTP/1.1" 301 0 "-" "Mozilla/5.0 (Macintosh; Intel Mac OS X 13_6) AppleWebKit/537.36 (KHTML, like Gecko) Chrome/122.0.6280.88 Safari/537.36"
185.250.38.81 - - [17/Sep/2025:15:53:34 -0400] "GET / HTTP/1.1" 301 795 "https://www.google.ru" "Mozilla/5.0 (Macintosh; Intel Mac OS X 10_15_7; rv:127.0) Gecko/20100101 Firefox/127.0"
52.167.144.147 - - [17/Sep/2025:16:00:35 -0400] "GET /viewreport?id=74 HTTP/1.1" 301 795 "-" "Mozilla/5.0 AppleWebKit/537.36 (KHTML, like Gecko; compatible; bingbot/2.0; +http://www.bing.com/bingbot.htm) Chrome/116.0.1938.76 Safari/537.36"
140.206.235.115 - - [17/Sep/2025:16:04:44 -0400] "GET /viewjudgment?id=5134 HTTP/1.1" 301 795 "-" "Mozilla/5.0 (Macintosh; Intel Mac OS X 10_14_6) AppleWebKit/537.36 (KHTML, like Gecko) Chrome/129.0.0.0 Safari/537.36"
180.153.197.83 - - [17/Sep/2025:16:04:46 -0400] "GET /viewjudgment?id=5134 HTTP/1.1" 301 795 "-" "Mozilla/5.0 (iPhone; CPU iPhone OS 16_0 like Mac OS X) AppleWebKit/605.1.15 (KHTML, like Gecko) Version/18.0 Mobile/15E148 Safari/604.1"
180.153.197.157 - - [17/Sep/2025:15:54:36 -0400] "GET /viewreport?id=2331 HTTP/1.1" 301 795 "-" "Mozilla/5.0 (iPhone; CPU iPhone OS 16_0 like Mac OS X) AppleWebKit/605.1.15 (KHTML, like Gecko) Version/18.0 Mobile/15E148 Safari/604.1"
216.73.216.184 - - [17/Sep/2025:16:13:53 -0400] "GET /viewreport?id=821 HTTP/1.1" 301 795 "-" "Mozilla/5.0 AppleWebKit/537.36 (KHTML, like Gecko; compatible; ClaudeBot/1.0; +claudebot@anthropic.com)"
216.73.216.184 - - [17/Sep/2025:16:13:53 -0400] "GET /viewjudgment?id=6217 HTTP/1.1" 301 795 "-" "Mozilla/5.0 AppleWebKit/537.36 (KHTML, like Gecko; compatible; ClaudeBot/1.0; +claudebot@anthropic.com)"
52.178.144.89 - - [17/Sep/2025:16:23:24 -0400] "GET /wp-content/plugins/hellopress/wp_filemanager.php HTTP/1.1" 301 795 "-" "-"
52.178.144.89 - - [17/Sep/2025:16:23:25 -0400] "GET /tcp.php HTTP/1.1" 301 795 "-" "-"
52.178.144.89 - - [17/Sep/2025:16:23:25 -0400] "GET /vanta.php HTTP/1.1" 301 795 "-" "-"
52.178.144.89 - - [17/Sep/2025:16:23:26 -0400] "GET /nc4.php HTTP/1.1" 301 795 "-" "-"
52.178.144.89 - - [17/Sep/2025:16:23:27 -0400] "GET /ahax.php HTTP/1.1" 301 795 "-" "-"
52.178.144.89 - - [17/Sep/2025:16:23:27 -0400] "GET /akc.php HTTP/1.1" 301 795 "-" "-"
52.178.144.89 - - [17/Sep/2025:16:23:28 -0400] "GET /v2.php HTTP/1.1" 301 795 "-" "-"
52.178.144.89 - - [17/Sep/2025:16:23:29 -0400] "GET /aa17.php HTTP/1.1" 301 795 "-" "-"
52.178.144.89 - - [17/Sep/2025:16:23:29 -0400] "GET /wander.php HTTP/1.1" 301 795 "-" "-"
52.178.144.89 - - [17/Sep/2025:16:23:29 -0400] "GET /filei.php HTTP/1.1" 301 795 "-" "-"
52.178.144.89 - - [17/Sep/2025:16:23:30 -0400] "GET /ot.php HTTP/1.1" 301 795 "-" "-"
52.178.144.89 - - [17/Sep/2025:16:23:31 -0400] "GET /ol.php HTTP/1.1" 301 795 "-" "-"
52.178.144.89 - - [17/Sep/2025:16:23:32 -0400] "GET /cfile.php HTTP/1.1" 301 795 "-" "-"
52.178.144.89 - - [17/Sep/2025:16:23:33 -0400] "GET /ffile.php HTTP/1.1" 301 795 "-" "-"
52.178.144.89 - - [17/Sep/2025:16:23:33 -0400] "GET /gold.php HTTP/1.1" 301 795 "-" "-"
52.178.144.89 - - [17/Sep/2025:16:23:35 -0400] "GET /num.php HTTP/1.1" 301 795 "-" "-"
52.178.144.89 - - [17/Sep/2025:16:23:37 -0400] "GET /sad.php HTTP/1.1" 301 795 "-" "-"
52.178.144.89 - - [17/Sep/2025:16:23:39 -0400] "GET /great.php HTTP/1.1" 301 795 "-" "-"
52.178.144.89 - - [17/Sep/2025:16:23:39 -0400] "GET /makeasmtp.php HTTP/1.1" 301 795 "-" "-"
52.178.144.89 - - [17/Sep/2025:16:23:40 -0400] "GET /mo.php HTTP/1.1" 301 795 "-" "-"
52.178.144.89 - - [17/Sep/2025:16:23:40 -0400] "GET /r4f_1.php HTTP/1.1" 301 795 "-" "-"
52.178.144.89 - - [17/Sep/2025:16:23:41 -0400] "GET /ar.php HTTP/1.1" 301 795 "-" "-"
52.178.144.89 - - [17/Sep/2025:16:23:41 -0400] "GET /co.php HTTP/1.1" 301 795 "-" "-"
216.73.216.184 - - [17/Sep/2025:16:13:52 -0400] "GET /robots.txt HTTP/1.1" 301 795 "-" "Mozilla/5.0 AppleWebKit/537.36 (KHTML, like Gecko; compatible; ClaudeBot/1.0; +claudebot@anthropic.com)"
216.73.216.184 - - [17/Sep/2025:16:13:52 -0400] "GET /sitemap.xml HTTP/1.1" 301 795 "-" "Mozilla/5.0 AppleWebKit/537.36 (KHTML, like Gecko; compatible; ClaudeBot/1.0; +claudebot@anthropic.com)"
199.244.88.222 - - [17/Sep/2025:16:19:52 -0400] "GET / HTTP/1.1" 301 795 "-" "Mozilla/5.0 (X11; Linux x86_64) AppleWebKit/537.36 (KHTML, like Gecko) Chrome/105.0.0.0 Safari/537.36"
52.178.144.89 - - [17/Sep/2025:16:23:26 -0400] "GET /acxx.php HTTP/1.1" 301 795 "-" "-"
52.178.144.89 - - [17/Sep/2025:16:23:28 -0400] "GET /CLA.php HTTP/1.1" 301 795 "-" "-"
52.178.144.89 - - [17/Sep/2025:16:23:30 -0400] "GET /gfile.php HTTP/1.1" 301 795 "-" "-"
52.178.144.89 - - [17/Sep/2025:16:23:31 -0400] "GET /rak.php HTTP/1.1" 301 795 "-" "-"
52.178.144.89 - - [17/Sep/2025:16:23:32 -0400] "GET /ee.php HTTP/1.1" 301 795 "-" "-"
52.178.144.89 - - [17/Sep/2025:16:23:33 -0400] "GET /bless2.php HTTP/1.1" 301 795 "-" "-"
52.178.144.89 - - [17/Sep/2025:16:23:34 -0400] "GET /lc.php HTTP/1.1" 301 795 "-" "-"
52.178.144.89 - - [17/Sep/2025:16:23:34 -0400] "GET /222.php HTTP/1.1" 301 795 "-" "-"
52.178.144.89 - - [17/Sep/2025:16:23:35 -0400] "GET /xhouf.php HTTP/1.1" 301 795 "-" "-"
52.178.144.89 - - [17/Sep/2025:16:23:36 -0400] "GET /slo.php HTTP/1.1" 301 795 "-" "-"
