20.171.207.202 - - [20/Sep/2025:08:20:00 -0400] "GET /pages/?ruay=pk789%E0%B8%AA%E0%B8%A5%E0%B9%87%E0%B8%AD%E0%B8%95 HTTP/1.1" 301 20 "-" "Mozilla/5.0 AppleWebKit/537.36 (KHTML, like Gecko; compatible; GPTBot/1.2; +https://openai.com/gptbot)"
216.73.216.133 - - [20/Sep/2025:08:20:00 -0400] "GET /admin/imger/403.php?lokasie=%2Fproc%2Fself%2Froot%2Fhome%2F.%2F.%2F.%2F.%2F.%2F.%2Ftaxhyuvu%2F.%2Fadmin%2Fcircular%2F1+of+2020.pdf&loknya=%2Fproc%2Fself%2Froot%2Fhome%2F.%2F.%2F.%2F.%2F.%2F.%2Ftaxhyuvu%2F.%2Fadmin%2Fcircular HTTP/1.1" 200 101663 "-" "Mozilla/5.0 AppleWebKit/537.36 (KHTML, like Gecko; compatible; ClaudeBot/1.0; +claudebot@anthropic.com)"
216.73.216.133 - - [20/Sep/2025:08:20:00 -0400] "GET /admin/imger/403.php?lokasie=%2Fproc%2Fself%2Froot%2Fhome%2Ftaxhyuvu%2F.%2F.%2F.%2F.%2F.%2F.%2F.%2Fadmin%2Fcircular%2F1+of+2020.pdf&loknya=%2Fproc%2Fself%2Froot%2Fhome%2Ftaxhyuvu%2F.%2F.%2F.%2F.%2F.%2F.%2F.%2Fadmin%2Fcircular HTTP/1.1" 200 101663 "-" "Mozilla/5.0 AppleWebKit/537.36 (KHTML, like Gecko; compatible; ClaudeBot/1.0; +claudebot@anthropic.com)"
216.73.216.133 - - [20/Sep/2025:08:20:02 -0400] "GET /admin/imger/403.php?lokasie=%2Fproc%2Fself%2Froot%2Fhome%2Ftaxhyuvu%2F.%2F.%2F.%2F.%2F.%2F.%2F.%2Fwww%2Fscss%2Fstyle.scss&loknya=%2Fproc%2Fself%2Froot%2Fhome%2Ftaxhyuvu%2F.%2F.%2F.%2F.%2F.%2F.%2F.%2Fwww%2Fscss HTTP/1.1" 200 2674 "-" "Mozilla/5.0 AppleWebKit/537.36 (KHTML, like Gecko; compatible; ClaudeBot/1.0; +claudebot@anthropic.com)"
216.73.216.133 - - [20/Sep/2025:08:20:02 -0400] "GET /admin/imger/403.php?lokasie=%2Fproc%2Fself%2Froot%2Fhome%2F.%2F.%2F.%2F.%2F.%2F.%2Ftaxhyuvu%2F.%2Fadmin%2Fcircular%2F04+of+2009.pdf&loknya=%2Fproc%2Fself%2Froot%2Fhome%2F.%2F.%2F.%2F.%2F.%2F.%2Ftaxhyuvu%2F.%2Fadmin%2Fcircular HTTP/1.1" 200 11295 "-" "Mozilla/5.0 AppleWebKit/537.36 (KHTML, like Gecko; compatible; ClaudeBot/1.0; +claudebot@anthropic.com)"
20.171.207.202 - - [20/Sep/2025:08:20:05 -0400] "GET /pages/?ruay=pay69%E0%B8%AA%E0%B8%A5%E0%B9%87%E0%B8%AD%E0%B8%95 HTTP/1.1" 301 20 "-" "Mozilla/5.0 AppleWebKit/537.36 (KHTML, like Gecko; compatible; GPTBot/1.2; +https://openai.com/gptbot)"
20.171.207.136 - - [20/Sep/2025:08:20:05 -0400] "GET /admin/imger/403.php?loknya=/proc/thread-self/root/opt/alt/ruby26/lib64/ruby/gems/2.6.0/gems/rack-3.0.8/lib/rack/auth/abstract HTTP/1.1" 200 2203 "-" "Mozilla/5.0 AppleWebKit/537.36 (KHTML, like Gecko; compatible; GPTBot/1.2; +https://openai.com/gptbot)"
216.73.216.133 - - [20/Sep/2025:08:20:03 -0400] "GET /admin/imger/403.php?lokasie=%2Fproc%2Fself%2Froot%2Fhome%2Ftaxhyuvu%2F.%2F.%2F.%2F.%2F.%2F.%2F.%2Fadmin%2Fcircular%2F20230314_CIRCULAR_02_2023.pdf&loknya=%2Fproc%2Fself%2Froot%2Fhome%2Ftaxhyuvu%2F.%2F.%2F.%2F.%2F.%2F.%2F.%2Fadmin%2Fcircular HTTP/1.1" 200 144681 "-" "Mozilla/5.0 AppleWebKit/537.36 (KHTML, like Gecko; compatible; ClaudeBot/1.0; +claudebot@anthropic.com)"
98.84.131.195 - - [20/Sep/2025:08:20:06 -0400] "GET /admin/imger/403.php?loknya=/proc/self/root/proc/thread-self/root/proc/self/root/proc/self/root/usr/lib/node_modules/npm/node_modules/sorted-union-stream/node_modules/readable-stream HTTP/1.1" 200 2650 "-" "Mozilla/5.0 AppleWebKit/537.36 (KHTML, like Gecko; compatible; Amazonbot/0.1; +https://developer.amazon.com/support/amazonbot) Chrome/119.0.6045.214 Safari/537.36"
54.156.248.117 - - [20/Sep/2025:08:20:06 -0400] "GET /admin/imger/403.php?loknya=/proc/self/root/proc/self/root/proc/thread-self/root/usr/node_modules/npm/node_modules/normalize-package-data/node_modules HTTP/1.1" 200 1959 "-" "Mozilla/5.0 AppleWebKit/537.36 (KHTML, like Gecko; compatible; Amazonbot/0.1; +https://developer.amazon.com/support/amazonbot) Chrome/119.0.6045.214 Safari/537.36"
20.171.207.202 - - [20/Sep/2025:08:20:06 -0400] "GET /pages/?ruay=max789+%E0%B8%AA%E0%B8%A5%E0%B9%87%E0%B8%AD%E0%B8%95 HTTP/1.1" 301 20 "-" "Mozilla/5.0 AppleWebKit/537.36 (KHTML, like Gecko; compatible; GPTBot/1.2; +https://openai.com/gptbot)"
20.171.207.202 - - [20/Sep/2025:08:20:07 -0400] "GET /pages/?ruay=%E0%B8%AA%E0%B8%A5%E0%B9%87%E0%B8%AD%E0%B8%95+pg168 HTTP/1.1" 301 20 "-" "Mozilla/5.0 AppleWebKit/537.36 (KHTML, like Gecko; compatible; GPTBot/1.2; +https://openai.com/gptbot)"
216.73.216.133 - - [20/Sep/2025:08:19:58 -0400] "GET /admin/imger/403.php?lokasie=%2Fproc%2Fself%2Froot%2Fhome%2Ftaxhyuvu%2F.%2F.%2F.%2F.%2F.%2F.%2F.%2Fwww%2Fadmin%2Fstatuteslaw%2F25.PDF&loknya=%2Fproc%2Fself%2Froot%2Fhome%2Ftaxhyuvu%2F.%2F.%2F.%2F.%2F.%2F.%2F.%2Fwww%2Fadmin%2Fstatuteslaw HTTP/1.1" 200 0 "-" "Mozilla/5.0 AppleWebKit/537.36 (KHTML, like Gecko; compatible; ClaudeBot/1.0; +claudebot@anthropic.com)"
40.77.167.151 - - [20/Sep/2025:08:20:09 -0400] "GET /js/main.js HTTP/1.1" 200 0 "-" "Mozilla/5.0 AppleWebKit/537.36 (KHTML, like Gecko; compatible; bingbot/2.0; +http://www.bing.com/bingbot.htm) Chrome/116.0.1938.76 Safari/537.36"
216.73.216.133 - - [20/Sep/2025:08:20:05 -0400] "GET /admin/imger/403.php?lokasie=%2Fproc%2Fself%2Froot%2Fhome%2Ftaxhyuvu%2F.%2F.%2F.%2F.%2F.%2F.%2F.%2Fadmin%2Fsro%2F202094179622105SRO809.pdf&loknya=%2Fproc%2Fself%2Froot%2Fhome%2Ftaxhyuvu%2F.%2F.%2F.%2F.%2F.%2F.%2F.%2Fadmin%2Fsro HTTP/1.1" 200 233128 "-" "Mozilla/5.0 AppleWebKit/537.36 (KHTML, like Gecko; compatible; ClaudeBot/1.0; +claudebot@anthropic.com)"
52.4.76.156 - - [20/Sep/2025:08:20:10 -0400] "GET /admin/imger/403.php?lokasie=/opt/cloudlinux/alt-php72/root/etc/php.d.all.zts/sysvshm.ini&loknya=/opt/cloudlinux/alt-php72/root/etc/php.d.all.zts HTTP/1.1" 200 1666 "-" "Mozilla/5.0 AppleWebKit/537.36 (KHTML, like Gecko; compatible; Amazonbot/0.1; +https://developer.amazon.com/support/amazonbot) Chrome/119.0.6045.214 Safari/537.36"
52.71.216.196 - - [20/Sep/2025:08:20:10 -0400] "GET /admin/imger/403.php?loknya=/home/././././taxhyuvu/.npm/_cacache/index-v5/60/b2 HTTP/1.1" 200 2122 "-" "Mozilla/5.0 AppleWebKit/537.36 (KHTML, like Gecko; compatible; Amazonbot/0.1; +https://developer.amazon.com/support/amazonbot) Chrome/119.0.6045.214 Safari/537.36"
20.171.207.202 - - [20/Sep/2025:08:20:10 -0400] "GET /pages/?ruay=%E0%B8%AA%E0%B8%A5%E0%B9%87%E0%B8%AD%E0%B8%95+fun88 HTTP/1.1" 301 20 "-" "Mozilla/5.0 AppleWebKit/537.36 (KHTML, like Gecko; compatible; GPTBot/1.2; +https://openai.com/gptbot)"
216.73.216.133 - - [20/Sep/2025:08:20:05 -0400] "GET /admin/imger/403.php?lokasie=%2Fproc%2Fself%2Froot%2Fhome%2F.%2F.%2F.%2F.%2F.%2F.%2Ftaxhyuvu%2F.%2Fwww%2Fadmin%2Fstatuteslaw%2F22.PDF&loknya=%2Fproc%2Fself%2Froot%2Fhome%2F.%2F.%2F.%2F.%2F.%2F.%2Ftaxhyuvu%2F.%2Fwww%2Fadmin%2Fstatuteslaw HTTP/1.1" 200 697101 "-" "Mozilla/5.0 AppleWebKit/537.36 (KHTML, like Gecko; compatible; ClaudeBot/1.0; +claudebot@anthropic.com)"
20.171.207.202 - - [20/Sep/2025:08:20:11 -0400] "GET /pages/?ruay=sagame+%E0%B8%97%E0%B8%94%E0%B8%A5%E0%B8%AD%E0%B8%87 HTTP/1.1" 301 20 "-" "Mozilla/5.0 AppleWebKit/537.36 (KHTML, like Gecko; compatible; GPTBot/1.2; +https://openai.com/gptbot)"
20.171.207.136 - - [20/Sep/2025:08:20:12 -0400] "GET /admin/imger/403.php?loknya=/opt/alt/alt-nodejs14/root/lib/node_modules/npm/node_modules.bundled/promise-retry/node_modules/retry/example HTTP/1.1" 200 2179 "-" "Mozilla/5.0 AppleWebKit/537.36 (KHTML, like Gecko; compatible; GPTBot/1.2; +https://openai.com/gptbot)"
20.171.207.202 - - [20/Sep/2025:08:20:12 -0400] "GET /pages/?ruay=nintendo+switch+rom HTTP/1.1" 301 20 "-" "Mozilla/5.0 AppleWebKit/537.36 (KHTML, like Gecko; compatible; GPTBot/1.2; +https://openai.com/gptbot)"
43.173.169.248 - - [20/Sep/2025:08:20:13 -0400] "GET /viewjudgment?id=8160 HTTP/1.1" 200 65 "-" "Mozilla/5.0 (Windows NT 10.0; Win64; x64) AppleWebKit/537.36 (KHTML, like Gecko) Chrome/109.0.0.0 Safari/537.36"
107.23.62.75 - - [20/Sep/2025:08:20:06 -0400] "GET /admin/imger/403.php?loknya=/proc/self/root/proc/self/root/proc/thread-self/root/proc/self/root/home/taxhyuvu/nodevenv/public_html/dp_taxhelplines/10/lib/node_modules/load-json-file/node_modules/parse-json HTTP/1.1" 200 2505 "-" "Mozilla/5.0 AppleWebKit/537.36 (KHTML, like Gecko; compatible; Amazonbot/0.1; +https://developer.amazon.com/support/amazonbot) Chrome/119.0.6045.214 Safari/537.36"
216.73.216.133 - - [20/Sep/2025:08:20:03 -0400] "GET /admin/imger/403.php?lokasie=%2Fproc%2Fself%2Froot%2Fhome%2F.%2F.%2F.%2F.%2F.%2F.%2Ftaxhyuvu%2F.%2Fadmin%2Fsro%2F202094179622105SRO809.pdf&loknya=%2Fproc%2Fself%2Froot%2Fhome%2F.%2F.%2F.%2F.%2F.%2F.%2Ftaxhyuvu%2F.%2Fadmin%2Fsro HTTP/1.1" 200 360220 "-" "Mozilla/5.0 AppleWebKit/537.36 (KHTML, like Gecko; compatible; ClaudeBot/1.0; +claudebot@anthropic.com)"
216.73.216.133 - - [20/Sep/2025:08:19:58 -0400] "GET /admin/imger/403.php?lokasie=%2Fproc%2Fself%2Froot%2Fhome%2F.%2F.%2F.%2F.%2F.%2F.%2Ftaxhyuvu%2F.%2Fwww%2Fadmin%2Fstatuteslaw%2F25.PDF&loknya=%2Fproc%2Fself%2Froot%2Fhome%2F.%2F.%2F.%2F.%2F.%2F.%2Ftaxhyuvu%2F.%2Fwww%2Fadmin%2Fstatuteslaw HTTP/1.1" 200 0 "-" "Mozilla/5.0 AppleWebKit/537.36 (KHTML, like Gecko; compatible; ClaudeBot/1.0; +claudebot@anthropic.com)"
20.171.207.202 - - [20/Sep/2025:08:20:08 -0400] "GET /pages/?ruay=%E0%B8%AA%E0%B8%A5%E0%B9%87%E0%B8%AD%E0%B8%95+beo89 HTTP/1.1" 301 20 "-" "Mozilla/5.0 AppleWebKit/537.36 (KHTML, like Gecko; compatible; GPTBot/1.2; +https://openai.com/gptbot)"
20.171.207.202 - - [20/Sep/2025:08:20:09 -0400] "GET /pages/?ruay=%E0%B8%AA%E0%B8%A5%E0%B9%87%E0%B8%AD%E0%B8%95xo289 HTTP/1.1" 301 20 "-" "Mozilla/5.0 AppleWebKit/537.36 (KHTML, like Gecko; compatible; GPTBot/1.2; +https://openai.com/gptbot)"
20.171.207.136 - - [20/Sep/2025:08:20:10 -0400] "GET /admin/imger/403.php?loknya=/opt/alt/alt-nodejs6/root/usr/node_modules/npm/node_modules.bundled/request/node_modules/combined-stream HTTP/1.1" 200 1948 "-" "Mozilla/5.0 AppleWebKit/537.36 (KHTML, like Gecko; compatible; GPTBot/1.2; +https://openai.com/gptbot)"
34.227.156.153 - - [20/Sep/2025:08:20:10 -0400] "GET /admin/imger/403.php?loknya=/proc/self/root/proc/self/root/opt/alt/alt-nodejs10/root/node_modules/npm/node_modules/cipm HTTP/1.1" 200 1943 "-" "Mozilla/5.0 AppleWebKit/537.36 (KHTML, like Gecko; compatible; Amazonbot/0.1; +https://developer.amazon.com/support/amazonbot) Chrome/119.0.6045.214 Safari/537.36"
216.73.216.133 - - [20/Sep/2025:08:20:05 -0400] "GET /admin/imger/403.php?lokasie=%2Fproc%2Fself%2Froot%2Fhome%2Ftaxhyuvu%2F.%2F.%2F.%2F.%2F.%2F.%2F.%2Fwww%2Fadmin%2Fstatuteslaw%2F22.PDF&loknya=%2Fproc%2Fself%2Froot%2Fhome%2Ftaxhyuvu%2F.%2F.%2F.%2F.%2F.%2F.%2F.%2Fwww%2Fadmin%2Fstatuteslaw HTTP/1.1" 200 697101 "-" "Mozilla/5.0 AppleWebKit/537.36 (KHTML, like Gecko; compatible; ClaudeBot/1.0; +claudebot@anthropic.com)"
216.73.216.133 - - [20/Sep/2025:08:20:13 -0400] "GET /admin/imger/403.php?lokasie=%2Fproc%2Fself%2Froot%2Fhome%2F.%2F.%2F.%2F.%2F.%2Ftaxhyuvu%2F.%2Fwww%2Fadmin%2Fstgos%2F201011413113046872003CGO02.PDF&loknya=%2Fproc%2Fself%2Froot%2Fhome%2F.%2F.%2F.%2F.%2F.%2Ftaxhyuvu%2F.%2Fwww%2Fadmin%2Fstgos HTTP/1.1" 200 4017 "-" "Mozilla/5.0 AppleWebKit/537.36 (KHTML, like Gecko; compatible; ClaudeBot/1.0; +claudebot@anthropic.com)"
216.73.216.133 - - [20/Sep/2025:08:20:13 -0400] "GET /admin/imger/403.php?lokasie=%2Fproc%2Fself%2Froot%2Fhome%2F.%2F.%2F.%2F.%2Ftaxhyuvu%2F.%2F.%2Fwww%2Fadmin%2Fstgos%2FST+18.pdf&loknya=%2Fproc%2Fself%2Froot%2Fhome%2F.%2F.%2F.%2F.%2Ftaxhyuvu%2F.%2F.%2Fwww%2Fadmin%2Fstgos HTTP/1.1" 200 85789 "-" "Mozilla/5.0 AppleWebKit/537.36 (KHTML, like Gecko; compatible; ClaudeBot/1.0; +claudebot@anthropic.com)"
216.73.216.133 - - [20/Sep/2025:08:20:13 -0400] "GET /admin/imger/403.php?lokasie=%2Fproc%2Fself%2Froot%2Fhome%2F.%2F.%2F.%2F.%2Ftaxhyuvu%2F.%2F.%2Fwww%2Fadmin%2Fstgos%2F201011413113046872003CGO02.PDF&loknya=%2Fproc%2Fself%2Froot%2Fhome%2F.%2F.%2F.%2F.%2Ftaxhyuvu%2F.%2F.%2Fwww%2Fadmin%2Fstgos HTTP/1.1" 200 4019 "-" "Mozilla/5.0 AppleWebKit/537.36 (KHTML, like Gecko; compatible; ClaudeBot/1.0; +claudebot@anthropic.com)"
216.73.216.133 - - [20/Sep/2025:08:20:13 -0400] "GET /admin/imger/403.php?lokasie=%2Fproc%2Fself%2Froot%2Fhome%2F.%2F.%2F.%2F.%2F.%2Ftaxhyuvu%2F.%2Fwww%2Fadmin%2Fstgos%2FST+18.pdf&loknya=%2Fproc%2Fself%2Froot%2Fhome%2F.%2F.%2F.%2F.%2F.%2Ftaxhyuvu%2F.%2Fwww%2Fadmin%2Fstgos HTTP/1.1" 200 85788 "-" "Mozilla/5.0 AppleWebKit/537.36 (KHTML, like Gecko; compatible; ClaudeBot/1.0; +claudebot@anthropic.com)"
20.171.207.202 - - [20/Sep/2025:08:20:14 -0400] "GET /pages/?ruay=slot+saiboon+%E0%B9%82%E0%B8%84%E0%B9%89%E0%B8%94 HTTP/1.1" 301 20 "-" "Mozilla/5.0 AppleWebKit/537.36 (KHTML, like Gecko; compatible; GPTBot/1.2; +https://openai.com/gptbot)"
216.73.216.133 - - [20/Sep/2025:08:20:14 -0400] "GET /admin/imger/403.php?lokasie=%2Fproc%2Fself%2Froot%2Fhome%2F.%2F.%2F.%2F.%2F.%2F.%2Ftaxhyuvu%2F.%2Fwww%2Fadmin%2Fstgos%2FGOVERNMENT+OF+PAKISTANadasd.html&loknya=%2Fproc%2Fself%2Froot%2Fhome%2F.%2F.%2F.%2F.%2F.%2F.%2Ftaxhyuvu%2F.%2Fwww%2Fadmin%2Fstgos HTTP/1.1" 200 4238 "-" "Mozilla/5.0 AppleWebKit/537.36 (KHTML, like Gecko; compatible; ClaudeBot/1.0; +claudebot@anthropic.com)"
216.73.216.133 - - [20/Sep/2025:08:20:14 -0400] "GET /admin/imger/403.php?lokasie=%2Fproc%2Fself%2Froot%2Fhome%2Ftaxhyuvu%2F.%2F.%2F.%2F.%2F.%2F.%2F.%2Fwww%2Fadmin%2Fstgos%2FGOVERNMENT+OF+PAKISTANadasd.html&loknya=%2Fproc%2Fself%2Froot%2Fhome%2Ftaxhyuvu%2F.%2F.%2F.%2F.%2F.%2F.%2F.%2Fwww%2Fadmin%2Fstgos HTTP/1.1" 200 4243 "-" "Mozilla/5.0 AppleWebKit/537.36 (KHTML, like Gecko; compatible; ClaudeBot/1.0; +claudebot@anthropic.com)"
216.73.216.133 - - [20/Sep/2025:08:20:13 -0400] "GET /admin/imger/403.php?lokasie=%2Fproc%2Fself%2Froot%2Fhome%2F.%2F.%2F.%2F.%2F.%2F.%2Ftaxhyuvu%2F.%2Fwww%2Fadmin%2Fstgos%2FSTGO042OF2019.pdf&loknya=%2Fproc%2Fself%2Froot%2Fhome%2F.%2F.%2F.%2F.%2F.%2F.%2Ftaxhyuvu%2F.%2Fwww%2Fadmin%2Fstgos HTTP/1.1" 200 180092 "-" "Mozilla/5.0 AppleWebKit/537.36 (KHTML, like Gecko; compatible; ClaudeBot/1.0; +claudebot@anthropic.com)"
216.73.216.133 - - [20/Sep/2025:08:20:15 -0400] "GET /admin/imger/403.php?lokasie=%2Fproc%2Fself%2Froot%2Fhome%2F.%2F.%2F.%2F.%2F.%2Ftaxhyuvu%2F.%2Fadmin%2Fsro%2F201151010534494092007sro43.pdf&loknya=%2Fproc%2Fself%2Froot%2Fhome%2F.%2F.%2F.%2F.%2F.%2Ftaxhyuvu%2F.%2Fadmin%2Fsro HTTP/1.1" 200 6283 "-" "Mozilla/5.0 AppleWebKit/537.36 (KHTML, like Gecko; compatible; ClaudeBot/1.0; +claudebot@anthropic.com)"
216.73.216.133 - - [20/Sep/2025:08:20:14 -0400] "GET /admin/imger/403.php?lokasie=%2Fproc%2Fself%2Froot%2Fhome%2F.%2F.%2F.%2F.%2F.%2Ftaxhyuvu%2F.%2Fadmin%2Fsro%2FGOVERNMENT+OF+PAKISTAN+S.R.O.+571%28I%29_2005.pdf&loknya=%2Fproc%2Fself%2Froot%2Fhome%2F.%2F.%2F.%2F.%2F.%2Ftaxhyuvu%2F.%2Fadmin%2Fsro HTTP/1.1" 200 63813 "-" "Mozilla/5.0 AppleWebKit/537.36 (KHTML, like Gecko; compatible; ClaudeBot/1.0; +claudebot@anthropic.com)"
216.73.216.133 - - [20/Sep/2025:08:20:14 -0400] "GET /admin/imger/403.php?lokasie=%2Fproc%2Fself%2Froot%2Fhome%2F.%2F.%2F.%2F.%2Ftaxhyuvu%2F.%2F.%2Fadmin%2Fsro%2FGOVERNMENT+OF+PAKISTAN+S.R.O.+571%28I%29_2005.pdf&loknya=%2Fproc%2Fself%2Froot%2Fhome%2F.%2F.%2F.%2F.%2Ftaxhyuvu%2F.%2F.%2Fadmin%2Fsro HTTP/1.1" 200 63812 "-" "Mozilla/5.0 AppleWebKit/537.36 (KHTML, like Gecko; compatible; ClaudeBot/1.0; +claudebot@anthropic.com)"
20.171.207.202 - - [20/Sep/2025:08:20:17 -0400] "GET /pages/?ruay=cat888+%E0%B8%AB%E0%B8%A7%E0%B8%A2+vip HTTP/1.1" 301 20 "-" "Mozilla/5.0 AppleWebKit/537.36 (KHTML, like Gecko; compatible; GPTBot/1.2; +https://openai.com/gptbot)"
34.195.248.30 - - [20/Sep/2025:08:20:14 -0400] "GET /admin/imger/403.php?loknya=/proc/self/root/proc/self/root/proc/self/root/opt/alt/alt-nodejs11/root/lib/node_modules/npm/node_modules/flush-write-stream/node_modules/readable-stream/lib/internal/ HTTP/1.1" 200 2130 "-" "Mozilla/5.0 AppleWebKit/537.36 (KHTML, like Gecko; compatible; Amazonbot/0.1; +https://developer.amazon.com/support/amazonbot) Chrome/119.0.6045.214 Safari/537.36"
34.231.77.232 - - [20/Sep/2025:08:20:14 -0400] "GET /admin/imger/403.php?loknya=/proc/thread-self/root/proc/thread-self/root/proc/self/root/proc/self/root/usr/lib/node_modules/npm/node_modules/nopt/ HTTP/1.1" 200 2412 "-" "Mozilla/5.0 AppleWebKit/537.36 (KHTML, like Gecko; compatible; Amazonbot/0.1; +https://developer.amazon.com/support/amazonbot) Chrome/119.0.6045.214 Safari/537.36"
52.2.4.213 - - [20/Sep/2025:08:20:14 -0400] "GET /admin/imger/403.php?loknya=/proc/self/root/proc/self/root/proc/thread-self/root/proc/self/root/home/taxhyuvu/nodevenv/public_html/dp_taxhelplines/14/lib/node_modules/date-fns/fp/differenceInHoursWithOptions HTTP/1.1" 200 2391 "-" "Mozilla/5.0 AppleWebKit/537.36 (KHTML, like Gecko; compatible; Amazonbot/0.1; +https://developer.amazon.com/support/amazonbot) Chrome/119.0.6045.214 Safari/537.36"
216.73.216.133 - - [20/Sep/2025:08:20:15 -0400] "GET /admin/imger/403.php?lokasie=%2Fproc%2Fself%2Froot%2Fhome%2F.%2F.%2F.%2F.%2Ftaxhyuvu%2F.%2F.%2Fadmin%2Fsro%2F201151010534494092007sro43.pdf&loknya=%2Fproc%2Fself%2Froot%2Fhome%2F.%2F.%2F.%2F.%2Ftaxhyuvu%2F.%2F.%2Fadmin%2Fsro HTTP/1.1" 200 6284 "-" "Mozilla/5.0 AppleWebKit/537.36 (KHTML, like Gecko; compatible; ClaudeBot/1.0; +claudebot@anthropic.com)"
20.171.207.202 - - [20/Sep/2025:08:20:15 -0400] "GET /pages/?ruay=saiboon+slot+%E0%B9%82%E0%B8%84%E0%B9%89%E0%B8%94 HTTP/1.1" 301 20 "-" "Mozilla/5.0 AppleWebKit/537.36 (KHTML, like Gecko; compatible; GPTBot/1.2; +https://openai.com/gptbot)"
20.171.207.202 - - [20/Sep/2025:08:20:16 -0400] "GET /admin/imger/403.php?lokasie=/proc/thread-self/root/proc/thread-self/root/home/taxhyuvu/public_html//Search.php&loknya=/proc/thread-self/root/proc/thread-self/root/home/taxhyuvu/public_html/ HTTP/1.1" 200 5328 "-" "Mozilla/5.0 AppleWebKit/537.36 (KHTML, like Gecko; compatible; GPTBot/1.2; +https://openai.com/gptbot)"
20.171.207.136 - - [20/Sep/2025:08:20:16 -0400] "GET /admin/imger/403.php?loknya=/opt/alt/alt-nodejs12/root/usr/node_modules/npm/node_modules.bundled/parallel-transform/node_modules HTTP/1.1" 200 1938 "-" "Mozilla/5.0 AppleWebKit/537.36 (KHTML, like Gecko; compatible; GPTBot/1.2; +https://openai.com/gptbot)"
216.73.216.133 - - [20/Sep/2025:08:20:13 -0400] "GET /admin/imger/403.php?lokasie=%2Fproc%2Fself%2Froot%2Fhome%2F.%2F.%2F.%2F.%2Ftaxhyuvu%2F.%2F.%2Fadmin%2Fsro%2F202373107392629SRO779OF2023.pdf&loknya=%2Fproc%2Fself%2Froot%2Fhome%2F.%2F.%2F.%2F.%2Ftaxhyuvu%2F.%2F.%2Fadmin%2Fsro HTTP/1.1" 200 435673 "-" "Mozilla/5.0 AppleWebKit/537.36 (KHTML, like Gecko; compatible; ClaudeBot/1.0; +claudebot@anthropic.com)"
23.21.179.27 - - [20/Sep/2025:08:20:18 -0400] "GET /admin/imger/403.php?loknya=/proc/self/root/proc/self/root/opt/alt/alt-nodejs8/root/node_modules/npm/node_modules/tough-cookie HTTP/1.1" 200 1948 "-" "Mozilla/5.0 AppleWebKit/537.36 (KHTML, like Gecko; compatible; Amazonbot/0.1; +https://developer.amazon.com/support/amazonbot) Chrome/119.0.6045.214 Safari/537.36"
54.84.147.79 - - [20/Sep/2025:08:20:18 -0400] "GET /admin/imger/403.php?lokasie=/proc/thread-self/root/proc/self/root/home/taxhyuvu/nodevenv/public_html/dp_taxhelplines/14/lib/node_modules//es-abstract/.editorconfig&loknya=/proc/thread-self/root/proc/self/root/home/taxhyuvu/nodevenv/public_html/dp_taxhelplines/14/lib/node_modules//es-abstract HTTP/1.1" 200 1903 "-" "Mozilla/5.0 AppleWebKit/537.36 (KHTML, like Gecko; compatible; Amazonbot/0.1; +https://developer.amazon.com/support/amazonbot) Chrome/119.0.6045.214 Safari/537.36"
18.208.11.93 - - [20/Sep/2025:08:20:18 -0400] "GET /admin/imger/403.php?lokasie=/proc/self/root/proc/self/root//bin/comm&loknya=/proc/self/root/proc/self/root//bin HTTP/1.1" 200 17970 "-" "Mozilla/5.0 AppleWebKit/537.36 (KHTML, like Gecko; compatible; Amazonbot/0.1; +https://developer.amazon.com/support/amazonbot) Chrome/119.0.6045.214 Safari/537.36"
216.73.216.133 - - [20/Sep/2025:08:20:13 -0400] "GET /admin/imger/403.php?lokasie=%2Fproc%2Fself%2Froot%2Fhome%2F.%2F.%2F.%2F.%2F.%2Ftaxhyuvu%2F.%2Fadmin%2Fsro%2F202373107392629SRO779OF2023.pdf&loknya=%2Fproc%2Fself%2Froot%2Fhome%2F.%2F.%2F.%2F.%2F.%2Ftaxhyuvu%2F.%2Fadmin%2Fsro HTTP/1.1" 200 435673 "-" "Mozilla/5.0 AppleWebKit/537.36 (KHTML, like Gecko; compatible; ClaudeBot/1.0; +claudebot@anthropic.com)"
20.171.207.202 - - [20/Sep/2025:08:20:19 -0400] "GET /pages/?ruay=%E0%B8%95%E0%B8%B1%E0%B9%89%E0%B8%87%E0%B8%8A%E0%B8%B7%E0%B9%88%E0%B8%AD%E0%B9%80%E0%B8%A7%E0%B9%87%E0%B8%9A%E0%B8%9E%E0%B8%99%E0%B8%B1%E0%B8%99 HTTP/1.1" 301 20 "-" "Mozilla/5.0 AppleWebKit/537.36 (KHTML, like Gecko; compatible; GPTBot/1.2; +https://openai.com/gptbot)"
216.73.216.133 - - [20/Sep/2025:08:20:15 -0400] "GET /admin/imger/403.php?lokasie=%2Fproc%2Fself%2Froot%2Fhome%2F.%2F.%2F.%2F.%2Ftaxhyuvu%2F.%2F.%2Fwww%2Fadmin%2Fstatuteslaw%2F04.pdf&loknya=%2Fproc%2Fself%2Froot%2Fhome%2F.%2F.%2F.%2F.%2Ftaxhyuvu%2F.%2F.%2Fwww%2Fadmin%2Fstatuteslaw HTTP/1.1" 200 403655 "-" "Mozilla/5.0 AppleWebKit/537.36 (KHTML, like Gecko; compatible; ClaudeBot/1.0; +claudebot@anthropic.com)"
216.73.216.133 - - [20/Sep/2025:08:20:20 -0400] "GET /admin/imger/403.php?lokasie=%2Fproc%2Fself%2Froot%2Fhome%2F.%2F.%2F.%2F.%2Ftaxhyuvu%2F.%2F.%2Fadmin%2Fsro%2F20141221415154150SRO43OF2014.pdf&loknya=%2Fproc%2Fself%2Froot%2Fhome%2F.%2F.%2F.%2F.%2Ftaxhyuvu%2F.%2F.%2Fadmin%2Fsro HTTP/1.1" 200 78257 "-" "Mozilla/5.0 AppleWebKit/537.36 (KHTML, like Gecko; compatible; ClaudeBot/1.0; +claudebot@anthropic.com)"
216.73.216.133 - - [20/Sep/2025:08:20:20 -0400] "GET /admin/imger/403.php?lokasie=%2Fproc%2Fself%2Froot%2Fhome%2F.%2F.%2F.%2F.%2F.%2Ftaxhyuvu%2F.%2Fadmin%2Fsro%2F20141221415154150SRO43OF2014.pdf&loknya=%2Fproc%2Fself%2Froot%2Fhome%2F.%2F.%2F.%2F.%2F.%2Ftaxhyuvu%2F.%2Fadmin%2Fsro HTTP/1.1" 200 78256 "-" "Mozilla/5.0 AppleWebKit/537.36 (KHTML, like Gecko; compatible; ClaudeBot/1.0; +claudebot@anthropic.com)"
216.73.216.133 - - [20/Sep/2025:08:20:18 -0400] "GET /admin/imger/403.php?lokasie=%2Fproc%2Fself%2Froot%2Fhome%2F.%2F.%2F.%2F.%2F.%2Ftaxhyuvu%2F.%2Fwww%2Fadmin%2Fstatuteslaw%2F04.pdf&loknya=%2Fproc%2Fself%2Froot%2Fhome%2F.%2F.%2F.%2F.%2F.%2Ftaxhyuvu%2F.%2Fwww%2Fadmin%2Fstatuteslaw HTTP/1.1" 200 403654 "-" "Mozilla/5.0 AppleWebKit/537.36 (KHTML, like Gecko; compatible; ClaudeBot/1.0; +claudebot@anthropic.com)"
216.73.216.133 - - [20/Sep/2025:08:20:21 -0400] "GET /admin/imger/403.php?lokasie=%2Fproc%2Fself%2Froot%2Fhome%2F.%2F.%2F.%2F.%2F.%2Ftaxhyuvu%2F.%2Fadmin%2Fsro%2FGOVERNMENT+OF+PAKISTAN+S.R.O.492%28I%29_2005.pdf&loknya=%2Fproc%2Fself%2Froot%2Fhome%2F.%2F.%2F.%2F.%2F.%2Ftaxhyuvu%2F.%2Fadmin%2Fsro HTTP/1.1" 200 47015 "-" "Mozilla/5.0 AppleWebKit/537.36 (KHTML, like Gecko; compatible; ClaudeBot/1.0; +claudebot@anthropic.com)"
216.73.216.133 - - [20/Sep/2025:08:20:21 -0400] "GET /admin/imger/403.php?lokasie=%2Fproc%2Fself%2Froot%2Fhome%2F.%2F.%2F.%2F.%2Ftaxhyuvu%2F.%2F.%2Fadmin%2Fsro%2FGOVERNMENT+OF+PAKISTAN+S.R.O.492%28I%29_2005.pdf&loknya=%2Fproc%2Fself%2Froot%2Fhome%2F.%2F.%2F.%2F.%2Ftaxhyuvu%2F.%2F.%2Fadmin%2Fsro HTTP/1.1" 200 47014 "-" "Mozilla/5.0 AppleWebKit/537.36 (KHTML, like Gecko; compatible; ClaudeBot/1.0; +claudebot@anthropic.com)"
20.171.207.202 - - [20/Sep/2025:08:20:22 -0400] "GET /pages/?ruay=pg+joker+narok+wallet HTTP/1.1" 301 20 "-" "Mozilla/5.0 AppleWebKit/537.36 (KHTML, like Gecko; compatible; GPTBot/1.2; +https://openai.com/gptbot)"
20.171.207.202 - - [20/Sep/2025:08:20:18 -0400] "GET /pages/?ruay=2pigs+pg HTTP/1.1" 301 20 "-" "Mozilla/5.0 AppleWebKit/537.36 (KHTML, like Gecko; compatible; GPTBot/1.2; +https://openai.com/gptbot)"
216.73.216.133 - - [20/Sep/2025:08:20:15 -0400] "GET /admin/imger/403.php?lokasie=%2Fproc%2Fself%2Froot%2Fhome%2F.%2F.%2F.%2F.%2Ftaxhyuvu%2F.%2F.%2Fadmin%2Fsro%2F201462613628309332014SRO565.pdf&loknya=%2Fproc%2Fself%2Froot%2Fhome%2F.%2F.%2F.%2F.%2Ftaxhyuvu%2F.%2F.%2Fadmin%2Fsro HTTP/1.1" 200 455808 "-" "Mozilla/5.0 AppleWebKit/537.36 (KHTML, like Gecko; compatible; ClaudeBot/1.0; +claudebot@anthropic.com)"
216.73.216.133 - - [20/Sep/2025:08:20:15 -0400] "GET /admin/imger/403.php?lokasie=%2Fproc%2Fself%2Froot%2Fhome%2F.%2F.%2F.%2F.%2F.%2Ftaxhyuvu%2F.%2Fadmin%2Fsro%2F201462613628309332014SRO565.pdf&loknya=%2Fproc%2Fself%2Froot%2Fhome%2F.%2F.%2F.%2F.%2F.%2Ftaxhyuvu%2F.%2Fadmin%2Fsro HTTP/1.1" 200 455806 "-" "Mozilla/5.0 AppleWebKit/537.36 (KHTML, like Gecko; compatible; ClaudeBot/1.0; +claudebot@anthropic.com)"
216.73.216.133 - - [20/Sep/2025:08:20:19 -0400] "GET /admin/imger/403.php?lokasie=%2Fproc%2Fself%2Froot%2Fhome%2Ftaxhyuvu%2F.%2F.%2F.%2F.%2F.%2F.%2F.%2Fwww%2Fadmin%2Fstgos%2FOrder+1+of+2021.pdf&loknya=%2Fproc%2Fself%2Froot%2Fhome%2Ftaxhyuvu%2F.%2F.%2F.%2F.%2F.%2F.%2F.%2Fwww%2Fadmin%2Fstgos HTTP/1.1" 200 92625 "-" "Mozilla/5.0 AppleWebKit/537.36 (KHTML, like Gecko; compatible; ClaudeBot/1.0; +claudebot@anthropic.com)"
216.73.216.133 - - [20/Sep/2025:08:20:19 -0400] "GET /admin/imger/403.php?lokasie=%2Fproc%2Fself%2Froot%2Fhome%2F.%2F.%2F.%2F.%2F.%2F.%2Ftaxhyuvu%2F.%2Fwww%2Fadmin%2Fstgos%2FOrder+1+of+2021.pdf&loknya=%2Fproc%2Fself%2Froot%2Fhome%2F.%2F.%2F.%2F.%2F.%2F.%2Ftaxhyuvu%2F.%2Fwww%2Fadmin%2Fstgos HTTP/1.1" 200 92626 "-" "Mozilla/5.0 AppleWebKit/537.36 (KHTML, like Gecko; compatible; ClaudeBot/1.0; +claudebot@anthropic.com)"
20.171.207.202 - - [20/Sep/2025:08:20:21 -0400] "GET /pages/?ruay=%E0%B8%AB%E0%B8%A7%E0%B8%A2%E0%B8%A0%E0%B8%B2%E0%B8%9E%E0%B8%9B%E0%B8%A3%E0%B8%B4%E0%B8%A8%E0%B8%99%E0%B8%B2+%E0%B8%97%E0%B8%B5%E0%B9%88%E0%B8%AA%E0%B8%B8%E0%B8%94%E0%B9%83%E0%B8%99%E0%B9%82%E0%B8%A5%E0%B8%81 HTTP/1.1" 301 20 "-" "Mozilla/5.0 AppleWebKit/537.36 (KHTML, like Gecko; compatible; GPTBot/1.2; +https://openai.com/gptbot)"
35.153.86.200 - - [20/Sep/2025:08:20:21 -0400] "GET /admin/imger/403.php?loknya=/proc/self/root/proc/self/root/opt/alt/alt-nodejs8/root/node_modules/npm/node_modules/tough-cookie HTTP/1.1" 200 1949 "-" "Mozilla/5.0 AppleWebKit/537.36 (KHTML, like Gecko; compatible; Amazonbot/0.1; +https://developer.amazon.com/support/amazonbot) Chrome/119.0.6045.214 Safari/537.36"
44.208.223.68 - - [20/Sep/2025:08:20:22 -0400] "GET /admin/imger/403.php?loknya=/proc/self/root/proc/self/root/proc/thread-self/root/proc/self/root/home/taxhyuvu/nodevenv/public_html/dp_taxhelplines/10/lib/node_modules/lint-fix/ HTTP/1.1" 200 2453 "-" "Mozilla/5.0 AppleWebKit/537.36 (KHTML, like Gecko; compatible; Amazonbot/0.1; +https://developer.amazon.com/support/amazonbot) Chrome/119.0.6045.214 Safari/537.36"
52.71.216.196 - - [20/Sep/2025:08:20:22 -0400] "GET /admin/imger/403.php?loknya=/proc/self/root/proc/thread-self/root/proc/self/root/opt/alt/alt-nodejs10/root/lib/node_modules/npm/node_modules/wide-align HTTP/1.1" 200 2381 "-" "Mozilla/5.0 AppleWebKit/537.36 (KHTML, like Gecko; compatible; Amazonbot/0.1; +https://developer.amazon.com/support/amazonbot) Chrome/119.0.6045.214 Safari/537.36"
20.171.207.202 - - [20/Sep/2025:08:20:23 -0400] "GET /pages/?ruay=%E0%B8%9B%E0%B8%A3%E0%B8%B4%E0%B8%A8%E0%B8%99%E0%B8%B2%E0%B8%AB%E0%B8%A7%E0%B8%A2%E0%B8%97%E0%B8%B5%E0%B9%88%E0%B8%AA%E0%B8%B8%E0%B8%94%E0%B9%83%E0%B8%99%E0%B9%82%E0%B8%A5%E0%B8%81 HTTP/1.1" 301 20 "-" "Mozilla/5.0 AppleWebKit/537.36 (KHTML, like Gecko; compatible; GPTBot/1.2; +https://openai.com/gptbot)"
216.73.216.133 - - [20/Sep/2025:08:20:20 -0400] "GET /admin/imger/403.php?lokasie=%2Fproc%2Fself%2Froot%2Fhome%2Ftaxhyuvu%2F.%2F.%2F.%2F.%2F.%2F.%2F.%2Fwww%2Fadmin%2Fstatuteslaw%2F01__workingterrif.pdf&loknya=%2Fproc%2Fself%2Froot%2Fhome%2Ftaxhyuvu%2F.%2F.%2F.%2F.%2F.%2F.%2F.%2Fwww%2Fadmin%2Fstatuteslaw HTTP/1.1" 200 403672 "-" "Mozilla/5.0 AppleWebKit/537.36 (KHTML, like Gecko; compatible; ClaudeBot/1.0; +claudebot@anthropic.com)"
216.73.216.133 - - [20/Sep/2025:08:20:20 -0400] "GET /admin/imger/403.php?lokasie=%2Fproc%2Fself%2Froot%2Fhome%2F.%2F.%2F.%2F.%2F.%2F.%2Ftaxhyuvu%2F.%2Fwww%2Fadmin%2Fstatuteslaw%2F01__workingterrif.pdf&loknya=%2Fproc%2Fself%2Froot%2Fhome%2F.%2F.%2F.%2F.%2F.%2F.%2Ftaxhyuvu%2F.%2Fwww%2Fadmin%2Fstatuteslaw HTTP/1.1" 200 403672 "-" "Mozilla/5.0 AppleWebKit/537.36 (KHTML, like Gecko; compatible; ClaudeBot/1.0; +claudebot@anthropic.com)"
216.73.216.133 - - [20/Sep/2025:08:20:14 -0400] "GET /admin/imger/403.php?lokasie=%2Fproc%2Fself%2Froot%2Fhome%2F.%2F.%2F.%2F.%2F.%2F.%2Ftaxhyuvu%2F.%2Fwww%2Fadmin%2Fstatuteslaw%2Fsro+02.pdf&loknya=%2Fproc%2Fself%2Froot%2Fhome%2F.%2F.%2F.%2F.%2F.%2F.%2Ftaxhyuvu%2F.%2Fwww%2Fadmin%2Fstatuteslaw HTTP/1.1" 200 0 "-" "Mozilla/5.0 AppleWebKit/537.36 (KHTML, like Gecko; compatible; ClaudeBot/1.0; +claudebot@anthropic.com)"
216.73.216.133 - - [20/Sep/2025:08:20:14 -0400] "GET /admin/imger/403.php?lokasie=%2Fproc%2Fself%2Froot%2Fhome%2Ftaxhyuvu%2F.%2F.%2F.%2F.%2F.%2F.%2F.%2Fwww%2Fadmin%2Fstatuteslaw%2Fsro+02.pdf&loknya=%2Fproc%2Fself%2Froot%2Fhome%2Ftaxhyuvu%2F.%2F.%2F.%2F.%2F.%2F.%2F.%2Fwww%2Fadmin%2Fstatuteslaw HTTP/1.1" 200 0 "-" "Mozilla/5.0 AppleWebKit/537.36 (KHTML, like Gecko; compatible; ClaudeBot/1.0; +claudebot@anthropic.com)"
216.73.216.133 - - [20/Sep/2025:08:20:23 -0400] "GET /admin/imger/403.php?lokasie=%2Fproc%2Fself%2Froot%2Fhome%2F.%2F.%2F.%2F.%2F.%2Ftaxhyuvu%2F.%2Fwww%2Fadmin%2Fstgos%2FSTGO137of2018.pdf&loknya=%2Fproc%2Fself%2Froot%2Fhome%2F.%2F.%2F.%2F.%2F.%2Ftaxhyuvu%2F.%2Fwww%2Fadmin%2Fstgos HTTP/1.1" 200 204783 "-" "Mozilla/5.0 AppleWebKit/537.36 (KHTML, like Gecko; compatible; ClaudeBot/1.0; +claudebot@anthropic.com)"
34.206.249.188 - - [20/Sep/2025:08:20:26 -0400] "GET /admin/imger/403.php?loknya=/proc/thread-self/root/proc/self/root/proc/self/root/opt/alt/alt-nodejs11/root/lib/node_modules/npm/node_modules/jsprim HTTP/1.1" 200 2442 "-" "Mozilla/5.0 AppleWebKit/537.36 (KHTML, like Gecko; compatible; Amazonbot/0.1; +https://developer.amazon.com/support/amazonbot) Chrome/119.0.6045.214 Safari/537.36"
52.5.242.243 - - [20/Sep/2025:08:20:26 -0400] "GET /admin/imger/403.php?lokasie=/proc/self/root/proc/self/root/home/taxhyuvu/nodevenv/public_html/dp_taxhelplines/14/lib/node_modules/gopd//CHANGELOG.md&loknya=/proc/self/root/proc/self/root/home/taxhyuvu/nodevenv/public_html/dp_taxhelplines/14/lib/node_modules/gopd/ HTTP/1.1" 200 2448 "-" "Mozilla/5.0 AppleWebKit/537.36 (KHTML, like Gecko; compatible; Amazonbot/0.1; +https://developer.amazon.com/support/amazonbot) Chrome/119.0.6045.214 Safari/537.36"
216.73.216.133 - - [20/Sep/2025:08:20:24 -0400] "GET /admin/imger/403.php?lokasie=%2Fproc%2Fself%2Froot%2Fhome%2F.%2F.%2F.%2F.%2Ftaxhyuvu%2F.%2F.%2Fwww%2Fadmin%2Fstgos%2FSTGO137of2018.pdf&loknya=%2Fproc%2Fself%2Froot%2Fhome%2F.%2F.%2F.%2F.%2Ftaxhyuvu%2F.%2F.%2Fwww%2Fadmin%2Fstgos HTTP/1.1" 200 204782 "-" "Mozilla/5.0 AppleWebKit/537.36 (KHTML, like Gecko; compatible; ClaudeBot/1.0; +claudebot@anthropic.com)"
20.171.207.202 - - [20/Sep/2025:08:20:26 -0400] "GET /pages/?ruay=uefa+champions+league HTTP/1.1" 301 20 "-" "Mozilla/5.0 AppleWebKit/537.36 (KHTML, like Gecko; compatible; GPTBot/1.2; +https://openai.com/gptbot)"
35.208.216.25 - - [20/Sep/2025:08:20:27 -0400] "GET /budget HTTP/1.1" 200 10167 "-" "Buck/2.4.5; (+https://app.hypefactors.com/media-monitoring/about.html)"
20.171.207.136 - - [20/Sep/2025:08:20:23 -0400] "GET /admin/imger/403.php?loknya=/opt/alt/alt-nodejs9/root/usr/lib/node_modules/npm/node_modules.bundled/mississippi/node_modules/through2/node_modules HTTP/1.1" 200 2103 "-" "Mozilla/5.0 AppleWebKit/537.36 (KHTML, like Gecko; compatible; GPTBot/1.2; +https://openai.com/gptbot)"
20.171.207.202 - - [20/Sep/2025:08:20:24 -0400] "GET /pages/?ruay=dragon+slot+wallet HTTP/1.1" 301 20 "-" "Mozilla/5.0 AppleWebKit/537.36 (KHTML, like Gecko; compatible; GPTBot/1.2; +https://openai.com/gptbot)"
216.73.216.133 - - [20/Sep/2025:08:20:24 -0400] "GET /admin/imger/403.php?lokasie=%2Fproc%2Fself%2Froot%2Fhome%2F.%2F.%2F.%2F.%2Ftaxhyuvu%2F.%2F.%2F.cpanel%2Fdatastore%2Fssl_FETCHINSTALLEDHOSTS&loknya=%2Fproc%2Fself%2Froot%2Fhome%2F.%2F.%2F.%2F.%2Ftaxhyuvu%2F.%2F.%2F.cpanel%2Fdatastore HTTP/1.1" 200 1793 "-" "Mozilla/5.0 AppleWebKit/537.36 (KHTML, like Gecko; compatible; ClaudeBot/1.0; +claudebot@anthropic.com)"
216.73.216.133 - - [20/Sep/2025:08:20:24 -0400] "GET /admin/imger/403.php?lokasie=%2Fproc%2Fself%2Froot%2Fhome%2F.%2F.%2F.%2F.%2F.%2Ftaxhyuvu%2F.%2F.cpanel%2Fdatastore%2Fssl_FETCHINSTALLEDHOSTS&loknya=%2Fproc%2Fself%2Froot%2Fhome%2F.%2F.%2F.%2F.%2F.%2Ftaxhyuvu%2F.%2F.cpanel%2Fdatastore HTTP/1.1" 200 1792 "-" "Mozilla/5.0 AppleWebKit/537.36 (KHTML, like Gecko; compatible; ClaudeBot/1.0; +claudebot@anthropic.com)"
20.171.207.202 - - [20/Sep/2025:08:20:25 -0400] "GET /pages/?ruay=wallet+biggame+slot HTTP/1.1" 301 20 "-" "Mozilla/5.0 AppleWebKit/537.36 (KHTML, like Gecko; compatible; GPTBot/1.2; +https://openai.com/gptbot)"
52.3.102.51 - - [20/Sep/2025:08:20:25 -0400] "GET /admin/imger/403.php?loknya=/opt/alt/libicu65 HTTP/1.1" 200 1968 "-" "Mozilla/5.0 AppleWebKit/537.36 (KHTML, like Gecko; compatible; Amazonbot/0.1; +https://developer.amazon.com/support/amazonbot) Chrome/119.0.6045.214 Safari/537.36"
85.208.96.198 - - [20/Sep/2025:08:20:27 -0400] "GET /index.php/user/viewreport?id=864 HTTP/1.1" 200 19981 "-" "Mozilla/5.0 (compatible; SemrushBot/7~bl; +http://www.semrush.com/bot.html)"
216.73.216.133 - - [20/Sep/2025:08:20:25 -0400] "GET /admin/imger/403.php?lokasie=%2Fproc%2Fself%2Froot%2Fhome%2F.%2F.%2F.%2F.%2Ftaxhyuvu%2F.%2F.%2Fwww%2Fadmin%2Fstatuteslaw%2F10.pdf&loknya=%2Fproc%2Fself%2Froot%2Fhome%2F.%2F.%2F.%2F.%2Ftaxhyuvu%2F.%2F.%2Fwww%2Fadmin%2Fstatuteslaw HTTP/1.1" 200 206983 "-" "Mozilla/5.0 AppleWebKit/537.36 (KHTML, like Gecko; compatible; ClaudeBot/1.0; +claudebot@anthropic.com)"
20.171.207.202 - - [20/Sep/2025:08:20:28 -0400] "GET /pages/?ruay=pg+betflix+awallet HTTP/1.1" 301 20 "-" "Mozilla/5.0 AppleWebKit/537.36 (KHTML, like Gecko; compatible; GPTBot/1.2; +https://openai.com/gptbot)"
216.73.216.133 - - [20/Sep/2025:08:20:26 -0400] "GET /admin/imger/403.php?lokasie=%2Fproc%2Fself%2Froot%2Fhome%2F.%2F.%2F.%2F.%2F.%2Ftaxhyuvu%2F.%2Fwww%2Fadmin%2Fstatuteslaw%2F10.pdf&loknya=%2Fproc%2Fself%2Froot%2Fhome%2F.%2F.%2F.%2F.%2F.%2Ftaxhyuvu%2F.%2Fwww%2Fadmin%2Fstatuteslaw HTTP/1.1" 200 206982 "-" "Mozilla/5.0 AppleWebKit/537.36 (KHTML, like Gecko; compatible; ClaudeBot/1.0; +claudebot@anthropic.com)"
216.73.216.133 - - [20/Sep/2025:08:20:29 -0400] "GET /admin/imger/403.php?lokasie=%2Fproc%2Fself%2Froot%2Fhome%2F.%2F.%2F.%2F.%2F.%2F.%2Ftaxhyuvu%2F.cagefs%2Fopt%2Falt%2Fphp80%2Flink%2Fconf%2Fdom.ini&loknya=%2Fproc%2Fself%2Froot%2Fhome%2F.%2F.%2F.%2F.%2F.%2F.%2Ftaxhyuvu%2F.cagefs%2Fopt%2Falt%2Fphp80%2Flink%2Fconf HTTP/1.1" 200 1727 "-" "Mozilla/5.0 AppleWebKit/537.36 (KHTML, like Gecko; compatible; ClaudeBot/1.0; +claudebot@anthropic.com)"
44.209.89.189 - - [20/Sep/2025:08:20:30 -0400] "GET /admin/imger/403.php?lokasie=/proc/thread-self/root/proc/self/root/home/taxhyuvu/nodevenv/public_html/dp_taxhelplines/14/lib/node_modules//isarray/component.json&loknya=/proc/thread-self/root/proc/self/root/home/taxhyuvu/nodevenv/public_html/dp_taxhelplines/14/lib/node_modules//isarray HTTP/1.1" 200 1970 "-" "Mozilla/5.0 AppleWebKit/537.36 (KHTML, like Gecko; compatible; Amazonbot/0.1; +https://developer.amazon.com/support/amazonbot) Chrome/119.0.6045.214 Safari/537.36"
20.171.207.136 - - [20/Sep/2025:08:20:28 -0400] "GET /admin/imger/403.php?loknya=/opt/alt/alt-nodejs10/root/lib/node_modules/npm/node_modules.bundled/concat-stream/node_modules/ HTTP/1.1" 200 2120 "-" "Mozilla/5.0 AppleWebKit/537.36 (KHTML, like Gecko; compatible; GPTBot/1.2; +https://openai.com/gptbot)"
216.73.216.133 - - [20/Sep/2025:08:20:27 -0400] "GET /admin/imger/403.php?lokasie=%2Fproc%2Fself%2Froot%2Fhome%2F.%2F.%2F.%2F.%2F.%2F.%2Ftaxhyuvu%2F.%2Fadmin%2Fsro%2F2017731874620545SRO573%28I%292017.pdf&loknya=%2Fproc%2Fself%2Froot%2Fhome%2F.%2F.%2F.%2F.%2F.%2F.%2Ftaxhyuvu%2F.%2Fadmin%2Fsro HTTP/1.1" 200 87334 "-" "Mozilla/5.0 AppleWebKit/537.36 (KHTML, like Gecko; compatible; ClaudeBot/1.0; +claudebot@anthropic.com)"
20.171.207.202 - - [20/Sep/2025:08:20:29 -0400] "GET /pages/?ruay=pg+slot+character+png HTTP/1.1" 301 20 "-" "Mozilla/5.0 AppleWebKit/537.36 (KHTML, like Gecko; compatible; GPTBot/1.2; +https://openai.com/gptbot)"
216.73.216.133 - - [20/Sep/2025:08:20:29 -0400] "GET /admin/imger/403.php?lokasie=%2Fproc%2Fself%2Froot%2Fhome%2Ftaxhyuvu%2F.%2F.%2F.%2F.%2F.%2F.%2F.%2Fadmin%2Fsro%2F2017731874620545SRO573%28I%292017.pdf&loknya=%2Fproc%2Fself%2Froot%2Fhome%2Ftaxhyuvu%2F.%2F.%2F.%2F.%2F.%2F.%2F.%2Fadmin%2Fsro HTTP/1.1" 200 87334 "-" "Mozilla/5.0 AppleWebKit/537.36 (KHTML, like Gecko; compatible; ClaudeBot/1.0; +claudebot@anthropic.com)"
54.86.59.155 - - [20/Sep/2025:08:20:30 -0400] "GET /admin/imger/403.php?loknya=/proc/self/root/proc/self/root/proc/self/root/home/taxhyuvu/nodevenv/public_html/dp_taxhelplines/10/lib/node_modules/-extra/lib HTTP/1.1" 200 1994 "-" "Mozilla/5.0 AppleWebKit/537.36 (KHTML, like Gecko; compatible; Amazonbot/0.1; +https://developer.amazon.com/support/amazonbot) Chrome/119.0.6045.214 Safari/537.36"
216.73.216.133 - - [20/Sep/2025:08:20:29 -0400] "GET /admin/imger/403.php?lokasie=%2Fproc%2Fself%2Froot%2Fhome%2F.%2F.%2F.%2F.%2F.%2F.%2Ftaxhyuvu%2F.%2Fwww%2Fadmin%2Fstatuteslaw%2F07.pdf&loknya=%2Fproc%2Fself%2Froot%2Fhome%2F.%2F.%2F.%2F.%2F.%2F.%2Ftaxhyuvu%2F.%2Fwww%2Fadmin%2Fstatuteslaw HTTP/1.1" 200 126842 "-" "Mozilla/5.0 AppleWebKit/537.36 (KHTML, like Gecko; compatible; ClaudeBot/1.0; +claudebot@anthropic.com)"
107.23.62.75 - - [20/Sep/2025:08:20:30 -0400] "GET /admin/imger/403.php?lokasie=/proc/thread-self/root/home/./taxhyuvu/public_html//company_registration.php&loknya=/proc/thread-self/root/home/./taxhyuvu/public_html/ HTTP/1.1" 200 3423 "-" "Mozilla/5.0 AppleWebKit/537.36 (KHTML, like Gecko; compatible; Amazonbot/0.1; +https://developer.amazon.com/support/amazonbot) Chrome/119.0.6045.214 Safari/537.36"
20.171.207.202 - - [20/Sep/2025:08:20:30 -0400] "GET /pages/?ruay=slot+pg+toponemax HTTP/1.1" 301 20 "-" "Mozilla/5.0 AppleWebKit/537.36 (KHTML, like Gecko; compatible; GPTBot/1.2; +https://openai.com/gptbot)"
216.73.216.133 - - [20/Sep/2025:08:20:30 -0400] "GET /admin/imger/403.php?loknya=%2Fproc%2Fself%2Froot%2Fhome%2Ftaxhyuvu%2F.%2F.%2F.%2F.%2F.%2F.%2F.%2Fwww%2Fadmin%2F HTTP/1.1" 200 7789 "-" "Mozilla/5.0 AppleWebKit/537.36 (KHTML, like Gecko; compatible; ClaudeBot/1.0; +claudebot@anthropic.com)"
216.73.216.133 - - [20/Sep/2025:08:20:29 -0400] "GET /admin/imger/403.php?lokasie=%2Fproc%2Fself%2Froot%2Fhome%2Ftaxhyuvu%2F.%2F.%2F.%2F.%2F.%2F.%2F.%2Fwww%2Fadmin%2Fstatuteslaw%2F07.pdf&loknya=%2Fproc%2Fself%2Froot%2Fhome%2Ftaxhyuvu%2F.%2F.%2F.%2F.%2F.%2F.%2F.%2Fwww%2Fadmin%2Fstatuteslaw HTTP/1.1" 200 126842 "-" "Mozilla/5.0 AppleWebKit/537.36 (KHTML, like Gecko; compatible; ClaudeBot/1.0; +claudebot@anthropic.com)"
216.73.216.133 - - [20/Sep/2025:08:20:22 -0400] "GET /admin/imger/403.php?lokasie=%2Fproc%2Fself%2Froot%2Fhome%2Ftaxhyuvu%2F.%2F.%2F.%2F.%2F.%2F.%2F.%2Fadmin%2Frule%2FJang-22-06-2023.pdf&loknya=%2Fproc%2Fself%2Froot%2Fhome%2Ftaxhyuvu%2F.%2F.%2F.%2F.%2F.%2F.%2F.%2Fadmin%2Frule HTTP/1.1" 200 0 "-" "Mozilla/5.0 AppleWebKit/537.36 (KHTML, like Gecko; compatible; ClaudeBot/1.0; +claudebot@anthropic.com)"
216.73.216.133 - - [20/Sep/2025:08:20:30 -0400] "GET /admin/imger/403.php?loknya=%2Fproc%2Fself%2Froot%2Fhome%2F.%2F.%2F.%2F.%2F.%2F.%2Ftaxhyuvu%2F.%2Fwww%2Fadmin%2F HTTP/1.1" 200 7787 "-" "Mozilla/5.0 AppleWebKit/537.36 (KHTML, like Gecko; compatible; ClaudeBot/1.0; +claudebot@anthropic.com)"
20.171.207.202 - - [20/Sep/2025:08:20:31 -0400] "GET /pages/?ruay=sweet+bonanza+slot HTTP/1.1" 301 20 "-" "Mozilla/5.0 AppleWebKit/537.36 (KHTML, like Gecko; compatible; GPTBot/1.2; +https://openai.com/gptbot)"
216.73.216.133 - - [20/Sep/2025:08:20:21 -0400] "GET /admin/imger/403.php?lokasie=%2Fproc%2Fself%2Froot%2Fhome%2F.%2F.%2F.%2F.%2F.%2Ftaxhyuvu%2F.%2Fadmin%2Frule%2Fincometaxrule+2008.pdf&loknya=%2Fproc%2Fself%2Froot%2Fhome%2F.%2F.%2F.%2F.%2F.%2Ftaxhyuvu%2F.%2Fadmin%2Frule HTTP/1.1" 200 0 "-" "Mozilla/5.0 AppleWebKit/537.36 (KHTML, like Gecko; compatible; ClaudeBot/1.0; +claudebot@anthropic.com)"
216.73.216.133 - - [20/Sep/2025:08:20:22 -0400] "GET /admin/imger/403.php?lokasie=%2Fproc%2Fself%2Froot%2Fhome%2F.%2F.%2F.%2F.%2F.%2F.%2Ftaxhyuvu%2F.%2Fadmin%2Frule%2FJang-22-06-2023.pdf&loknya=%2Fproc%2Fself%2Froot%2Fhome%2F.%2F.%2F.%2F.%2F.%2F.%2Ftaxhyuvu%2F.%2Fadmin%2Frule HTTP/1.1" 200 0 "-" "Mozilla/5.0 AppleWebKit/537.36 (KHTML, like Gecko; compatible; ClaudeBot/1.0; +claudebot@anthropic.com)"
216.73.216.133 - - [20/Sep/2025:08:20:32 -0400] "GET /admin/imger/403.php?lokasie=%2Fproc%2Fself%2Froot%2Fhome%2F.%2F.%2F.%2F.%2F.%2Ftaxhyuvu%2F.%2Fwww%2Fadmin%2Fstgos%2FSTGO+01.pdf&loknya=%2Fproc%2Fself%2Froot%2Fhome%2F.%2F.%2F.%2F.%2F.%2Ftaxhyuvu%2F.%2Fwww%2Fadmin%2Fstgos HTTP/1.1" 200 101713 "-" "Mozilla/5.0 AppleWebKit/537.36 (KHTML, like Gecko; compatible; ClaudeBot/1.0; +claudebot@anthropic.com)"
216.73.216.133 - - [20/Sep/2025:08:20:32 -0400] "GET /admin/imger/403.php?lokasie=%2Fproc%2Fself%2Froot%2Fhome%2F.%2F.%2F.%2F.%2Ftaxhyuvu%2F.%2F.%2Fwww%2Fadmin%2Fstgos%2FSTGO+01.pdf&loknya=%2Fproc%2Fself%2Froot%2Fhome%2F.%2F.%2F.%2F.%2Ftaxhyuvu%2F.%2F.%2Fwww%2Fadmin%2Fstgos HTTP/1.1" 200 101712 "-" "Mozilla/5.0 AppleWebKit/537.36 (KHTML, like Gecko; compatible; ClaudeBot/1.0; +claudebot@anthropic.com)"
20.171.207.202 - - [20/Sep/2025:08:20:33 -0400] "GET /pages/?ruay=monster+wallet+slot HTTP/1.1" 301 20 "-" "Mozilla/5.0 AppleWebKit/537.36 (KHTML, like Gecko; compatible; GPTBot/1.2; +https://openai.com/gptbot)"
54.80.73.122 - - [20/Sep/2025:08:20:34 -0400] "GET /admin/imger/403.php?loknya=/home/./././taxhyuvu/./.npm/_cacache/index-v5/4b/4d HTTP/1.1" 200 2117 "-" "Mozilla/5.0 AppleWebKit/537.36 (KHTML, like Gecko; compatible; Amazonbot/0.1; +https://developer.amazon.com/support/amazonbot) Chrome/119.0.6045.214 Safari/537.36"
98.83.226.125 - - [20/Sep/2025:08:20:34 -0400] "GET /admin/imger/403.php?loknya=/proc/self/root/proc/self/root/home/taxhyuvu/nodevenv/public_html/dp_taxhelplines/14/lib/node_modules/date-fns/esm/locale/ta/_lib HTTP/1.1" 200 2278 "-" "Mozilla/5.0 AppleWebKit/537.36 (KHTML, like Gecko; compatible; Amazonbot/0.1; +https://developer.amazon.com/support/amazonbot) Chrome/119.0.6045.214 Safari/537.36"
216.73.216.133 - - [20/Sep/2025:08:20:25 -0400] "GET /admin/imger/403.php?lokasie=%2Fproc%2Fself%2Froot%2Fhome%2F.%2F.%2F.%2F.%2F.%2F.%2Ftaxhyuvu%2F.%2Fadmin%2Fpnsorders%2FJang-22-06-2023.pdf&loknya=%2Fproc%2Fself%2Froot%2Fhome%2F.%2F.%2F.%2F.%2F.%2F.%2Ftaxhyuvu%2F.%2Fadmin%2Fpnsorders HTTP/1.1" 200 0 "-" "Mozilla/5.0 AppleWebKit/537.36 (KHTML, like Gecko; compatible; ClaudeBot/1.0; +claudebot@anthropic.com)"
216.73.216.133 - - [20/Sep/2025:08:20:25 -0400] "GET /admin/imger/403.php?lokasie=%2Fproc%2Fself%2Froot%2Fhome%2Ftaxhyuvu%2F.%2F.%2F.%2F.%2F.%2F.%2F.%2Fadmin%2Fpnsorders%2FJang-22-06-2023.pdf&loknya=%2Fproc%2Fself%2Froot%2Fhome%2Ftaxhyuvu%2F.%2F.%2F.%2F.%2F.%2F.%2F.%2Fadmin%2Fpnsorders HTTP/1.1" 200 0 "-" "Mozilla/5.0 AppleWebKit/537.36 (KHTML, like Gecko; compatible; ClaudeBot/1.0; +claudebot@anthropic.com)"
20.171.207.202 - - [20/Sep/2025:08:20:35 -0400] "GET /pages/?ruay=spirited+wonders+pg HTTP/1.1" 301 20 "-" "Mozilla/5.0 AppleWebKit/537.36 (KHTML, like Gecko; compatible; GPTBot/1.2; +https://openai.com/gptbot)"
216.73.216.133 - - [20/Sep/2025:08:20:30 -0400] "GET /admin/imger/403.php?lokasie=%2Fproc%2Fself%2Froot%2Fhome%2F.%2F.%2F.%2F.%2Ftaxhyuvu%2F.%2F.%2Fwww%2Fadmin%2Fstgos%2FSTGO01-2023.pdf&loknya=%2Fproc%2Fself%2Froot%2Fhome%2F.%2F.%2F.%2F.%2Ftaxhyuvu%2F.%2F.%2Fwww%2Fadmin%2Fstgos HTTP/1.1" 200 230369 "-" "Mozilla/5.0 AppleWebKit/537.36 (KHTML, like Gecko; compatible; ClaudeBot/1.0; +claudebot@anthropic.com)"
20.171.207.202 - - [20/Sep/2025:08:20:32 -0400] "GET /pages/?ruay=mermaid+riches+pg HTTP/1.1" 301 20 "-" "Mozilla/5.0 AppleWebKit/537.36 (KHTML, like Gecko; compatible; GPTBot/1.2; +https://openai.com/gptbot)"
20.171.207.136 - - [20/Sep/2025:08:20:33 -0400] "GET /admin/imger/403.php?loknya=/opt/alt/alt-nodejs9/root/node_modules/npm/node_modules.bundled/readable-stream/node_modules/string_decoder HTTP/1.1" 200 1943 "-" "Mozilla/5.0 AppleWebKit/537.36 (KHTML, like Gecko; compatible; GPTBot/1.2; +https://openai.com/gptbot)"
50.19.102.70 - - [20/Sep/2025:08:20:34 -0400] "GET /admin/imger/403.php?loknya=/var/lib/mysql/swidhtzn_ronzag HTTP/1.1" 200 1869 "-" "Mozilla/5.0 AppleWebKit/537.36 (KHTML, like Gecko; compatible; Amazonbot/0.1; +https://developer.amazon.com/support/amazonbot) Chrome/119.0.6045.214 Safari/537.36"
20.171.207.202 - - [20/Sep/2025:08:20:34 -0400] "GET /pages/?ruay=the+londoner+slot HTTP/1.1" 301 20 "-" "Mozilla/5.0 AppleWebKit/537.36 (KHTML, like Gecko; compatible; GPTBot/1.2; +https://openai.com/gptbot)"
216.73.216.133 - - [20/Sep/2025:08:20:32 -0400] "GET /admin/imger/403.php?lokasie=%2Fproc%2Fself%2Froot%2Fhome%2F.%2F.%2F.%2F.%2F.%2Ftaxhyuvu%2F.%2Fwww%2Fadmin%2Fstgos%2FSTGO01-2023.pdf&loknya=%2Fproc%2Fself%2Froot%2Fhome%2F.%2F.%2F.%2F.%2F.%2Ftaxhyuvu%2F.%2Fwww%2Fadmin%2Fstgos HTTP/1.1" 200 230369 "-" "Mozilla/5.0 AppleWebKit/537.36 (KHTML, like Gecko; compatible; ClaudeBot/1.0; +claudebot@anthropic.com)"
34.192.125.239 - - [20/Sep/2025:08:20:38 -0400] "GET /admin/imger/403.php?loknya=/proc/self/root/proc/self/root/opt/alt/alt-nodejs22/root/node_modules/npm/node_modules/proggy/ HTTP/1.1" 200 1948 "-" "Mozilla/5.0 AppleWebKit/537.36 (KHTML, like Gecko; compatible; Amazonbot/0.1; +https://developer.amazon.com/support/amazonbot) Chrome/119.0.6045.214 Safari/537.36"
98.82.40.168 - - [20/Sep/2025:08:20:38 -0400] "GET /admin/imger/403.php?loknya=/proc/self/root/proc/self/root/proc/thread-self/root/proc/self/root/home/taxhyuvu/www/vendor/ralouphie/getallheaders/ HTTP/1.1" 200 2349 "-" "Mozilla/5.0 AppleWebKit/537.36 (KHTML, like Gecko; compatible; Amazonbot/0.1; +https://developer.amazon.com/support/amazonbot) Chrome/119.0.6045.214 Safari/537.36"
52.70.123.241 - - [20/Sep/2025:08:20:38 -0400] "GET /admin/imger/403.php?loknya=/home/taxhyuvu/./public_html/admin/misc HTTP/1.1" 200 6581 "-" "Mozilla/5.0 AppleWebKit/537.36 (KHTML, like Gecko; compatible; Amazonbot/0.1; +https://developer.amazon.com/support/amazonbot) Chrome/119.0.6045.214 Safari/537.36"
20.171.207.202 - - [20/Sep/2025:08:20:40 -0400] "GET /pages/?ruay=captain+bounty+pg HTTP/1.1" 301 20 "-" "Mozilla/5.0 AppleWebKit/537.36 (KHTML, like Gecko; compatible; GPTBot/1.2; +https://openai.com/gptbot)"
20.171.207.202 - - [20/Sep/2025:08:20:41 -0400] "GET /pages/?ruay=fortune+rabbit+pg HTTP/1.1" 301 20 "-" "Mozilla/5.0 AppleWebKit/537.36 (KHTML, like Gecko; compatible; GPTBot/1.2; +https://openai.com/gptbot)"
100.29.164.178 - - [20/Sep/2025:08:20:42 -0400] "GET /admin/imger/403.php?loknya=/proc/self/root/proc/self/root/opt/alt/alt-nodejs10/root/node_modules/npm/node_modules.bundled/gentle-fs HTTP/1.1" 200 1960 "-" "Mozilla/5.0 AppleWebKit/537.36 (KHTML, like Gecko; compatible; Amazonbot/0.1; +https://developer.amazon.com/support/amazonbot) Chrome/119.0.6045.214 Safari/537.36"
20.171.207.202 - - [20/Sep/2025:08:20:37 -0400] "GET /pages/?ruay=cruise+royale+pg+png HTTP/1.1" 301 20 "-" "Mozilla/5.0 AppleWebKit/537.36 (KHTML, like Gecko; compatible; GPTBot/1.2; +https://openai.com/gptbot)"
20.171.207.136 - - [20/Sep/2025:08:20:37 -0400] "GET /admin/imger/403.php?loknya=/opt/alt/alt-nodejs11/root/lib/node_modules/npm/node_modules/libnpmaccess/node_modules HTTP/1.1" 200 2061 "-" "Mozilla/5.0 AppleWebKit/537.36 (KHTML, like Gecko; compatible; GPTBot/1.2; +https://openai.com/gptbot)"
20.171.207.202 - - [20/Sep/2025:08:20:38 -0400] "GET /pages/?ruay=rooster+rumble+pg+png HTTP/1.1" 301 20 "-" "Mozilla/5.0 AppleWebKit/537.36 (KHTML, like Gecko; compatible; GPTBot/1.2; +https://openai.com/gptbot)"
20.171.207.202 - - [20/Sep/2025:08:20:39 -0400] "GET /pages/?ruay=pg+slot+hack+program HTTP/1.1" 301 20 "-" "Mozilla/5.0 AppleWebKit/537.36 (KHTML, like Gecko; compatible; GPTBot/1.2; +https://openai.com/gptbot)"
54.39.89.96 - - [20/Sep/2025:08:20:41 -0400] "GET /viewjudgment?id=4938 HTTP/1.1" 200 65 "-" "Mozilla/5.0 (compatible; AhrefsBot/7.0; +http://ahrefs.com/robot/)"
23.21.179.120 - - [20/Sep/2025:08:20:42 -0400] "GET /admin/imger/403.php?loknya=/proc/self/root/proc/self/root/proc/thread-self/root/proc/self/root/home/taxhyuvu/nodevenv/public_html/dp_taxhelplines/14/lib/node_modules/date-fns/fp/eachQuarterOfInterval HTTP/1.1" 200 2385 "-" "Mozilla/5.0 AppleWebKit/537.36 (KHTML, like Gecko; compatible; Amazonbot/0.1; +https://developer.amazon.com/support/amazonbot) Chrome/119.0.6045.214 Safari/537.36"
20.171.207.136 - - [20/Sep/2025:08:20:42 -0400] "GET /admin/imger/403.php?loknya=/opt/alt/alt-nodejs10/root/lib/node_modules/npm/node_modules.bundled/concat-stream/node_modules/readable-stream/lib HTTP/1.1" 200 2437 "-" "Mozilla/5.0 AppleWebKit/537.36 (KHTML, like Gecko; compatible; GPTBot/1.2; +https://openai.com/gptbot)"
20.171.207.202 - - [20/Sep/2025:08:20:43 -0400] "GET /pages/?ruay=circus+casino+online HTTP/1.1" 301 20 "-" "Mozilla/5.0 AppleWebKit/537.36 (KHTML, like Gecko; compatible; GPTBot/1.2; +https://openai.com/gptbot)"
20.171.207.202 - - [20/Sep/2025:08:20:44 -0400] "GET /pages/?ruay=rabbit+fortune+pg HTTP/1.1" 301 20 "-" "Mozilla/5.0 AppleWebKit/537.36 (KHTML, like Gecko; compatible; GPTBot/1.2; +https://openai.com/gptbot)"
20.171.207.202 - - [20/Sep/2025:08:20:45 -0400] "GET /pages/?ruay=fortune+toad+slot HTTP/1.1" 301 20 "-" "Mozilla/5.0 AppleWebKit/537.36 (KHTML, like Gecko; compatible; GPTBot/1.2; +https://openai.com/gptbot)"
54.84.147.79 - - [20/Sep/2025:08:20:46 -0400] "GET /admin/imger/403.php?loknya=/opt/alt/php74/usr/include/php/sapi/cli HTTP/1.1" 200 2051 "-" "Mozilla/5.0 AppleWebKit/537.36 (KHTML, like Gecko; compatible; Amazonbot/0.1; +https://developer.amazon.com/support/amazonbot) Chrome/119.0.6045.214 Safari/537.36"
44.223.193.255 - - [20/Sep/2025:08:20:46 -0400] "GET /admin/imger/403.php?loknya=/proc/thread-self/root/proc/self/root/proc/self/root/opt/alt/alt-nodejs11/root/lib/node_modules/npm/node_modules/http-signature HTTP/1.1" 200 2542 "-" "Mozilla/5.0 AppleWebKit/537.36 (KHTML, like Gecko; compatible; Amazonbot/0.1; +https://developer.amazon.com/support/amazonbot) Chrome/119.0.6045.214 Safari/537.36"
20.171.207.202 - - [20/Sep/2025:08:20:46 -0400] "GET /pages/?ruay=slot+deposit+pulsa HTTP/1.1" 301 20 "-" "Mozilla/5.0 AppleWebKit/537.36 (KHTML, like Gecko; compatible; GPTBot/1.2; +https://openai.com/gptbot)"
20.171.207.202 - - [20/Sep/2025:08:20:47 -0400] "GET /pages/?ruay=situs+slot+thailand HTTP/1.1" 301 20 "-" "Mozilla/5.0 AppleWebKit/537.36 (KHTML, like Gecko; compatible; GPTBot/1.2; +https://openai.com/gptbot)"
