20.171.207.136 - - [20/Sep/2025:08:25:45 -0400] "GET /admin/imger/403.php?loknya=/proc/self/root/opt/alt/alt-nodejs9/root/lib/node_modules/npm/node_modules/mississippi/node_modules/duplexify/node_modules HTTP/1.1" 200 2153 "-" "Mozilla/5.0 AppleWebKit/537.36 (KHTML, like Gecko; compatible; GPTBot/1.2; +https://openai.com/gptbot)"
216.73.216.133 - - [20/Sep/2025:08:25:45 -0400] "GET /admin/imger/403.php?lokasie=%2Fproc%2Fself%2Froot%2Fhome%2F.%2F.%2F.%2F.%2Ftaxhyuvu%2F.%2F.%2Fadmin%2Fsro%2F20178181185421516CustomsSRONo.822%28I%29-2017.pdf&loknya=%2Fproc%2Fself%2Froot%2Fhome%2F.%2F.%2F.%2F.%2Ftaxhyuvu%2F.%2F.%2Fadmin%2Fsro HTTP/1.1" 200 80931 "-" "Mozilla/5.0 AppleWebKit/537.36 (KHTML, like Gecko; compatible; ClaudeBot/1.0; +claudebot@anthropic.com)"
216.73.216.133 - - [20/Sep/2025:08:25:43 -0400] "GET /admin/imger/403.php?lokasie=%2Fproc%2Fself%2Froot%2Fhome%2Ftaxhyuvu%2F.%2F.%2F.%2F.%2F.%2F.%2F.%2Fwww%2Fadmin%2Fstgos%2F201810510102331794STGO167of2018.pdf&loknya=%2Fproc%2Fself%2Froot%2Fhome%2Ftaxhyuvu%2F.%2F.%2F.%2F.%2F.%2F.%2F.%2Fwww%2Fadmin%2Fstgos HTTP/1.1" 200 226361 "-" "Mozilla/5.0 AppleWebKit/537.36 (KHTML, like Gecko; compatible; ClaudeBot/1.0; +claudebot@anthropic.com)"
52.73.142.41 - - [20/Sep/2025:08:25:45 -0400] "GET /admin/imger/403.php?loknya=/proc/self/root/proc/self/root/proc/thread-self/root/proc/self/root/usr/lib/firmware/nvidia/tu116/ HTTP/1.1" 200 2184 "-" "Mozilla/5.0 AppleWebKit/537.36 (KHTML, like Gecko; compatible; Amazonbot/0.1; +https://developer.amazon.com/support/amazonbot) Chrome/119.0.6045.214 Safari/537.36"
216.73.216.133 - - [20/Sep/2025:08:25:43 -0400] "GET /admin/imger/403.php?lokasie=%2Fproc%2Fself%2Froot%2Fhome%2F.%2F.%2F.%2F.%2Ftaxhyuvu%2F.%2F.%2Fwww%2Fadmin%2Fstgos%2F20182231522041726STGO46of2018.pdf&loknya=%2Fproc%2Fself%2Froot%2Fhome%2F.%2F.%2F.%2F.%2Ftaxhyuvu%2F.%2F.%2Fwww%2Fadmin%2Fstgos HTTP/1.1" 200 251900 "-" "Mozilla/5.0 AppleWebKit/537.36 (KHTML, like Gecko; compatible; ClaudeBot/1.0; +claudebot@anthropic.com)"
20.171.207.202 - - [20/Sep/2025:08:25:46 -0400] "GET /pages/?ruay=dragon+888+slot HTTP/1.1" 301 20 "-" "Mozilla/5.0 AppleWebKit/537.36 (KHTML, like Gecko; compatible; GPTBot/1.2; +https://openai.com/gptbot)"
52.70.138.176 - - [20/Sep/2025:08:25:46 -0400] "GET /admin/imger/403.php?loknya=/home/././taxhyuvu/././.npm/_cacache/index-v5/4c/23 HTTP/1.1" 200 2121 "-" "Mozilla/5.0 AppleWebKit/537.36 (KHTML, like Gecko; compatible; Amazonbot/0.1; +https://developer.amazon.com/support/amazonbot) Chrome/119.0.6045.214 Safari/537.36"
20.171.207.136 - - [20/Sep/2025:08:25:46 -0400] "GET /admin/imger/403.php?loknya=/proc/self/root/proc/thread-self/root/opt/cloudlinux/venv/lib/python3.11/site-packages/pylint/config/__pycache__ HTTP/1.1" 200 2934 "-" "Mozilla/5.0 AppleWebKit/537.36 (KHTML, like Gecko; compatible; GPTBot/1.2; +https://openai.com/gptbot)"
20.171.207.202 - - [20/Sep/2025:08:25:47 -0400] "GET /pages/?ruay=kerry899+plus HTTP/1.1" 301 20 "-" "Mozilla/5.0 AppleWebKit/537.36 (KHTML, like Gecko; compatible; GPTBot/1.2; +https://openai.com/gptbot)"
216.73.216.133 - - [20/Sep/2025:08:25:45 -0400] "GET /admin/imger/403.php?lokasie=%2Fproc%2Fself%2Froot%2Fhome%2F.%2F.%2F.%2F.%2F.%2F.%2Ftaxhyuvu%2F.%2Fwww%2Fadmin%2Fstgos%2F2018281524221167STGO33of2018.pdf&loknya=%2Fproc%2Fself%2Froot%2Fhome%2F.%2F.%2F.%2F.%2F.%2F.%2Ftaxhyuvu%2F.%2Fwww%2Fadmin%2Fstgos HTTP/1.1" 200 293156 "-" "Mozilla/5.0 AppleWebKit/537.36 (KHTML, like Gecko; compatible; ClaudeBot/1.0; +claudebot@anthropic.com)"
216.73.216.133 - - [20/Sep/2025:08:25:46 -0400] "GET /admin/imger/403.php?lokasie=%2Fproc%2Fself%2Froot%2Fhome%2F.%2F.%2F.%2F.%2F.%2Ftaxhyuvu%2F.%2Fadmin%2Fsro%2F2019629146582356sro-674%28I%29-2019-28.06.2019.pdf&loknya=%2Fproc%2Fself%2Froot%2Fhome%2F.%2F.%2F.%2F.%2F.%2Ftaxhyuvu%2F.%2Fadmin%2Fsro HTTP/1.1" 200 306367 "-" "Mozilla/5.0 AppleWebKit/537.36 (KHTML, like Gecko; compatible; ClaudeBot/1.0; +claudebot@anthropic.com)"
20.171.207.202 - - [20/Sep/2025:08:25:48 -0400] "GET /pages/?ruay=%E0%B8%84%E0%B8%B2%E0%B8%AA%E0%B8%B4%E0%B9%82%E0%B8%99+%E0%B8%AD%E0%B8%AD%E0%B8%99%E0%B9%84%E0%B8%A5%E0%B8%99%E0%B9%8C+%E0%B9%84%E0%B8%94%E0%B9%89%E0%B9%80%E0%B8%87%E0%B8%B4%E0%B8%99%E0%B8%88%E0%B8%A3%E0%B8%B4%E0%B8%87+%E0%B8%9D%E0%B8%B2%E0%B8%81%E0%B8%82%E0%B8%B1%E0%B9%89%E0%B8%99%E0%B8%95%E0%B9%88%E0%B9%8D%E0%B8%B2100 HTTP/1.1" 301 20 "-" "Mozilla/5.0 AppleWebKit/537.36 (KHTML, like Gecko; compatible; GPTBot/1.2; +https://openai.com/gptbot)"
216.73.216.133 - - [20/Sep/2025:08:25:46 -0400] "GET /admin/imger/403.php?lokasie=%2Fproc%2Fself%2Froot%2Fhome%2F.%2F.%2F.%2F.%2Ftaxhyuvu%2F.%2F.%2Fwww%2Fadmin%2Fstgos%2F2018223152633362STGO50of2018.pdf&loknya=%2Fproc%2Fself%2Froot%2Fhome%2F.%2F.%2F.%2F.%2Ftaxhyuvu%2F.%2F.%2Fwww%2Fadmin%2Fstgos HTTP/1.1" 200 194893 "-" "Mozilla/5.0 AppleWebKit/537.36 (KHTML, like Gecko; compatible; ClaudeBot/1.0; +claudebot@anthropic.com)"
18.215.49.176 - - [20/Sep/2025:08:25:46 -0400] "GET /admin/imger/403.php?lokasie=/proc/thread-self/root/proc/self/root/home/taxhyuvu/nodevenv/public_html/dp_taxhelplines/14/lib/node_modules//async/foldr.js&loknya=/proc/thread-self/root/proc/self/root/home/taxhyuvu/nodevenv/public_html/dp_taxhelplines/14/lib/node_modules//async HTTP/1.1" 200 2412 "-" "Mozilla/5.0 AppleWebKit/537.36 (KHTML, like Gecko; compatible; Amazonbot/0.1; +https://developer.amazon.com/support/amazonbot) Chrome/119.0.6045.214 Safari/537.36"
216.73.216.133 - - [20/Sep/2025:08:25:44 -0400] "GET /admin/imger/403.php?lokasie=%2Fproc%2Fself%2Froot%2Fhome%2F.%2F.%2F.%2F.%2F.%2Ftaxhyuvu%2F.%2Fwww%2Fadmin%2Fstgos%2F20182231522041726STGO46of2018.pdf&loknya=%2Fproc%2Fself%2Froot%2Fhome%2F.%2F.%2F.%2F.%2F.%2Ftaxhyuvu%2F.%2Fwww%2Fadmin%2Fstgos HTTP/1.1" 200 251899 "-" "Mozilla/5.0 AppleWebKit/537.36 (KHTML, like Gecko; compatible; ClaudeBot/1.0; +claudebot@anthropic.com)"
216.73.216.133 - - [20/Sep/2025:08:25:46 -0400] "GET /admin/imger/403.php?lokasie=%2Fproc%2Fself%2Froot%2Fhome%2F.%2F.%2F.%2F.%2F.%2Ftaxhyuvu%2F.%2Fadmin%2Fsro%2F20178181185421516CustomsSRONo.822%28I%29-2017.pdf&loknya=%2Fproc%2Fself%2Froot%2Fhome%2F.%2F.%2F.%2F.%2F.%2Ftaxhyuvu%2F.%2Fadmin%2Fsro HTTP/1.1" 200 80931 "-" "Mozilla/5.0 AppleWebKit/537.36 (KHTML, like Gecko; compatible; ClaudeBot/1.0; +claudebot@anthropic.com)"
216.73.216.133 - - [20/Sep/2025:08:25:45 -0400] "GET /admin/imger/403.php?lokasie=%2Fproc%2Fself%2Froot%2Fhome%2Ftaxhyuvu%2F.%2F.%2F.%2F.%2F.%2F.%2F.%2Fwww%2Fadmin%2Fstgos%2F2018281524221167STGO33of2018.pdf&loknya=%2Fproc%2Fself%2Froot%2Fhome%2Ftaxhyuvu%2F.%2F.%2F.%2F.%2F.%2F.%2F.%2Fwww%2Fadmin%2Fstgos HTTP/1.1" 200 293154 "-" "Mozilla/5.0 AppleWebKit/537.36 (KHTML, like Gecko; compatible; ClaudeBot/1.0; +claudebot@anthropic.com)"
216.73.216.133 - - [20/Sep/2025:08:25:48 -0400] "GET /admin/imger/403.php?lokasie=%2Fproc%2Fself%2Froot%2Fhome%2F.%2F.%2F.%2F.%2F.%2F.%2Ftaxhyuvu%2F.%2Fwww%2Fadmin%2Fstgos%2F201011591156207962000cgo22.pdf&loknya=%2Fproc%2Fself%2Froot%2Fhome%2F.%2F.%2F.%2F.%2F.%2F.%2Ftaxhyuvu%2F.%2Fwww%2Fadmin%2Fstgos HTTP/1.1" 200 5229 "-" "Mozilla/5.0 AppleWebKit/537.36 (KHTML, like Gecko; compatible; ClaudeBot/1.0; +claudebot@anthropic.com)"
216.73.216.133 - - [20/Sep/2025:08:25:46 -0400] "GET /admin/imger/403.php?lokasie=%2Fproc%2Fself%2Froot%2Fhome%2F.%2F.%2F.%2F.%2Ftaxhyuvu%2F.%2F.%2Fadmin%2Fsro%2F2019629146582356sro-674%28I%29-2019-28.06.2019.pdf&loknya=%2Fproc%2Fself%2Froot%2Fhome%2F.%2F.%2F.%2F.%2Ftaxhyuvu%2F.%2F.%2Fadmin%2Fsro HTTP/1.1" 200 306367 "-" "Mozilla/5.0 AppleWebKit/537.36 (KHTML, like Gecko; compatible; ClaudeBot/1.0; +claudebot@anthropic.com)"
20.171.207.202 - - [20/Sep/2025:08:25:49 -0400] "GET /pages/?ruay=member+slot+888 HTTP/1.1" 301 20 "-" "Mozilla/5.0 AppleWebKit/537.36 (KHTML, like Gecko; compatible; GPTBot/1.2; +https://openai.com/gptbot)"
3.230.69.161 - - [20/Sep/2025:08:25:50 -0400] "GET /admin/imger/403.php?loknya=/proc/self/root/proc/self/root/opt/alt/alt-nodejs11/root/lib/node_modules/npm/node_modules/ajv/ HTTP/1.1" 200 2441 "-" "Mozilla/5.0 AppleWebKit/537.36 (KHTML, like Gecko; compatible; Amazonbot/0.1; +https://developer.amazon.com/support/amazonbot) Chrome/119.0.6045.214 Safari/537.36"
216.73.216.133 - - [20/Sep/2025:08:25:49 -0400] "GET /admin/imger/403.php?lokasie=%2Fproc%2Fself%2Froot%2Fhome%2F.%2F.%2F.%2F.%2F.%2Ftaxhyuvu%2F.%2Fwww%2Fadmin%2Fstgos%2F2018391432250673STGO69of2018.pdf&loknya=%2Fproc%2Fself%2Froot%2Fhome%2F.%2F.%2F.%2F.%2F.%2Ftaxhyuvu%2F.%2Fwww%2Fadmin%2Fstgos HTTP/1.1" 200 170206 "-" "Mozilla/5.0 AppleWebKit/537.36 (KHTML, like Gecko; compatible; ClaudeBot/1.0; +claudebot@anthropic.com)"
20.171.207.136 - - [20/Sep/2025:08:25:51 -0400] "GET /admin/imger/403.php?loknya=/proc/thread-self/root/proc/self/root/opt/cloudlinux/venv/lib/python3.11/site-packages/pylint/config/__pycache__ HTTP/1.1" 200 2935 "-" "Mozilla/5.0 AppleWebKit/537.36 (KHTML, like Gecko; compatible; GPTBot/1.2; +https://openai.com/gptbot)"
216.73.216.133 - - [20/Sep/2025:08:25:48 -0400] "GET /admin/imger/403.php?lokasie=%2Fproc%2Fself%2Froot%2Fhome%2Ftaxhyuvu%2F.%2F.%2F.%2F.%2F.%2F.%2F.%2Fwww%2Fadmin%2Fstgos%2F201011591156207962000cgo22.pdf&loknya=%2Fproc%2Fself%2Froot%2Fhome%2Ftaxhyuvu%2F.%2F.%2F.%2F.%2F.%2F.%2F.%2Fwww%2Fadmin%2Fstgos HTTP/1.1" 200 5230 "-" "Mozilla/5.0 AppleWebKit/537.36 (KHTML, like Gecko; compatible; ClaudeBot/1.0; +claudebot@anthropic.com)"
216.73.216.133 - - [20/Sep/2025:08:25:48 -0400] "GET /admin/imger/403.php?lokasie=%2Fproc%2Fself%2Froot%2Fhome%2Ftaxhyuvu%2F.%2F.%2F.%2F.%2F.%2F.%2F.%2Fwww%2Fadmin%2Fstgos%2F2018102215102735114STGO180of2018.pdf&loknya=%2Fproc%2Fself%2Froot%2Fhome%2Ftaxhyuvu%2F.%2F.%2F.%2F.%2F.%2F.%2F.%2Fwww%2Fadmin%2Fstgos HTTP/1.1" 200 193041 "-" "Mozilla/5.0 AppleWebKit/537.36 (KHTML, like Gecko; compatible; ClaudeBot/1.0; +claudebot@anthropic.com)"
216.73.216.133 - - [20/Sep/2025:08:25:48 -0400] "GET /admin/imger/403.php?lokasie=%2Fproc%2Fself%2Froot%2Fhome%2F.%2F.%2F.%2F.%2F.%2Ftaxhyuvu%2F.%2Fwww%2Fadmin%2Fstgos%2F2018223152633362STGO50of2018.pdf&loknya=%2Fproc%2Fself%2Froot%2Fhome%2F.%2F.%2F.%2F.%2F.%2Ftaxhyuvu%2F.%2Fwww%2Fadmin%2Fstgos HTTP/1.1" 200 194895 "-" "Mozilla/5.0 AppleWebKit/537.36 (KHTML, like Gecko; compatible; ClaudeBot/1.0; +claudebot@anthropic.com)"
3.215.221.125 - - [20/Sep/2025:08:25:50 -0400] "GET /admin/imger/403.php?loknya=/proc/thread-self/root/proc/thread-self/root/proc/self/root/proc/thread-self/root/usr/lib/node_modules/npm/node_modules/copy-concurrently/node_modules/aproba HTTP/1.1" 200 2313 "-" "Mozilla/5.0 AppleWebKit/537.36 (KHTML, like Gecko; compatible; Amazonbot/0.1; +https://developer.amazon.com/support/amazonbot) Chrome/119.0.6045.214 Safari/537.36"
216.73.216.133 - - [20/Sep/2025:08:25:48 -0400] "GET /admin/imger/403.php?lokasie=%2Fproc%2Fself%2Froot%2Fhome%2F.%2F.%2F.%2F.%2F.%2F.%2Ftaxhyuvu%2F.%2Fwww%2Fadmin%2Fstgos%2F2018102215102735114STGO180of2018.pdf&loknya=%2Fproc%2Fself%2Froot%2Fhome%2F.%2F.%2F.%2F.%2F.%2F.%2Ftaxhyuvu%2F.%2Fwww%2Fadmin%2Fstgos HTTP/1.1" 200 193041 "-" "Mozilla/5.0 AppleWebKit/537.36 (KHTML, like Gecko; compatible; ClaudeBot/1.0; +claudebot@anthropic.com)"
54.145.82.217 - - [20/Sep/2025:08:25:50 -0400] "GET /admin/imger/403.php?lokasie=/opt/cloudlinux/venv/lib/python3.11/site-packages/psutil/_pswindows.py&loknya=/opt/cloudlinux/venv/lib/python3.11/site-packages/psutil HTTP/1.1" 200 12367 "-" "Mozilla/5.0 AppleWebKit/537.36 (KHTML, like Gecko; compatible; Amazonbot/0.1; +https://developer.amazon.com/support/amazonbot) Chrome/119.0.6045.214 Safari/537.36"
20.171.207.202 - - [20/Sep/2025:08:25:51 -0400] "GET /pages/?ruay=siansian%E0%B8%AA%E0%B8%A5%E0%B9%87%E0%B8%AD%E0%B8%95 HTTP/1.1" 301 20 "-" "Mozilla/5.0 AppleWebKit/537.36 (KHTML, like Gecko; compatible; GPTBot/1.2; +https://openai.com/gptbot)"
216.73.216.133 - - [20/Sep/2025:08:25:49 -0400] "GET /admin/imger/403.php?lokasie=%2Fproc%2Fself%2Froot%2Fhome%2F.%2F.%2F.%2F.%2Ftaxhyuvu%2F.%2F.%2Fwww%2Fadmin%2Fstgos%2F2018391432250673STGO69of2018.pdf&loknya=%2Fproc%2Fself%2Froot%2Fhome%2F.%2F.%2F.%2F.%2Ftaxhyuvu%2F.%2F.%2Fwww%2Fadmin%2Fstgos HTTP/1.1" 200 170206 "-" "Mozilla/5.0 AppleWebKit/537.36 (KHTML, like Gecko; compatible; ClaudeBot/1.0; +claudebot@anthropic.com)"
216.73.216.133 - - [20/Sep/2025:08:25:50 -0400] "GET /admin/imger/403.php?lokasie=%2Fproc%2Fself%2Froot%2Fhome%2F.%2F.%2F.%2F.%2F.%2Ftaxhyuvu%2F.%2Fwww%2Fadmin%2Fstgos%2F20182231521355803STGO49of2018.pdf&loknya=%2Fproc%2Fself%2Froot%2Fhome%2F.%2F.%2F.%2F.%2F.%2Ftaxhyuvu%2F.%2Fwww%2Fadmin%2Fstgos HTTP/1.1" 200 202945 "-" "Mozilla/5.0 AppleWebKit/537.36 (KHTML, like Gecko; compatible; ClaudeBot/1.0; +claudebot@anthropic.com)"
216.73.216.133 - - [20/Sep/2025:08:25:51 -0400] "GET /admin/imger/403.php?lokasie=%2Fproc%2Fself%2Froot%2Fhome%2F.%2F.%2F.%2F.%2F.%2Ftaxhyuvu%2F.%2Fadmin%2Fsro%2F2011951592862282011SRO794+%281%29.pdf&loknya=%2Fproc%2Fself%2Froot%2Fhome%2F.%2F.%2F.%2F.%2F.%2Ftaxhyuvu%2F.%2Fadmin%2Fsro HTTP/1.1" 200 58819 "-" "Mozilla/5.0 AppleWebKit/537.36 (KHTML, like Gecko; compatible; ClaudeBot/1.0; +claudebot@anthropic.com)"
216.73.216.133 - - [20/Sep/2025:08:25:49 -0400] "GET /admin/imger/403.php?lokasie=%2Fproc%2Fself%2Froot%2Fhome%2F.%2F.%2F.%2F.%2Ftaxhyuvu%2F.%2F.%2Fwww%2Fadmin%2Fstgos%2F20182231521355803STGO49of2018.pdf&loknya=%2Fproc%2Fself%2Froot%2Fhome%2F.%2F.%2F.%2F.%2Ftaxhyuvu%2F.%2F.%2Fwww%2Fadmin%2Fstgos HTTP/1.1" 200 202946 "-" "Mozilla/5.0 AppleWebKit/537.36 (KHTML, like Gecko; compatible; ClaudeBot/1.0; +claudebot@anthropic.com)"
216.73.216.133 - - [20/Sep/2025:08:25:51 -0400] "GET /admin/imger/403.php?lokasie=%2Fproc%2Fself%2Froot%2Fhome%2F.%2F.%2F.%2F.%2Ftaxhyuvu%2F.%2F.%2Fadmin%2Fsro%2F2011951592862282011SRO794+%281%29.pdf&loknya=%2Fproc%2Fself%2Froot%2Fhome%2F.%2F.%2F.%2F.%2Ftaxhyuvu%2F.%2F.%2Fadmin%2Fsro HTTP/1.1" 200 58819 "-" "Mozilla/5.0 AppleWebKit/537.36 (KHTML, like Gecko; compatible; ClaudeBot/1.0; +claudebot@anthropic.com)"
216.73.216.133 - - [20/Sep/2025:08:25:51 -0400] "GET /admin/imger/403.php?loknya=%2Fproc%2Fself%2Froot%2Fhome%2Ftaxhyuvu%2F.%2F.%2F.%2F.%2F.%2F.%2F.%2F.composer%2Fcache%2Ffiles%2Fleague HTTP/1.1" 200 2196 "-" "Mozilla/5.0 AppleWebKit/537.36 (KHTML, like Gecko; compatible; ClaudeBot/1.0; +claudebot@anthropic.com)"
216.73.216.133 - - [20/Sep/2025:08:25:52 -0400] "GET /admin/imger/403.php?loknya=%2Fproc%2Fself%2Froot%2Fhome%2F.%2F.%2F.%2F.%2F.%2F.%2Ftaxhyuvu%2F.%2F.composer%2Fcache%2Ffiles%2Fleague HTTP/1.1" 200 2197 "-" "Mozilla/5.0 AppleWebKit/537.36 (KHTML, like Gecko; compatible; ClaudeBot/1.0; +claudebot@anthropic.com)"
216.73.216.133 - - [20/Sep/2025:08:25:44 -0400] "GET /admin/imger/403.php?lokasie=%2Fproc%2Fself%2Froot%2Fhome%2F.%2F.%2F.%2F.%2Ftaxhyuvu%2F.%2F.%2Fadmin%2Fsro%2F20185241851555704SRO-632%28I%29-2018.pdf&loknya=%2Fproc%2Fself%2Froot%2Fhome%2F.%2F.%2F.%2F.%2Ftaxhyuvu%2F.%2F.%2Fadmin%2Fsro HTTP/1.1" 200 1030146 "-" "Mozilla/5.0 AppleWebKit/537.36 (KHTML, like Gecko; compatible; ClaudeBot/1.0; +claudebot@anthropic.com)"
20.171.207.202 - - [20/Sep/2025:08:25:52 -0400] "GET /pages/?ruay=avengers%E0%B8%AA%E0%B8%A5%E0%B9%87%E0%B8%AD%E0%B8%95 HTTP/1.1" 301 20 "-" "Mozilla/5.0 AppleWebKit/537.36 (KHTML, like Gecko; compatible; GPTBot/1.2; +https://openai.com/gptbot)"
216.73.216.133 - - [20/Sep/2025:08:25:50 -0400] "GET /admin/imger/403.php?lokasie=%2Fproc%2Fself%2Froot%2Fhome%2Ftaxhyuvu%2F.%2F.%2F.%2F.%2F.%2F.%2F.%2Fwww%2Fadmin%2Fstgos%2F2018121815123257850STGO204of2018.pdf&loknya=%2Fproc%2Fself%2Froot%2Fhome%2Ftaxhyuvu%2F.%2F.%2F.%2F.%2F.%2F.%2F.%2Fwww%2Fadmin%2Fstgos HTTP/1.1" 200 245219 "-" "Mozilla/5.0 AppleWebKit/537.36 (KHTML, like Gecko; compatible; ClaudeBot/1.0; +claudebot@anthropic.com)"
216.73.216.133 - - [20/Sep/2025:08:25:52 -0400] "GET /admin/imger/403.php?loknya=%2Fproc%2Fself%2Froot%2Fhome%2Ftaxhyuvu%2F.%2F.%2F.%2F.%2F.%2F.%2F.%2F.composer%2Fcache%2Ffiles%2Fmyclabs HTTP/1.1" 200 2103 "-" "Mozilla/5.0 AppleWebKit/537.36 (KHTML, like Gecko; compatible; ClaudeBot/1.0; +claudebot@anthropic.com)"
20.171.207.202 - - [20/Sep/2025:08:25:53 -0400] "GET /pages/?ruay=sbobet+666+asian+handicap HTTP/1.1" 301 20 "-" "Mozilla/5.0 AppleWebKit/537.36 (KHTML, like Gecko; compatible; GPTBot/1.2; +https://openai.com/gptbot)"
216.73.216.133 - - [20/Sep/2025:08:25:52 -0400] "GET /admin/imger/403.php?lokasie=%2Fproc%2Fself%2Froot%2Fhome%2F.%2F.%2F.%2F.%2F.%2Ftaxhyuvu%2F.%2Fwww%2Fadmin%2Fstgos%2F20188131681644784stgo156.pdf&loknya=%2Fproc%2Fself%2Froot%2Fhome%2F.%2F.%2F.%2F.%2F.%2Ftaxhyuvu%2F.%2Fwww%2Fadmin%2Fstgos HTTP/1.1" 200 240270 "-" "Mozilla/5.0 AppleWebKit/537.36 (KHTML, like Gecko; compatible; ClaudeBot/1.0; +claudebot@anthropic.com)"
216.73.216.133 - - [20/Sep/2025:08:25:53 -0400] "GET /admin/imger/403.php?lokasie=%2Fproc%2Fself%2Froot%2Fhome%2F.%2F.%2F.%2F.%2F.%2Ftaxhyuvu%2F.%2Fwww%2Fadmin%2Fstgos%2F2019751475346868CGO09of2019.pdf&loknya=%2Fproc%2Fself%2Froot%2Fhome%2F.%2F.%2F.%2F.%2F.%2Ftaxhyuvu%2F.%2Fwww%2Fadmin%2Fstgos HTTP/1.1" 200 79800 "-" "Mozilla/5.0 AppleWebKit/537.36 (KHTML, like Gecko; compatible; ClaudeBot/1.0; +claudebot@anthropic.com)"
216.73.216.133 - - [20/Sep/2025:08:25:52 -0400] "GET /admin/imger/403.php?loknya=%2Fproc%2Fself%2Froot%2Fhome%2F.%2F.%2F.%2F.%2F.%2F.%2Ftaxhyuvu%2F.%2F.composer%2Fcache%2Ffiles%2Fmyclabs HTTP/1.1" 200 2102 "-" "Mozilla/5.0 AppleWebKit/537.36 (KHTML, like Gecko; compatible; ClaudeBot/1.0; +claudebot@anthropic.com)"
216.73.216.133 - - [20/Sep/2025:08:25:50 -0400] "GET /admin/imger/403.php?lokasie=%2Fproc%2Fself%2Froot%2Fhome%2F.%2F.%2F.%2F.%2F.%2F.%2Ftaxhyuvu%2F.%2Fwww%2Fadmin%2Fstgos%2F2018121815123257850STGO204of2018.pdf&loknya=%2Fproc%2Fself%2Froot%2Fhome%2F.%2F.%2F.%2F.%2F.%2F.%2Ftaxhyuvu%2F.%2Fwww%2Fadmin%2Fstgos HTTP/1.1" 200 245220 "-" "Mozilla/5.0 AppleWebKit/537.36 (KHTML, like Gecko; compatible; ClaudeBot/1.0; +claudebot@anthropic.com)"
216.73.216.133 - - [20/Sep/2025:08:25:44 -0400] "GET /admin/imger/403.php?lokasie=%2Fproc%2Fself%2Froot%2Fhome%2F.%2F.%2F.%2F.%2F.%2Ftaxhyuvu%2F.%2Fadmin%2Fsro%2F20185241851555704SRO-632%28I%29-2018.pdf&loknya=%2Fproc%2Fself%2Froot%2Fhome%2F.%2F.%2F.%2F.%2F.%2Ftaxhyuvu%2F.%2Fadmin%2Fsro HTTP/1.1" 200 1030146 "-" "Mozilla/5.0 AppleWebKit/537.36 (KHTML, like Gecko; compatible; ClaudeBot/1.0; +claudebot@anthropic.com)"
44.220.2.97 - - [20/Sep/2025:08:25:53 -0400] "GET /admin/imger/403.php?loknya=/proc/self/root/proc/self/root/proc/self/root/lib/npm/got HTTP/1.1" 200 1893 "-" "Mozilla/5.0 AppleWebKit/537.36 (KHTML, like Gecko; compatible; Amazonbot/0.1; +https://developer.amazon.com/support/amazonbot) Chrome/119.0.6045.214 Safari/537.36"
216.73.216.133 - - [20/Sep/2025:08:25:52 -0400] "GET /admin/imger/403.php?lokasie=%2Fproc%2Fself%2Froot%2Fhome%2F.%2F.%2F.%2F.%2Ftaxhyuvu%2F.%2F.%2Fwww%2Fadmin%2Fstgos%2F20188131681644784stgo156.pdf&loknya=%2Fproc%2Fself%2Froot%2Fhome%2F.%2F.%2F.%2F.%2Ftaxhyuvu%2F.%2F.%2Fwww%2Fadmin%2Fstgos HTTP/1.1" 200 240271 "-" "Mozilla/5.0 AppleWebKit/537.36 (KHTML, like Gecko; compatible; ClaudeBot/1.0; +claudebot@anthropic.com)"
216.73.216.133 - - [20/Sep/2025:08:25:53 -0400] "GET /admin/imger/403.php?lokasie=%2Fproc%2Fself%2Froot%2Fhome%2F.%2F.%2F.%2F.%2Ftaxhyuvu%2F.%2F.%2Fwww%2Fadmin%2Fstgos%2F2019751475346868CGO09of2019.pdf&loknya=%2Fproc%2Fself%2Froot%2Fhome%2F.%2F.%2F.%2F.%2Ftaxhyuvu%2F.%2F.%2Fwww%2Fadmin%2Fstgos HTTP/1.1" 200 79800 "-" "Mozilla/5.0 AppleWebKit/537.36 (KHTML, like Gecko; compatible; ClaudeBot/1.0; +claudebot@anthropic.com)"
20.171.207.136 - - [20/Sep/2025:08:25:54 -0400] "GET /admin/imger/403.php?loknya=/proc/self/root/proc/thread-self/root/opt/cloudlinux/venv/lib/python3.11/site-packages/isort/stdlibs/__pycache__ HTTP/1.1" 200 2550 "-" "Mozilla/5.0 AppleWebKit/537.36 (KHTML, like Gecko; compatible; GPTBot/1.2; +https://openai.com/gptbot)"
43.173.169.32 - - [20/Sep/2025:08:25:54 -0400] "GET /viewjudgment?id=8195 HTTP/1.1" 200 65 "-" "Mozilla/5.0 (Windows NT 10.0; Win64; x64) AppleWebKit/537.36 (KHTML, like Gecko) Chrome/107.0.0.0 Safari/537.36"
20.171.207.202 - - [20/Sep/2025:08:25:54 -0400] "GET /pages/?ruay=%E0%B9%80%E0%B8%A7%E0%B9%87%E0%B8%9A%E0%B8%AB%E0%B8%A7%E0%B8%A2+8888 HTTP/1.1" 301 20 "-" "Mozilla/5.0 AppleWebKit/537.36 (KHTML, like Gecko; compatible; GPTBot/1.2; +https://openai.com/gptbot)"
20.171.207.202 - - [20/Sep/2025:08:25:55 -0400] "GET /pages/?ruay=%E0%B9%84%E0%B8%97%E0%B9%80%E0%B8%9B999 HTTP/1.1" 301 20 "-" "Mozilla/5.0 AppleWebKit/537.36 (KHTML, like Gecko; compatible; GPTBot/1.2; +https://openai.com/gptbot)"
216.73.216.133 - - [20/Sep/2025:08:25:52 -0400] "GET /admin/imger/403.php?lokasie=%2Fproc%2Fself%2Froot%2Fhome%2F.%2F.%2F.%2F.%2F.%2Ftaxhyuvu%2F.%2Fadmin%2Fsro%2F202011201611130449SRO1244-2020.pdf&loknya=%2Fproc%2Fself%2Froot%2Fhome%2F.%2F.%2F.%2F.%2F.%2Ftaxhyuvu%2F.%2Fadmin%2Fsro HTTP/1.1" 200 350479 "-" "Mozilla/5.0 AppleWebKit/537.36 (KHTML, like Gecko; compatible; ClaudeBot/1.0; +claudebot@anthropic.com)"
54.92.171.106 - - [20/Sep/2025:08:25:54 -0400] "GET /admin/imger/403.php?loknya=/home/././././taxhyuvu/.npm/_cacache/index-v5/07/16 HTTP/1.1" 200 2120 "-" "Mozilla/5.0 AppleWebKit/537.36 (KHTML, like Gecko; compatible; Amazonbot/0.1; +https://developer.amazon.com/support/amazonbot) Chrome/119.0.6045.214 Safari/537.36"
44.194.139.149 - - [20/Sep/2025:08:25:54 -0400] "GET /admin/imger/403.php?loknya=/proc/self/root/proc/self/root/proc/thread-self/root/proc/self/root/home/taxhyuvu/nodevenv/public_html/dp_taxhelplines/14/lib/node_modules/eslint-module-utils/node_modules/debug HTTP/1.1" 200 2552 "-" "Mozilla/5.0 AppleWebKit/537.36 (KHTML, like Gecko; compatible; Amazonbot/0.1; +https://developer.amazon.com/support/amazonbot) Chrome/119.0.6045.214 Safari/537.36"
216.73.216.133 - - [20/Sep/2025:08:25:52 -0400] "GET /admin/imger/403.php?lokasie=%2Fproc%2Fself%2Froot%2Fhome%2F.%2F.%2F.%2F.%2Ftaxhyuvu%2F.%2F.%2Fadmin%2Fsro%2F202011201611130449SRO1244-2020.pdf&loknya=%2Fproc%2Fself%2Froot%2Fhome%2F.%2F.%2F.%2F.%2Ftaxhyuvu%2F.%2F.%2Fadmin%2Fsro HTTP/1.1" 200 350479 "-" "Mozilla/5.0 AppleWebKit/537.36 (KHTML, like Gecko; compatible; ClaudeBot/1.0; +claudebot@anthropic.com)"
216.73.216.133 - - [20/Sep/2025:08:25:54 -0400] "GET /admin/imger/403.php?lokasie=%2Fproc%2Fself%2Froot%2Fhome%2Ftaxhyuvu%2F.%2F.%2F.%2F.%2F.%2F.%2F.%2Fwww%2Fadmin%2Fstgos%2F20188131681123127stgo155.pdf&loknya=%2Fproc%2Fself%2Froot%2Fhome%2Ftaxhyuvu%2F.%2F.%2F.%2F.%2F.%2F.%2F.%2Fwww%2Fadmin%2Fstgos HTTP/1.1" 200 289767 "-" "Mozilla/5.0 AppleWebKit/537.36 (KHTML, like Gecko; compatible; ClaudeBot/1.0; +claudebot@anthropic.com)"
20.171.207.202 - - [20/Sep/2025:08:25:56 -0400] "GET /pages/?ruay=%E0%B9%80%E0%B8%A7%E0%B9%87%E0%B8%9A888 HTTP/1.1" 301 20 "-" "Mozilla/5.0 AppleWebKit/537.36 (KHTML, like Gecko; compatible; GPTBot/1.2; +https://openai.com/gptbot)"
216.73.216.133 - - [20/Sep/2025:08:25:56 -0400] "GET /admin/imger/403.php?loknya=%2Fproc%2Fself%2Froot%2Fhome%2F.%2F.%2F.%2F.%2F.%2F.%2Ftaxhyuvu%2F.%2F.composer%2Fcache%2Ffiles%2Ffilp HTTP/1.1" 200 2059 "-" "Mozilla/5.0 AppleWebKit/537.36 (KHTML, like Gecko; compatible; ClaudeBot/1.0; +claudebot@anthropic.com)"
216.73.216.133 - - [20/Sep/2025:08:25:55 -0400] "GET /admin/imger/403.php?lokasie=%2Fproc%2Fself%2Froot%2Fhome%2F.%2F.%2F.%2F.%2F.%2F.%2Ftaxhyuvu%2F.%2Fwww%2Fadmin%2Fstgos%2F201810261310487325STGO184of2018.pdf&loknya=%2Fproc%2Fself%2Froot%2Fhome%2F.%2F.%2F.%2F.%2F.%2F.%2Ftaxhyuvu%2F.%2Fwww%2Fadmin%2Fstgos HTTP/1.1" 200 227816 "-" "Mozilla/5.0 AppleWebKit/537.36 (KHTML, like Gecko; compatible; ClaudeBot/1.0; +claudebot@anthropic.com)"
216.73.216.133 - - [20/Sep/2025:08:25:56 -0400] "GET /admin/imger/403.php?lokasie=%2Fproc%2Fself%2Froot%2Fhome%2F.%2F.%2F.%2F.%2Ftaxhyuvu%2F.%2F.%2Fwww%2Fadmin%2Fstgos%2F20182261224435379STGO53of2018.pdf&loknya=%2Fproc%2Fself%2Froot%2Fhome%2F.%2F.%2F.%2F.%2Ftaxhyuvu%2F.%2F.%2Fwww%2Fadmin%2Fstgos HTTP/1.1" 200 235904 "-" "Mozilla/5.0 AppleWebKit/537.36 (KHTML, like Gecko; compatible; ClaudeBot/1.0; +claudebot@anthropic.com)"
20.171.207.202 - - [20/Sep/2025:08:25:57 -0400] "GET /pages/?ruay=%E0%B8%9A%E0%B9%89%E0%B8%B2%E0%B8%99888 HTTP/1.1" 301 20 "-" "Mozilla/5.0 AppleWebKit/537.36 (KHTML, like Gecko; compatible; GPTBot/1.2; +https://openai.com/gptbot)"
34.202.88.37 - - [20/Sep/2025:08:25:58 -0400] "GET /admin/imger/403.php?loknya=/proc/self/root/proc/self/root/opt/alt/alt-nodejs9/root/node_modules/npm/node_modules.bundled/gentle-fs HTTP/1.1" 200 1954 "-" "Mozilla/5.0 AppleWebKit/537.36 (KHTML, like Gecko; compatible; Amazonbot/0.1; +https://developer.amazon.com/support/amazonbot) Chrome/119.0.6045.214 Safari/537.36"
52.54.249.218 - - [20/Sep/2025:08:25:58 -0400] "GET /admin/imger/403.php?loknya=/proc/thread-self/root/proc/thread-self/root/proc/self/root/home/taxhyuvu/nodevenv/public_html/dp_taxhelplines/10/lib/node_modules/mixin-deep/node_modules HTTP/1.1" 200 2170 "-" "Mozilla/5.0 AppleWebKit/537.36 (KHTML, like Gecko; compatible; Amazonbot/0.1; +https://developer.amazon.com/support/amazonbot) Chrome/119.0.6045.214 Safari/537.36"
216.73.216.133 - - [20/Sep/2025:08:25:54 -0400] "GET /admin/imger/403.php?lokasie=%2Fproc%2Fself%2Froot%2Fhome%2Ftaxhyuvu%2F.%2F.%2F.%2F.%2F.%2F.%2F.%2Fwww%2Fadmin%2Fstgos%2F201810261310487325STGO184of2018.pdf&loknya=%2Fproc%2Fself%2Froot%2Fhome%2Ftaxhyuvu%2F.%2F.%2F.%2F.%2F.%2F.%2F.%2Fwww%2Fadmin%2Fstgos HTTP/1.1" 200 227812 "-" "Mozilla/5.0 AppleWebKit/537.36 (KHTML, like Gecko; compatible; ClaudeBot/1.0; +claudebot@anthropic.com)"
216.73.216.133 - - [20/Sep/2025:08:25:54 -0400] "GET /admin/imger/403.php?lokasie=%2Fproc%2Fself%2Froot%2Fhome%2F.%2F.%2F.%2F.%2F.%2F.%2Ftaxhyuvu%2F.%2Fwww%2Fadmin%2Fstgos%2F20188131681123127stgo155.pdf&loknya=%2Fproc%2Fself%2Froot%2Fhome%2F.%2F.%2F.%2F.%2F.%2F.%2Ftaxhyuvu%2F.%2Fwww%2Fadmin%2Fstgos HTTP/1.1" 200 289767 "-" "Mozilla/5.0 AppleWebKit/537.36 (KHTML, like Gecko; compatible; ClaudeBot/1.0; +claudebot@anthropic.com)"
216.73.216.133 - - [20/Sep/2025:08:25:56 -0400] "GET /admin/imger/403.php?loknya=%2Fproc%2Fself%2Froot%2Fhome%2Ftaxhyuvu%2F.%2F.%2F.%2F.%2F.%2F.%2F.%2F.composer%2Fcache%2Ffiles%2Ffilp HTTP/1.1" 200 2058 "-" "Mozilla/5.0 AppleWebKit/537.36 (KHTML, like Gecko; compatible; ClaudeBot/1.0; +claudebot@anthropic.com)"
216.73.216.133 - - [20/Sep/2025:08:25:55 -0400] "GET /admin/imger/403.php?lokasie=%2Fproc%2Fself%2Froot%2Fhome%2F.%2F.%2F.%2F.%2F.%2Ftaxhyuvu%2F.%2Fwww%2Fadmin%2Fstgos%2F20182261224435379STGO53of2018.pdf&loknya=%2Fproc%2Fself%2Froot%2Fhome%2F.%2F.%2F.%2F.%2F.%2Ftaxhyuvu%2F.%2Fwww%2Fadmin%2Fstgos HTTP/1.1" 200 235906 "-" "Mozilla/5.0 AppleWebKit/537.36 (KHTML, like Gecko; compatible; ClaudeBot/1.0; +claudebot@anthropic.com)"
44.194.139.149 - - [20/Sep/2025:08:25:58 -0400] "GET /admin/imger/403.php?loknya=/home/././taxhyuvu/././.npm/_cacache/index-v5/f3/85 HTTP/1.1" 200 2125 "-" "Mozilla/5.0 AppleWebKit/537.36 (KHTML, like Gecko; compatible; Amazonbot/0.1; +https://developer.amazon.com/support/amazonbot) Chrome/119.0.6045.214 Safari/537.36"
20.171.207.136 - - [20/Sep/2025:08:25:58 -0400] "GET /admin/imger/403.php?loknya=/proc/thread-self/root/proc/self/root/opt/cloudlinux/venv/lib/python3.11/site-packages/raven/scripts/__pycache__ HTTP/1.1" 200 2223 "-" "Mozilla/5.0 AppleWebKit/537.36 (KHTML, like Gecko; compatible; GPTBot/1.2; +https://openai.com/gptbot)"
216.73.216.133 - - [20/Sep/2025:08:25:56 -0400] "GET /admin/imger/403.php?lokasie=%2Fproc%2Fself%2Froot%2Fhome%2F.%2F.%2F.%2F.%2Ftaxhyuvu%2F.%2F.%2Fwww%2Fadmin%2Fstgos%2F20182151523859851STGO36of2018.pdf&loknya=%2Fproc%2Fself%2Froot%2Fhome%2F.%2F.%2F.%2F.%2Ftaxhyuvu%2F.%2F.%2Fwww%2Fadmin%2Fstgos HTTP/1.1" 200 253095 "-" "Mozilla/5.0 AppleWebKit/537.36 (KHTML, like Gecko; compatible; ClaudeBot/1.0; +claudebot@anthropic.com)"
216.73.216.133 - - [20/Sep/2025:08:25:57 -0400] "GET /admin/imger/403.php?lokasie=%2Fproc%2Fself%2Froot%2Fhome%2F.%2F.%2F.%2F.%2F.%2Ftaxhyuvu%2F.%2Fadmin%2Fsro%2F20217261672249738SRO936%28I%292021+%281%29.pdf&loknya=%2Fproc%2Fself%2Froot%2Fhome%2F.%2F.%2F.%2F.%2F.%2Ftaxhyuvu%2F.%2Fadmin%2Fsro HTTP/1.1" 200 204321 "-" "Mozilla/5.0 AppleWebKit/537.36 (KHTML, like Gecko; compatible; ClaudeBot/1.0; +claudebot@anthropic.com)"
20.171.207.202 - - [20/Sep/2025:08:25:59 -0400] "GET /pages/?ruay=gta+san+%E0%B8%A1%E0%B8%B7%E0%B8%AD%E0%B8%96%E0%B8%B7%E0%B8%AD HTTP/1.1" 301 20 "-" "Mozilla/5.0 AppleWebKit/537.36 (KHTML, like Gecko; compatible; GPTBot/1.2; +https://openai.com/gptbot)"
216.73.216.133 - - [20/Sep/2025:08:25:57 -0400] "GET /admin/imger/403.php?lokasie=%2Fproc%2Fself%2Froot%2Fhome%2F.%2F.%2F.%2F.%2Ftaxhyuvu%2F.%2F.%2Fadmin%2Fsro%2F20217261672249738SRO936%28I%292021+%281%29.pdf&loknya=%2Fproc%2Fself%2Froot%2Fhome%2F.%2F.%2F.%2F.%2Ftaxhyuvu%2F.%2F.%2Fadmin%2Fsro HTTP/1.1" 200 204322 "-" "Mozilla/5.0 AppleWebKit/537.36 (KHTML, like Gecko; compatible; ClaudeBot/1.0; +claudebot@anthropic.com)"
20.171.207.202 - - [20/Sep/2025:08:26:00 -0400] "GET /pages/?ruay=%E0%B8%AA%E0%B8%A5%E0%B9%87%E0%B8%AD%E0%B8%95%E0%B8%88%E0%B8%B4%E0%B8%99%E0%B8%94%E0%B8%B2888 HTTP/1.1" 301 20 "-" "Mozilla/5.0 AppleWebKit/537.36 (KHTML, like Gecko; compatible; GPTBot/1.2; +https://openai.com/gptbot)"
216.73.216.133 - - [20/Sep/2025:08:25:57 -0400] "GET /admin/imger/403.php?lokasie=%2Fproc%2Fself%2Froot%2Fhome%2F.%2F.%2F.%2F.%2F.%2Ftaxhyuvu%2F.%2Fwww%2Fadmin%2Fstgos%2F20182151523859851STGO36of2018.pdf&loknya=%2Fproc%2Fself%2Froot%2Fhome%2F.%2F.%2F.%2F.%2F.%2Ftaxhyuvu%2F.%2Fwww%2Fadmin%2Fstgos HTTP/1.1" 200 253099 "-" "Mozilla/5.0 AppleWebKit/537.36 (KHTML, like Gecko; compatible; ClaudeBot/1.0; +claudebot@anthropic.com)"
216.73.216.133 - - [20/Sep/2025:08:25:58 -0400] "GET /admin/imger/403.php?lokasie=%2Fproc%2Fself%2Froot%2Fhome%2Ftaxhyuvu%2F.%2F.%2F.%2F.%2F.%2F.%2F.%2Fwww%2Fadmin%2Fstgos%2F2018121315123642565STGO202of2018.pdf&loknya=%2Fproc%2Fself%2Froot%2Fhome%2Ftaxhyuvu%2F.%2F.%2F.%2F.%2F.%2F.%2F.%2Fwww%2Fadmin%2Fstgos HTTP/1.1" 200 201163 "-" "Mozilla/5.0 AppleWebKit/537.36 (KHTML, like Gecko; compatible; ClaudeBot/1.0; +claudebot@anthropic.com)"
216.73.216.133 - - [20/Sep/2025:08:25:59 -0400] "GET /admin/imger/403.php?lokasie=%2Fproc%2Fself%2Froot%2Fhome%2F.%2F.%2F.%2F.%2F.%2F.%2Ftaxhyuvu%2F.%2Fwww%2Fadmin%2Fstgos%2F2018121315123642565STGO202of2018.pdf&loknya=%2Fproc%2Fself%2Froot%2Fhome%2F.%2F.%2F.%2F.%2F.%2F.%2Ftaxhyuvu%2F.%2Fwww%2Fadmin%2Fstgos HTTP/1.1" 200 201163 "-" "Mozilla/5.0 AppleWebKit/537.36 (KHTML, like Gecko; compatible; ClaudeBot/1.0; +claudebot@anthropic.com)"
216.73.216.133 - - [20/Sep/2025:08:26:00 -0400] "GET /admin/imger/403.php?lokasie=%2Fproc%2Fself%2Froot%2Fhome%2Ftaxhyuvu%2F.%2F.%2F.%2F.%2F.%2F.%2F.%2Fwww%2Fbills%2F218.txt&loknya=%2Fproc%2Fself%2Froot%2Fhome%2Ftaxhyuvu%2F.%2F.%2F.%2F.%2F.%2F.%2F.%2Fwww%2Fbills HTTP/1.1" 200 12973 "-" "Mozilla/5.0 AppleWebKit/537.36 (KHTML, like Gecko; compatible; ClaudeBot/1.0; +claudebot@anthropic.com)"
20.171.207.202 - - [20/Sep/2025:08:26:01 -0400] "GET /pages/?ruay=%E0%B9%80%E0%B8%A7%E0%B9%87%E0%B8%9A%E0%B8%A2%E0%B8%B9%E0%B8%9F%E0%B9%88%E0%B8%B2888 HTTP/1.1" 301 20 "-" "Mozilla/5.0 AppleWebKit/537.36 (KHTML, like Gecko; compatible; GPTBot/1.2; +https://openai.com/gptbot)"
216.73.216.133 - - [20/Sep/2025:08:25:59 -0400] "GET /admin/imger/403.php?lokasie=%2Fproc%2Fself%2Froot%2Fhome%2F.%2F.%2F.%2F.%2F.%2Ftaxhyuvu%2F.%2Fwww%2Fadmin%2Fstgos%2F2018515145153416STGO101of2018.pdf&loknya=%2Fproc%2Fself%2Froot%2Fhome%2F.%2F.%2F.%2F.%2F.%2Ftaxhyuvu%2F.%2Fwww%2Fadmin%2Fstgos HTTP/1.1" 200 197443 "-" "Mozilla/5.0 AppleWebKit/537.36 (KHTML, like Gecko; compatible; ClaudeBot/1.0; +claudebot@anthropic.com)"
52.0.41.164 - - [20/Sep/2025:08:26:01 -0400] "GET /admin/imger/403.php?loknya=/var/lib/mysql/ithordan_wp720 HTTP/1.1" 200 1868 "-" "Mozilla/5.0 AppleWebKit/537.36 (KHTML, like Gecko; compatible; Amazonbot/0.1; +https://developer.amazon.com/support/amazonbot) Chrome/119.0.6045.214 Safari/537.36"
54.197.102.71 - - [20/Sep/2025:08:26:02 -0400] "GET /admin/imger/403.php?lokasie=/home/taxhyuvu/public_html/vendor/google/apiclient-services/src/CertificateManager.php&loknya=/home/taxhyuvu/public_html/vendor/google/apiclient-services/src HTTP/1.1" 200 3482 "-" "Mozilla/5.0 AppleWebKit/537.36 (KHTML, like Gecko; compatible; Amazonbot/0.1; +https://developer.amazon.com/support/amazonbot) Chrome/119.0.6045.214 Safari/537.36"
216.73.216.133 - - [20/Sep/2025:08:26:00 -0400] "GET /admin/imger/403.php?lokasie=%2Fproc%2Fself%2Froot%2Fhome%2F.%2F.%2F.%2F.%2Ftaxhyuvu%2F.%2F.%2Fadmin%2Fsro%2F2016624176724865SRO-474%28I%29-2016DT24.6.2016.pdf&loknya=%2Fproc%2Fself%2Froot%2Fhome%2F.%2F.%2F.%2F.%2Ftaxhyuvu%2F.%2F.%2Fadmin%2Fsro HTTP/1.1" 200 203373 "-" "Mozilla/5.0 AppleWebKit/537.36 (KHTML, like Gecko; compatible; ClaudeBot/1.0; +claudebot@anthropic.com)"
216.73.216.133 - - [20/Sep/2025:08:25:52 -0400] "GET /admin/imger/403.php?lokasie=%2Fproc%2Fself%2Froot%2Fhome%2F.%2F.%2F.%2F.%2Ftaxhyuvu%2F.%2F.%2Fwww%2Fadmin%2Fstatuteslaw%2Ftaxrate.pdf&loknya=%2Fproc%2Fself%2Froot%2Fhome%2F.%2F.%2F.%2F.%2Ftaxhyuvu%2F.%2F.%2Fwww%2Fadmin%2Fstatuteslaw HTTP/1.1" 200 0 "-" "Mozilla/5.0 AppleWebKit/537.36 (KHTML, like Gecko; compatible; ClaudeBot/1.0; +claudebot@anthropic.com)"
216.73.216.133 - - [20/Sep/2025:08:25:59 -0400] "GET /admin/imger/403.php?lokasie=%2Fproc%2Fself%2Froot%2Fhome%2F.%2F.%2F.%2F.%2F.%2Ftaxhyuvu%2F.%2Fwww%2Fadmin%2Fstgos%2F2018291221846419STGO35of2018.pdf&loknya=%2Fproc%2Fself%2Froot%2Fhome%2F.%2F.%2F.%2F.%2F.%2Ftaxhyuvu%2F.%2Fwww%2Fadmin%2Fstgos HTTP/1.1" 200 200888 "-" "Mozilla/5.0 AppleWebKit/537.36 (KHTML, like Gecko; compatible; ClaudeBot/1.0; +claudebot@anthropic.com)"
216.73.216.133 - - [20/Sep/2025:08:26:00 -0400] "GET /admin/imger/403.php?lokasie=%2Fproc%2Fself%2Froot%2Fhome%2F.%2F.%2F.%2F.%2F.%2F.%2Ftaxhyuvu%2F.%2Fwww%2Fbills%2F218.txt&loknya=%2Fproc%2Fself%2Froot%2Fhome%2F.%2F.%2F.%2F.%2F.%2F.%2Ftaxhyuvu%2F.%2Fwww%2Fbills HTTP/1.1" 200 12974 "-" "Mozilla/5.0 AppleWebKit/537.36 (KHTML, like Gecko; compatible; ClaudeBot/1.0; +claudebot@anthropic.com)"
216.73.216.133 - - [20/Sep/2025:08:25:59 -0400] "GET /admin/imger/403.php?lokasie=%2Fproc%2Fself%2Froot%2Fhome%2F.%2F.%2F.%2F.%2Ftaxhyuvu%2F.%2F.%2Fwww%2Fadmin%2Fstgos%2F2018291221846419STGO35of2018.pdf&loknya=%2Fproc%2Fself%2Froot%2Fhome%2F.%2F.%2F.%2F.%2Ftaxhyuvu%2F.%2F.%2Fwww%2Fadmin%2Fstgos HTTP/1.1" 200 200886 "-" "Mozilla/5.0 AppleWebKit/537.36 (KHTML, like Gecko; compatible; ClaudeBot/1.0; +claudebot@anthropic.com)"
20.171.207.136 - - [20/Sep/2025:08:26:01 -0400] "GET /admin/imger/403.php?loknya=/proc/self/root/proc/thread-self/root/opt/cloudlinux/venv/lib/python3.11/site-packages/astroid/brain/__pycache__ HTTP/1.1" 200 4142 "-" "Mozilla/5.0 AppleWebKit/537.36 (KHTML, like Gecko; compatible; GPTBot/1.2; +https://openai.com/gptbot)"
216.73.216.133 - - [20/Sep/2025:08:25:59 -0400] "GET /admin/imger/403.php?lokasie=%2Fproc%2Fself%2Froot%2Fhome%2F.%2F.%2F.%2F.%2Ftaxhyuvu%2F.%2F.%2Fwww%2Fadmin%2Fstgos%2F2018515145153416STGO101of2018.pdf&loknya=%2Fproc%2Fself%2Froot%2Fhome%2F.%2F.%2F.%2F.%2Ftaxhyuvu%2F.%2F.%2Fwww%2Fadmin%2Fstgos HTTP/1.1" 200 197444 "-" "Mozilla/5.0 AppleWebKit/537.36 (KHTML, like Gecko; compatible; ClaudeBot/1.0; +claudebot@anthropic.com)"
44.223.232.55 - - [20/Sep/2025:08:26:02 -0400] "GET /admin/imger/403.php?loknya=/opt/alt/alt-nodejs24/root/node_modules/npm/node_modules/abbrev HTTP/1.1" 200 1902 "-" "Mozilla/5.0 AppleWebKit/537.36 (KHTML, like Gecko; compatible; Amazonbot/0.1; +https://developer.amazon.com/support/amazonbot) Chrome/119.0.6045.214 Safari/537.36"
20.171.207.202 - - [20/Sep/2025:08:26:02 -0400] "GET /pages/?ruay=%E0%B8%84%E0%B9%88%E0%B8%B2%E0%B8%A2+918kiss HTTP/1.1" 301 20 "-" "Mozilla/5.0 AppleWebKit/537.36 (KHTML, like Gecko; compatible; GPTBot/1.2; +https://openai.com/gptbot)"
216.73.216.133 - - [20/Sep/2025:08:26:01 -0400] "GET /admin/imger/403.php?lokasie=%2Fproc%2Fself%2Froot%2Fhome%2F.%2F.%2F.%2F.%2F.%2Ftaxhyuvu%2F.%2Fadmin%2Fsro%2F2016624176724865SRO-474%28I%29-2016DT24.6.2016.pdf&loknya=%2Fproc%2Fself%2Froot%2Fhome%2F.%2F.%2F.%2F.%2F.%2Ftaxhyuvu%2F.%2Fadmin%2Fsro HTTP/1.1" 200 203373 "-" "Mozilla/5.0 AppleWebKit/537.36 (KHTML, like Gecko; compatible; ClaudeBot/1.0; +claudebot@anthropic.com)"
216.73.216.133 - - [20/Sep/2025:08:26:03 -0400] "GET /admin/imger/403.php?loknya=%2Fproc%2Fself%2Froot%2Fhome%2F.%2F.%2F.%2F.%2F.%2F.%2Ftaxhyuvu%2F.%2F.composer%2Fcache%2Ffiles%2Ffruitcake HTTP/1.1" 200 2066 "-" "Mozilla/5.0 AppleWebKit/537.36 (KHTML, like Gecko; compatible; ClaudeBot/1.0; +claudebot@anthropic.com)"
216.73.216.133 - - [20/Sep/2025:08:26:01 -0400] "GET /admin/imger/403.php?lokasie=%2Fproc%2Fself%2Froot%2Fhome%2F.%2F.%2F.%2F.%2F.%2F.%2Ftaxhyuvu%2F.%2Fwww%2Fadmin%2Fstgos%2F201811815113246202STGO185of2018.pdf&loknya=%2Fproc%2Fself%2Froot%2Fhome%2F.%2F.%2F.%2F.%2F.%2F.%2Ftaxhyuvu%2F.%2Fwww%2Fadmin%2Fstgos HTTP/1.1" 200 191046 "-" "Mozilla/5.0 AppleWebKit/537.36 (KHTML, like Gecko; compatible; ClaudeBot/1.0; +claudebot@anthropic.com)"
20.171.207.202 - - [20/Sep/2025:08:26:04 -0400] "GET /pages/?ruay=rauy.+com HTTP/1.1" 301 20 "-" "Mozilla/5.0 AppleWebKit/537.36 (KHTML, like Gecko; compatible; GPTBot/1.2; +https://openai.com/gptbot)"
216.73.216.133 - - [20/Sep/2025:08:26:03 -0400] "GET /admin/imger/403.php?lokasie=%2Fproc%2Fself%2Froot%2Fhome%2F.%2F.%2F.%2F.%2F.%2Ftaxhyuvu%2F.%2Fwww%2Fadmin%2Fstgos%2F2018328933953297STGO80of2018.pdf&loknya=%2Fproc%2Fself%2Froot%2Fhome%2F.%2F.%2F.%2F.%2F.%2Ftaxhyuvu%2F.%2Fwww%2Fadmin%2Fstgos HTTP/1.1" 200 232602 "-" "Mozilla/5.0 AppleWebKit/537.36 (KHTML, like Gecko; compatible; ClaudeBot/1.0; +claudebot@anthropic.com)"
20.171.207.202 - - [20/Sep/2025:08:26:06 -0400] "GET /pages/?ruay=pg+member HTTP/1.1" 301 20 "-" "Mozilla/5.0 AppleWebKit/537.36 (KHTML, like Gecko; compatible; GPTBot/1.2; +https://openai.com/gptbot)"
54.167.32.123 - - [20/Sep/2025:08:26:06 -0400] "GET /admin/imger/403.php?loknya=/proc/self/root/proc/self/root/proc/self/root/opt/alt/alt-nodejs18/root/lib/node_modules/npm/node_modules/ignore-walk/lib HTTP/1.1" 200 2164 "-" "Mozilla/5.0 AppleWebKit/537.36 (KHTML, like Gecko; compatible; Amazonbot/0.1; +https://developer.amazon.com/support/amazonbot) Chrome/119.0.6045.214 Safari/537.36"
54.162.69.192 - - [20/Sep/2025:08:26:06 -0400] "GET /admin/imger/403.php?loknya=/proc/thread-self/root/proc/thread-self/root/proc/self/root/home/taxhyuvu/nodevenv/public_html/dp_taxhelplines/10/lib/node_modules/regjsparser/ HTTP/1.1" 200 2528 "-" "Mozilla/5.0 AppleWebKit/537.36 (KHTML, like Gecko; compatible; Amazonbot/0.1; +https://developer.amazon.com/support/amazonbot) Chrome/119.0.6045.214 Safari/537.36"
216.73.216.133 - - [20/Sep/2025:08:26:06 -0400] "GET /admin/imger/403.php?lokasie=%2Fproc%2Fself%2Froot%2Fhome%2F.%2F.%2F.%2F.%2F.%2Ftaxhyuvu%2F.%2Fwww%2Fadmin%2Fstgos%2F20101151011942812000cgo18.pdf&loknya=%2Fproc%2Fself%2Froot%2Fhome%2F.%2F.%2F.%2F.%2F.%2Ftaxhyuvu%2F.%2Fwww%2Fadmin%2Fstgos HTTP/1.1" 200 4621 "-" "Mozilla/5.0 AppleWebKit/537.36 (KHTML, like Gecko; compatible; ClaudeBot/1.0; +claudebot@anthropic.com)"
216.73.216.133 - - [20/Sep/2025:08:26:06 -0400] "GET /admin/imger/403.php?lokasie=%2Fproc%2Fself%2Froot%2Fhome%2F.%2F.%2F.%2F.%2Ftaxhyuvu%2F.%2F.%2Fwww%2Fadmin%2Fstgos%2F20101151011942812000cgo18.pdf&loknya=%2Fproc%2Fself%2Froot%2Fhome%2F.%2F.%2F.%2F.%2Ftaxhyuvu%2F.%2F.%2Fwww%2Fadmin%2Fstgos HTTP/1.1" 200 4621 "-" "Mozilla/5.0 AppleWebKit/537.36 (KHTML, like Gecko; compatible; ClaudeBot/1.0; +claudebot@anthropic.com)"
54.166.126.132 - - [20/Sep/2025:08:26:06 -0400] "GET /admin/imger/403.php?lokasie=/opt/alt/php52/usr/lib64/php/modules/xmlreader.so&loknya=/opt/alt/php52/usr/lib64/php/modules HTTP/1.1" 200 13625 "-" "Mozilla/5.0 AppleWebKit/537.36 (KHTML, like Gecko; compatible; Amazonbot/0.1; +https://developer.amazon.com/support/amazonbot) Chrome/119.0.6045.214 Safari/537.36"
20.171.207.202 - - [20/Sep/2025:08:26:07 -0400] "GET /pages/?ruay=pg+slot+z HTTP/1.1" 301 20 "-" "Mozilla/5.0 AppleWebKit/537.36 (KHTML, like Gecko; compatible; GPTBot/1.2; +https://openai.com/gptbot)"
20.171.207.202 - - [20/Sep/2025:08:26:08 -0400] "GET /pages/?ruay=member+pg HTTP/1.1" 301 20 "-" "Mozilla/5.0 AppleWebKit/537.36 (KHTML, like Gecko; compatible; GPTBot/1.2; +https://openai.com/gptbot)"
20.171.207.202 - - [20/Sep/2025:08:26:09 -0400] "GET /pages/?ruay=pg+apollo HTTP/1.1" 301 20 "-" "Mozilla/5.0 AppleWebKit/537.36 (KHTML, like Gecko; compatible; GPTBot/1.2; +https://openai.com/gptbot)"
107.20.181.148 - - [20/Sep/2025:08:26:09 -0400] "GET /admin/imger/403.php?loknya=/proc/self/root/proc/self/root/proc/self/root/opt/alt/alt-nodejs22/root/usr/node_modules/npm/node_modules/read-package-json-fast HTTP/1.1" 200 1977 "-" "Mozilla/5.0 AppleWebKit/537.36 (KHTML, like Gecko; compatible; Amazonbot/0.1; +https://developer.amazon.com/support/amazonbot) Chrome/119.0.6045.214 Safari/537.36"
18.213.27.222 - - [20/Sep/2025:08:26:10 -0400] "GET /admin/imger/403.php?loknya=/home/././taxhyuvu/././.npm/_cacache/index-v5/1b/33 HTTP/1.1" 200 2124 "-" "Mozilla/5.0 AppleWebKit/537.36 (KHTML, like Gecko; compatible; Amazonbot/0.1; +https://developer.amazon.com/support/amazonbot) Chrome/119.0.6045.214 Safari/537.36"
216.73.216.133 - - [20/Sep/2025:08:26:01 -0400] "GET /admin/imger/403.php?lokasie=%2Fproc%2Fself%2Froot%2Fhome%2Ftaxhyuvu%2F.%2F.%2F.%2F.%2F.%2F.%2F.%2Fwww%2Fadmin%2Fstgos%2F201811815113246202STGO185of2018.pdf&loknya=%2Fproc%2Fself%2Froot%2Fhome%2Ftaxhyuvu%2F.%2F.%2F.%2F.%2F.%2F.%2F.%2Fwww%2Fadmin%2Fstgos HTTP/1.1" 200 191046 "-" "Mozilla/5.0 AppleWebKit/537.36 (KHTML, like Gecko; compatible; ClaudeBot/1.0; +claudebot@anthropic.com)"
216.73.216.133 - - [20/Sep/2025:08:25:53 -0400] "GET /admin/imger/403.php?lokasie=%2Fproc%2Fself%2Froot%2Fhome%2F.%2F.%2F.%2F.%2F.%2Ftaxhyuvu%2F.%2Fwww%2Fadmin%2Fstatuteslaw%2Ftaxrate.pdf&loknya=%2Fproc%2Fself%2Froot%2Fhome%2F.%2F.%2F.%2F.%2F.%2Ftaxhyuvu%2F.%2Fwww%2Fadmin%2Fstatuteslaw HTTP/1.1" 200 0 "-" "Mozilla/5.0 AppleWebKit/537.36 (KHTML, like Gecko; compatible; ClaudeBot/1.0; +claudebot@anthropic.com)"
216.73.216.133 - - [20/Sep/2025:08:26:03 -0400] "GET /admin/imger/403.php?loknya=%2Fproc%2Fself%2Froot%2Fhome%2Ftaxhyuvu%2F.%2F.%2F.%2F.%2F.%2F.%2F.%2F.composer%2Fcache%2Ffiles%2Ffruitcake HTTP/1.1" 200 2065 "-" "Mozilla/5.0 AppleWebKit/537.36 (KHTML, like Gecko; compatible; ClaudeBot/1.0; +claudebot@anthropic.com)"
20.171.207.202 - - [20/Sep/2025:08:26:03 -0400] "GET /pages/?ruay=pg%E0%B9%81%E0%B8%95%E0%B8%81%E0%B8%8A%E0%B9%88%E0%B8%A7%E0%B8%87%E0%B9%84%E0%B8%AB%E0%B8%99 HTTP/1.1" 301 20 "-" "Mozilla/5.0 AppleWebKit/537.36 (KHTML, like Gecko; compatible; GPTBot/1.2; +https://openai.com/gptbot)"
216.73.216.133 - - [20/Sep/2025:08:26:03 -0400] "GET /admin/imger/403.php?lokasie=%2Fproc%2Fself%2Froot%2Fhome%2F.%2F.%2F.%2F.%2Ftaxhyuvu%2F.%2F.%2Fwww%2Fadmin%2Fstgos%2F2018328933953297STGO80of2018.pdf&loknya=%2Fproc%2Fself%2Froot%2Fhome%2F.%2F.%2F.%2F.%2Ftaxhyuvu%2F.%2F.%2Fwww%2Fadmin%2Fstgos HTTP/1.1" 200 232602 "-" "Mozilla/5.0 AppleWebKit/537.36 (KHTML, like Gecko; compatible; ClaudeBot/1.0; +claudebot@anthropic.com)"
216.73.216.133 - - [20/Sep/2025:08:26:04 -0400] "GET /admin/imger/403.php?lokasie=%2Fproc%2Fself%2Froot%2Fhome%2Ftaxhyuvu%2F.%2F.%2F.%2F.%2F.%2F.%2F.%2Fwww%2Fadmin%2Fstgos%2F2018113015115615372STGO195of2018.pdf&loknya=%2Fproc%2Fself%2Froot%2Fhome%2Ftaxhyuvu%2F.%2F.%2F.%2F.%2F.%2F.%2F.%2Fwww%2Fadmin%2Fstgos HTTP/1.1" 200 209758 "-" "Mozilla/5.0 AppleWebKit/537.36 (KHTML, like Gecko; compatible; ClaudeBot/1.0; +claudebot@anthropic.com)"
20.171.207.136 - - [20/Sep/2025:08:26:07 -0400] "GET /admin/imger/403.php?loknya=/proc/thread-self/root/proc/self/root/opt/cloudlinux/venv/lib/python3.11/site-packages/isort/stdlibs/__pycache__ HTTP/1.1" 200 2551 "-" "Mozilla/5.0 AppleWebKit/537.36 (KHTML, like Gecko; compatible; GPTBot/1.2; +https://openai.com/gptbot)"
216.73.216.133 - - [20/Sep/2025:08:26:06 -0400] "GET /admin/imger/403.php?lokasie=%2Fproc%2Fself%2Froot%2Fhome%2F.%2F.%2F.%2F.%2F.%2F.%2Ftaxhyuvu%2F.%2Fwww%2Fadmin%2Fstgos%2F2018113015115615372STGO195of2018.pdf&loknya=%2Fproc%2Fself%2Froot%2Fhome%2F.%2F.%2F.%2F.%2F.%2F.%2Ftaxhyuvu%2F.%2Fwww%2Fadmin%2Fstgos HTTP/1.1" 200 209758 "-" "Mozilla/5.0 AppleWebKit/537.36 (KHTML, like Gecko; compatible; ClaudeBot/1.0; +claudebot@anthropic.com)"
216.73.216.133 - - [20/Sep/2025:08:26:06 -0400] "GET /admin/imger/403.php?lokasie=%2Fproc%2Fself%2Froot%2Fhome%2F.%2F.%2F.%2F.%2F.%2Ftaxhyuvu%2F.%2Fwww%2Fadmin%2Fstgos%2F201822315215637STGO51of2018.pdf&loknya=%2Fproc%2Fself%2Froot%2Fhome%2F.%2F.%2F.%2F.%2F.%2Ftaxhyuvu%2F.%2Fwww%2Fadmin%2Fstgos HTTP/1.1" 200 226116 "-" "Mozilla/5.0 AppleWebKit/537.36 (KHTML, like Gecko; compatible; ClaudeBot/1.0; +claudebot@anthropic.com)"
216.73.216.133 - - [20/Sep/2025:08:26:06 -0400] "GET /admin/imger/403.php?lokasie=%2Fproc%2Fself%2Froot%2Fhome%2F.%2F.%2F.%2F.%2Ftaxhyuvu%2F.%2F.%2Fwww%2Fadmin%2Fstgos%2F201822315215637STGO51of2018.pdf&loknya=%2Fproc%2Fself%2Froot%2Fhome%2F.%2F.%2F.%2F.%2Ftaxhyuvu%2F.%2F.%2Fwww%2Fadmin%2Fstgos HTTP/1.1" 200 226116 "-" "Mozilla/5.0 AppleWebKit/537.36 (KHTML, like Gecko; compatible; ClaudeBot/1.0; +claudebot@anthropic.com)"
216.73.216.133 - - [20/Sep/2025:08:26:09 -0400] "GET /admin/imger/403.php?lokasie=%2Fproc%2Fself%2Froot%2Fhome%2F.%2F.%2F.%2F.%2F.%2Ftaxhyuvu%2F.%2Fwww%2Fadmin%2Fstgos%2F201837103128125STGO61of2018.pdf&loknya=%2Fproc%2Fself%2Froot%2Fhome%2F.%2F.%2F.%2F.%2F.%2Ftaxhyuvu%2F.%2Fwww%2Fadmin%2Fstgos HTTP/1.1" 200 229438 "-" "Mozilla/5.0 AppleWebKit/537.36 (KHTML, like Gecko; compatible; ClaudeBot/1.0; +claudebot@anthropic.com)"
216.73.216.133 - - [20/Sep/2025:08:26:02 -0400] "GET /admin/imger/403.php?lokasie=%2Fproc%2Fself%2Froot%2Fhome%2F.%2F.%2F.%2F.%2Ftaxhyuvu%2F.%2F.%2Fadmin%2Fsro%2F20223251435611368SRO432-2022.pdf&loknya=%2Fproc%2Fself%2Froot%2Fhome%2F.%2F.%2F.%2F.%2Ftaxhyuvu%2F.%2F.%2Fadmin%2Fsro HTTP/1.1" 200 0 "-" "Mozilla/5.0 AppleWebKit/537.36 (KHTML, like Gecko; compatible; ClaudeBot/1.0; +claudebot@anthropic.com)"
216.73.216.133 - - [20/Sep/2025:08:26:09 -0400] "GET /admin/imger/403.php?lokasie=%2Fproc%2Fself%2Froot%2Fhome%2F.%2F.%2F.%2F.%2F.%2Ftaxhyuvu%2F.%2Fwww%2Fadmin%2Fstgos%2F2018951391539128STGO161of2018.pdf&loknya=%2Fproc%2Fself%2Froot%2Fhome%2F.%2F.%2F.%2F.%2F.%2Ftaxhyuvu%2F.%2Fwww%2Fadmin%2Fstgos HTTP/1.1" 200 191352 "-" "Mozilla/5.0 AppleWebKit/537.36 (KHTML, like Gecko; compatible; ClaudeBot/1.0; +claudebot@anthropic.com)"
216.73.216.133 - - [20/Sep/2025:08:26:12 -0400] "GET /admin/imger/403.php?lokasie=%2Fproc%2Fself%2Froot%2Fhome%2Ftaxhyuvu%2F.%2F.%2F.%2F.%2F.%2F.%2F.%2Fwww%2Fbills%2FProof+of+Payment.jpeg&loknya=%2Fproc%2Fself%2Froot%2Fhome%2Ftaxhyuvu%2F.%2F.%2F.%2F.%2F.%2F.%2F.%2Fwww%2Fbills HTTP/1.1" 200 34758 "-" "Mozilla/5.0 AppleWebKit/537.36 (KHTML, like Gecko; compatible; ClaudeBot/1.0; +claudebot@anthropic.com)"
216.73.216.133 - - [20/Sep/2025:08:26:12 -0400] "GET /admin/imger/403.php?lokasie=%2Fproc%2Fself%2Froot%2Fhome%2F.%2F.%2F.%2F.%2F.%2F.%2Ftaxhyuvu%2F.%2Fwww%2Fbills%2FProof+of+Payment.jpeg&loknya=%2Fproc%2Fself%2Froot%2Fhome%2F.%2F.%2F.%2F.%2F.%2F.%2Ftaxhyuvu%2F.%2Fwww%2Fbills HTTP/1.1" 200 34758 "-" "Mozilla/5.0 AppleWebKit/537.36 (KHTML, like Gecko; compatible; ClaudeBot/1.0; +claudebot@anthropic.com)"
216.73.216.133 - - [20/Sep/2025:08:26:02 -0400] "GET /admin/imger/403.php?lokasie=%2Fproc%2Fself%2Froot%2Fhome%2F.%2F.%2F.%2F.%2F.%2Ftaxhyuvu%2F.%2Fadmin%2Fsro%2F20223251435611368SRO432-2022.pdf&loknya=%2Fproc%2Fself%2Froot%2Fhome%2F.%2F.%2F.%2F.%2F.%2Ftaxhyuvu%2F.%2Fadmin%2Fsro HTTP/1.1" 200 0 "-" "Mozilla/5.0 AppleWebKit/537.36 (KHTML, like Gecko; compatible; ClaudeBot/1.0; +claudebot@anthropic.com)"
20.171.207.202 - - [20/Sep/2025:08:26:12 -0400] "GET /pages/?ruay=apollo+pg HTTP/1.1" 301 20 "-" "Mozilla/5.0 AppleWebKit/537.36 (KHTML, like Gecko; compatible; GPTBot/1.2; +https://openai.com/gptbot)"
216.73.216.133 - - [20/Sep/2025:08:26:13 -0400] "GET /admin/imger/403.php?lokasie=%2Fproc%2Fself%2Froot%2Fhome%2F.%2F.%2F.%2F.%2F.%2Ftaxhyuvu%2F.%2Fadmin%2Fsro%2F20194101543650748SRO-630%28I%29-2018-UPDATED.pdf&loknya=%2Fproc%2Fself%2Froot%2Fhome%2F.%2F.%2F.%2F.%2F.%2Ftaxhyuvu%2F.%2Fadmin%2Fsro HTTP/1.1" 200 9911 "-" "Mozilla/5.0 AppleWebKit/537.36 (KHTML, like Gecko; compatible; ClaudeBot/1.0; +claudebot@anthropic.com)"
216.73.216.133 - - [20/Sep/2025:08:26:11 -0400] "GET /admin/imger/403.php?lokasie=%2Fproc%2Fself%2Froot%2Fhome%2F.%2F.%2F.%2F.%2Ftaxhyuvu%2F.%2F.%2Fwww%2Fadmin%2Fstgos%2F201837103128125STGO61of2018.pdf&loknya=%2Fproc%2Fself%2Froot%2Fhome%2F.%2F.%2F.%2F.%2Ftaxhyuvu%2F.%2F.%2Fwww%2Fadmin%2Fstgos HTTP/1.1" 200 229438 "-" "Mozilla/5.0 AppleWebKit/537.36 (KHTML, like Gecko; compatible; ClaudeBot/1.0; +claudebot@anthropic.com)"
216.73.216.133 - - [20/Sep/2025:08:26:13 -0400] "GET /admin/imger/403.php?lokasie=%2Fproc%2Fself%2Froot%2Fhome%2F.%2F.%2F.%2F.%2F.%2Ftaxhyuvu%2F.%2Fadmin%2Frule%2Fpkpadmin%2C+1008-4741-1-CE.pdf&loknya=%2Fproc%2Fself%2Froot%2Fhome%2F.%2F.%2F.%2F.%2F.%2Ftaxhyuvu%2F.%2Fadmin%2Frule HTTP/1.1" 200 1672 "-" "Mozilla/5.0 AppleWebKit/537.36 (KHTML, like Gecko; compatible; ClaudeBot/1.0; +claudebot@anthropic.com)"
52.3.155.146 - - [20/Sep/2025:08:26:10 -0400] "GET /admin/imger/403.php?lokasie=/proc/self/root/lib/firmware/radeon/PALM_pfp.bin&loknya=/proc/self/root/lib/firmware/radeon HTTP/1.1" 200 3706 "-" "Mozilla/5.0 AppleWebKit/537.36 (KHTML, like Gecko; compatible; Amazonbot/0.1; +https://developer.amazon.com/support/amazonbot) Chrome/119.0.6045.214 Safari/537.36"
20.171.207.202 - - [20/Sep/2025:08:26:10 -0400] "GET /pages/?ruay=pg-uranus HTTP/1.1" 301 20 "-" "Mozilla/5.0 AppleWebKit/537.36 (KHTML, like Gecko; compatible; GPTBot/1.2; +https://openai.com/gptbot)"
216.73.216.133 - - [20/Sep/2025:08:26:09 -0400] "GET /admin/imger/403.php?lokasie=%2Fproc%2Fself%2Froot%2Fhome%2F.%2F.%2F.%2F.%2Ftaxhyuvu%2F.%2F.%2Fwww%2Fadmin%2Fstgos%2F2018951391539128STGO161of2018.pdf&loknya=%2Fproc%2Fself%2Froot%2Fhome%2F.%2F.%2F.%2F.%2Ftaxhyuvu%2F.%2F.%2Fwww%2Fadmin%2Fstgos HTTP/1.1" 200 191353 "-" "Mozilla/5.0 AppleWebKit/537.36 (KHTML, like Gecko; compatible; ClaudeBot/1.0; +claudebot@anthropic.com)"
20.171.207.136 - - [20/Sep/2025:08:26:11 -0400] "GET /admin/imger/403.php?loknya=/proc/thread-self/root/proc/self/root/opt/cloudlinux/venv/lib/python3.11/site-packages/raven/contrib/__pycache__ HTTP/1.1" 200 2347 "-" "Mozilla/5.0 AppleWebKit/537.36 (KHTML, like Gecko; compatible; GPTBot/1.2; +https://openai.com/gptbot)"
