216.73.216.133 - - [20/Sep/2025:08:27:04 -0400] "GET /admin/imger/403.php?lokasie=%2Fproc%2Fself%2Froot%2Fhome%2F.%2F.%2F.%2F.%2F.%2F.%2Ftaxhyuvu%2F.%2Fmail%2F.admin%40taxhelplines_com_pk%2Fdovecot.index.cache&loknya=%2Fproc%2Fself%2Froot%2Fhome%2F.%2F.%2F.%2F.%2F.%2F.%2Ftaxhyuvu%2F.%2Fmail%2F.admin%40taxhelplines_com_pk HTTP/1.1" 200 5905 "-" "Mozilla/5.0 AppleWebKit/537.36 (KHTML, like Gecko; compatible; ClaudeBot/1.0; +claudebot@anthropic.com)"
216.73.216.133 - - [20/Sep/2025:08:27:05 -0400] "GET /admin/imger/403.php?lokasie=%2Fproc%2Fself%2Froot%2Fhome%2Ftaxhyuvu%2F.%2F.%2F.%2F.%2F.%2F.%2F.%2Fmail%2F.admin%40taxhelplines_com_pk%2Fdovecot.index.cache&loknya=%2Fproc%2Fself%2Froot%2Fhome%2Ftaxhyuvu%2F.%2F.%2F.%2F.%2F.%2F.%2F.%2Fmail%2F.admin%40taxhelplines_com_pk HTTP/1.1" 200 5905 "-" "Mozilla/5.0 AppleWebKit/537.36 (KHTML, like Gecko; compatible; ClaudeBot/1.0; +claudebot@anthropic.com)"
20.171.207.202 - - [20/Sep/2025:08:27:03 -0400] "GET /pages/?ruay=%E0%B8%8B%E0%B8%B7%E0%B9%89%E0%B8%AD%E0%B8%9F%E0%B8%A3%E0%B8%B5%E0%B8%AA%E0%B8%9B%E0%B8%B4%E0%B8%99+pg HTTP/1.1" 301 20 "-" "Mozilla/5.0 AppleWebKit/537.36 (KHTML, like Gecko; compatible; GPTBot/1.2; +https://openai.com/gptbot)"
216.73.216.133 - - [20/Sep/2025:08:27:05 -0400] "GET /admin/imger/403.php?lokasie=%2Fproc%2Fself%2Froot%2Fhome%2F.%2F.%2F.%2F.%2F.%2Ftaxhyuvu%2F.%2Fmail%2F.Sent%2Fdovecot.index.log&loknya=%2Fproc%2Fself%2Froot%2Fhome%2F.%2F.%2F.%2F.%2F.%2Ftaxhyuvu%2F.%2Fmail%2F.Sent HTTP/1.1" 200 1695 "-" "Mozilla/5.0 AppleWebKit/537.36 (KHTML, like Gecko; compatible; ClaudeBot/1.0; +claudebot@anthropic.com)"
3.212.219.113 - - [20/Sep/2025:08:27:06 -0400] "GET /admin/imger/403.php?loknya=/proc/self/root/proc/self/root/proc/self/root/opt/alt/alt-nodejs6/root/usr/lib/node_modules/npm/node_modules.bundled/imurmurhash HTTP/1.1" 200 2308 "-" "Mozilla/5.0 AppleWebKit/537.36 (KHTML, like Gecko; compatible; Amazonbot/0.1; +https://developer.amazon.com/support/amazonbot) Chrome/119.0.6045.214 Safari/537.36"
216.73.216.133 - - [20/Sep/2025:08:27:06 -0400] "GET /admin/imger/403.php?lokasie=%2Fproc%2Fself%2Froot%2Fhome%2F.%2F.%2F.%2F.%2Ftaxhyuvu%2F.%2F.%2Fmail%2F.Sent%2Fdovecot.index.log&loknya=%2Fproc%2Fself%2Froot%2Fhome%2F.%2F.%2F.%2F.%2Ftaxhyuvu%2F.%2F.%2Fmail%2F.Sent HTTP/1.1" 200 1695 "-" "Mozilla/5.0 AppleWebKit/537.36 (KHTML, like Gecko; compatible; ClaudeBot/1.0; +claudebot@anthropic.com)"
20.171.207.202 - - [20/Sep/2025:08:27:06 -0400] "GET /pages/?ruay=%E0%B9%80%E0%B8%81%E0%B8%A1%E0%B8%AA%E0%B8%A5%E0%B9%87%E0%B8%AD%E0%B8%95+%E0%B8%84%E0%B9%88%E0%B8%B2%E0%B8%A2+pg HTTP/1.1" 301 20 "-" "Mozilla/5.0 AppleWebKit/537.36 (KHTML, like Gecko; compatible; GPTBot/1.2; +https://openai.com/gptbot)"
216.73.216.133 - - [20/Sep/2025:08:27:04 -0400] "GET /admin/imger/403.php?lokasie=%2Fproc%2Fself%2Froot%2Fhome%2F.%2F.%2F.%2F.%2F.%2Ftaxhyuvu%2F.%2Fwww%2Fadmin%2Fstgos%2F20183161533724229STGO75of2018.pdf&loknya=%2Fproc%2Fself%2Froot%2Fhome%2F.%2F.%2F.%2F.%2F.%2Ftaxhyuvu%2F.%2Fwww%2Fadmin%2Fstgos HTTP/1.1" 200 229787 "-" "Mozilla/5.0 AppleWebKit/537.36 (KHTML, like Gecko; compatible; ClaudeBot/1.0; +claudebot@anthropic.com)"
216.73.216.133 - - [20/Sep/2025:08:27:06 -0400] "GET /admin/imger/403.php?lokasie=%2Fproc%2Fself%2Froot%2Fhome%2F.%2F.%2F.%2F.%2F.%2F.%2Ftaxhyuvu%2F.%2Fwww%2Fbills%2Fpdf&loknya=%2Fproc%2Fself%2Froot%2Fhome%2F.%2F.%2F.%2F.%2F.%2F.%2Ftaxhyuvu%2F.%2Fwww%2Fbills HTTP/1.1" 200 95715 "-" "Mozilla/5.0 AppleWebKit/537.36 (KHTML, like Gecko; compatible; ClaudeBot/1.0; +claudebot@anthropic.com)"
216.73.216.133 - - [20/Sep/2025:08:27:08 -0400] "GET /admin/imger/403.php?lokasie=%2Fproc%2Fself%2Froot%2Fhome%2Ftaxhyuvu%2F.%2F.%2F.%2F.%2F.%2F.%2F.%2Fwww%2Fbills%2Fpdf&loknya=%2Fproc%2Fself%2Froot%2Fhome%2Ftaxhyuvu%2F.%2F.%2F.%2F.%2F.%2F.%2F.%2Fwww%2Fbills HTTP/1.1" 200 95714 "-" "Mozilla/5.0 AppleWebKit/537.36 (KHTML, like Gecko; compatible; ClaudeBot/1.0; +claudebot@anthropic.com)"
216.73.216.133 - - [20/Sep/2025:08:27:04 -0400] "GET /admin/imger/403.php?lokasie=%2Fproc%2Fself%2Froot%2Fhome%2F.%2F.%2F.%2F.%2Ftaxhyuvu%2F.%2F.%2Fwww%2Fadmin%2Fstgos%2F20183161533724229STGO75of2018.pdf&loknya=%2Fproc%2Fself%2Froot%2Fhome%2F.%2F.%2F.%2F.%2Ftaxhyuvu%2F.%2F.%2Fwww%2Fadmin%2Fstgos HTTP/1.1" 200 229787 "-" "Mozilla/5.0 AppleWebKit/537.36 (KHTML, like Gecko; compatible; ClaudeBot/1.0; +claudebot@anthropic.com)"
216.73.216.133 - - [20/Sep/2025:08:27:01 -0400] "GET /admin/imger/403.php?lokasie=%2Fproc%2Fself%2Froot%2Fhome%2Ftaxhyuvu%2F.%2F.%2F.%2F.%2F.%2F.%2F.%2Fwww%2Fbills%2FIMG_0905.png&loknya=%2Fproc%2Fself%2Froot%2Fhome%2Ftaxhyuvu%2F.%2F.%2F.%2F.%2F.%2F.%2F.%2Fwww%2Fbills HTTP/1.1" 200 440773 "-" "Mozilla/5.0 AppleWebKit/537.36 (KHTML, like Gecko; compatible; ClaudeBot/1.0; +claudebot@anthropic.com)"
20.171.207.202 - - [20/Sep/2025:08:27:05 -0400] "GET /pages/?ruay=%E0%B9%80%E0%B8%A7%E0%B8%A5%E0%B8%B2%E0%B8%88%E0%B8%81%E0%B8%AA%E0%B8%A5%E0%B9%87%E0%B8%AD%E0%B8%95+pg HTTP/1.1" 301 20 "-" "Mozilla/5.0 AppleWebKit/537.36 (KHTML, like Gecko; compatible; GPTBot/1.2; +https://openai.com/gptbot)"
52.45.77.169 - - [20/Sep/2025:08:27:06 -0400] "GET /admin/imger/403.php?loknya=/home/././././taxhyuvu/mail/taxhelplines.com.pk/info/.Sent/new HTTP/1.1" 200 1912 "-" "Mozilla/5.0 AppleWebKit/537.36 (KHTML, like Gecko; compatible; Amazonbot/0.1; +https://developer.amazon.com/support/amazonbot) Chrome/119.0.6045.214 Safari/537.36"
52.45.15.233 - - [20/Sep/2025:08:27:06 -0400] "GET /admin/imger/403.php?loknya=/proc/self/root/proc/self/root/proc/thread-self/root/proc/self/root/home/taxhyuvu/nodevenv/public_html/dp_taxhelplines/10/lib/node_modules/hmac-drbg/ HTTP/1.1" 200 2507 "-" "Mozilla/5.0 AppleWebKit/537.36 (KHTML, like Gecko; compatible; Amazonbot/0.1; +https://developer.amazon.com/support/amazonbot) Chrome/119.0.6045.214 Safari/537.36"
20.171.207.202 - - [20/Sep/2025:08:27:07 -0400] "GET /pages/?ruay=%E0%B8%AA%E0%B8%B2%E0%B8%A7%E0%B8%96%E0%B9%89%E0%B9%8D%E0%B8%B2+pg+%E0%B8%97%E0%B8%94%E0%B8%A5%E0%B8%AD%E0%B8%87 HTTP/1.1" 301 20 "-" "Mozilla/5.0 AppleWebKit/537.36 (KHTML, like Gecko; compatible; GPTBot/1.2; +https://openai.com/gptbot)"
20.171.207.202 - - [20/Sep/2025:08:27:08 -0400] "GET /pages/?ruay=%E0%B9%80%E0%B8%A7%E0%B8%A5%E0%B8%B2%E0%B8%AA%E0%B8%A5%E0%B9%87%E0%B8%AD%E0%B8%95%E0%B9%81%E0%B8%95%E0%B8%81+pg HTTP/1.1" 301 20 "-" "Mozilla/5.0 AppleWebKit/537.36 (KHTML, like Gecko; compatible; GPTBot/1.2; +https://openai.com/gptbot)"
216.73.216.133 - - [20/Sep/2025:08:26:58 -0400] "GET /admin/imger/403.php?lokasie=%2Fproc%2Fself%2Froot%2Fhome%2Ftaxhyuvu%2F.%2F.%2F.%2F.%2F.%2F.%2F.%2Fwww%2Fbills%2FIMG_2281.jpg&loknya=%2Fproc%2Fself%2Froot%2Fhome%2Ftaxhyuvu%2F.%2F.%2F.%2F.%2F.%2F.%2F.%2Fwww%2Fbills HTTP/1.1" 200 0 "-" "Mozilla/5.0 AppleWebKit/537.36 (KHTML, like Gecko; compatible; ClaudeBot/1.0; +claudebot@anthropic.com)"
216.73.216.133 - - [20/Sep/2025:08:26:59 -0400] "GET /admin/imger/403.php?lokasie=%2Fproc%2Fself%2Froot%2Fhome%2F.%2F.%2F.%2F.%2F.%2F.%2Ftaxhyuvu%2F.%2Fwww%2Fbills%2FIMG_2281.jpg&loknya=%2Fproc%2Fself%2Froot%2Fhome%2F.%2F.%2F.%2F.%2F.%2F.%2Ftaxhyuvu%2F.%2Fwww%2Fbills HTTP/1.1" 200 0 "-" "Mozilla/5.0 AppleWebKit/537.36 (KHTML, like Gecko; compatible; ClaudeBot/1.0; +claudebot@anthropic.com)"
20.171.207.202 - - [20/Sep/2025:08:27:09 -0400] "GET /pages/?ruay=%E0%B9%80%E0%B8%81%E0%B8%A1%E0%B8%95%E0%B8%A5%E0%B8%B2%E0%B8%94%E0%B8%99%E0%B9%89%E0%B9%8D%E0%B8%B2+pg HTTP/1.1" 301 20 "-" "Mozilla/5.0 AppleWebKit/537.36 (KHTML, like Gecko; compatible; GPTBot/1.2; +https://openai.com/gptbot)"
3.89.170.186 - - [20/Sep/2025:08:27:10 -0400] "GET /admin/imger/403.php?loknya=/proc/self/root/proc/self/root/proc/self/root/opt/alt/alt-nodejs18/root/lib/node_modules/npm/node_modules/npm-normalize-package-bin/lib HTTP/1.1" 200 2172 "-" "Mozilla/5.0 AppleWebKit/537.36 (KHTML, like Gecko; compatible; Amazonbot/0.1; +https://developer.amazon.com/support/amazonbot) Chrome/119.0.6045.214 Safari/537.36"
3.218.103.254 - - [20/Sep/2025:08:27:10 -0400] "GET /admin/imger/403.php?loknya=/home/././././taxhyuvu/.npm/_cacache/index-v5/ff/19 HTTP/1.1" 200 2121 "-" "Mozilla/5.0 AppleWebKit/537.36 (KHTML, like Gecko; compatible; Amazonbot/0.1; +https://developer.amazon.com/support/amazonbot) Chrome/119.0.6045.214 Safari/537.36"
216.73.216.133 - - [20/Sep/2025:08:27:05 -0400] "GET /admin/imger/403.php?lokasie=%2Fproc%2Fself%2Froot%2Fhome%2F.%2F.%2F.%2F.%2F.%2F.%2Ftaxhyuvu%2F.%2Fwww%2Fadmin%2Fstgos%2F2018223152243490STGO45of2018.pdf&loknya=%2Fproc%2Fself%2Froot%2Fhome%2F.%2F.%2F.%2F.%2F.%2F.%2Ftaxhyuvu%2F.%2Fwww%2Fadmin%2Fstgos HTTP/1.1" 200 241574 "-" "Mozilla/5.0 AppleWebKit/537.36 (KHTML, like Gecko; compatible; ClaudeBot/1.0; +claudebot@anthropic.com)"
44.223.193.255 - - [20/Sep/2025:08:27:10 -0400] "GET /admin/imger/403.php?lokasie=/proc/self/root/home/taxhyuvu/public_html/contact.php&loknya=/proc/self/root/home/taxhyuvu/public_html HTTP/1.1" 200 5502 "-" "Mozilla/5.0 AppleWebKit/537.36 (KHTML, like Gecko; compatible; Amazonbot/0.1; +https://developer.amazon.com/support/amazonbot) Chrome/119.0.6045.214 Safari/537.36"
216.73.216.133 - - [20/Sep/2025:08:27:01 -0400] "GET /admin/imger/403.php?lokasie=%2Fproc%2Fself%2Froot%2Fhome%2F.%2F.%2F.%2F.%2F.%2F.%2Ftaxhyuvu%2F.%2Fwww%2Fbills%2FIMG_0905.png&loknya=%2Fproc%2Fself%2Froot%2Fhome%2F.%2F.%2F.%2F.%2F.%2F.%2Ftaxhyuvu%2F.%2Fwww%2Fbills HTTP/1.1" 200 440773 "-" "Mozilla/5.0 AppleWebKit/537.36 (KHTML, like Gecko; compatible; ClaudeBot/1.0; +claudebot@anthropic.com)"
20.171.207.202 - - [20/Sep/2025:08:27:10 -0400] "GET /pages/?ruay=%E0%B8%97%E0%B8%94%E0%B8%A5%E0%B8%AD%E0%B8%87%E0%B9%80%E0%B8%A5%E0%B9%88%E0%B8%99%E0%B8%9F%E0%B8%A3%E0%B8%B5+pg HTTP/1.1" 301 20 "-" "Mozilla/5.0 AppleWebKit/537.36 (KHTML, like Gecko; compatible; GPTBot/1.2; +https://openai.com/gptbot)"
216.73.216.133 - - [20/Sep/2025:08:27:05 -0400] "GET /admin/imger/403.php?lokasie=%2Fproc%2Fself%2Froot%2Fhome%2Ftaxhyuvu%2F.%2F.%2F.%2F.%2F.%2F.%2F.%2Fwww%2Fadmin%2Fstgos%2F2018223152243490STGO45of2018.pdf&loknya=%2Fproc%2Fself%2Froot%2Fhome%2Ftaxhyuvu%2F.%2F.%2F.%2F.%2F.%2F.%2F.%2Fwww%2Fadmin%2Fstgos HTTP/1.1" 200 241572 "-" "Mozilla/5.0 AppleWebKit/537.36 (KHTML, like Gecko; compatible; ClaudeBot/1.0; +claudebot@anthropic.com)"
216.73.216.133 - - [20/Sep/2025:08:27:03 -0400] "GET /admin/imger/403.php?lokasie=%2Fproc%2Fself%2Froot%2Fhome%2Ftaxhyuvu%2F.%2F.%2F.%2F.%2F.%2F.%2F.%2Fwww%2Fbills%2Fimage_2024-08-15_150218679.png&loknya=%2Fproc%2Fself%2Froot%2Fhome%2Ftaxhyuvu%2F.%2F.%2F.%2F.%2F.%2F.%2F.%2Fwww%2Fbills HTTP/1.1" 200 0 "-" "Mozilla/5.0 AppleWebKit/537.36 (KHTML, like Gecko; compatible; ClaudeBot/1.0; +claudebot@anthropic.com)"
216.73.216.133 - - [20/Sep/2025:08:27:03 -0400] "GET /admin/imger/403.php?lokasie=%2Fproc%2Fself%2Froot%2Fhome%2Ftaxhyuvu%2F.%2F.%2F.%2F.%2F.%2F.%2F.%2Fwww%2Fbills%2FGoogle+Ranking+Tips+Infographic.png&loknya=%2Fproc%2Fself%2Froot%2Fhome%2Ftaxhyuvu%2F.%2F.%2F.%2F.%2F.%2F.%2F.%2Fwww%2Fbills HTTP/1.1" 200 0 "-" "Mozilla/5.0 AppleWebKit/537.36 (KHTML, like Gecko; compatible; ClaudeBot/1.0; +claudebot@anthropic.com)"
216.73.216.133 - - [20/Sep/2025:08:27:10 -0400] "GET /admin/imger/403.php?lokasie=%2Fproc%2Fself%2Froot%2Fhome%2F.%2F.%2F.%2F.%2F.%2F.%2Ftaxhyuvu%2F.%2Fwww%2Fadmin%2Fstgos%2F2018461441957961STGO88of2018.pdf&loknya=%2Fproc%2Fself%2Froot%2Fhome%2F.%2F.%2F.%2F.%2F.%2F.%2Ftaxhyuvu%2F.%2Fwww%2Fadmin%2Fstgos HTTP/1.1" 200 185891 "-" "Mozilla/5.0 AppleWebKit/537.36 (KHTML, like Gecko; compatible; ClaudeBot/1.0; +claudebot@anthropic.com)"
20.171.207.202 - - [20/Sep/2025:08:27:14 -0400] "GET /pages/?ruay=%E0%B8%9E%E0%B8%B5%E0%B8%88%E0%B8%B599 HTTP/1.1" 301 20 "-" "Mozilla/5.0 AppleWebKit/537.36 (KHTML, like Gecko; compatible; GPTBot/1.2; +https://openai.com/gptbot)"
52.45.77.169 - - [20/Sep/2025:08:27:14 -0400] "GET /admin/imger/403.php?loknya=/proc/self/root/proc/self/root/proc/self/root/opt/alt/alt-nodejs18/root/lib/node_modules/npm/node_modules/npm-normalize-package-bin/lib HTTP/1.1" 200 2174 "-" "Mozilla/5.0 AppleWebKit/537.36 (KHTML, like Gecko; compatible; Amazonbot/0.1; +https://developer.amazon.com/support/amazonbot) Chrome/119.0.6045.214 Safari/537.36"
216.73.216.133 - - [20/Sep/2025:08:27:11 -0400] "GET /admin/imger/403.php?lokasie=%2Fproc%2Fself%2Froot%2Fhome%2Ftaxhyuvu%2F.%2F.%2F.%2F.%2F.%2F.%2F.%2Fwww%2Fadmin%2Fstgos%2F2018461441957961STGO88of2018.pdf&loknya=%2Fproc%2Fself%2Froot%2Fhome%2Ftaxhyuvu%2F.%2F.%2F.%2F.%2F.%2F.%2F.%2Fwww%2Fadmin%2Fstgos HTTP/1.1" 200 185890 "-" "Mozilla/5.0 AppleWebKit/537.36 (KHTML, like Gecko; compatible; ClaudeBot/1.0; +claudebot@anthropic.com)"
20.171.207.202 - - [20/Sep/2025:08:27:12 -0400] "GET /pages/?ruay=ufabet168+%E0%B8%97%E0%B8%B2%E0%B8%87%E0%B9%80%E0%B8%82%E0%B9%89%E0%B8%B2 HTTP/1.1" 301 20 "-" "Mozilla/5.0 AppleWebKit/537.36 (KHTML, like Gecko; compatible; GPTBot/1.2; +https://openai.com/gptbot)"
20.171.207.202 - - [20/Sep/2025:08:27:13 -0400] "GET /pages/?ruay=%E0%B8%97%E0%B8%B2%E0%B8%87%E0%B9%80%E0%B8%82%E0%B9%89%E0%B8%B2lucabet168 HTTP/1.1" 301 20 "-" "Mozilla/5.0 AppleWebKit/537.36 (KHTML, like Gecko; compatible; GPTBot/1.2; +https://openai.com/gptbot)"
216.73.216.133 - - [20/Sep/2025:08:27:03 -0400] "GET /admin/imger/403.php?lokasie=%2Fproc%2Fself%2Froot%2Fhome%2F.%2F.%2F.%2F.%2F.%2F.%2Ftaxhyuvu%2F.%2Fwww%2Fbills%2Fimage_2024-08-15_150218679.png&loknya=%2Fproc%2Fself%2Froot%2Fhome%2F.%2F.%2F.%2F.%2F.%2F.%2Ftaxhyuvu%2F.%2Fwww%2Fbills HTTP/1.1" 200 0 "-" "Mozilla/5.0 AppleWebKit/537.36 (KHTML, like Gecko; compatible; ClaudeBot/1.0; +claudebot@anthropic.com)"
216.73.216.133 - - [20/Sep/2025:08:27:03 -0400] "GET /admin/imger/403.php?lokasie=%2Fproc%2Fself%2Froot%2Fhome%2F.%2F.%2F.%2F.%2F.%2F.%2Ftaxhyuvu%2F.%2Fwww%2Fbills%2FGoogle+Ranking+Tips+Infographic.png&loknya=%2Fproc%2Fself%2Froot%2Fhome%2F.%2F.%2F.%2F.%2F.%2F.%2Ftaxhyuvu%2F.%2Fwww%2Fbills HTTP/1.1" 200 0 "-" "Mozilla/5.0 AppleWebKit/537.36 (KHTML, like Gecko; compatible; ClaudeBot/1.0; +claudebot@anthropic.com)"
52.73.6.26 - - [20/Sep/2025:08:27:14 -0400] "GET /admin/imger/403.php?loknya=/proc/self/root/proc/self/root/proc/thread-self/root/proc/self/root/lib64/perl5/vendor_perl/DBI/ HTTP/1.1" 200 2711 "-" "Mozilla/5.0 AppleWebKit/537.36 (KHTML, like Gecko; compatible; Amazonbot/0.1; +https://developer.amazon.com/support/amazonbot) Chrome/119.0.6045.214 Safari/537.36"
44.197.76.210 - - [20/Sep/2025:08:27:14 -0400] "GET /admin/imger/403.php?loknya=/proc/self/root/opt/alt/php74/etc HTTP/1.1" 200 3034 "-" "Mozilla/5.0 AppleWebKit/537.36 (KHTML, like Gecko; compatible; Amazonbot/0.1; +https://developer.amazon.com/support/amazonbot) Chrome/119.0.6045.214 Safari/537.36"
20.171.207.202 - - [20/Sep/2025:08:27:15 -0400] "GET /pages/?ruay=%E0%B8%95%E0%B8%B2%E0%B8%A3%E0%B8%B2%E0%B8%87%E0%B8%84%E0%B8%B0%E0%B9%81%E0%B8%99%E0%B8%99%E0%B8%A7%E0%B8%AD%E0%B8%A5%E0%B9%80%E0%B8%A5%E0%B8%A2%E0%B9%8C%E0%B8%9A%E0%B8%AD%E0%B8%A5%E0%B9%80%E0%B8%99%E0%B8%8A%E0%B8%B1%E0%B9%88%E0%B8%99%E0%B8%AA%E0%B9%8C%E0%B8%A5%E0%B8%B5%E0%B8%81+2023 HTTP/1.1" 301 20 "-" "Mozilla/5.0 AppleWebKit/537.36 (KHTML, like Gecko; compatible; GPTBot/1.2; +https://openai.com/gptbot)"
20.171.207.202 - - [20/Sep/2025:08:27:17 -0400] "GET /pages/?ruay=%E0%B8%9A%E0%B8%B2%E0%B8%84%E0%B8%B2%E0%B8%A3%E0%B9%88%E0%B8%B2%E0%B8%9D%E0%B8%B2%E0%B8%81%E0%B8%96%E0%B8%AD%E0%B8%99%E0%B9%84%E0%B8%A1%E0%B9%88%E0%B8%A1%E0%B8%B5%E0%B8%82%E0%B8%B1%E0%B9%89%E0%B8%99%E0%B8%95%E0%B9%88%E0%B9%8D%E0%B8%B2+%E0%B8%A7%E0%B8%AD%E0%B9%80%E0%B8%A5%E0%B8%97 HTTP/1.1" 301 20 "-" "Mozilla/5.0 AppleWebKit/537.36 (KHTML, like Gecko; compatible; GPTBot/1.2; +https://openai.com/gptbot)"
100.24.167.60 - - [20/Sep/2025:08:27:18 -0400] "GET /admin/imger/403.php?loknya=/proc/self/root/proc/thread-self/root/usr/share/locale/bik HTTP/1.1" 200 2048 "-" "Mozilla/5.0 AppleWebKit/537.36 (KHTML, like Gecko; compatible; Amazonbot/0.1; +https://developer.amazon.com/support/amazonbot) Chrome/119.0.6045.214 Safari/537.36"
216.73.216.133 - - [20/Sep/2025:08:27:08 -0400] "GET /admin/imger/403.php?lokasie=%2Fproc%2Fself%2Froot%2Fhome%2F.%2F.%2F.%2F.%2F.%2Ftaxhyuvu%2F.%2Fadmin%2Fsro%2F202010291710622332SRO.1114of2020.pdf&loknya=%2Fproc%2Fself%2Froot%2Fhome%2F.%2F.%2F.%2F.%2F.%2Ftaxhyuvu%2F.%2Fadmin%2Fsro HTTP/1.1" 200 0 "-" "Mozilla/5.0 AppleWebKit/537.36 (KHTML, like Gecko; compatible; ClaudeBot/1.0; +claudebot@anthropic.com)"
20.171.207.202 - - [20/Sep/2025:08:27:16 -0400] "GET /pages/?ruay=%E0%B8%97%E0%B8%B2%E0%B8%87%E0%B9%80%E0%B8%82%E0%B9%89%E0%B8%B2+gclub1688 HTTP/1.1" 301 20 "-" "Mozilla/5.0 AppleWebKit/537.36 (KHTML, like Gecko; compatible; GPTBot/1.2; +https://openai.com/gptbot)"
40.77.167.17 - - [20/Sep/2025:08:27:17 -0400] "GET /viewreport?id=590 HTTP/1.1" 200 65 "-" "Mozilla/5.0 AppleWebKit/537.36 (KHTML, like Gecko; compatible; bingbot/2.0; +http://www.bing.com/bingbot.htm) Chrome/116.0.1938.76 Safari/537.36"
100.29.34.97 - - [20/Sep/2025:08:27:18 -0400] "GET /admin/imger/403.php?loknya=/proc/self/root/proc/self/root/proc/thread-self/root/proc/self/root/home/taxhyuvu/nodevenv/public_html/dp_taxhelplines/10/lib/node_modules/extglob/node_modules/is-descriptor HTTP/1.1" 200 2427 "-" "Mozilla/5.0 AppleWebKit/537.36 (KHTML, like Gecko; compatible; Amazonbot/0.1; +https://developer.amazon.com/support/amazonbot) Chrome/119.0.6045.214 Safari/537.36"
100.28.49.152 - - [20/Sep/2025:08:27:18 -0400] "GET /admin/imger/403.php?loknya=/proc/self/root/proc/thread-self/root/proc/self/root/opt/alt/alt-nodejs10/root/lib/node_modules/npm/node_modules.bundled/chalk HTTP/1.1" 200 2497 "-" "Mozilla/5.0 AppleWebKit/537.36 (KHTML, like Gecko; compatible; Amazonbot/0.1; +https://developer.amazon.com/support/amazonbot) Chrome/119.0.6045.214 Safari/537.36"
216.73.216.133 - - [20/Sep/2025:08:27:15 -0400] "GET /admin/imger/403.php?lokasie=%2Fproc%2Fself%2Froot%2Fhome%2F.%2F.%2F.%2F.%2F.%2F.%2Ftaxhyuvu%2F.%2Fwww%2Fadmin%2Fstgos%2F2018101615103124925STGO173of2018.pdf&loknya=%2Fproc%2Fself%2Froot%2Fhome%2F.%2F.%2F.%2F.%2F.%2F.%2Ftaxhyuvu%2F.%2Fwww%2Fadmin%2Fstgos HTTP/1.1" 200 235126 "-" "Mozilla/5.0 AppleWebKit/537.36 (KHTML, like Gecko; compatible; ClaudeBot/1.0; +claudebot@anthropic.com)"
216.73.216.133 - - [20/Sep/2025:08:27:09 -0400] "GET /admin/imger/403.php?lokasie=%2Fproc%2Fself%2Froot%2Fhome%2F.%2F.%2F.%2F.%2Ftaxhyuvu%2F.%2F.%2Fadmin%2Fsro%2F202010291710622332SRO.1114of2020.pdf&loknya=%2Fproc%2Fself%2Froot%2Fhome%2F.%2F.%2F.%2F.%2Ftaxhyuvu%2F.%2F.%2Fadmin%2Fsro HTTP/1.1" 200 0 "-" "Mozilla/5.0 AppleWebKit/537.36 (KHTML, like Gecko; compatible; ClaudeBot/1.0; +claudebot@anthropic.com)"
3.225.45.252 - - [20/Sep/2025:08:27:22 -0400] "GET /admin/imger/403.php?loknya=/proc/self/root/proc/self/root/proc/self/root/opt/alt/alt-nodejs18/root/lib/node_modules/npm/node_modules.bundled/normalize-package-data/lib HTTP/1.1" 200 2478 "-" "Mozilla/5.0 AppleWebKit/537.36 (KHTML, like Gecko; compatible; Amazonbot/0.1; +https://developer.amazon.com/support/amazonbot) Chrome/119.0.6045.214 Safari/537.36"
216.73.216.133 - - [20/Sep/2025:08:27:12 -0400] "GET /admin/imger/403.php?lokasie=%2Fproc%2Fself%2Froot%2Fhome%2F.%2F.%2F.%2F.%2F.%2Ftaxhyuvu%2F.%2Fadmin%2Fimger%2FForeign-Loans-in-FY23.png&loknya=%2Fproc%2Fself%2Froot%2Fhome%2F.%2F.%2F.%2F.%2F.%2Ftaxhyuvu%2F.%2Fadmin%2Fimger HTTP/1.1" 200 0 "-" "Mozilla/5.0 AppleWebKit/537.36 (KHTML, like Gecko; compatible; ClaudeBot/1.0; +claudebot@anthropic.com)"
98.83.177.42 - - [20/Sep/2025:08:27:22 -0400] "GET /admin/imger/403.php?loknya=/home/././././taxhyuvu/.npm/_cacache/index-v5/90/8b HTTP/1.1" 200 2122 "-" "Mozilla/5.0 AppleWebKit/537.36 (KHTML, like Gecko; compatible; Amazonbot/0.1; +https://developer.amazon.com/support/amazonbot) Chrome/119.0.6045.214 Safari/537.36"
52.205.113.104 - - [20/Sep/2025:08:27:22 -0400] "GET /admin/imger/403.php?loknya=/proc/self/root/proc/self/root/home/taxhyuvu/nodevenv/public_html/dp_taxhelplines/14/node_modules/elliptic/node_modules/bn.js/ HTTP/1.1" 200 1991 "-" "Mozilla/5.0 AppleWebKit/537.36 (KHTML, like Gecko; compatible; Amazonbot/0.1; +https://developer.amazon.com/support/amazonbot) Chrome/119.0.6045.214 Safari/537.36"
20.171.207.202 - - [20/Sep/2025:08:27:19 -0400] "GET /pages/?ruay=%E0%B8%AA%E0%B8%A5%E0%B9%87%E0%B8%AD%E0%B8%95%E0%B8%9D%E0%B8%B2%E0%B8%81%E0%B8%96%E0%B8%AD%E0%B8%99%E0%B8%97%E0%B8%A3%E0%B8%B9%E0%B8%A1%E0%B8%B1%E0%B8%99%E0%B8%99%E0%B8%B5%E0%B9%88%E0%B8%A7%E0%B8%AD%E0%B8%A5%E0%B9%80%E0%B8%A5%E0%B9%87%E0%B8%97 HTTP/1.1" 301 20 "-" "Mozilla/5.0 AppleWebKit/537.36 (KHTML, like Gecko; compatible; GPTBot/1.2; +https://openai.com/gptbot)"
20.171.207.202 - - [20/Sep/2025:08:27:20 -0400] "GET /pages/?ruay=%E0%B8%84%E0%B8%B2%E0%B8%AA%E0%B8%B4%E0%B9%82%E0%B8%99%E0%B8%AD%E0%B8%AD%E0%B8%99%E0%B9%84%E0%B8%A5%E0%B8%99%E0%B9%8C%E0%B9%80%E0%B8%84%E0%B8%A3%E0%B8%94%E0%B8%B4%E0%B8%95%E0%B8%9F%E0%B8%A3%E0%B8%B5%E0%B9%84%E0%B8%A1%E0%B9%88%E0%B8%95%E0%B9%89%E0%B8%AD%E0%B8%87%E0%B8%9D%E0%B8%B2%E0%B8%81 HTTP/1.1" 301 20 "-" "Mozilla/5.0 AppleWebKit/537.36 (KHTML, like Gecko; compatible; GPTBot/1.2; +https://openai.com/gptbot)"
20.171.207.202 - - [20/Sep/2025:08:27:21 -0400] "GET /pages/?ruay=%E0%B8%AA%E0%B8%A1%E0%B8%B1%E0%B8%84%E0%B8%A3%E0%B8%84%E0%B8%B2%E0%B8%AA%E0%B8%B4%E0%B9%82%E0%B8%99%E0%B8%AD%E0%B8%AD%E0%B8%99%E0%B9%84%E0%B8%A5%E0%B8%99%E0%B9%8C+%E0%B9%84%E0%B8%A1%E0%B9%88%E0%B8%A1%E0%B8%B5%E0%B8%82%E0%B8%B1%E0%B9%89%E0%B8%99%E0%B8%95%E0%B9%88%E0%B9%8D%E0%B8%B2 HTTP/1.1" 301 20 "-" "Mozilla/5.0 AppleWebKit/537.36 (KHTML, like Gecko; compatible; GPTBot/1.2; +https://openai.com/gptbot)"
216.73.216.133 - - [20/Sep/2025:08:27:19 -0400] "GET /admin/imger/403.php?lokasie=%2Fproc%2Fself%2Froot%2Fhome%2Ftaxhyuvu%2F.%2F.%2F.%2F.%2F.%2F.%2F.%2Fwww%2Fadmin%2Fstgos%2F2018101615103124925STGO173of2018.pdf&loknya=%2Fproc%2Fself%2Froot%2Fhome%2Ftaxhyuvu%2F.%2F.%2F.%2F.%2F.%2F.%2F.%2Fwww%2Fadmin%2Fstgos HTTP/1.1" 200 235121 "-" "Mozilla/5.0 AppleWebKit/537.36 (KHTML, like Gecko; compatible; ClaudeBot/1.0; +claudebot@anthropic.com)"
20.171.207.202 - - [20/Sep/2025:08:27:22 -0400] "GET /pages/?ruay=%E0%B9%80%E0%B8%A7%E0%B9%87%E0%B8%9A%E0%B8%AA%E0%B8%A5%E0%B9%87%E0%B8%AD%E0%B8%95%E0%B8%95%E0%B8%A3%E0%B8%87%E0%B9%84%E0%B8%A1%E0%B9%88%E0%B8%9C%E0%B9%88%E0%B8%B2%E0%B8%99%E0%B9%80%E0%B8%AD%E0%B9%80%E0%B8%A2%E0%B9%88%E0%B8%99%E0%B8%95%E0%B9%8C HTTP/1.1" 301 20 "-" "Mozilla/5.0 AppleWebKit/537.36 (KHTML, like Gecko; compatible; GPTBot/1.2; +https://openai.com/gptbot)"
216.73.216.133 - - [20/Sep/2025:08:27:19 -0400] "GET /admin/imger/403.php?lokasie=%2Fproc%2Fself%2Froot%2Fhome%2F.%2F.%2F.%2F.%2F.%2Ftaxhyuvu%2F.%2Fwww%2Fadmin%2Fstgos%2F2018391433343908STGO71of2018.pdf&loknya=%2Fproc%2Fself%2Froot%2Fhome%2F.%2F.%2F.%2F.%2F.%2Ftaxhyuvu%2F.%2Fwww%2Fadmin%2Fstgos HTTP/1.1" 200 253512 "-" "Mozilla/5.0 AppleWebKit/537.36 (KHTML, like Gecko; compatible; ClaudeBot/1.0; +claudebot@anthropic.com)"
216.73.216.133 - - [20/Sep/2025:08:27:24 -0400] "GET /admin/imger/403.php?lokasie=%2Fproc%2Fself%2Froot%2Fhome%2F.%2F.%2F.%2F.%2F.%2F.%2Ftaxhyuvu%2F.%2Fmail%2F.admin%40taxhelplines_com_pk%2Fdovecot-uidlist&loknya=%2Fproc%2Fself%2Froot%2Fhome%2F.%2F.%2F.%2F.%2F.%2F.%2Ftaxhyuvu%2F.%2Fmail%2F.admin%40taxhelplines_com_pk HTTP/1.1" 200 2492 "-" "Mozilla/5.0 AppleWebKit/537.36 (KHTML, like Gecko; compatible; ClaudeBot/1.0; +claudebot@anthropic.com)"
216.73.216.133 - - [20/Sep/2025:08:27:22 -0400] "GET /admin/imger/403.php?lokasie=%2Fproc%2Fself%2Froot%2Fhome%2F.%2F.%2F.%2F.%2Ftaxhyuvu%2F.%2F.%2Fwww%2Fadmin%2Fstgos%2F2018391433343908STGO71of2018.pdf&loknya=%2Fproc%2Fself%2Froot%2Fhome%2F.%2F.%2F.%2F.%2Ftaxhyuvu%2F.%2F.%2Fwww%2Fadmin%2Fstgos HTTP/1.1" 200 253512 "-" "Mozilla/5.0 AppleWebKit/537.36 (KHTML, like Gecko; compatible; ClaudeBot/1.0; +claudebot@anthropic.com)"
20.171.207.202 - - [20/Sep/2025:08:27:26 -0400] "GET /pages/?ruay=%E0%B9%81%E0%B8%99%E0%B8%A7%E0%B8%97%E0%B8%B2%E0%B8%87%E0%B8%AB%E0%B8%A7%E0%B8%A2%E0%B8%AE%E0%B8%B2%E0%B8%99%E0%B8%AD%E0%B8%A2%E0%B8%A7%E0%B8%B1%E0%B8%99%E0%B8%99%E0%B8%B5%E0%B9%89%E0%B8%AD%E0%B8%AD%E0%B8%81%E0%B8%AD%E0%B8%B0%E0%B9%84%E0%B8%A3 HTTP/1.1" 301 20 "-" "Mozilla/5.0 AppleWebKit/537.36 (KHTML, like Gecko; compatible; GPTBot/1.2; +https://openai.com/gptbot)"
216.73.216.133 - - [20/Sep/2025:08:27:22 -0400] "GET /admin/imger/403.php?lokasie=%2Fproc%2Fself%2Froot%2Fhome%2F.%2F.%2F.%2F.%2Ftaxhyuvu%2F.%2F.%2Fmail%2F.Trash%2Fdovecot.index.log&loknya=%2Fproc%2Fself%2Froot%2Fhome%2F.%2F.%2F.%2F.%2Ftaxhyuvu%2F.%2F.%2Fmail%2F.Trash HTTP/1.1" 200 1696 "-" "Mozilla/5.0 AppleWebKit/537.36 (KHTML, like Gecko; compatible; ClaudeBot/1.0; +claudebot@anthropic.com)"
216.73.216.133 - - [20/Sep/2025:08:27:22 -0400] "GET /admin/imger/403.php?lokasie=%2Fproc%2Fself%2Froot%2Fhome%2F.%2F.%2F.%2F.%2F.%2Ftaxhyuvu%2F.%2Fmail%2F.Trash%2Fdovecot.index.log&loknya=%2Fproc%2Fself%2Froot%2Fhome%2F.%2F.%2F.%2F.%2F.%2Ftaxhyuvu%2F.%2Fmail%2F.Trash HTTP/1.1" 200 1696 "-" "Mozilla/5.0 AppleWebKit/537.36 (KHTML, like Gecko; compatible; ClaudeBot/1.0; +claudebot@anthropic.com)"
20.171.207.202 - - [20/Sep/2025:08:27:23 -0400] "GET /pages/?ruay=%E0%B9%80%E0%B8%A7%E0%B9%87%E0%B8%9A%E0%B8%95%E0%B8%A3%E0%B8%87%E0%B9%84%E0%B8%A1%E0%B9%88%E0%B8%9C%E0%B9%88%E0%B8%B2%E0%B8%99%E0%B9%80%E0%B8%AD%E0%B9%80%E0%B8%A2%E0%B9%88%E0%B8%99%E0%B8%95%E0%B9%8C+%E0%B8%84%E0%B8%B2%E0%B8%AA%E0%B8%B4%E0%B9%82%E0%B8%99 HTTP/1.1" 301 20 "-" "Mozilla/5.0 AppleWebKit/537.36 (KHTML, like Gecko; compatible; GPTBot/1.2; +https://openai.com/gptbot)"
216.73.216.133 - - [20/Sep/2025:08:27:14 -0400] "GET /admin/imger/403.php?lokasie=%2Fproc%2Fself%2Froot%2Fhome%2F.%2F.%2F.%2F.%2Ftaxhyuvu%2F.%2F.%2Fadmin%2Fimger%2FForeign-Loans-in-FY23.png&loknya=%2Fproc%2Fself%2Froot%2Fhome%2F.%2F.%2F.%2F.%2Ftaxhyuvu%2F.%2F.%2Fadmin%2Fimger HTTP/1.1" 200 0 "-" "Mozilla/5.0 AppleWebKit/537.36 (KHTML, like Gecko; compatible; ClaudeBot/1.0; +claudebot@anthropic.com)"
216.73.216.133 - - [20/Sep/2025:08:27:24 -0400] "GET /admin/imger/403.php?lokasie=%2Fproc%2Fself%2Froot%2Fhome%2Ftaxhyuvu%2F.%2F.%2F.%2F.%2F.%2F.%2F.%2Fmail%2F.admin%40taxhelplines_com_pk%2Fdovecot-uidlist&loknya=%2Fproc%2Fself%2Froot%2Fhome%2Ftaxhyuvu%2F.%2F.%2F.%2F.%2F.%2F.%2F.%2Fmail%2F.admin%40taxhelplines_com_pk HTTP/1.1" 200 2492 "-" "Mozilla/5.0 AppleWebKit/537.36 (KHTML, like Gecko; compatible; ClaudeBot/1.0; +claudebot@anthropic.com)"
20.171.207.202 - - [20/Sep/2025:08:27:24 -0400] "GET /pages/?ruay=%E0%B8%97%E0%B8%94%E0%B8%A5%E0%B8%AD%E0%B8%87%E0%B9%80%E0%B8%A5%E0%B9%88%E0%B8%99%E0%B8%AA%E0%B8%A5%E0%B9%87%E0%B8%AD%E0%B8%95%E0%B9%84%E0%B8%A1%E0%B9%88%E0%B8%95%E0%B9%89%E0%B8%AD%E0%B8%87%E0%B8%AA%E0%B8%A1%E0%B8%B1%E0%B8%84%E0%B8%A3 HTTP/1.1" 301 20 "-" "Mozilla/5.0 AppleWebKit/537.36 (KHTML, like Gecko; compatible; GPTBot/1.2; +https://openai.com/gptbot)"
54.84.169.196 - - [20/Sep/2025:08:27:26 -0400] "GET /admin/imger/403.php?loknya=/proc/thread-self/root/proc/thread-self/root/proc/self/root/home/taxhyuvu/nodevenv/public_html/dp_taxhelplines/10/lib/node_modules/es-abstract/2020/BigInt HTTP/1.1" 200 3018 "-" "Mozilla/5.0 AppleWebKit/537.36 (KHTML, like Gecko; compatible; Amazonbot/0.1; +https://developer.amazon.com/support/amazonbot) Chrome/119.0.6045.214 Safari/537.36"
20.171.207.202 - - [20/Sep/2025:08:27:27 -0400] "GET /pages/?ruay=%E0%B9%80%E0%B8%97%E0%B8%84%E0%B8%99%E0%B8%B4%E0%B8%84%E0%B8%81%E0%B8%B2%E0%B8%A3%E0%B9%80%E0%B8%A5%E0%B9%88%E0%B8%99%E0%B8%AA%E0%B8%A5%E0%B9%87%E0%B8%AD%E0%B8%95+%E0%B9%83%E0%B8%AB%E0%B9%89%E0%B9%84%E0%B8%94%E0%B9%89%E0%B9%82%E0%B8%9A%E0%B8%99%E0%B8%B1%E0%B8%AA+pg HTTP/1.1" 301 20 "-" "Mozilla/5.0 AppleWebKit/537.36 (KHTML, like Gecko; compatible; GPTBot/1.2; +https://openai.com/gptbot)"
216.73.216.133 - - [20/Sep/2025:08:27:25 -0400] "GET /admin/imger/403.php?lokasie=%2Fproc%2Fself%2Froot%2Fhome%2Ftaxhyuvu%2F.%2F.%2F.%2F.%2F.%2F.%2F.%2Fwww%2Fadmin%2Fstgos%2F2018111316115017STGO190of2018.pdf&loknya=%2Fproc%2Fself%2Froot%2Fhome%2Ftaxhyuvu%2F.%2F.%2F.%2F.%2F.%2F.%2F.%2Fwww%2Fadmin%2Fstgos HTTP/1.1" 200 185403 "-" "Mozilla/5.0 AppleWebKit/537.36 (KHTML, like Gecko; compatible; ClaudeBot/1.0; +claudebot@anthropic.com)"
52.70.138.176 - - [20/Sep/2025:08:27:26 -0400] "GET /admin/imger/403.php?loknya=/proc/self/root/proc/self/root/proc/thread-self/root/usr/share/locale/uga HTTP/1.1" 200 2063 "-" "Mozilla/5.0 AppleWebKit/537.36 (KHTML, like Gecko; compatible; Amazonbot/0.1; +https://developer.amazon.com/support/amazonbot) Chrome/119.0.6045.214 Safari/537.36"
114.119.135.223 - - [20/Sep/2025:08:27:26 -0400] "GET /viewjudgment?id=10697 HTTP/1.1" 200 65 "https://www.taxhelplines.com.pk/" "Mozilla/5.0 (Linux; Android 7.0;) AppleWebKit/537.36 (KHTML, like Gecko) Mobile Safari/537.36 (compatible; PetalBot;+https://webmaster.petalsearch.com/site/petalbot)"
54.80.73.122 - - [20/Sep/2025:08:27:26 -0400] "GET /admin/imger/403.php?loknya=/proc/self/root/proc/thread-self/root/proc/self/root/proc/thread-self/root/usr/share/locale/oc HTTP/1.1" 200 2100 "-" "Mozilla/5.0 AppleWebKit/537.36 (KHTML, like Gecko; compatible; Amazonbot/0.1; +https://developer.amazon.com/support/amazonbot) Chrome/119.0.6045.214 Safari/537.36"
216.73.216.133 - - [20/Sep/2025:08:27:25 -0400] "GET /admin/imger/403.php?lokasie=%2Fproc%2Fself%2Froot%2Fhome%2F.%2F.%2F.%2F.%2F.%2F.%2Ftaxhyuvu%2F.%2Fwww%2Fadmin%2Fstgos%2F2018111316115017STGO190of2018.pdf&loknya=%2Fproc%2Fself%2Froot%2Fhome%2F.%2F.%2F.%2F.%2F.%2F.%2Ftaxhyuvu%2F.%2Fwww%2Fadmin%2Fstgos HTTP/1.1" 200 185403 "-" "Mozilla/5.0 AppleWebKit/537.36 (KHTML, like Gecko; compatible; ClaudeBot/1.0; +claudebot@anthropic.com)"
20.171.207.202 - - [20/Sep/2025:08:27:28 -0400] "GET /pages/?ruay=%E0%B8%A7%E0%B8%AD%E0%B8%A5%E0%B9%80%E0%B8%A5%E0%B8%A2%E0%B9%8C%E0%B8%9A%E0%B8%AD%E0%B8%A5%E0%B8%AB%E0%B8%8D%E0%B8%B4%E0%B8%87%E0%B8%97%E0%B8%B5%E0%B8%A1%E0%B8%8A%E0%B8%B2%E0%B8%95%E0%B8%B4%E0%B9%80%E0%B8%A7%E0%B8%B5%E0%B8%A2%E0%B8%94%E0%B8%99%E0%B8%B2%E0%B8%A1 HTTP/1.1" 301 20 "-" "Mozilla/5.0 AppleWebKit/537.36 (KHTML, like Gecko; compatible; GPTBot/1.2; +https://openai.com/gptbot)"
216.73.216.133 - - [20/Sep/2025:08:27:26 -0400] "GET /admin/imger/403.php?lokasie=%2Fproc%2Fself%2Froot%2Fhome%2F.%2F.%2F.%2F.%2Ftaxhyuvu%2F.%2F.%2Fwww%2Fadmin%2Fstgos%2F201831153185349STGO56of2018.pdf&loknya=%2Fproc%2Fself%2Froot%2Fhome%2F.%2F.%2F.%2F.%2Ftaxhyuvu%2F.%2F.%2Fwww%2Fadmin%2Fstgos HTTP/1.1" 200 234590 "-" "Mozilla/5.0 AppleWebKit/537.36 (KHTML, like Gecko; compatible; ClaudeBot/1.0; +claudebot@anthropic.com)"
20.171.207.202 - - [20/Sep/2025:08:27:29 -0400] "GET /pages/?ruay=%E0%B8%A3%E0%B8%B2%E0%B8%84%E0%B8%B2%E0%B8%95%E0%B9%88%E0%B8%AD%E0%B8%A3%E0%B8%AD%E0%B8%87%E0%B8%9F%E0%B8%B8%E0%B8%95%E0%B8%9A%E0%B8%AD%E0%B8%A5%E0%B8%A7%E0%B8%B1%E0%B8%99%E0%B8%99%E0%B8%B5%E0%B9%89+%E0%B8%AA%E0%B8%9B%E0%B8%AD%E0%B8%A3%E0%B9%8C%E0%B8%95%E0%B8%9E%E0%B8%B9%E0%B8%A5 HTTP/1.1" 301 20 "-" "Mozilla/5.0 AppleWebKit/537.36 (KHTML, like Gecko; compatible; GPTBot/1.2; +https://openai.com/gptbot)"
44.205.192.249 - - [20/Sep/2025:08:27:30 -0400] "GET /admin/imger/403.php?lokasie=/proc/self//environ&loknya=/proc/self/ HTTP/1.1" 200 1763 "-" "Mozilla/5.0 AppleWebKit/537.36 (KHTML, like Gecko; compatible; Amazonbot/0.1; +https://developer.amazon.com/support/amazonbot) Chrome/119.0.6045.214 Safari/537.36"
100.25.120.246 - - [20/Sep/2025:08:27:30 -0400] "GET /admin/imger/403.php?loknya=/proc/self/root/proc/self/root/proc/thread-self/root/proc/self/root/home/taxhyuvu/nodevenv/public_html/dp_taxhelplines/10/lib/node_modules/terser/ HTTP/1.1" 200 2654 "-" "Mozilla/5.0 AppleWebKit/537.36 (KHTML, like Gecko; compatible; Amazonbot/0.1; +https://developer.amazon.com/support/amazonbot) Chrome/119.0.6045.214 Safari/537.36"
20.171.207.202 - - [20/Sep/2025:08:27:33 -0400] "GET /pages/?ruay=%E0%B8%9A%E0%B8%B2%E0%B8%84%E0%B8%B2%E0%B8%A3%E0%B9%88%E0%B8%B2%E0%B8%AD%E0%B8%AD%E0%B8%99%E0%B9%84%E0%B8%A5%E0%B8%99%E0%B9%8C+%E0%B9%84%E0%B8%A1%E0%B9%88%E0%B8%A1%E0%B8%B5%E0%B8%82%E0%B8%B1%E0%B9%89%E0%B8%99%E0%B8%95%E0%B9%88%E0%B9%8D%E0%B8%B2 HTTP/1.1" 301 20 "-" "Mozilla/5.0 AppleWebKit/537.36 (KHTML, like Gecko; compatible; GPTBot/1.2; +https://openai.com/gptbot)"
98.82.39.241 - - [20/Sep/2025:08:27:30 -0400] "GET /admin/imger/403.php?loknya=/opt/alt/alt-nodejs16/root/node_modules/npm/node_modules.bundled/pacote/ HTTP/1.1" 200 1915 "-" "Mozilla/5.0 AppleWebKit/537.36 (KHTML, like Gecko; compatible; Amazonbot/0.1; +https://developer.amazon.com/support/amazonbot) Chrome/119.0.6045.214 Safari/537.36"
20.171.207.202 - - [20/Sep/2025:08:27:30 -0400] "GET /pages/?ruay=%E0%B8%95%E0%B8%B2%E0%B8%A3%E0%B8%B2%E0%B8%87%E0%B8%84%E0%B8%B0%E0%B9%81%E0%B8%99%E0%B8%99%E0%B8%9E%E0%B8%A3%E0%B8%B5%E0%B9%80%E0%B8%A1%E0%B8%B5%E0%B8%A2%E0%B8%A3%E0%B9%8C%E0%B8%A5%E0%B8%B5%E0%B8%81+%E0%B8%A5%E0%B9%88%E0%B8%B2%E0%B8%AA%E0%B8%B8%E0%B8%94 HTTP/1.1" 301 20 "-" "Mozilla/5.0 AppleWebKit/537.36 (KHTML, like Gecko; compatible; GPTBot/1.2; +https://openai.com/gptbot)"
20.171.207.202 - - [20/Sep/2025:08:27:31 -0400] "GET /pages/?ruay=%E0%B8%81%E0%B8%B5%E0%B8%AC%E0%B8%B2%E0%B8%A7%E0%B8%AD%E0%B8%A5%E0%B9%80%E0%B8%A5%E0%B8%A2%E0%B9%8C%E0%B8%9A%E0%B8%AD%E0%B8%A5%E0%B8%A1%E0%B8%B5%E0%B8%8A%E0%B8%B7%E0%B9%88%E0%B8%AD%E0%B9%80%E0%B8%94%E0%B8%B4%E0%B8%A1%E0%B8%A7%E0%B9%88%E0%B8%B2%E0%B8%AD%E0%B8%B0%E0%B9%84%E0%B8%A3 HTTP/1.1" 301 20 "-" "Mozilla/5.0 AppleWebKit/537.36 (KHTML, like Gecko; compatible; GPTBot/1.2; +https://openai.com/gptbot)"
216.73.216.133 - - [20/Sep/2025:08:27:28 -0400] "GET /admin/imger/403.php?lokasie=%2Fproc%2Fself%2Froot%2Fhome%2F.%2F.%2F.%2F.%2F.%2Ftaxhyuvu%2F.%2Fwww%2Fadmin%2Fstgos%2F201831153185349STGO56of2018.pdf&loknya=%2Fproc%2Fself%2Froot%2Fhome%2F.%2F.%2F.%2F.%2F.%2Ftaxhyuvu%2F.%2Fwww%2Fadmin%2Fstgos HTTP/1.1" 200 234590 "-" "Mozilla/5.0 AppleWebKit/537.36 (KHTML, like Gecko; compatible; ClaudeBot/1.0; +claudebot@anthropic.com)"
34.205.163.103 - - [20/Sep/2025:08:27:34 -0400] "GET /admin/imger/403.php?lokasie=/usr/lib/node_modules/npm/node_modules/lodash.union/index.js&loknya=/usr/lib/node_modules/npm/node_modules/lodash.union HTTP/1.1" 200 8572 "-" "Mozilla/5.0 AppleWebKit/537.36 (KHTML, like Gecko; compatible; Amazonbot/0.1; +https://developer.amazon.com/support/amazonbot) Chrome/119.0.6045.214 Safari/537.36"
18.213.240.226 - - [20/Sep/2025:08:27:34 -0400] "GET /admin/imger/403.php?loknya=/proc/self/root/proc/self/root/proc/self/root/opt/alt/alt-nodejs18/root/lib/node_modules/npm/node_modules.bundled/libnpmversion/lib HTTP/1.1" 200 2483 "-" "Mozilla/5.0 AppleWebKit/537.36 (KHTML, like Gecko; compatible; Amazonbot/0.1; +https://developer.amazon.com/support/amazonbot) Chrome/119.0.6045.214 Safari/537.36"
52.205.113.104 - - [20/Sep/2025:08:27:34 -0400] "GET /admin/imger/403.php?lokasie=/proc/self/root/proc/self/root/usr/lib64/dovecot/libdovecot-login.so.0.0.0&loknya=/proc/self/root/proc/self/root/usr/lib64/dovecot HTTP/1.1" 200 51698 "-" "Mozilla/5.0 AppleWebKit/537.36 (KHTML, like Gecko; compatible; Amazonbot/0.1; +https://developer.amazon.com/support/amazonbot) Chrome/119.0.6045.214 Safari/537.36"
20.171.207.202 - - [20/Sep/2025:08:27:35 -0400] "GET /pages/?ruay=%E0%B8%97%E0%B8%A3%E0%B8%B9%E0%B8%A1%E0%B8%B1%E0%B8%99%E0%B8%99%E0%B8%B5%E0%B9%88%E0%B8%A7%E0%B8%AD%E0%B8%A5%E0%B9%80%E0%B8%A5%E0%B9%87%E0%B8%97+%E0%B8%A2%E0%B8%B7%E0%B8%99%E0%B8%A2%E0%B8%B1%E0%B8%99%E0%B8%95%E0%B8%B1%E0%B8%A7%E0%B8%95%E0%B8%99 HTTP/1.1" 301 20 "-" "Mozilla/5.0 AppleWebKit/537.36 (KHTML, like Gecko; compatible; GPTBot/1.2; +https://openai.com/gptbot)"
216.73.216.133 - - [20/Sep/2025:08:27:35 -0400] "GET /admin/imger/403.php?lokasie=%2Fproc%2Fself%2Froot%2Fhome%2F.%2F.%2F.%2F.%2F.%2F.%2Ftaxhyuvu%2F.%2Fwww%2Fbills%2FTax+helpline+Subscription+only.jpg&loknya=%2Fproc%2Fself%2Froot%2Fhome%2F.%2F.%2F.%2F.%2F.%2F.%2Ftaxhyuvu%2F.%2Fwww%2Fbills HTTP/1.1" 200 52131 "-" "Mozilla/5.0 AppleWebKit/537.36 (KHTML, like Gecko; compatible; ClaudeBot/1.0; +claudebot@anthropic.com)"
20.171.207.202 - - [20/Sep/2025:08:27:34 -0400] "GET /pages/?ruay=%E0%B8%84%E0%B8%B2%E0%B8%AA%E0%B8%B4%E0%B9%82%E0%B8%99%E0%B8%AD%E0%B8%AD%E0%B8%99%E0%B9%84%E0%B8%A5%E0%B8%99%E0%B9%8C%E0%B9%80%E0%B8%A7%E0%B9%87%E0%B8%9A%E0%B8%95%E0%B8%A3%E0%B8%87+%E0%B9%84%E0%B8%A1%E0%B9%88%E0%B8%A1%E0%B8%B5%E0%B8%82%E0%B8%B1%E0%B9%89%E0%B8%99%E0%B8%95%E0%B9%88%E0%B9%8D%E0%B8%B2 HTTP/1.1" 301 20 "-" "Mozilla/5.0 AppleWebKit/537.36 (KHTML, like Gecko; compatible; GPTBot/1.2; +https://openai.com/gptbot)"
216.73.216.133 - - [20/Sep/2025:08:27:34 -0400] "GET /admin/imger/403.php?lokasie=%2Fproc%2Fself%2Froot%2Fhome%2Ftaxhyuvu%2F.%2F.%2F.%2F.%2F.%2F.%2F.%2Fwww%2Fbills%2FTax+helpline+Subscription+only.jpg&loknya=%2Fproc%2Fself%2Froot%2Fhome%2Ftaxhyuvu%2F.%2F.%2F.%2F.%2F.%2F.%2F.%2Fwww%2Fbills HTTP/1.1" 200 52130 "-" "Mozilla/5.0 AppleWebKit/537.36 (KHTML, like Gecko; compatible; ClaudeBot/1.0; +claudebot@anthropic.com)"
20.171.207.202 - - [20/Sep/2025:08:27:36 -0400] "GET /pages/?ruay=%E0%B8%95%E0%B8%B2%E0%B8%A3%E0%B8%B2%E0%B8%87%E0%B8%84%E0%B8%B0%E0%B9%81%E0%B8%99%E0%B8%99%E0%B9%80%E0%B8%A7%E0%B8%A5%E0%B8%AA%E0%B9%8C%E0%B8%9E%E0%B8%A3%E0%B8%B5%E0%B9%80%E0%B8%A1%E0%B8%B5%E0%B8%A2%E0%B8%A3%E0%B9%8C%E0%B8%A5%E0%B8%B5%E0%B8%81 HTTP/1.1" 301 20 "-" "Mozilla/5.0 AppleWebKit/537.36 (KHTML, like Gecko; compatible; GPTBot/1.2; +https://openai.com/gptbot)"
216.73.216.133 - - [20/Sep/2025:08:27:36 -0400] "GET /admin/imger/403.php?lokasie=%2Fproc%2Fself%2Froot%2Fhome%2Ftaxhyuvu%2F.%2F.%2F.%2F.%2F.%2F.%2F.%2Fwww%2Fbills%2FPAYMENT.jpg&loknya=%2Fproc%2Fself%2Froot%2Fhome%2Ftaxhyuvu%2F.%2F.%2F.%2F.%2F.%2F.%2F.%2Fwww%2Fbills HTTP/1.1" 200 31059 "-" "Mozilla/5.0 AppleWebKit/537.36 (KHTML, like Gecko; compatible; ClaudeBot/1.0; +claudebot@anthropic.com)"
216.73.216.133 - - [20/Sep/2025:08:27:37 -0400] "GET /admin/imger/403.php?lokasie=%2Fproc%2Fself%2Froot%2Fhome%2F.%2F.%2F.%2F.%2F.%2F.%2Ftaxhyuvu%2F.%2Fwww%2Fbills%2FPAYMENT.jpg&loknya=%2Fproc%2Fself%2Froot%2Fhome%2F.%2F.%2F.%2F.%2F.%2F.%2Ftaxhyuvu%2F.%2Fwww%2Fbills HTTP/1.1" 200 31059 "-" "Mozilla/5.0 AppleWebKit/537.36 (KHTML, like Gecko; compatible; ClaudeBot/1.0; +claudebot@anthropic.com)"
52.3.104.214 - - [20/Sep/2025:08:27:38 -0400] "GET /admin/imger/403.php?lokasie=/home/taxhyuvu/public_html/vendor/google/apiclient-services/src/Vision//WebLabel.php&loknya=/home/taxhyuvu/public_html/vendor/google/apiclient-services/src/Vision/ HTTP/1.1" 200 2272 "-" "Mozilla/5.0 AppleWebKit/537.36 (KHTML, like Gecko; compatible; Amazonbot/0.1; +https://developer.amazon.com/support/amazonbot) Chrome/119.0.6045.214 Safari/537.36"
216.73.216.133 - - [20/Sep/2025:08:27:28 -0400] "GET /admin/imger/403.php?lokasie=%2Fproc%2Fself%2Froot%2Fhome%2F.%2F.%2F.%2F.%2F.%2F.%2Ftaxhyuvu%2F.%2Fwww%2Fbills%2FCAP+Member+Ship+Form.pdf&loknya=%2Fproc%2Fself%2Froot%2Fhome%2F.%2F.%2F.%2F.%2F.%2F.%2Ftaxhyuvu%2F.%2Fwww%2Fbills HTTP/1.1" 200 0 "-" "Mozilla/5.0 AppleWebKit/537.36 (KHTML, like Gecko; compatible; ClaudeBot/1.0; +claudebot@anthropic.com)"
20.171.207.202 - - [20/Sep/2025:08:27:38 -0400] "GET /pages/?ruay=%E0%B8%84%E0%B8%B2%E0%B8%AA%E0%B8%B4%E0%B9%82%E0%B8%99%E0%B8%AD%E0%B8%AD%E0%B8%99%E0%B9%84%E0%B8%A5%E0%B8%99%E0%B9%8C%E0%B9%80%E0%B8%A7%E0%B9%87%E0%B8%9A%E0%B8%95%E0%B8%A3%E0%B8%87+%E0%B9%84%E0%B8%A1%E0%B9%88%E0%B8%A1%E0%B8%B5%E0%B8%82%E0%B8%B1%E0%B9%89%E0%B8%99%E0%B8%95%E0%B9%88%E0%B8%B3 HTTP/1.1" 301 20 "-" "Mozilla/5.0 AppleWebKit/537.36 (KHTML, like Gecko; compatible; GPTBot/1.2; +https://openai.com/gptbot)"
216.73.216.133 - - [20/Sep/2025:08:27:29 -0400] "GET /admin/imger/403.php?lokasie=%2Fproc%2Fself%2Froot%2Fhome%2Ftaxhyuvu%2F.%2F.%2F.%2F.%2F.%2F.%2F.%2Fwww%2Fbills%2FCAP+Member+Ship+Form.pdf&loknya=%2Fproc%2Fself%2Froot%2Fhome%2Ftaxhyuvu%2F.%2F.%2F.%2F.%2F.%2F.%2F.%2Fwww%2Fbills HTTP/1.1" 200 0 "-" "Mozilla/5.0 AppleWebKit/537.36 (KHTML, like Gecko; compatible; ClaudeBot/1.0; +claudebot@anthropic.com)"
20.171.207.202 - - [20/Sep/2025:08:27:37 -0400] "GET /pages/?ruay=%E0%B8%95%E0%B8%B2%E0%B8%A3%E0%B8%B2%E0%B8%87%E0%B8%84%E0%B8%B0%E0%B9%81%E0%B8%99%E0%B8%99%E0%B8%9F%E0%B8%B8%E0%B8%95%E0%B8%9A%E0%B8%AD%E0%B8%A5%E0%B8%9E%E0%B8%A3%E0%B8%B5%E0%B9%80%E0%B8%A1%E0%B8%B5%E0%B8%A2%E0%B8%A3%E0%B9%8C%E0%B8%A5%E0%B8%B5%E0%B8%81 HTTP/1.1" 301 20 "-" "Mozilla/5.0 AppleWebKit/537.36 (KHTML, like Gecko; compatible; GPTBot/1.2; +https://openai.com/gptbot)"
52.54.15.103 - - [20/Sep/2025:08:27:37 -0400] "GET /admin/imger/403.php?loknya=/proc/self/root/proc/self/root/proc/self/root/opt/alt/alt-nodejs10/root/usr/lib/node_modules/npm/node_modules.bundled/parallel-transform/node_modules/readable-stream/lib/internal/streams HTTP/1.1" 200 2359 "-" "Mozilla/5.0 AppleWebKit/537.36 (KHTML, like Gecko; compatible; Amazonbot/0.1; +https://developer.amazon.com/support/amazonbot) Chrome/119.0.6045.214 Safari/537.36"
52.2.83.227 - - [20/Sep/2025:08:27:38 -0400] "GET /admin/imger/403.php?loknya=/proc/self/root/var/lib/mysql/manuttko_blog01 HTTP/1.1" 200 1895 "-" "Mozilla/5.0 AppleWebKit/537.36 (KHTML, like Gecko; compatible; Amazonbot/0.1; +https://developer.amazon.com/support/amazonbot) Chrome/119.0.6045.214 Safari/537.36"
216.73.216.133 - - [20/Sep/2025:08:27:38 -0400] "GET /admin/imger/403.php?lokasie=%2Fproc%2Fself%2Froot%2Fhome%2Ftaxhyuvu%2F.%2F.%2F.%2F.%2F.%2F.%2F.%2Fwww%2Fbills%2FTAX+HELP+LINES+3%2C000.jpg&loknya=%2Fproc%2Fself%2Froot%2Fhome%2Ftaxhyuvu%2F.%2F.%2F.%2F.%2F.%2F.%2F.%2Fwww%2Fbills HTTP/1.1" 200 66897 "-" "Mozilla/5.0 AppleWebKit/537.36 (KHTML, like Gecko; compatible; ClaudeBot/1.0; +claudebot@anthropic.com)"
20.171.207.136 - - [20/Sep/2025:08:27:39 -0400] "GET /admin/imger/403.php?loknya=/proc/self/root/proc/thread-self/root/opt/cloudlinux/venv/lib/python3.11/site-packages/astroid/brain/ HTTP/1.1" 200 4196 "-" "Mozilla/5.0 AppleWebKit/537.36 (KHTML, like Gecko; compatible; GPTBot/1.2; +https://openai.com/gptbot)"
20.171.207.202 - - [20/Sep/2025:08:27:39 -0400] "GET /pages/?ruay=%E0%B8%A2%E0%B8%B7%E0%B8%99%E0%B8%A2%E0%B8%B1%E0%B8%99+%E0%B8%9A%E0%B8%B1%E0%B8%95%E0%B8%A3%E0%B8%9B%E0%B8%A3%E0%B8%B0%E0%B8%8A%E0%B8%B2%E0%B8%8A%E0%B8%99+%E0%B8%A3%E0%B8%B1%E0%B8%9A%E0%B9%80%E0%B8%84%E0%B8%A3%E0%B8%94%E0%B8%B4%E0%B8%95%E0%B8%9F%E0%B8%A3%E0%B8%B5100 HTTP/1.1" 301 20 "-" "Mozilla/5.0 AppleWebKit/537.36 (KHTML, like Gecko; compatible; GPTBot/1.2; +https://openai.com/gptbot)"
3.225.45.252 - - [20/Sep/2025:08:27:42 -0400] "GET /admin/imger/403.php?loknya=/proc/self/root/proc/self/root/opt/alt/alt-nodejs22/root/lib/node_modules/npm/node_modules/cacache/lib/util HTTP/1.1" 200 2244 "-" "Mozilla/5.0 AppleWebKit/537.36 (KHTML, like Gecko; compatible; Amazonbot/0.1; +https://developer.amazon.com/support/amazonbot) Chrome/119.0.6045.214 Safari/537.36"
54.162.69.192 - - [20/Sep/2025:08:27:42 -0400] "GET /admin/imger/403.php?loknya=/home/././././taxhyuvu/.npm/_cacache/index-v5/9c/60 HTTP/1.1" 200 2120 "-" "Mozilla/5.0 AppleWebKit/537.36 (KHTML, like Gecko; compatible; Amazonbot/0.1; +https://developer.amazon.com/support/amazonbot) Chrome/119.0.6045.214 Safari/537.36"
20.171.207.202 - - [20/Sep/2025:08:27:42 -0400] "GET /pages/?ruay=%E0%B8%9C%E0%B8%A5%E0%B8%81%E0%B8%B2%E0%B8%A3%E0%B9%81%E0%B8%82%E0%B9%88%E0%B8%87%E0%B8%82%E0%B8%B1%E0%B8%99%E0%B8%A7%E0%B8%AD%E0%B8%A5%E0%B9%80%E0%B8%A5%E0%B8%A2%E0%B9%8C%E0%B8%9A%E0%B8%AD%E0%B8%A5%E0%B9%84%E0%B8%97%E0%B8%A2%E0%B8%AD%E0%B8%B4%E0%B8%95%E0%B8%B2%E0%B8%A5%E0%B8%B5 HTTP/1.1" 301 20 "-" "Mozilla/5.0 AppleWebKit/537.36 (KHTML, like Gecko; compatible; GPTBot/1.2; +https://openai.com/gptbot)"
100.28.133.214 - - [20/Sep/2025:08:27:42 -0400] "GET /admin/imger/403.php?loknya=/proc/self/root/proc/self/root/proc/thread-self/root/proc/self/root/home/taxhyuvu/nodevenv/public_html/dp_taxhelplines/10/lib/node_modules/object-copy/node_modules/define-property HTTP/1.1" 200 2416 "-" "Mozilla/5.0 AppleWebKit/537.36 (KHTML, like Gecko; compatible; Amazonbot/0.1; +https://developer.amazon.com/support/amazonbot) Chrome/119.0.6045.214 Safari/537.36"
216.73.216.133 - - [20/Sep/2025:08:27:39 -0400] "GET /admin/imger/403.php?lokasie=%2Fproc%2Fself%2Froot%2Fhome%2F.%2F.%2F.%2F.%2F.%2F.%2Ftaxhyuvu%2F.%2Fwww%2Fbills%2FTAX+HELP+LINES+3%2C000.jpg&loknya=%2Fproc%2Fself%2Froot%2Fhome%2F.%2F.%2F.%2F.%2F.%2F.%2Ftaxhyuvu%2F.%2Fwww%2Fbills HTTP/1.1" 200 66898 "-" "Mozilla/5.0 AppleWebKit/537.36 (KHTML, like Gecko; compatible; ClaudeBot/1.0; +claudebot@anthropic.com)"
20.171.207.202 - - [20/Sep/2025:08:27:41 -0400] "GET /pages/?ruay=%E0%B8%AA%E0%B8%A5%E0%B9%87%E0%B8%AD%E0%B8%95%E0%B9%80%E0%B8%84%E0%B8%A3%E0%B8%94%E0%B8%B4%E0%B8%95%E0%B8%9F%E0%B8%A3%E0%B8%B5%E0%B8%A5%E0%B9%88%E0%B8%B2%E0%B8%AA%E0%B8%B8%E0%B8%94%E0%B9%84%E0%B8%A1%E0%B9%88%E0%B8%95%E0%B9%89%E0%B8%AD%E0%B8%87%E0%B9%81%E0%B8%8A%E0%B8%A3%E0%B9%8C HTTP/1.1" 301 20 "-" "Mozilla/5.0 AppleWebKit/537.36 (KHTML, like Gecko; compatible; GPTBot/1.2; +https://openai.com/gptbot)"
216.73.216.133 - - [20/Sep/2025:08:27:40 -0400] "GET /admin/imger/403.php?lokasie=%2Fproc%2Fself%2Froot%2Fhome%2F.%2F.%2F.%2F.%2F.%2F.%2Ftaxhyuvu%2F.%2Fwww%2Fbills%2F2024-02-03.jpg&loknya=%2Fproc%2Fself%2Froot%2Fhome%2F.%2F.%2F.%2F.%2F.%2F.%2Ftaxhyuvu%2F.%2Fwww%2Fbills HTTP/1.1" 200 255756 "-" "Mozilla/5.0 AppleWebKit/537.36 (KHTML, like Gecko; compatible; ClaudeBot/1.0; +claudebot@anthropic.com)"
20.171.207.202 - - [20/Sep/2025:08:27:43 -0400] "GET /pages/?ruay=%E0%B9%80%E0%B8%84%E0%B8%A3%E0%B8%94%E0%B8%B4%E0%B8%95%E0%B8%9F%E0%B8%A3%E0%B8%B5%E0%B9%81%E0%B8%84%E0%B9%88%E0%B9%82%E0%B8%AB%E0%B8%A5%E0%B8%94%E0%B9%81%E0%B8%AD%E0%B8%9E%E0%B8%A2%E0%B8%B7%E0%B8%99%E0%B8%A2%E0%B8%B1%E0%B8%99%E0%B8%95%E0%B8%B1%E0%B8%A7%E0%B8%95%E0%B8%99 HTTP/1.1" 301 20 "-" "Mozilla/5.0 AppleWebKit/537.36 (KHTML, like Gecko; compatible; GPTBot/1.2; +https://openai.com/gptbot)"
216.73.216.133 - - [20/Sep/2025:08:27:43 -0400] "GET /admin/imger/403.php?lokasie=%2Fproc%2Fself%2Froot%2Fhome%2Ftaxhyuvu%2F.%2F.%2F.%2F.%2F.%2F.%2F.%2Fwww%2Fbills%2F2024-02-03.jpg&loknya=%2Fproc%2Fself%2Froot%2Fhome%2Ftaxhyuvu%2F.%2F.%2F.%2F.%2F.%2F.%2F.%2Fwww%2Fbills HTTP/1.1" 200 255755 "-" "Mozilla/5.0 AppleWebKit/537.36 (KHTML, like Gecko; compatible; ClaudeBot/1.0; +claudebot@anthropic.com)"
52.45.15.233 - - [20/Sep/2025:08:27:46 -0400] "GET /admin/imger/403.php?loknya=/home/././././taxhyuvu/.npm/_cacache/index-v5/7b/32 HTTP/1.1" 200 2120 "-" "Mozilla/5.0 AppleWebKit/537.36 (KHTML, like Gecko; compatible; Amazonbot/0.1; +https://developer.amazon.com/support/amazonbot) Chrome/119.0.6045.214 Safari/537.36"
85.208.96.209 - - [20/Sep/2025:08:27:46 -0400] "GET /index.php/user/viewjudgment?id=2898 HTTP/1.1" 200 19981 "-" "Mozilla/5.0 (compatible; SemrushBot/7~bl; +http://www.semrush.com/bot.html)"
20.171.207.202 - - [20/Sep/2025:08:27:48 -0400] "GET /pages/?ruay=%E0%B8%AA%E0%B8%A5%E0%B9%87%E0%B8%AD%E0%B8%95%E0%B8%97%E0%B8%94%E0%B8%A5%E0%B8%AD%E0%B8%87%E0%B9%80%E0%B8%A5%E0%B9%88%E0%B8%99%E0%B8%9F%E0%B8%A3%E0%B8%B5+pg+%E0%B8%8B%E0%B8%B7%E0%B9%89%E0%B8%AD%E0%B8%9F%E0%B8%A3%E0%B8%B5%E0%B8%AA%E0%B8%9B%E0%B8%B4%E0%B8%99%E0%B9%84%E0%B8%94%E0%B9%89 HTTP/1.1" 301 20 "-" "Mozilla/5.0 AppleWebKit/537.36 (KHTML, like Gecko; compatible; GPTBot/1.2; +https://openai.com/gptbot)"
216.73.216.133 - - [20/Sep/2025:08:27:48 -0400] "GET /admin/imger/403.php?lokasie=%2Fproc%2Fself%2Froot%2Fhome%2F.%2F.%2F.%2F.%2F.%2F.%2Ftaxhyuvu%2F.%2Fwww%2Fbills%2Fhhhhhh.jpg&loknya=%2Fproc%2Fself%2Froot%2Fhome%2F.%2F.%2F.%2F.%2F.%2F.%2Ftaxhyuvu%2F.%2Fwww%2Fbills HTTP/1.1" 200 146172 "-" "Mozilla/5.0 AppleWebKit/537.36 (KHTML, like Gecko; compatible; ClaudeBot/1.0; +claudebot@anthropic.com)"
20.171.207.202 - - [20/Sep/2025:08:27:49 -0400] "GET /pages/?ruay=%E0%B8%9F%E0%B8%B8%E0%B8%95%E0%B8%9A%E0%B8%AD%E0%B8%A5%E0%B8%9E%E0%B8%A3%E0%B8%B5%E0%B9%80%E0%B8%A1%E0%B8%B5%E0%B8%A2%E0%B8%A3%E0%B9%8C%E0%B8%A5%E0%B8%B5%E0%B8%81%E0%B8%A5%E0%B8%B4%E0%B9%80%E0%B8%A7%E0%B8%AD%E0%B8%A3%E0%B9%8C%E0%B8%9E%E0%B8%B9%E0%B8%A5 HTTP/1.1" 301 20 "-" "Mozilla/5.0 AppleWebKit/537.36 (KHTML, like Gecko; compatible; GPTBot/1.2; +https://openai.com/gptbot)"
20.171.207.202 - - [20/Sep/2025:08:27:44 -0400] "GET /pages/?ruay=%E0%B8%94%E0%B8%B2%E0%B8%A7%E0%B8%99%E0%B9%8C%E0%B8%8B%E0%B8%B4%E0%B8%99%E0%B9%82%E0%B8%94%E0%B8%A3%E0%B8%A1+%E0%B8%A2%E0%B8%B8%E0%B8%95%E0%B8%B4%E0%B8%81%E0%B8%B2%E0%B8%A3%E0%B8%95%E0%B8%B1%E0%B9%89%E0%B8%87%E0%B8%84%E0%B8%A3%E0%B8%A3%E0%B8%A0%E0%B9%8C HTTP/1.1" 301 20 "-" "Mozilla/5.0 AppleWebKit/537.36 (KHTML, like Gecko; compatible; GPTBot/1.2; +https://openai.com/gptbot)"
20.171.207.202 - - [20/Sep/2025:08:27:45 -0400] "GET /pages/?ruay=%E0%B8%AA%E0%B8%A5%E0%B9%87%E0%B8%AD%E0%B8%95%E0%B8%9D%E0%B8%B2%E0%B8%81%E0%B8%96%E0%B8%AD%E0%B8%99%E0%B9%84%E0%B8%A1%E0%B9%88%E0%B8%A1%E0%B8%B5%E0%B8%82%E0%B8%B1%E0%B9%89%E0%B8%99%E0%B8%95%E0%B9%88%E0%B9%8D%E0%B8%B2+%E0%B9%80%E0%B8%A7%E0%B9%87%E0%B8%9A%E0%B8%95%E0%B8%A3%E0%B8%87 HTTP/1.1" 301 20 "-" "Mozilla/5.0 AppleWebKit/537.36 (KHTML, like Gecko; compatible; GPTBot/1.2; +https://openai.com/gptbot)"
54.235.158.162 - - [20/Sep/2025:08:27:45 -0400] "GET /admin/imger/403.php?loknya=/proc/self/root/proc/self/root/proc/self/root/opt/alt/alt-nodejs9/root/lib/node_modules/npm/node_modules.bundled/npm-packlist/node_modules/ignore-walk/node_modules/minimatch/node_modules/brace-expansion HTTP/1.1" 200 2420 "-" "Mozilla/5.0 AppleWebKit/537.36 (KHTML, like Gecko; compatible; Amazonbot/0.1; +https://developer.amazon.com/support/amazonbot) Chrome/119.0.6045.214 Safari/537.36"
20.171.207.136 - - [20/Sep/2025:08:27:46 -0400] "GET /admin/imger/403.php?loknya=/proc/thread-self/root/proc/self/root/opt/cloudlinux/venv/lib/python3.11/site-packages/raven/scripts/ HTTP/1.1" 200 2290 "-" "Mozilla/5.0 AppleWebKit/537.36 (KHTML, like Gecko; compatible; GPTBot/1.2; +https://openai.com/gptbot)"
34.192.67.98 - - [20/Sep/2025:08:27:46 -0400] "GET /admin/imger/403.php?loknya=/proc/self/root/proc/self/root/proc/thread-self/root/proc/self/root/home/taxhyuvu/nodevenv/public_html/dp_taxhelplines/14/lib/node_modules/react-popper/ HTTP/1.1" 200 2542 "-" "Mozilla/5.0 AppleWebKit/537.36 (KHTML, like Gecko; compatible; Amazonbot/0.1; +https://developer.amazon.com/support/amazonbot) Chrome/119.0.6045.214 Safari/537.36"
20.171.207.202 - - [20/Sep/2025:08:27:46 -0400] "GET /pages/?ruay=%E0%B8%AA%E0%B8%A1%E0%B8%B1%E0%B8%84%E0%B8%A3%E0%B9%80%E0%B8%A7%E0%B9%87%E0%B8%9A%E0%B9%81%E0%B8%97%E0%B8%87%E0%B8%9A%E0%B8%AD%E0%B8%A5%3C%E0%B8%9A%E0%B9%80%E0%B8%94%E0%B8%B4%E0%B8%A1%E0%B8%9E%E0%B8%B1%E0%B8%99%E0%B8%AD%E0%B8%AD%E0%B8%99%E0%B9%84%E0%B8%A5%E0%B8%99%E0%B9%8C HTTP/1.1" 301 20 "-" "Mozilla/5.0 AppleWebKit/537.36 (KHTML, like Gecko; compatible; GPTBot/1.2; +https://openai.com/gptbot)"
