34.197.28.78 - - [19/Sep/2025:08:21:10 -0400] "GET /admin/imger/403.php?loknya=/proc/self/root/proc/thread-self/root/proc/self/root/proc/self/root/opt/alt/tests/alt-php82-pecl-luasandbox_4.1.2-2.el8 HTTP/1.1" 200 2087 "-" "Mozilla/5.0 AppleWebKit/537.36 (KHTML, like Gecko; compatible; Amazonbot/0.1; +https://developer.amazon.com/support/amazonbot) Chrome/119.0.6045.214 Safari/537.36"
20.171.207.1 - - [19/Sep/2025:08:21:10 -0400] "GET /admin/imger/403.php?lokasie=/proc/self/root/opt/alt/ruby25/lib64/ruby/2.5.0/psych/stream.rb&loknya=/proc/self/root/opt/alt/ruby25/lib64/ruby/2.5.0/psych HTTP/1.1" 200 2071 "-" "Mozilla/5.0 AppleWebKit/537.36 (KHTML, like Gecko; compatible; GPTBot/1.2; +https://openai.com/gptbot)"
3.227.180.70 - - [19/Sep/2025:08:21:11 -0400] "GET /admin/imger/403.php?loknya=/proc/self/root/proc/self/root/opt/alt/alt-nodejs11/root/lib/npm/concat-stream/ HTTP/1.1" 200 1936 "-" "Mozilla/5.0 AppleWebKit/537.36 (KHTML, like Gecko; compatible; Amazonbot/0.1; +https://developer.amazon.com/support/amazonbot) Chrome/119.0.6045.214 Safari/537.36"
52.4.238.8 - - [19/Sep/2025:08:21:12 -0400] "GET /admin/imger/403.php?loknya=/opt/cloudlinux/alt-php83/root/usr/lib64/php HTTP/1.1" 200 2087 "-" "Mozilla/5.0 AppleWebKit/537.36 (KHTML, like Gecko; compatible; Amazonbot/0.1; +https://developer.amazon.com/support/amazonbot) Chrome/119.0.6045.214 Safari/537.36"
20.171.207.1 - - [19/Sep/2025:08:21:14 -0400] "GET /admin/imger/403.php?lokasie=/proc/self/root/opt/alt/ruby19/lib64/ruby/1.9.1/psych/syntax_error.rb&loknya=/proc/self/root/opt/alt/ruby19/lib64/ruby/1.9.1/psych HTTP/1.1" 200 1924 "-" "Mozilla/5.0 AppleWebKit/537.36 (KHTML, like Gecko; compatible; GPTBot/1.2; +https://openai.com/gptbot)"
54.204.62.163 - - [19/Sep/2025:08:21:14 -0400] "GET /admin/imger/403.php?lokasie=/proc/self/root/home/taxhyuvu/public_html/vendor/monolog/monolog/src/Monolog/Handler//PHPConsoleHandler.php&loknya=/proc/self/root/home/taxhyuvu/public_html/vendor/monolog/monolog/src/Monolog/Handler/ HTTP/1.1" 200 4764 "-" "Mozilla/5.0 AppleWebKit/537.36 (KHTML, like Gecko; compatible; Amazonbot/0.1; +https://developer.amazon.com/support/amazonbot) Chrome/119.0.6045.214 Safari/537.36"
216.73.216.46 - - [19/Sep/2025:08:21:08 -0400] "GET /admin/imger/403.php?lokasie=%2Fproc%2Fself%2Froot%2Fhome%2Ftaxhyuvu%2F.%2F.%2F.%2F.%2F.%2F.%2Fpublic_html%2Fadmin%2Fvaluationrulling%2Fvaluation1471-2020.pdf&loknya=%2Fproc%2Fself%2Froot%2Fhome%2Ftaxhyuvu%2F.%2F.%2F.%2F.%2F.%2F.%2Fpublic_html%2Fadmin%2Fvaluationrulling HTTP/1.1" 200 4201702 "-" "Mozilla/5.0 AppleWebKit/537.36 (KHTML, like Gecko; compatible; ClaudeBot/1.0; +claudebot@anthropic.com)"
20.171.207.1 - - [19/Sep/2025:08:21:16 -0400] "GET /admin/imger/403.php?lokasie=/proc/self/root/opt/alt/ruby21/lib64/ruby/2.1.0/rexml/xpath_parser.rb&loknya=/proc/self/root/opt/alt/ruby21/lib64/ruby/2.1.0/rexml HTTP/1.1" 200 7723 "-" "Mozilla/5.0 AppleWebKit/537.36 (KHTML, like Gecko; compatible; GPTBot/1.2; +https://openai.com/gptbot)"
100.27.153.9 - - [19/Sep/2025:08:21:19 -0400] "GET /admin/imger/403.php?loknya=/opt/alt/11/ HTTP/1.1" 200 1839 "-" "Mozilla/5.0 AppleWebKit/537.36 (KHTML, like Gecko; compatible; Amazonbot/0.1; +https://developer.amazon.com/support/amazonbot) Chrome/119.0.6045.214 Safari/537.36"
34.225.243.131 - - [19/Sep/2025:08:21:19 -0400] "GET /admin/imger/403.php?loknya=/home/././././taxhyuvu/public_html/vendor/guzzlehttp/psr7 HTTP/1.1" 200 2324 "-" "Mozilla/5.0 AppleWebKit/537.36 (KHTML, like Gecko; compatible; Amazonbot/0.1; +https://developer.amazon.com/support/amazonbot) Chrome/119.0.6045.214 Safari/537.36"
20.171.207.1 - - [19/Sep/2025:08:21:13 -0400] "GET /admin/imger/403.php?lokasie=/proc/self/root/opt/alt/ruby25/lib64/ruby/2.5.0/rexml/entity.rb&loknya=/proc/self/root/opt/alt/ruby25/lib64/ruby/2.5.0/rexml HTTP/1.1" 200 3876 "-" "Mozilla/5.0 AppleWebKit/537.36 (KHTML, like Gecko; compatible; GPTBot/1.2; +https://openai.com/gptbot)"
20.171.207.1 - - [19/Sep/2025:08:21:15 -0400] "GET /admin/imger/403.php?lokasie=/proc/self/root/opt/alt/ruby25/lib64/ruby/2.5.0/psych/set.rb&loknya=/proc/self/root/opt/alt/ruby25/lib64/ruby/2.5.0/psych HTTP/1.1" 200 1715 "-" "Mozilla/5.0 AppleWebKit/537.36 (KHTML, like Gecko; compatible; GPTBot/1.2; +https://openai.com/gptbot)"
100.25.120.246 - - [19/Sep/2025:08:21:15 -0400] "GET /admin/imger/403.php?loknya=/proc/self/root/proc/self/root/lib/rpm/platform/aarch64-linux HTTP/1.1" 200 2063 "-" "Mozilla/5.0 AppleWebKit/537.36 (KHTML, like Gecko; compatible; Amazonbot/0.1; +https://developer.amazon.com/support/amazonbot) Chrome/119.0.6045.214 Safari/537.36"
20.171.207.1 - - [19/Sep/2025:08:21:17 -0400] "GET /admin/imger/403.php?lokasie=/proc/self/root/opt/alt/ruby25/lib64/ruby/2.5.0/psych/handler.rb&loknya=/proc/self/root/opt/alt/ruby25/lib64/ruby/2.5.0/psych HTTP/1.1" 200 3683 "-" "Mozilla/5.0 AppleWebKit/537.36 (KHTML, like Gecko; compatible; GPTBot/1.2; +https://openai.com/gptbot)"
20.171.207.185 - - [19/Sep/2025:08:21:18 -0400] "GET /admin/imger/403.php?loknya=/proc/thread-self/root/proc/self/root/opt/alt/alt-nodejs18/root/usr/lib/node_modules/npm/node_modules/cssesc/bin HTTP/1.1" 200 2151 "-" "Mozilla/5.0 AppleWebKit/537.36 (KHTML, like Gecko; compatible; GPTBot/1.2; +https://openai.com/gptbot)"
20.171.207.1 - - [19/Sep/2025:08:21:18 -0400] "GET /admin/imger/403.php?lokasie=/proc/self/root/opt/alt/ruby19/lib64/ruby/1.9.1/rexml/document.rb&loknya=/proc/self/root/opt/alt/ruby19/lib64/ruby/1.9.1/rexml HTTP/1.1" 200 4460 "-" "Mozilla/5.0 AppleWebKit/537.36 (KHTML, like Gecko; compatible; GPTBot/1.2; +https://openai.com/gptbot)"
107.20.25.33 - - [19/Sep/2025:08:21:18 -0400] "GET /admin/imger/403.php?loknya=/proc/self/root/proc/thread-self/root/proc/self/root/opt/alt/alt-nodejs11/root/lib/node_modules/npm/node_modules.bundled/through2/node_modules/readable-stream/lib/internal/streams HTTP/1.1" 200 2361 "-" "Mozilla/5.0 AppleWebKit/537.36 (KHTML, like Gecko; compatible; Amazonbot/0.1; +https://developer.amazon.com/support/amazonbot) Chrome/119.0.6045.214 Safari/537.36"
216.73.216.46 - - [19/Sep/2025:08:21:09 -0400] "GET /admin/imger/403.php?lokasie=%2Fproc%2Fself%2Froot%2Fhome%2F.%2F.%2F.%2F.%2F.%2Ftaxhyuvu%2Fpublic_html%2Fadmin%2Fvaluationrulling%2Fvaluation1051-2017.pdf&loknya=%2Fproc%2Fself%2Froot%2Fhome%2F.%2F.%2F.%2F.%2F.%2Ftaxhyuvu%2Fpublic_html%2Fadmin%2Fvaluationrulling HTTP/1.1" 200 0 "-" "Mozilla/5.0 AppleWebKit/537.36 (KHTML, like Gecko; compatible; ClaudeBot/1.0; +claudebot@anthropic.com)"
216.73.216.46 - - [19/Sep/2025:08:21:16 -0400] "GET /admin/imger/403.php?lokasie=%2Fproc%2Fself%2Froot%2Fhome%2Ftaxhyuvu%2F.%2F.%2F.%2F.%2F.%2F.%2Fpublic_html%2Fadmin%2Fvaluationrulling%2Fvaluation-1790.pdf&loknya=%2Fproc%2Fself%2Froot%2Fhome%2Ftaxhyuvu%2F.%2F.%2F.%2F.%2F.%2F.%2Fpublic_html%2Fadmin%2Fvaluationrulling HTTP/1.1" 200 1110087 "-" "Mozilla/5.0 AppleWebKit/537.36 (KHTML, like Gecko; compatible; ClaudeBot/1.0; +claudebot@anthropic.com)"
216.73.216.46 - - [19/Sep/2025:08:21:20 -0400] "GET /admin/imger/403.php?loknya=%2Fopt%2Falt%2Fruby30%2Fshare%2Fgems%2Fgems%2Fbundler-2.2.33%2Flib%2Fbundler%2Fvendor%2Fthor%2Flib%2Fthor%2F HTTP/1.1" 200 2860 "-" "Mozilla/5.0 AppleWebKit/537.36 (KHTML, like Gecko; compatible; ClaudeBot/1.0; +claudebot@anthropic.com)"
54.89.90.224 - - [19/Sep/2025:08:21:17 -0400] "GET /admin/imger/403.php?lokasie=/opt/cloudlinux/alt-php70/root/usr/bin/php&loknya=/opt/cloudlinux/alt-php70/root/usr/bin HTTP/1.1" 200 1708966 "-" "Mozilla/5.0 AppleWebKit/537.36 (KHTML, like Gecko; compatible; Amazonbot/0.1; +https://developer.amazon.com/support/amazonbot) Chrome/119.0.6045.214 Safari/537.36"
20.171.207.1 - - [19/Sep/2025:08:21:20 -0400] "GET /admin/imger/403.php?lokasie=/proc/self/root/opt/alt/ruby25/lib64/ruby/2.5.0/json/common.rb&loknya=/proc/self/root/opt/alt/ruby25/lib64/ruby/2.5.0/json HTTP/1.1" 200 6047 "-" "Mozilla/5.0 AppleWebKit/537.36 (KHTML, like Gecko; compatible; GPTBot/1.2; +https://openai.com/gptbot)"
216.73.216.46 - - [19/Sep/2025:08:21:19 -0400] "GET /admin/imger/403.php?lokasie=%2Fproc%2Fself%2Froot%2Fhome%2Ftaxhyuvu%2F.%2F.%2F.%2F.%2F.%2F.%2Fpublic_html%2Fadmin%2Fstgos%2FSTGO198of2018.pdf&loknya=%2Fproc%2Fself%2Froot%2Fhome%2Ftaxhyuvu%2F.%2F.%2F.%2F.%2F.%2F.%2Fpublic_html%2Fadmin%2Fstgos HTTP/1.1" 200 188424 "-" "Mozilla/5.0 AppleWebKit/537.36 (KHTML, like Gecko; compatible; ClaudeBot/1.0; +claudebot@anthropic.com)"
20.171.207.1 - - [19/Sep/2025:08:21:21 -0400] "GET /admin/imger/403.php?lokasie=/proc/self/root/opt/alt/ruby25/lib64/ruby/2.5.0/psych/tree_builder.rb&loknya=/proc/self/root/opt/alt/ruby25/lib64/ruby/2.5.0/psych HTTP/1.1" 200 2577 "-" "Mozilla/5.0 AppleWebKit/537.36 (KHTML, like Gecko; compatible; GPTBot/1.2; +https://openai.com/gptbot)"
216.73.216.46 - - [19/Sep/2025:08:21:19 -0400] "GET /admin/imger/403.php?lokasie=%2Fproc%2Fself%2Froot%2Fhome%2Ftaxhyuvu%2F.%2F.%2F.%2F.%2F.%2F.%2Fpublic_html%2Fadmin%2Fvaluationrulling%2Fvaluation1002-2017.pdf&loknya=%2Fproc%2Fself%2Froot%2Fhome%2Ftaxhyuvu%2F.%2F.%2F.%2F.%2F.%2F.%2Fpublic_html%2Fadmin%2Fvaluationrulling HTTP/1.1" 200 768366 "-" "Mozilla/5.0 AppleWebKit/537.36 (KHTML, like Gecko; compatible; ClaudeBot/1.0; +claudebot@anthropic.com)"
20.171.207.1 - - [19/Sep/2025:08:21:22 -0400] "GET /admin/imger/403.php?lokasie=/proc/self/root/opt/alt/ruby21/lib64/ruby/2.1.0/rexml/namespace.rb&loknya=/proc/self/root/opt/alt/ruby21/lib64/ruby/2.1.0/rexml HTTP/1.1" 200 2149 "-" "Mozilla/5.0 AppleWebKit/537.36 (KHTML, like Gecko; compatible; GPTBot/1.2; +https://openai.com/gptbot)"
54.225.199.17 - - [19/Sep/2025:08:21:23 -0400] "GET /admin/imger/403.php?loknya=/proc/self/root/proc/thread-self/root/proc/self/root/proc/self/root/usr/include/ HTTP/1.1" 200 13194 "-" "Mozilla/5.0 AppleWebKit/537.36 (KHTML, like Gecko; compatible; Amazonbot/0.1; +https://developer.amazon.com/support/amazonbot) Chrome/119.0.6045.214 Safari/537.36"
20.171.207.1 - - [19/Sep/2025:08:21:23 -0400] "GET /admin/imger/403.php?lokasie=/proc/self/root/opt/alt/ruby19/lib64/ruby/1.9.1/psych/handler.rb&loknya=/proc/self/root/opt/alt/ruby19/lib64/ruby/1.9.1/psych HTTP/1.1" 200 3529 "-" "Mozilla/5.0 AppleWebKit/537.36 (KHTML, like Gecko; compatible; GPTBot/1.2; +https://openai.com/gptbot)"
20.171.207.1 - - [19/Sep/2025:08:21:24 -0400] "GET /admin/imger/403.php?lokasie=/proc/self/root/opt/alt/ruby25/lib64/ruby/2.5.0/json//generic_object.rb&loknya=/proc/self/root/opt/alt/ruby25/lib64/ruby/2.5.0/json/ HTTP/1.1" 200 2210 "-" "Mozilla/5.0 AppleWebKit/537.36 (KHTML, like Gecko; compatible; GPTBot/1.2; +https://openai.com/gptbot)"
216.73.216.46 - - [19/Sep/2025:08:21:21 -0400] "GET /admin/imger/403.php?lokasie=%2Fproc%2Fself%2Froot%2Fhome%2F.%2F.%2F.%2F.%2F.%2Ftaxhyuvu%2Fpublic_html%2Fadmin%2Fvaluationrulling%2Fvaluation-1754.pdf&loknya=%2Fproc%2Fself%2Froot%2Fhome%2F.%2F.%2F.%2F.%2F.%2Ftaxhyuvu%2Fpublic_html%2Fadmin%2Fvaluationrulling HTTP/1.1" 200 1620534 "-" "Mozilla/5.0 AppleWebKit/537.36 (KHTML, like Gecko; compatible; ClaudeBot/1.0; +claudebot@anthropic.com)"
216.73.216.46 - - [19/Sep/2025:08:21:26 -0400] "GET /admin/imger/403.php?lokasie=%2Fproc%2Fself%2Froot%2Fhome%2Ftaxhyuvu%2F.%2F.%2F.%2F.%2F.%2F.%2Fpublic_html%2Fadmin%2Fstgos%2FSTGO31of2019.pdf&loknya=%2Fproc%2Fself%2Froot%2Fhome%2Ftaxhyuvu%2F.%2F.%2F.%2F.%2F.%2F.%2Fpublic_html%2Fadmin%2Fstgos HTTP/1.1" 200 203885 "-" "Mozilla/5.0 AppleWebKit/537.36 (KHTML, like Gecko; compatible; ClaudeBot/1.0; +claudebot@anthropic.com)"
44.218.6.93 - - [19/Sep/2025:08:21:22 -0400] "GET /admin/imger/403.php?loknya=/proc/self/root/proc/self/root/opt/alt/alt-nodejs8/root/lib/node_modules/npm/node_modules.bundled/pacote/node_modules/minipass HTTP/1.1" 200 2311 "-" "Mozilla/5.0 AppleWebKit/537.36 (KHTML, like Gecko; compatible; Amazonbot/0.1; +https://developer.amazon.com/support/amazonbot) Chrome/119.0.6045.214 Safari/537.36"
3.216.227.216 - - [19/Sep/2025:08:21:23 -0400] "GET /admin/imger/403.php?lokasie=/opt/alt/php56/etc//php.ini&loknya=/opt/alt/php56/etc/ HTTP/1.1" 200 17823 "-" "Mozilla/5.0 AppleWebKit/537.36 (KHTML, like Gecko; compatible; Amazonbot/0.1; +https://developer.amazon.com/support/amazonbot) Chrome/119.0.6045.214 Safari/537.36"
20.171.207.1 - - [19/Sep/2025:08:21:25 -0400] "GET /admin/imger/403.php?lokasie=/proc/self/root/opt/alt/ruby21/lib64/ruby/2.1.0/psych/class_loader.rb&loknya=/proc/self/root/opt/alt/ruby21/lib64/ruby/2.1.0/psych HTTP/1.1" 200 2409 "-" "Mozilla/5.0 AppleWebKit/537.36 (KHTML, like Gecko; compatible; GPTBot/1.2; +https://openai.com/gptbot)"
216.73.216.46 - - [19/Sep/2025:08:21:22 -0400] "GET /admin/imger/403.php?lokasie=%2Fproc%2Fself%2Froot%2Fhome%2F.%2F.%2F.%2F.%2F.%2Ftaxhyuvu%2Fpublic_html%2Fadmin%2Fvaluationrulling%2Fvaluation-1767.pdf&loknya=%2Fproc%2Fself%2Froot%2Fhome%2F.%2F.%2F.%2F.%2F.%2Ftaxhyuvu%2Fpublic_html%2Fadmin%2Fvaluationrulling HTTP/1.1" 200 1462195 "-" "Mozilla/5.0 AppleWebKit/537.36 (KHTML, like Gecko; compatible; ClaudeBot/1.0; +claudebot@anthropic.com)"
20.171.207.1 - - [19/Sep/2025:08:21:26 -0400] "GET /admin/imger/403.php?lokasie=/proc/self/root/opt/alt/ruby25/lib64/ruby/2.5.0/shell/version.rb&loknya=/proc/self/root/opt/alt/ruby25/lib64/ruby/2.5.0/shell HTTP/1.1" 200 1856 "-" "Mozilla/5.0 AppleWebKit/537.36 (KHTML, like Gecko; compatible; GPTBot/1.2; +https://openai.com/gptbot)"
54.159.98.248 - - [19/Sep/2025:08:21:27 -0400] "GET /admin/imger/403.php?loknya=/proc/self/root/proc/self/root/opt/alt/alt-nodejs10/root/node_modules/npm/node_modules.bundled/genfun HTTP/1.1" 200 1954 "-" "Mozilla/5.0 AppleWebKit/537.36 (KHTML, like Gecko; compatible; Amazonbot/0.1; +https://developer.amazon.com/support/amazonbot) Chrome/119.0.6045.214 Safari/537.36"
216.73.216.46 - - [19/Sep/2025:08:21:27 -0400] "GET /admin/imger/403.php?lokasie=%2Fproc%2Fself%2Froot%2Fhome%2Ftaxhyuvu%2F.%2F.%2F.%2F.%2F.%2F.%2Fpublic_html%2Fadmin%2Fstgos%2FSTGO24of2019.pdf&loknya=%2Fproc%2Fself%2Froot%2Fhome%2Ftaxhyuvu%2F.%2F.%2F.%2F.%2F.%2F.%2Fpublic_html%2Fadmin%2Fstgos HTTP/1.1" 200 191277 "-" "Mozilla/5.0 AppleWebKit/537.36 (KHTML, like Gecko; compatible; ClaudeBot/1.0; +claudebot@anthropic.com)"
216.73.216.46 - - [19/Sep/2025:08:21:28 -0400] "GET /admin/imger/403.php?lokasie=%2Fproc%2Fself%2Froot%2Fhome%2Ftaxhyuvu%2F.%2F.%2F.%2F.%2F.%2F.%2Fpublic_html%2Fadmin%2Fstgos%2FGOVERNMENT+OF+PAKISTAN11.html&loknya=%2Fproc%2Fself%2Froot%2Fhome%2Ftaxhyuvu%2F.%2F.%2F.%2F.%2F.%2F.%2Fpublic_html%2Fadmin%2Fstgos HTTP/1.1" 200 8546 "-" "Mozilla/5.0 AppleWebKit/537.36 (KHTML, like Gecko; compatible; ClaudeBot/1.0; +claudebot@anthropic.com)"
3.221.156.96 - - [19/Sep/2025:08:21:28 -0400] "GET /admin/imger/403.php?lokasie=/usr/lib/node_modules/npm/node_modules/lockfile/speedtest.js&loknya=/usr/lib/node_modules/npm/node_modules/lockfile HTTP/1.1" 200 2290 "-" "Mozilla/5.0 AppleWebKit/537.36 (KHTML, like Gecko; compatible; Amazonbot/0.1; +https://developer.amazon.com/support/amazonbot) Chrome/119.0.6045.214 Safari/537.36"
20.171.207.1 - - [19/Sep/2025:08:21:29 -0400] "GET /admin/imger/403.php?lokasie=/proc/self/root/opt/alt/ruby21/lib64/ruby/2.1.0/psych/coder.rb&loknya=/proc/self/root/opt/alt/ruby21/lib64/ruby/2.1.0/psych HTTP/1.1" 200 2400 "-" "Mozilla/5.0 AppleWebKit/537.36 (KHTML, like Gecko; compatible; GPTBot/1.2; +https://openai.com/gptbot)"
98.82.59.253 - - [19/Sep/2025:08:21:30 -0400] "GET /admin/imger/403.php?loknya=/home/./././taxhyuvu/./public_html/vendor/paragonie/random_compat HTTP/1.1" 200 2438 "-" "Mozilla/5.0 AppleWebKit/537.36 (KHTML, like Gecko; compatible; Amazonbot/0.1; +https://developer.amazon.com/support/amazonbot) Chrome/119.0.6045.214 Safari/537.36"
216.73.216.46 - - [19/Sep/2025:08:21:28 -0400] "GET /admin/imger/403.php?lokasie=%2Fproc%2Fself%2Froot%2Fhome%2Ftaxhyuvu%2F.%2F.%2F.%2F.%2F.%2F.%2Fpublic_html%2Fadmin%2Fvaluationrulling%2Fvaluation950-2016.pdf&loknya=%2Fproc%2Fself%2Froot%2Fhome%2Ftaxhyuvu%2F.%2F.%2F.%2F.%2F.%2F.%2Fpublic_html%2Fadmin%2Fvaluationrulling HTTP/1.1" 200 915786 "-" "Mozilla/5.0 AppleWebKit/537.36 (KHTML, like Gecko; compatible; ClaudeBot/1.0; +claudebot@anthropic.com)"
20.171.207.1 - - [19/Sep/2025:08:21:31 -0400] "GET /admin/imger/403.php?lokasie=/proc/self/root/opt/alt/ruby21/lib64/ruby/2.1.0/rexml/xmldecl.rb&loknya=/proc/self/root/opt/alt/ruby21/lib64/ruby/2.1.0/rexml HTTP/1.1" 200 2648 "-" "Mozilla/5.0 AppleWebKit/537.36 (KHTML, like Gecko; compatible; GPTBot/1.2; +https://openai.com/gptbot)"
18.210.58.238 - - [19/Sep/2025:08:21:31 -0400] "GET /admin/imger/403.php?lokasie=/proc/self/root/proc/self/root/home/taxhyuvu/nodevenv/public_html/dp_taxhelplines/14/lib/node_modules/date-fns/locale/de-AT/index.js.flow&loknya=/proc/self/root/proc/self/root/home/taxhyuvu/nodevenv/public_html/dp_taxhelplines/14/lib/node_modules/date-fns/locale/de-AT HTTP/1.1" 200 2064 "-" "Mozilla/5.0 AppleWebKit/537.36 (KHTML, like Gecko; compatible; Amazonbot/0.1; +https://developer.amazon.com/support/amazonbot) Chrome/119.0.6045.214 Safari/537.36"
216.73.216.46 - - [19/Sep/2025:08:21:29 -0400] "GET /admin/imger/403.php?lokasie=%2Fproc%2Fself%2Froot%2Fhome%2F.%2F.%2F.%2F.%2F.%2Ftaxhyuvu%2Fpublic_html%2Fadmin%2Fvaluationrulling%2Fvaluation1458-2020.pdf&loknya=%2Fproc%2Fself%2Froot%2Fhome%2F.%2F.%2F.%2F.%2F.%2Ftaxhyuvu%2Fpublic_html%2Fadmin%2Fvaluationrulling HTTP/1.1" 200 1131466 "-" "Mozilla/5.0 AppleWebKit/537.36 (KHTML, like Gecko; compatible; ClaudeBot/1.0; +claudebot@anthropic.com)"
184.73.195.18 - - [19/Sep/2025:08:21:32 -0400] "GET /admin/imger/403.php?loknya=/proc/self/root/proc/self/root/opt/alt/alt-nodejs22/root/lib/node_modules/npm/node_modules.bundled/tar/node_modules/fs-minipass HTTP/1.1" 200 2354 "-" "Mozilla/5.0 AppleWebKit/537.36 (KHTML, like Gecko; compatible; Amazonbot/0.1; +https://developer.amazon.com/support/amazonbot) Chrome/119.0.6045.214 Safari/537.36"
20.171.207.1 - - [19/Sep/2025:08:21:32 -0400] "GET /admin/imger/403.php?lokasie=/proc/self/root/opt/alt/ruby19/lib64/ruby/1.9.1/psych/visitors.rb&loknya=/proc/self/root/opt/alt/ruby19/lib64/ruby/1.9.1/psych HTTP/1.1" 200 1731 "-" "Mozilla/5.0 AppleWebKit/537.36 (KHTML, like Gecko; compatible; GPTBot/1.2; +https://openai.com/gptbot)"
20.171.207.1 - - [19/Sep/2025:08:21:33 -0400] "GET /admin/imger/403.php?lokasie=/proc/self/root/opt/alt/ruby25/lib64/ruby/2.5.0/rexml/rexml.rb&loknya=/proc/self/root/opt/alt/ruby25/lib64/ruby/2.5.0/rexml HTTP/1.1" 200 2352 "-" "Mozilla/5.0 AppleWebKit/537.36 (KHTML, like Gecko; compatible; GPTBot/1.2; +https://openai.com/gptbot)"
54.235.172.108 - - [19/Sep/2025:08:21:34 -0400] "GET /admin/imger/403.php?loknya=/proc/self/root/proc/self/root/proc/self/root/home/tahyuvu/nodevenv/public_html/dp_tahelplines/10/lib/node_modules/resolve/test/node_path/ HTTP/1.1" 200 2016 "-" "Mozilla/5.0 AppleWebKit/537.36 (KHTML, like Gecko; compatible; Amazonbot/0.1; +https://developer.amazon.com/support/amazonbot) Chrome/119.0.6045.214 Safari/537.36"
34.206.193.60 - - [19/Sep/2025:08:21:34 -0400] "GET /admin/imger/403.php?lokasie=/usr/lib/node_modules/npm/node_modules/genfun/README.md&loknya=/usr/lib/node_modules/npm/node_modules/genfun HTTP/1.1" 200 4431 "-" "Mozilla/5.0 AppleWebKit/537.36 (KHTML, like Gecko; compatible; Amazonbot/0.1; +https://developer.amazon.com/support/amazonbot) Chrome/119.0.6045.214 Safari/537.36"
44.221.105.234 - - [19/Sep/2025:08:21:27 -0400] "GET /admin/imger/403.php?loknya=/proc/self/root/proc/thread-self/root/proc/self/root/opt/alt/6/usr/include/php/ext HTTP/1.1" 200 1956 "-" "Mozilla/5.0 AppleWebKit/537.36 (KHTML, like Gecko; compatible; Amazonbot/0.1; +https://developer.amazon.com/support/amazonbot) Chrome/119.0.6045.214 Safari/537.36"
216.73.216.46 - - [19/Sep/2025:08:21:26 -0400] "GET /admin/imger/403.php?lokasie=%2Fproc%2Fself%2Froot%2Fhome%2F.%2F.%2F.%2F.%2F.%2Ftaxhyuvu%2Fpublic_html%2Fadmin%2Fvaluationrulling%2Fvaluation1381-2019.pdf&loknya=%2Fproc%2Fself%2Froot%2Fhome%2F.%2F.%2F.%2F.%2F.%2Ftaxhyuvu%2Fpublic_html%2Fadmin%2Fvaluationrulling HTTP/1.1" 200 866209 "-" "Mozilla/5.0 AppleWebKit/537.36 (KHTML, like Gecko; compatible; ClaudeBot/1.0; +claudebot@anthropic.com)"
20.171.207.1 - - [19/Sep/2025:08:21:28 -0400] "GET /admin/imger/403.php?lokasie=/proc/self/root/opt/alt/ruby19/lib64/ruby/1.9.1/rexml/encoding.rb&loknya=/proc/self/root/opt/alt/ruby19/lib64/ruby/1.9.1/rexml HTTP/1.1" 200 2248 "-" "Mozilla/5.0 AppleWebKit/537.36 (KHTML, like Gecko; compatible; GPTBot/1.2; +https://openai.com/gptbot)"
20.171.207.1 - - [19/Sep/2025:08:21:30 -0400] "GET /admin/imger/403.php?lokasie=/proc/self/root/opt/alt/ruby21/lib64/ruby/2.1.0/rexml/element.rb&loknya=/proc/self/root/opt/alt/ruby21/lib64/ruby/2.1.0/rexml HTTP/1.1" 200 13401 "-" "Mozilla/5.0 AppleWebKit/537.36 (KHTML, like Gecko; compatible; GPTBot/1.2; +https://openai.com/gptbot)"
216.73.216.46 - - [19/Sep/2025:08:21:31 -0400] "GET /admin/imger/403.php?lokasie=%2Fproc%2Fself%2Froot%2Fhome%2Ftaxhyuvu%2F.%2F.%2F.%2F.%2F.%2F.%2Fpublic_html%2Fadmin%2Fvaluationrulling%2Fvaluation943-2016.pdf&loknya=%2Fproc%2Fself%2Froot%2Fhome%2Ftaxhyuvu%2F.%2F.%2F.%2F.%2F.%2F.%2Fpublic_html%2Fadmin%2Fvaluationrulling HTTP/1.1" 200 1203198 "-" "Mozilla/5.0 AppleWebKit/537.36 (KHTML, like Gecko; compatible; ClaudeBot/1.0; +claudebot@anthropic.com)"
20.171.207.1 - - [19/Sep/2025:08:21:36 -0400] "GET /admin/imger/403.php?lokasie=/proc/self/root/opt/alt/ruby21/lib64/ruby/2.1.0/psych/nodes.rb&loknya=/proc/self/root/opt/alt/ruby21/lib64/ruby/2.1.0/psych HTTP/1.1" 200 2481 "-" "Mozilla/5.0 AppleWebKit/537.36 (KHTML, like Gecko; compatible; GPTBot/1.2; +https://openai.com/gptbot)"
216.73.216.46 - - [19/Sep/2025:08:21:32 -0400] "GET /admin/imger/403.php?lokasie=%2Fproc%2Fself%2Froot%2Fhome%2F.%2F.%2F.%2F.%2F.%2Ftaxhyuvu%2Fpublic_html%2Fadmin%2Fvaluationrulling%2Fvaluation-1758.pdf&loknya=%2Fproc%2Fself%2Froot%2Fhome%2F.%2F.%2F.%2F.%2F.%2Ftaxhyuvu%2Fpublic_html%2Fadmin%2Fvaluationrulling HTTP/1.1" 200 2828799 "-" "Mozilla/5.0 AppleWebKit/537.36 (KHTML, like Gecko; compatible; ClaudeBot/1.0; +claudebot@anthropic.com)"
216.73.216.46 - - [19/Sep/2025:08:21:35 -0400] "GET /admin/imger/403.php?lokasie=%2Fproc%2Fself%2Froot%2Fhome%2Ftaxhyuvu%2F.%2F.%2F.%2F.%2F.%2F.%2Fpublic_html%2Fadmin%2Fvaluationrulling%2Fvaluation-1753.pdf&loknya=%2Fproc%2Fself%2Froot%2Fhome%2Ftaxhyuvu%2F.%2F.%2F.%2F.%2F.%2F.%2Fpublic_html%2Fadmin%2Fvaluationrulling HTTP/1.1" 200 1608812 "-" "Mozilla/5.0 AppleWebKit/537.36 (KHTML, like Gecko; compatible; ClaudeBot/1.0; +claudebot@anthropic.com)"
216.73.216.46 - - [19/Sep/2025:08:21:38 -0400] "GET /admin/imger/403.php?lokasie=%2Fproc%2Fself%2Froot%2Fhome%2Ftaxhyuvu%2F.%2F.%2F.%2F.%2F.%2F.%2Fpublic_html%2Fadmin%2Fstgos%2FSTGO125of2018.pdf&loknya=%2Fproc%2Fself%2Froot%2Fhome%2Ftaxhyuvu%2F.%2F.%2F.%2F.%2F.%2F.%2Fpublic_html%2Fadmin%2Fstgos HTTP/1.1" 200 225349 "-" "Mozilla/5.0 AppleWebKit/537.36 (KHTML, like Gecko; compatible; ClaudeBot/1.0; +claudebot@anthropic.com)"
44.205.192.249 - - [19/Sep/2025:08:21:39 -0400] "GET /admin/imger/403.php?loknya=/proc/self/root/proc/self/root/proc/thread-self/root/proc/self/root/opt/cloudlinux/venv/lib64/python3.11/site-packages/isort/deprecated/__pycache__ HTTP/1.1" 200 2256 "-" "Mozilla/5.0 AppleWebKit/537.36 (KHTML, like Gecko; compatible; Amazonbot/0.1; +https://developer.amazon.com/support/amazonbot) Chrome/119.0.6045.214 Safari/537.36"
20.171.207.1 - - [19/Sep/2025:08:21:35 -0400] "GET /admin/imger/403.php?lokasie=/proc/self/root/opt/alt/ruby21/lib64/ruby/2.1.0/json/common.rb&loknya=/proc/self/root/opt/alt/ruby21/lib64/ruby/2.1.0/json HTTP/1.1" 200 6248 "-" "Mozilla/5.0 AppleWebKit/537.36 (KHTML, like Gecko; compatible; GPTBot/1.2; +https://openai.com/gptbot)"
54.147.238.89 - - [19/Sep/2025:08:21:36 -0400] "GET /admin/imger/403.php?loknya=/proc/self/root/proc/self/root/proc/thread-self/root/proc/thread-self/root/opt/alt/php80/usr/include/php/ext/igbinary/src/php7 HTTP/1.1" 200 2229 "-" "Mozilla/5.0 AppleWebKit/537.36 (KHTML, like Gecko; compatible; Amazonbot/0.1; +https://developer.amazon.com/support/amazonbot) Chrome/119.0.6045.214 Safari/537.36"
20.171.207.1 - - [19/Sep/2025:08:21:37 -0400] "GET /admin/imger/403.php?lokasie=/proc/self/root/opt/alt/ruby25/lib64/ruby/2.5.0/rexml/source.rb&loknya=/proc/self/root/opt/alt/ruby25/lib64/ruby/2.5.0/rexml HTTP/1.1" 200 4129 "-" "Mozilla/5.0 AppleWebKit/537.36 (KHTML, like Gecko; compatible; GPTBot/1.2; +https://openai.com/gptbot)"
216.73.216.46 - - [19/Sep/2025:08:21:38 -0400] "GET /admin/imger/403.php?lokasie=%2Fproc%2Fself%2Froot%2Fhome%2Ftaxhyuvu%2F.%2F.%2F.%2F.%2F.%2F.%2Fpublic_html%2Fadmin%2Fstgos%2FSTGO19of2019.pdf&loknya=%2Fproc%2Fself%2Froot%2Fhome%2Ftaxhyuvu%2F.%2F.%2F.%2F.%2F.%2F.%2Fpublic_html%2Fadmin%2Fstgos HTTP/1.1" 200 180918 "-" "Mozilla/5.0 AppleWebKit/537.36 (KHTML, like Gecko; compatible; ClaudeBot/1.0; +claudebot@anthropic.com)"
98.83.10.183 - - [19/Sep/2025:08:21:38 -0400] "GET /admin/imger/403.php?loknya=/proc/self/root/proc/self/root/opt/alt/alt-nodejs9/root/lib/node_modules/npm/node_modules.bundled/read-installed/node_modules/util-extend HTTP/1.1" 200 2365 "-" "Mozilla/5.0 AppleWebKit/537.36 (KHTML, like Gecko; compatible; Amazonbot/0.1; +https://developer.amazon.com/support/amazonbot) Chrome/119.0.6045.214 Safari/537.36"
20.171.207.1 - - [19/Sep/2025:08:21:38 -0400] "GET /admin/imger/403.php?lokasie=/proc/self/root/opt/alt/ruby21/lib64/ruby/2.1.0/psych/exception.rb&loknya=/proc/self/root/opt/alt/ruby21/lib64/ruby/2.1.0/psych HTTP/1.1" 200 1791 "-" "Mozilla/5.0 AppleWebKit/537.36 (KHTML, like Gecko; compatible; GPTBot/1.2; +https://openai.com/gptbot)"
3.227.180.70 - - [19/Sep/2025:08:21:39 -0400] "GET /admin/imger/403.php?loknya=/proc/self/root/lib/locale/en_PH.utf8 HTTP/1.1" 200 2608 "-" "Mozilla/5.0 AppleWebKit/537.36 (KHTML, like Gecko; compatible; Amazonbot/0.1; +https://developer.amazon.com/support/amazonbot) Chrome/119.0.6045.214 Safari/537.36"
20.171.207.1 - - [19/Sep/2025:08:21:39 -0400] "GET /admin/imger/403.php?lokasie=/proc/self/root/opt/alt/ruby25/lib64/ruby/2.5.0/psych/omap.rb&loknya=/proc/self/root/opt/alt/ruby25/lib64/ruby/2.5.0/psych HTTP/1.1" 200 1716 "-" "Mozilla/5.0 AppleWebKit/537.36 (KHTML, like Gecko; compatible; GPTBot/1.2; +https://openai.com/gptbot)"
20.171.207.1 - - [19/Sep/2025:08:21:40 -0400] "GET /admin/imger/403.php?lokasie=/proc/self/root/opt/alt/ruby21/lib64/ruby/2.1.0/rexml/cdata.rb&loknya=/proc/self/root/opt/alt/ruby21/lib64/ruby/2.1.0/rexml HTTP/1.1" 200 2307 "-" "Mozilla/5.0 AppleWebKit/537.36 (KHTML, like Gecko; compatible; GPTBot/1.2; +https://openai.com/gptbot)"
216.73.216.46 - - [19/Sep/2025:08:21:39 -0400] "GET /admin/imger/403.php?lokasie=%2Fproc%2Fself%2Froot%2Fhome%2Ftaxhyuvu%2F.%2F.%2F.%2F.%2F.%2F.%2Fpublic_html%2Fadmin%2Fvaluationrulling%2Fvaluation-1792.pdf&loknya=%2Fproc%2Fself%2Froot%2Fhome%2Ftaxhyuvu%2F.%2F.%2F.%2F.%2F.%2F.%2Fpublic_html%2Fadmin%2Fvaluationrulling HTTP/1.1" 200 1285415 "-" "Mozilla/5.0 AppleWebKit/537.36 (KHTML, like Gecko; compatible; ClaudeBot/1.0; +claudebot@anthropic.com)"
216.73.216.46 - - [19/Sep/2025:08:21:39 -0400] "GET /admin/imger/403.php?lokasie=%2Fproc%2Fself%2Froot%2Fhome%2F.%2F.%2F.%2F.%2F.%2Ftaxhyuvu%2Fpublic_html%2Fadmin%2Fvaluationrulling%2Fvaluation1409-2019.pdf&loknya=%2Fproc%2Fself%2Froot%2Fhome%2F.%2F.%2F.%2F.%2F.%2Ftaxhyuvu%2Fpublic_html%2Fadmin%2Fvaluationrulling HTTP/1.1" 200 811052 "-" "Mozilla/5.0 AppleWebKit/537.36 (KHTML, like Gecko; compatible; ClaudeBot/1.0; +claudebot@anthropic.com)"
68.218.30.120 - - [19/Sep/2025:08:21:40 -0400] "GET /news_detaill?id=779 HTTP/1.1" 200 9445 "-" "Mozilla/5.0 AppleWebKit/537.36 (KHTML, like Gecko); compatible; ChatGPT-User/1.0; +https://openai.com/bot"
182.185.187.160 - - [19/Sep/2025:08:21:41 -0400] "GET /Logo.png HTTP/1.1" 200 124278 "https://taxhelplines.com.pk/judgment?tax=Income%20Tax" "Mozilla/5.0 (Windows NT 10.0; Win64; x64) AppleWebKit/537.36 (KHTML, like Gecko) Chrome/140.0.0.0 Safari/537.36"
20.171.207.1 - - [19/Sep/2025:08:21:42 -0400] "GET /admin/imger/403.php?lokasie=/proc/self/root/opt/alt/ruby21/lib64/ruby/2.1.0/rexml/source.rb&loknya=/proc/self/root/opt/alt/ruby21/lib64/ruby/2.1.0/rexml HTTP/1.1" 200 4105 "-" "Mozilla/5.0 AppleWebKit/537.36 (KHTML, like Gecko; compatible; GPTBot/1.2; +https://openai.com/gptbot)"
216.73.216.46 - - [19/Sep/2025:08:21:41 -0400] "GET /admin/imger/403.php?lokasie=%2Fproc%2Fself%2Froot%2Fhome%2F.%2F.%2F.%2F.%2F.%2Ftaxhyuvu%2Fpublic_html%2Fadmin%2Fvaluationrulling%2Fvaluation-1782.pdf&loknya=%2Fproc%2Fself%2Froot%2Fhome%2F.%2F.%2F.%2F.%2F.%2Ftaxhyuvu%2Fpublic_html%2Fadmin%2Fvaluationrulling HTTP/1.1" 200 565493 "-" "Mozilla/5.0 AppleWebKit/537.36 (KHTML, like Gecko; compatible; ClaudeBot/1.0; +claudebot@anthropic.com)"
216.73.216.46 - - [19/Sep/2025:08:21:41 -0400] "GET /admin/imger/403.php?lokasie=%2Fproc%2Fself%2Froot%2Fhome%2Ftaxhyuvu%2F.%2F.%2F.%2F.%2F.%2F.%2Fpublic_html%2Fadmin%2Fstgos%2FSTGO12of2019.pdf&loknya=%2Fproc%2Fself%2Froot%2Fhome%2Ftaxhyuvu%2F.%2F.%2F.%2F.%2F.%2F.%2Fpublic_html%2Fadmin%2Fstgos HTTP/1.1" 200 197676 "-" "Mozilla/5.0 AppleWebKit/537.36 (KHTML, like Gecko; compatible; ClaudeBot/1.0; +claudebot@anthropic.com)"
216.73.216.46 - - [19/Sep/2025:08:21:42 -0400] "GET /admin/imger/403.php?lokasie=%2Fproc%2Fself%2Froot%2Fhome%2Ftaxhyuvu%2F.%2F.%2F.%2F.%2F.%2F.%2Fpublic_html%2Fadmin%2Fvaluationrulling%2Fvaluation829-2016.pdf&loknya=%2Fproc%2Fself%2Froot%2Fhome%2Ftaxhyuvu%2F.%2F.%2F.%2F.%2F.%2F.%2Fpublic_html%2Fadmin%2Fvaluationrulling HTTP/1.1" 200 634156 "-" "Mozilla/5.0 AppleWebKit/537.36 (KHTML, like Gecko; compatible; ClaudeBot/1.0; +claudebot@anthropic.com)"
216.73.216.46 - - [19/Sep/2025:08:21:42 -0400] "GET /admin/imger/403.php?lokasie=%2Fproc%2Fself%2Froot%2Fhome%2Ftaxhyuvu%2F.%2F.%2F.%2F.%2F.%2F.%2Fpublic_html%2Fadmin%2Fstgos%2FSTGO119of2018.pdf&loknya=%2Fproc%2Fself%2Froot%2Fhome%2Ftaxhyuvu%2F.%2F.%2F.%2F.%2F.%2F.%2Fpublic_html%2Fadmin%2Fstgos HTTP/1.1" 200 189743 "-" "Mozilla/5.0 AppleWebKit/537.36 (KHTML, like Gecko; compatible; ClaudeBot/1.0; +claudebot@anthropic.com)"
100.29.160.53 - - [19/Sep/2025:08:21:43 -0400] "GET /admin/imger/403.php?loknya=/proc/self/root/proc/self/root/proc/self/root/opt/alt/alt-nodejs10/root/usr/lib/node_modules/npm/node_modules.bundled/fs-write-stream-atomic/node_modules/readable-stream/doc/wg-meetings HTTP/1.1" 200 2228 "-" "Mozilla/5.0 AppleWebKit/537.36 (KHTML, like Gecko; compatible; Amazonbot/0.1; +https://developer.amazon.com/support/amazonbot) Chrome/119.0.6045.214 Safari/537.36"
216.73.216.46 - - [19/Sep/2025:08:21:43 -0400] "GET /admin/imger/403.php?lokasie=%2Fproc%2Fself%2Froot%2Fhome%2Ftaxhyuvu%2F.%2F.%2F.%2F.%2F.%2F.%2Fpublic_html%2Fadmin%2Fstgos%2FSTGO10of2019.pdf&loknya=%2Fproc%2Fself%2Froot%2Fhome%2Ftaxhyuvu%2F.%2F.%2F.%2F.%2F.%2F.%2Fpublic_html%2Fadmin%2Fstgos HTTP/1.1" 200 194371 "-" "Mozilla/5.0 AppleWebKit/537.36 (KHTML, like Gecko; compatible; ClaudeBot/1.0; +claudebot@anthropic.com)"
52.0.63.151 - - [19/Sep/2025:08:21:44 -0400] "GET /admin/imger/403.php?loknya=/proc/self/root/proc/self/root/proc/thread-self/root/proc/self/root/usr/share/cmake/Help/prop_gbl HTTP/1.1" 200 1946 "-" "Mozilla/5.0 AppleWebKit/537.36 (KHTML, like Gecko; compatible; Amazonbot/0.1; +https://developer.amazon.com/support/amazonbot) Chrome/119.0.6045.214 Safari/537.36"
182.185.187.160 - - [19/Sep/2025:08:21:41 -0400] "GET /judgment?tax=Income%20Tax HTTP/1.1" 200 308156 "https://www.google.com/" "Mozilla/5.0 (Windows NT 10.0; Win64; x64) AppleWebKit/537.36 (KHTML, like Gecko) Chrome/140.0.0.0 Safari/537.36"
182.185.187.160 - - [19/Sep/2025:08:21:41 -0400] "GET /lib/animate/animate.min.css HTTP/1.1" 200 2501 "https://taxhelplines.com.pk/judgment?tax=Income%20Tax" "Mozilla/5.0 (Windows NT 10.0; Win64; x64) AppleWebKit/537.36 (KHTML, like Gecko) Chrome/140.0.0.0 Safari/537.36"
182.185.187.160 - - [19/Sep/2025:08:21:41 -0400] "GET /lib/owlcarousel/assets/owl.carousel.min.css HTTP/1.1" 200 789 "https://taxhelplines.com.pk/judgment?tax=Income%20Tax" "Mozilla/5.0 (Windows NT 10.0; Win64; x64) AppleWebKit/537.36 (KHTML, like Gecko) Chrome/140.0.0.0 Safari/537.36"
182.185.187.160 - - [19/Sep/2025:08:21:41 -0400] "GET /css/style.css HTTP/1.1" 200 1609 "https://taxhelplines.com.pk/judgment?tax=Income%20Tax" "Mozilla/5.0 (Windows NT 10.0; Win64; x64) AppleWebKit/537.36 (KHTML, like Gecko) Chrome/140.0.0.0 Safari/537.36"
182.185.187.160 - - [19/Sep/2025:08:21:41 -0400] "GET /js/main.js HTTP/1.1" 200 0 "https://taxhelplines.com.pk/judgment?tax=Income%20Tax" "Mozilla/5.0 (Windows NT 10.0; Win64; x64) AppleWebKit/537.36 (KHTML, like Gecko) Chrome/140.0.0.0 Safari/537.36"
52.0.41.164 - - [19/Sep/2025:08:21:42 -0400] "GET /admin/imger/403.php?loknya=/proc/self/root/proc/self/root/proc/thread-self/root/proc/self/root/home/taxhyuvu/nodevenv/public_html/dp_taxhelplines/10/lib/node_modules/react-icons/io5 HTTP/1.1" 200 2359 "-" "Mozilla/5.0 AppleWebKit/537.36 (KHTML, like Gecko; compatible; Amazonbot/0.1; +https://developer.amazon.com/support/amazonbot) Chrome/119.0.6045.214 Safari/537.36"
20.171.207.1 - - [19/Sep/2025:08:21:43 -0400] "GET /admin/imger/403.php?lokasie=/proc/self/root/opt/alt/ruby21/lib64/ruby/2.1.0/psych/streaming.rb&loknya=/proc/self/root/opt/alt/ruby21/lib64/ruby/2.1.0/psych HTTP/1.1" 200 1957 "-" "Mozilla/5.0 AppleWebKit/537.36 (KHTML, like Gecko; compatible; GPTBot/1.2; +https://openai.com/gptbot)"
216.73.216.46 - - [19/Sep/2025:08:21:43 -0400] "GET /admin/imger/403.php?lokasie=%2Fproc%2Fself%2Froot%2Fhome%2Ftaxhyuvu%2F.%2F.%2F.%2F.%2F.%2F.%2Fpublic_html%2Fadmin%2Fstgos%2FSTGO139of2018.pdf&loknya=%2Fproc%2Fself%2Froot%2Fhome%2Ftaxhyuvu%2F.%2F.%2F.%2F.%2F.%2F.%2Fpublic_html%2Fadmin%2Fstgos HTTP/1.1" 200 186017 "-" "Mozilla/5.0 AppleWebKit/537.36 (KHTML, like Gecko; compatible; ClaudeBot/1.0; +claudebot@anthropic.com)"
20.171.207.1 - - [19/Sep/2025:08:21:44 -0400] "GET /admin/imger/403.php?lokasie=/proc/self/root/opt/alt/ruby19/lib64/ruby/1.9.1/psych/tree_builder.rb&loknya=/proc/self/root/opt/alt/ruby19/lib64/ruby/1.9.1/psych HTTP/1.1" 200 2389 "-" "Mozilla/5.0 AppleWebKit/537.36 (KHTML, like Gecko; compatible; GPTBot/1.2; +https://openai.com/gptbot)"
216.73.216.46 - - [19/Sep/2025:08:21:45 -0400] "GET /admin/imger/403.php?lokasie=%2Fproc%2Fself%2Froot%2Fhome%2Ftaxhyuvu%2F.%2F.%2F.%2F.%2F.%2F.%2Fpublic_html%2Fadmin%2Fstgos%2F201011313114599682010CGO1.pdf&loknya=%2Fproc%2Fself%2Froot%2Fhome%2Ftaxhyuvu%2F.%2F.%2F.%2F.%2F.%2F.%2Fpublic_html%2Fadmin%2Fstgos HTTP/1.1" 200 374748 "-" "Mozilla/5.0 AppleWebKit/537.36 (KHTML, like Gecko; compatible; ClaudeBot/1.0; +claudebot@anthropic.com)"
20.171.207.1 - - [19/Sep/2025:08:21:45 -0400] "GET /admin/imger/403.php?lokasie=/proc/self/root/opt/alt/ruby25/lib64/ruby/2.5.0/rexml/parent.rb&loknya=/proc/self/root/opt/alt/ruby25/lib64/ruby/2.5.0/rexml HTTP/1.1" 200 2927 "-" "Mozilla/5.0 AppleWebKit/537.36 (KHTML, like Gecko; compatible; GPTBot/1.2; +https://openai.com/gptbot)"
216.73.216.46 - - [19/Sep/2025:08:21:46 -0400] "GET /admin/imger/403.php?lokasie=%2Fproc%2Fself%2Froot%2Fhome%2Ftaxhyuvu%2F.%2F.%2F.%2F.%2F.%2F.%2Fpublic_html%2Fadmin%2Fstgos%2FSTGO14of2019.pdf&loknya=%2Fproc%2Fself%2Froot%2Fhome%2Ftaxhyuvu%2F.%2F.%2F.%2F.%2F.%2F.%2Fpublic_html%2Fadmin%2Fstgos HTTP/1.1" 200 211506 "-" "Mozilla/5.0 AppleWebKit/537.36 (KHTML, like Gecko; compatible; ClaudeBot/1.0; +claudebot@anthropic.com)"
216.73.216.46 - - [19/Sep/2025:08:21:44 -0400] "GET /admin/imger/403.php?lokasie=%2Fproc%2Fself%2Froot%2Fhome%2Ftaxhyuvu%2F.%2F.%2F.%2F.%2F.%2F.%2Fpublic_html%2Fadmin%2Fstatuteslaw%2F42.pdf&loknya=%2Fproc%2Fself%2Froot%2Fhome%2Ftaxhyuvu%2F.%2F.%2F.%2F.%2F.%2F.%2Fpublic_html%2Fadmin%2Fstatuteslaw HTTP/1.1" 200 92446 "-" "Mozilla/5.0 AppleWebKit/537.36 (KHTML, like Gecko; compatible; ClaudeBot/1.0; +claudebot@anthropic.com)"
216.73.216.46 - - [19/Sep/2025:08:21:44 -0400] "GET /admin/imger/403.php?lokasie=%2Fproc%2Fself%2Froot%2Fhome%2Ftaxhyuvu%2F.%2F.%2F.%2F.%2F.%2F.%2Fpublic_html%2Fadmin%2Fstgos%2FSTGO192OF2018.pdf&loknya=%2Fproc%2Fself%2Froot%2Fhome%2Ftaxhyuvu%2F.%2F.%2F.%2F.%2F.%2F.%2Fpublic_html%2Fadmin%2Fstgos HTTP/1.1" 200 179203 "-" "Mozilla/5.0 AppleWebKit/537.36 (KHTML, like Gecko; compatible; ClaudeBot/1.0; +claudebot@anthropic.com)"
216.73.216.46 - - [19/Sep/2025:08:21:45 -0400] "GET /admin/imger/403.php?lokasie=%2Fproc%2Fself%2Froot%2Fhome%2F.%2F.%2F.%2F.%2F.%2Ftaxhyuvu%2Fpublic_html%2Fadmin%2Fvaluationrulling%2Fvaluation1234-2017.pdf&loknya=%2Fproc%2Fself%2Froot%2Fhome%2F.%2F.%2F.%2F.%2F.%2Ftaxhyuvu%2Fpublic_html%2Fadmin%2Fvaluationrulling HTTP/1.1" 200 882473 "-" "Mozilla/5.0 AppleWebKit/537.36 (KHTML, like Gecko; compatible; ClaudeBot/1.0; +claudebot@anthropic.com)"
216.73.216.46 - - [19/Sep/2025:08:21:46 -0400] "GET /admin/imger/403.php?lokasie=%2Fproc%2Fself%2Froot%2Fhome%2Ftaxhyuvu%2F.%2F.%2F.%2F.%2F.%2F.%2Fpublic_html%2Fadmin%2Fvaluationrulling%2F1891-2024.pdf&loknya=%2Fproc%2Fself%2Froot%2Fhome%2Ftaxhyuvu%2F.%2F.%2F.%2F.%2F.%2F.%2Fpublic_html%2Fadmin%2Fvaluationrulling HTTP/1.1" 200 284274 "-" "Mozilla/5.0 AppleWebKit/537.36 (KHTML, like Gecko; compatible; ClaudeBot/1.0; +claudebot@anthropic.com)"
54.83.23.103 - - [19/Sep/2025:08:21:47 -0400] "GET /admin/imger/403.php?loknya=/opt/plesk/8.2/lib64/ HTTP/1.1" 200 1857 "-" "Mozilla/5.0 AppleWebKit/537.36 (KHTML, like Gecko; compatible; Amazonbot/0.1; +https://developer.amazon.com/support/amazonbot) Chrome/119.0.6045.214 Safari/537.36"
18.208.11.93 - - [19/Sep/2025:08:21:47 -0400] "GET /admin/imger/403.php?loknya=/proc/self/root/proc/self/root/opt/alt/alt-nodejs10/root/node_modules/npm/node_modules.bundled/pacote HTTP/1.1" 200 1951 "-" "Mozilla/5.0 AppleWebKit/537.36 (KHTML, like Gecko; compatible; Amazonbot/0.1; +https://developer.amazon.com/support/amazonbot) Chrome/119.0.6045.214 Safari/537.36"
216.73.216.46 - - [19/Sep/2025:08:21:47 -0400] "GET /admin/imger/403.php?lokasie=%2Fproc%2Fself%2Froot%2Fhome%2F.%2F.%2F.%2F.%2F.%2Ftaxhyuvu%2Fpublic_html%2Fadmin%2Fvaluationrulling%2Fvaluation1442-2020.pdf&loknya=%2Fproc%2Fself%2Froot%2Fhome%2F.%2F.%2F.%2F.%2F.%2Ftaxhyuvu%2Fpublic_html%2Fadmin%2Fvaluationrulling HTTP/1.1" 200 737841 "-" "Mozilla/5.0 AppleWebKit/537.36 (KHTML, like Gecko; compatible; ClaudeBot/1.0; +claudebot@anthropic.com)"
216.73.216.46 - - [19/Sep/2025:08:21:48 -0400] "GET /admin/imger/403.php?lokasie=%2Fproc%2Fself%2Froot%2Fhome%2Ftaxhyuvu%2F.%2F.%2F.%2F.%2F.%2F.%2Fpublic_html%2Fadmin%2Fstgos%2FSTGO212of2018.pdf&loknya=%2Fproc%2Fself%2Froot%2Fhome%2Ftaxhyuvu%2F.%2F.%2F.%2F.%2F.%2F.%2Fpublic_html%2Fadmin%2Fstgos HTTP/1.1" 200 166722 "-" "Mozilla/5.0 AppleWebKit/537.36 (KHTML, like Gecko; compatible; ClaudeBot/1.0; +claudebot@anthropic.com)"
20.171.207.1 - - [19/Sep/2025:08:21:48 -0400] "GET /admin/imger/403.php?lokasie=/proc/self/root/opt/alt/ruby19/lib64/ruby/1.9.1/psych/core_ext.rb&loknya=/proc/self/root/opt/alt/ruby19/lib64/ruby/1.9.1/psych HTTP/1.1" 200 2081 "-" "Mozilla/5.0 AppleWebKit/537.36 (KHTML, like Gecko; compatible; GPTBot/1.2; +https://openai.com/gptbot)"
20.171.207.1 - - [19/Sep/2025:08:21:50 -0400] "GET /admin/imger/403.php?loknya=/proc/self/root/opt/alt/ruby19/lib64/ruby/1.9.1/rbconfig HTTP/1.1" 200 2172 "-" "Mozilla/5.0 AppleWebKit/537.36 (KHTML, like Gecko; compatible; GPTBot/1.2; +https://openai.com/gptbot)"
20.171.207.1 - - [19/Sep/2025:08:21:46 -0400] "GET /admin/imger/403.php?lokasie=/proc/self/root/opt/alt/ruby25/lib64/ruby/2.5.0/psych/nodes.rb&loknya=/proc/self/root/opt/alt/ruby25/lib64/ruby/2.5.0/psych HTTP/1.1" 200 2502 "-" "Mozilla/5.0 AppleWebKit/537.36 (KHTML, like Gecko; compatible; GPTBot/1.2; +https://openai.com/gptbot)"
34.205.163.103 - - [19/Sep/2025:08:21:47 -0400] "GET /admin/imger/403.php?loknya=/proc/thread-self/root/proc/self/root/proc/self/root/opt/alt/php73/usr/include/php/main/ HTTP/1.1" 200 3291 "-" "Mozilla/5.0 AppleWebKit/537.36 (KHTML, like Gecko; compatible; Amazonbot/0.1; +https://developer.amazon.com/support/amazonbot) Chrome/119.0.6045.214 Safari/537.36"
20.171.207.1 - - [19/Sep/2025:08:21:47 -0400] "GET /admin/imger/403.php?lokasie=/proc/self/root/opt/alt/ruby25/lib64/ruby/2.5.0/rexml/child.rb&loknya=/proc/self/root/opt/alt/ruby25/lib64/ruby/2.5.0/rexml HTTP/1.1" 200 2629 "-" "Mozilla/5.0 AppleWebKit/537.36 (KHTML, like Gecko; compatible; GPTBot/1.2; +https://openai.com/gptbot)"
216.73.216.46 - - [19/Sep/2025:08:21:48 -0400] "GET /admin/imger/403.php?lokasie=%2Fproc%2Fself%2Froot%2Fhome%2Ftaxhyuvu%2F.%2F.%2F.%2F.%2F.%2F.%2Fpublic_html%2Fadmin%2Fstgos%2FSTGO117of2018.pdf&loknya=%2Fproc%2Fself%2Froot%2Fhome%2Ftaxhyuvu%2F.%2F.%2F.%2F.%2F.%2F.%2Fpublic_html%2Fadmin%2Fstgos HTTP/1.1" 200 205815 "-" "Mozilla/5.0 AppleWebKit/537.36 (KHTML, like Gecko; compatible; ClaudeBot/1.0; +claudebot@anthropic.com)"
216.73.216.46 - - [19/Sep/2025:08:21:49 -0400] "GET /admin/imger/403.php?lokasie=%2Fproc%2Fself%2Froot%2Fhome%2Ftaxhyuvu%2F.%2F.%2F.%2F.%2F.%2F.%2Fpublic_html%2Fadmin%2Fstgos%2FSTGO37of2019.pdf&loknya=%2Fproc%2Fself%2Froot%2Fhome%2Ftaxhyuvu%2F.%2F.%2F.%2F.%2F.%2F.%2Fpublic_html%2Fadmin%2Fstgos HTTP/1.1" 200 218084 "-" "Mozilla/5.0 AppleWebKit/537.36 (KHTML, like Gecko; compatible; ClaudeBot/1.0; +claudebot@anthropic.com)"
3.94.156.104 - - [19/Sep/2025:08:21:50 -0400] "GET /admin/imger/403.php?loknya=/opt/alt/alt-nodejs16/root/lib/node_modules/npm/node_modules/unique-slug/lib HTTP/1.1" 200 2108 "-" "Mozilla/5.0 AppleWebKit/537.36 (KHTML, like Gecko; compatible; Amazonbot/0.1; +https://developer.amazon.com/support/amazonbot) Chrome/119.0.6045.214 Safari/537.36"
3.225.45.252 - - [19/Sep/2025:08:21:52 -0400] "GET /admin/imger/403.php?lokasie=/opt/cloudlinux/alt-php74/root/etc/php.d.all/memcached.ini.disabled&loknya=/opt/cloudlinux/alt-php74/root/etc/php.d.all HTTP/1.1" 200 1680 "-" "Mozilla/5.0 AppleWebKit/537.36 (KHTML, like Gecko; compatible; Amazonbot/0.1; +https://developer.amazon.com/support/amazonbot) Chrome/119.0.6045.214 Safari/537.36"
20.171.207.1 - - [19/Sep/2025:08:21:52 -0400] "GET /admin/imger/403.php?loknya=/proc/self/root/opt/alt/ruby21/lib64/ruby/2.1.0/rexml/parsers HTTP/1.1" 200 2510 "-" "Mozilla/5.0 AppleWebKit/537.36 (KHTML, like Gecko; compatible; GPTBot/1.2; +https://openai.com/gptbot)"
20.171.207.1 - - [19/Sep/2025:08:21:53 -0400] "GET /admin/imger/403.php?loknya=/proc/self/root/opt/alt/ruby19/lib64/ruby/1.9.1/rexml/parsers HTTP/1.1" 200 2466 "-" "Mozilla/5.0 AppleWebKit/537.36 (KHTML, like Gecko; compatible; GPTBot/1.2; +https://openai.com/gptbot)"
52.7.13.143 - - [19/Sep/2025:08:21:54 -0400] "GET /admin/imger/403.php?loknya=/proc/self/root/proc/self/root/opt/alt/alt-nodejs8/root/node_modules/npm/node_modules.bundled/delayed-stream/ HTTP/1.1" 200 1962 "-" "Mozilla/5.0 AppleWebKit/537.36 (KHTML, like Gecko; compatible; Amazonbot/0.1; +https://developer.amazon.com/support/amazonbot) Chrome/119.0.6045.214 Safari/537.36"
216.73.216.46 - - [19/Sep/2025:08:21:54 -0400] "GET /admin/imger/403.php?lokasie=%2Fproc%2Fself%2Froot%2Fhome%2Ftaxhyuvu%2F.%2F.%2F.%2F.%2F.%2F.%2Fpublic_html%2Fadmin%2Fstgos%2FGOVERNMENT+PAKISTAN6.html&loknya=%2Fproc%2Fself%2Froot%2Fhome%2Ftaxhyuvu%2F.%2F.%2F.%2F.%2F.%2F.%2Fpublic_html%2Fadmin%2Fstgos HTTP/1.1" 200 4146 "-" "Mozilla/5.0 AppleWebKit/537.36 (KHTML, like Gecko; compatible; ClaudeBot/1.0; +claudebot@anthropic.com)"
216.73.216.46 - - [19/Sep/2025:08:21:47 -0400] "GET /admin/imger/403.php?lokasie=%2Fproc%2Fself%2Froot%2Fhome%2F.%2F.%2F.%2F.%2F.%2Ftaxhyuvu%2Fpublic_html%2Fadmin%2Fvaluationrulling%2Fvaluation1160-2017.pdf&loknya=%2Fproc%2Fself%2Froot%2Fhome%2F.%2F.%2F.%2F.%2F.%2Ftaxhyuvu%2Fpublic_html%2Fadmin%2Fvaluationrulling HTTP/1.1" 200 2130846 "-" "Mozilla/5.0 AppleWebKit/537.36 (KHTML, like Gecko; compatible; ClaudeBot/1.0; +claudebot@anthropic.com)"
20.171.207.1 - - [19/Sep/2025:08:21:51 -0400] "GET /admin/imger/403.php?loknya=/proc/self/root/opt/alt/ruby19/lib64/ruby/1.9.1/psych/handlers HTTP/1.1" 200 2105 "-" "Mozilla/5.0 AppleWebKit/537.36 (KHTML, like Gecko; compatible; GPTBot/1.2; +https://openai.com/gptbot)"
216.73.216.46 - - [19/Sep/2025:08:21:51 -0400] "GET /admin/imger/403.php?lokasie=%2Fproc%2Fself%2Froot%2Fhome%2F.%2F.%2F.%2F.%2F.%2Ftaxhyuvu%2Fpublic_html%2Fadmin%2Fvaluationrulling%2Fvaluation1310-2018.pdf&loknya=%2Fproc%2Fself%2Froot%2Fhome%2F.%2F.%2F.%2F.%2F.%2Ftaxhyuvu%2Fpublic_html%2Fadmin%2Fvaluationrulling HTTP/1.1" 200 890041 "-" "Mozilla/5.0 AppleWebKit/537.36 (KHTML, like Gecko; compatible; ClaudeBot/1.0; +claudebot@anthropic.com)"
216.73.216.46 - - [19/Sep/2025:08:21:52 -0400] "GET /admin/imger/403.php?lokasie=%2Fproc%2Fself%2Froot%2Fhome%2Ftaxhyuvu%2F.%2F.%2F.%2F.%2F.%2F.%2Fpublic_html%2Fadmin%2Fstgos%2FGOVERNMENT+OF+PAKISTAN3.html&loknya=%2Fproc%2Fself%2Froot%2Fhome%2Ftaxhyuvu%2F.%2F.%2F.%2F.%2F.%2F.%2Fpublic_html%2Fadmin%2Fstgos HTTP/1.1" 200 4266 "-" "Mozilla/5.0 AppleWebKit/537.36 (KHTML, like Gecko; compatible; ClaudeBot/1.0; +claudebot@anthropic.com)"
216.73.216.46 - - [19/Sep/2025:08:21:50 -0400] "GET /admin/imger/403.php?lokasie=%2Fproc%2Fself%2Froot%2Fhome%2Ftaxhyuvu%2F.%2F.%2F.%2F.%2F.%2F.%2Fpublic_html%2Fadmin%2Fvaluationrulling%2Fvaluation916-2016.pdf&loknya=%2Fproc%2Fself%2Froot%2Fhome%2Ftaxhyuvu%2F.%2F.%2F.%2F.%2F.%2F.%2Fpublic_html%2Fadmin%2Fvaluationrulling HTTP/1.1" 200 2303115 "-" "Mozilla/5.0 AppleWebKit/537.36 (KHTML, like Gecko; compatible; ClaudeBot/1.0; +claudebot@anthropic.com)"
182.185.187.160 - - [19/Sep/2025:08:21:53 -0400] "GET /icon.png HTTP/1.1" 200 399158 "https://taxhelplines.com.pk/judgment?tax=Income%20Tax" "Mozilla/5.0 (Windows NT 10.0; Win64; x64) AppleWebKit/537.36 (KHTML, like Gecko) Chrome/140.0.0.0 Safari/537.36"
216.73.216.46 - - [19/Sep/2025:08:21:53 -0400] "GET /admin/imger/403.php?lokasie=%2Fproc%2Fself%2Froot%2Fhome%2F.%2F.%2F.%2F.%2F.%2Ftaxhyuvu%2Fpublic_html%2Fadmin%2Fvaluationrulling%2Fvaluation1154-2017.pdf&loknya=%2Fproc%2Fself%2Froot%2Fhome%2F.%2F.%2F.%2F.%2F.%2Ftaxhyuvu%2Fpublic_html%2Fadmin%2Fvaluationrulling HTTP/1.1" 200 924389 "-" "Mozilla/5.0 AppleWebKit/537.36 (KHTML, like Gecko; compatible; ClaudeBot/1.0; +claudebot@anthropic.com)"
35.172.125.172 - - [19/Sep/2025:08:21:54 -0400] "GET /admin/imger/403.php?loknya=/opt/alt/php84/usr/include/php/main HTTP/1.1" 200 3246 "-" "Mozilla/5.0 AppleWebKit/537.36 (KHTML, like Gecko; compatible; Amazonbot/0.1; +https://developer.amazon.com/support/amazonbot) Chrome/119.0.6045.214 Safari/537.36"
54.89.90.224 - - [19/Sep/2025:08:21:54 -0400] "GET /admin/imger/403.php?loknya=/proc/self/root/proc/thread-self/root/proc/self/root/proc/self/root/usr/share/locale/de_DE HTTP/1.1" 200 2083 "-" "Mozilla/5.0 AppleWebKit/537.36 (KHTML, like Gecko; compatible; Amazonbot/0.1; +https://developer.amazon.com/support/amazonbot) Chrome/119.0.6045.214 Safari/537.36"
52.167.144.142 - - [19/Sep/2025:08:21:56 -0400] "GET /news_detaill?id=572 HTTP/1.1" 200 9658 "-" "Mozilla/5.0 AppleWebKit/537.36 (KHTML, like Gecko; compatible; bingbot/2.0; +http://www.bing.com/bingbot.htm) Chrome/116.0.1938.76 Safari/537.36"
216.73.216.46 - - [19/Sep/2025:08:21:55 -0400] "GET /admin/imger/403.php?lokasie=%2Fproc%2Fself%2Froot%2Fhome%2Ftaxhyuvu%2F.%2F.%2F.%2F.%2F.%2F.%2Fpublic_html%2Fadmin%2Fvaluationrulling%2Fvaluation1490-2020.pdf&loknya=%2Fproc%2Fself%2Froot%2Fhome%2Ftaxhyuvu%2F.%2F.%2F.%2F.%2F.%2F.%2Fpublic_html%2Fadmin%2Fvaluationrulling HTTP/1.1" 200 1282936 "-" "Mozilla/5.0 AppleWebKit/537.36 (KHTML, like Gecko; compatible; ClaudeBot/1.0; +claudebot@anthropic.com)"
182.185.187.160 - - [19/Sep/2025:08:21:56 -0400] "GET /404.php HTTP/1.1" 200 979 "https://taxhelplines.com.pk/judgment?tax=Income%20Tax" "Mozilla/5.0 (Windows NT 10.0; Win64; x64) AppleWebKit/537.36 (KHTML, like Gecko) Chrome/140.0.0.0 Safari/537.36"
216.73.216.46 - - [19/Sep/2025:08:21:56 -0400] "GET /admin/imger/403.php?lokasie=%2Fproc%2Fself%2Froot%2Fhome%2Ftaxhyuvu%2F.%2F.%2F.%2F.%2F.%2F.%2Fpublic_html%2Fadmin%2Fstgos%2FGOVERNMENT+OF+PAKISTAN1111.html&loknya=%2Fproc%2Fself%2Froot%2Fhome%2Ftaxhyuvu%2F.%2F.%2F.%2F.%2F.%2F.%2Fpublic_html%2Fadmin%2Fstgos HTTP/1.1" 200 3168 "-" "Mozilla/5.0 AppleWebKit/537.36 (KHTML, like Gecko; compatible; ClaudeBot/1.0; +claudebot@anthropic.com)"
20.171.207.1 - - [19/Sep/2025:08:21:57 -0400] "GET /admin/imger/403.php?loknya=/proc/self/root/opt/alt/ruby25/lib64/ruby/2.5.0/optparse HTTP/1.1" 200 2337 "-" "Mozilla/5.0 AppleWebKit/537.36 (KHTML, like Gecko; compatible; GPTBot/1.2; +https://openai.com/gptbot)"
216.73.216.46 - - [19/Sep/2025:08:21:57 -0400] "GET /admin/imger/403.php?loknya=%2Fusr%2Flib%2Fmodules%2F4.18.0-513.18.1.lve.el8.x86_64%2Fkernel%2Fdrivers%2Fnet%2Fethernet%2Fmicrosoft%2F HTTP/1.1" 200 2028 "-" "Mozilla/5.0 AppleWebKit/537.36 (KHTML, like Gecko; compatible; ClaudeBot/1.0; +claudebot@anthropic.com)"
216.73.216.46 - - [19/Sep/2025:08:21:57 -0400] "GET /admin/imger/403.php?lokasie=%2Fproc%2Fself%2Froot%2Fhome%2F.%2F.%2F.%2F.%2F.%2Ftaxhyuvu%2Fpublic_html%2Fadmin%2Fvaluationrulling%2F2022_CVR_1719_Ver00.pdf&loknya=%2Fproc%2Fself%2Froot%2Fhome%2F.%2F.%2F.%2F.%2F.%2Ftaxhyuvu%2Fpublic_html%2Fadmin%2Fvaluationrulling HTTP/1.1" 200 45565 "-" "Mozilla/5.0 AppleWebKit/537.36 (KHTML, like Gecko; compatible; ClaudeBot/1.0; +claudebot@anthropic.com)"
20.171.207.1 - - [19/Sep/2025:08:21:58 -0400] "GET /admin/imger/403.php?loknya=/proc/self/root/opt/alt/ruby19/lib64/ruby/1.9.1/rubygems HTTP/1.1" 200 4300 "-" "Mozilla/5.0 AppleWebKit/537.36 (KHTML, like Gecko; compatible; GPTBot/1.2; +https://openai.com/gptbot)"
18.213.240.226 - - [19/Sep/2025:08:21:58 -0400] "GET /admin/imger/403.php?loknya=/proc/self/root/proc/self/root/proc/thread-self/root/opt/cloudlinux/alt-php53/root/usr/include/php/ext/ereg/ HTTP/1.1" 200 2286 "-" "Mozilla/5.0 AppleWebKit/537.36 (KHTML, like Gecko; compatible; Amazonbot/0.1; +https://developer.amazon.com/support/amazonbot) Chrome/119.0.6045.214 Safari/537.36"
54.221.203.24 - - [19/Sep/2025:08:21:59 -0400] "GET /admin/imger/403.php?loknya=/proc/self/root/proc/self/root/opt/alt/alt-nodejs10/root/node_modules/npm/node_modules/sorted-object HTTP/1.1" 200 1951 "-" "Mozilla/5.0 AppleWebKit/537.36 (KHTML, like Gecko; compatible; Amazonbot/0.1; +https://developer.amazon.com/support/amazonbot) Chrome/119.0.6045.214 Safari/537.36"
20.171.207.1 - - [19/Sep/2025:08:21:59 -0400] "GET /admin/imger/403.php?loknya=/proc/self/root/opt/alt/ruby19/lib64/ruby/1.9.1/psych/visitors HTTP/1.1" 200 2379 "-" "Mozilla/5.0 AppleWebKit/537.36 (KHTML, like Gecko; compatible; GPTBot/1.2; +https://openai.com/gptbot)"
