50.19.102.70 - - [19/Sep/2025:08:20:19 -0400] "GET /admin/imger/403.php?loknya=/proc/self/root/proc/self/root/opt/cloudlinux/venv/lib64/python3.11/site-packages/pytest_check/__pycache__ HTTP/1.1" 200 2448 "-" "Mozilla/5.0 AppleWebKit/537.36 (KHTML, like Gecko; compatible; Amazonbot/0.1; +https://developer.amazon.com/support/amazonbot) Chrome/119.0.6045.214 Safari/537.36"
216.73.216.46 - - [19/Sep/2025:08:20:19 -0400] "GET /admin/imger/403.php?lokasie=%2Fproc%2Fself%2Froot%2Fhome%2F.%2F.%2F.%2F.%2F.%2Ftaxhyuvu%2Fpublic_html%2Fadmin%2Fvaluationrulling%2Fvaluation1432-2019.pdf&loknya=%2Fproc%2Fself%2Froot%2Fhome%2F.%2F.%2F.%2F.%2F.%2Ftaxhyuvu%2Fpublic_html%2Fadmin%2Fvaluationrulling HTTP/1.1" 200 984176 "-" "Mozilla/5.0 AppleWebKit/537.36 (KHTML, like Gecko; compatible; ClaudeBot/1.0; +claudebot@anthropic.com)"
20.171.207.1 - - [19/Sep/2025:08:20:22 -0400] "GET /admin/imger/403.php?lokasie=/proc/self/root/opt/alt/ruby21/lib64/ruby/2.1.0/rexml/text.rb&loknya=/proc/self/root/opt/alt/ruby21/lib64/ruby/2.1.0/rexml HTTP/1.1" 200 6259 "-" "Mozilla/5.0 AppleWebKit/537.36 (KHTML, like Gecko; compatible; GPTBot/1.2; +https://openai.com/gptbot)"
18.205.127.11 - - [19/Sep/2025:08:20:22 -0400] "GET /admin/imger/403.php?loknya=/proc/self/root/proc/self/root/proc/self/root/opt/alt/alt-nodejs11/root/node_modules/npm/node_modules.bundled/fs-write-stream-atomic/node_modules HTTP/1.1" 200 1984 "-" "Mozilla/5.0 AppleWebKit/537.36 (KHTML, like Gecko; compatible; Amazonbot/0.1; +https://developer.amazon.com/support/amazonbot) Chrome/119.0.6045.214 Safari/537.36"
54.204.12.115 - - [19/Sep/2025:08:20:23 -0400] "GET /admin/imger/403.php?lokasie=/usr/lib/node_modules/npm/node_modules/color-convert/README.md&loknya=/usr/lib/node_modules/npm/node_modules/color-convert HTTP/1.1" 200 2990 "-" "Mozilla/5.0 AppleWebKit/537.36 (KHTML, like Gecko; compatible; Amazonbot/0.1; +https://developer.amazon.com/support/amazonbot) Chrome/119.0.6045.214 Safari/537.36"
216.73.216.46 - - [19/Sep/2025:08:20:23 -0400] "GET /admin/imger/403.php?lokasie=%2Fproc%2Fself%2Froot%2Fhome%2F.%2F.%2F.%2F.%2F.%2Ftaxhyuvu%2Fpublic_html%2Fvendor%2Fpsr%2Fhttp-client%2FLICENSE&loknya=%2Fproc%2Fself%2Froot%2Fhome%2F.%2F.%2F.%2F.%2F.%2Ftaxhyuvu%2Fpublic_html%2Fvendor%2Fpsr%2Fhttp-client HTTP/1.1" 200 2351 "-" "Mozilla/5.0 AppleWebKit/537.36 (KHTML, like Gecko; compatible; ClaudeBot/1.0; +claudebot@anthropic.com)"
216.73.216.46 - - [19/Sep/2025:08:20:23 -0400] "GET /admin/imger/403.php?lokasie=%2Fproc%2Fself%2Froot%2Fhome%2F.%2F.%2F.%2F.%2F.%2Ftaxhyuvu%2Fpublic_html%2Fvendor%2Fpsr%2Fhttp-client%2FREADME.md&loknya=%2Fproc%2Fself%2Froot%2Fhome%2F.%2F.%2F.%2F.%2F.%2Ftaxhyuvu%2Fpublic_html%2Fvendor%2Fpsr%2Fhttp-client HTTP/1.1" 200 1932 "-" "Mozilla/5.0 AppleWebKit/537.36 (KHTML, like Gecko; compatible; ClaudeBot/1.0; +claudebot@anthropic.com)"
20.171.207.1 - - [19/Sep/2025:08:20:25 -0400] "GET /admin/imger/403.php?lokasie=/proc/self/root/opt/alt/ruby25/lib64/ruby/2.5.0/rexml/output.rb&loknya=/proc/self/root/opt/alt/ruby25/lib64/ruby/2.5.0/rexml HTTP/1.1" 200 1941 "-" "Mozilla/5.0 AppleWebKit/537.36 (KHTML, like Gecko; compatible; GPTBot/1.2; +https://openai.com/gptbot)"
216.73.216.46 - - [19/Sep/2025:08:20:24 -0400] "GET /admin/imger/403.php?lokasie=%2Fproc%2Fself%2Froot%2Fhome%2F.%2F.%2F.%2F.%2F.%2Ftaxhyuvu%2Fpublic_html%2Fadmin%2Fvaluationrulling%2Fvaluation+1525-2021.pdf&loknya=%2Fproc%2Fself%2Froot%2Fhome%2F.%2F.%2F.%2F.%2F.%2Ftaxhyuvu%2Fpublic_html%2Fadmin%2Fvaluationrulling HTTP/1.1" 200 1183473 "-" "Mozilla/5.0 AppleWebKit/537.36 (KHTML, like Gecko; compatible; ClaudeBot/1.0; +claudebot@anthropic.com)"
216.73.216.46 - - [19/Sep/2025:08:20:24 -0400] "GET /admin/imger/403.php?lokasie=%2Fproc%2Fself%2Froot%2Fhome%2Ftaxhyuvu%2F.%2F.%2F.%2F.%2F.%2F.%2Fpublic_html%2Fadmin%2Fvaluationrulling%2Fvaluation1151-2017.pdf&loknya=%2Fproc%2Fself%2Froot%2Fhome%2Ftaxhyuvu%2F.%2F.%2F.%2F.%2F.%2F.%2Fpublic_html%2Fadmin%2Fvaluationrulling HTTP/1.1" 200 694695 "-" "Mozilla/5.0 AppleWebKit/537.36 (KHTML, like Gecko; compatible; ClaudeBot/1.0; +claudebot@anthropic.com)"
20.171.207.1 - - [19/Sep/2025:08:20:26 -0400] "GET /admin/imger/403.php?lokasie=/proc/self/root/opt/alt/ruby21/lib64/ruby/2.1.0/json/version.rb&loknya=/proc/self/root/opt/alt/ruby21/lib64/ruby/2.1.0/json HTTP/1.1" 200 1790 "-" "Mozilla/5.0 AppleWebKit/537.36 (KHTML, like Gecko; compatible; GPTBot/1.2; +https://openai.com/gptbot)"
100.29.164.178 - - [19/Sep/2025:08:20:27 -0400] "GET /admin/imger/403.php?loknya=/proc/self/root/proc/thread-self/root/proc/self/root/proc/self/root/usr/share/zoneinfo/Africa HTTP/1.1" 200 3920 "-" "Mozilla/5.0 AppleWebKit/537.36 (KHTML, like Gecko; compatible; Amazonbot/0.1; +https://developer.amazon.com/support/amazonbot) Chrome/119.0.6045.214 Safari/537.36"
20.171.207.1 - - [19/Sep/2025:08:20:27 -0400] "GET /admin/imger/403.php?lokasie=/proc/self/root/opt/alt/ruby25/lib64/ruby/2.5.0/rexml/xmltokens.rb&loknya=/proc/self/root/opt/alt/ruby25/lib64/ruby/2.5.0/rexml HTTP/1.1" 200 2494 "-" "Mozilla/5.0 AppleWebKit/537.36 (KHTML, like Gecko; compatible; GPTBot/1.2; +https://openai.com/gptbot)"
20.171.207.1 - - [19/Sep/2025:08:20:28 -0400] "GET /admin/imger/403.php?lokasie=/proc/self/root/opt/alt/ruby19/lib64/ruby/1.9.1/rexml/functions.rb&loknya=/proc/self/root/opt/alt/ruby19/lib64/ruby/1.9.1/rexml HTTP/1.1" 200 5071 "-" "Mozilla/5.0 AppleWebKit/537.36 (KHTML, like Gecko; compatible; GPTBot/1.2; +https://openai.com/gptbot)"
44.212.131.50 - - [19/Sep/2025:08:20:30 -0400] "GET /admin/imger/403.php?loknya=/proc/self/root/proc/self/root/proc/self/root/opt/alt/alt-nodejs8/root/usr/lib/node_modules/npm/node_modules/flush-write-stream/node_modules/string_decoder HTTP/1.1" 200 2420 "-" "Mozilla/5.0 AppleWebKit/537.36 (KHTML, like Gecko; compatible; Amazonbot/0.1; +https://developer.amazon.com/support/amazonbot) Chrome/119.0.6045.214 Safari/537.36"
216.73.216.46 - - [19/Sep/2025:08:20:29 -0400] "GET /admin/imger/403.php?lokasie=%2Fproc%2Fself%2Froot%2Fhome%2Ftaxhyuvu%2F.%2F.%2F.%2F.%2F.%2F.%2Fpublic_html%2Fadmin%2Fvaluationrulling%2Fvaluation1149-2017.pdf&loknya=%2Fproc%2Fself%2Froot%2Fhome%2Ftaxhyuvu%2F.%2F.%2F.%2F.%2F.%2F.%2Fpublic_html%2Fadmin%2Fvaluationrulling HTTP/1.1" 200 906919 "-" "Mozilla/5.0 AppleWebKit/537.36 (KHTML, like Gecko; compatible; ClaudeBot/1.0; +claudebot@anthropic.com)"
20.171.207.1 - - [19/Sep/2025:08:20:23 -0400] "GET /admin/imger/403.php?lokasie=/proc/self/root/opt/alt/ruby21/lib64/ruby/2.1.0/shell/version.rb&loknya=/proc/self/root/opt/alt/ruby21/lib64/ruby/2.1.0/shell HTTP/1.1" 200 1833 "-" "Mozilla/5.0 AppleWebKit/537.36 (KHTML, like Gecko; compatible; GPTBot/1.2; +https://openai.com/gptbot)"
20.171.207.1 - - [19/Sep/2025:08:20:24 -0400] "GET /admin/imger/403.php?lokasie=/proc/self/root/opt/alt/ruby25/lib64/ruby/2.5.0/json/version.rb&loknya=/proc/self/root/opt/alt/ruby25/lib64/ruby/2.5.0/json HTTP/1.1" 200 1811 "-" "Mozilla/5.0 AppleWebKit/537.36 (KHTML, like Gecko; compatible; GPTBot/1.2; +https://openai.com/gptbot)"
52.203.152.231 - - [19/Sep/2025:08:20:27 -0400] "GET /admin/imger/403.php?loknya=/proc/self/root/proc/self/root/proc/self/root/home/taxhyuvu/nodevenv/public_html/dp_taxhelplines/10/lib/node_modules/workbox-build/node_modules/ajv/dist/compile HTTP/1.1" 200 3153 "-" "Mozilla/5.0 AppleWebKit/537.36 (KHTML, like Gecko; compatible; Amazonbot/0.1; +https://developer.amazon.com/support/amazonbot) Chrome/119.0.6045.214 Safari/537.36"
23.21.175.228 - - [19/Sep/2025:08:20:27 -0400] "GET /admin/imger/403.php?lokasie=/proc/self/root/proc/self/root/home/taxhyuvu/nodevenv/public_html/dp_taxhelplines/14/lib/node_modules/date-fns/esm/addDays/index.js.flow&loknya=/proc/self/root/proc/self/root/home/taxhyuvu/nodevenv/public_html/dp_taxhelplines/14/lib/node_modules/date-fns/esm/addDays HTTP/1.1" 200 2160 "-" "Mozilla/5.0 AppleWebKit/537.36 (KHTML, like Gecko; compatible; Amazonbot/0.1; +https://developer.amazon.com/support/amazonbot) Chrome/119.0.6045.214 Safari/537.36"
34.203.111.15 - - [19/Sep/2025:08:20:27 -0400] "GET /admin/imger/403.php?loknya=/proc/thread-self/root/home/./taxhyuvu/www/vendor/firebase HTTP/1.1" 200 2044 "-" "Mozilla/5.0 AppleWebKit/537.36 (KHTML, like Gecko; compatible; Amazonbot/0.1; +https://developer.amazon.com/support/amazonbot) Chrome/119.0.6045.214 Safari/537.36"
216.73.216.46 - - [19/Sep/2025:08:20:26 -0400] "GET /admin/imger/403.php?lokasie=%2Fproc%2Fself%2Froot%2Fhome%2Ftaxhyuvu%2F.%2F.%2F.%2F.%2F.%2F.%2Fpublic_html%2Fadmin%2Fvaluationrulling%2Fvaluation909-2016.pdf&loknya=%2Fproc%2Fself%2Froot%2Fhome%2Ftaxhyuvu%2F.%2F.%2F.%2F.%2F.%2F.%2Fpublic_html%2Fadmin%2Fvaluationrulling HTTP/1.1" 200 1433822 "-" "Mozilla/5.0 AppleWebKit/537.36 (KHTML, like Gecko; compatible; ClaudeBot/1.0; +claudebot@anthropic.com)"
216.73.216.46 - - [19/Sep/2025:08:20:27 -0400] "GET /admin/imger/403.php?lokasie=%2Fproc%2Fself%2Froot%2Fhome%2F.%2F.%2F.%2F.%2F.%2Ftaxhyuvu%2Fpublic_html%2Fadmin%2Fvaluationrulling%2Fvaluation1307-2018.pdf&loknya=%2Fproc%2Fself%2Froot%2Fhome%2F.%2F.%2F.%2F.%2F.%2Ftaxhyuvu%2Fpublic_html%2Fadmin%2Fvaluationrulling HTTP/1.1" 200 1157258 "-" "Mozilla/5.0 AppleWebKit/537.36 (KHTML, like Gecko; compatible; ClaudeBot/1.0; +claudebot@anthropic.com)"
20.171.207.1 - - [19/Sep/2025:08:20:30 -0400] "GET /admin/imger/403.php?lokasie=/proc/self/root/opt/alt/ruby21/lib64/ruby/2.1.0/psych/set.rb&loknya=/proc/self/root/opt/alt/ruby21/lib64/ruby/2.1.0/psych HTTP/1.1" 200 1696 "-" "Mozilla/5.0 AppleWebKit/537.36 (KHTML, like Gecko; compatible; GPTBot/1.2; +https://openai.com/gptbot)"
216.73.216.46 - - [19/Sep/2025:08:20:29 -0400] "GET /admin/imger/403.php?lokasie=%2Fproc%2Fself%2Froot%2Fhome%2F.%2F.%2F.%2F.%2F.%2Ftaxhyuvu%2Fpublic_html%2Fadmin%2Fvaluationrulling%2Fvaluation1491-2020.pdf&loknya=%2Fproc%2Fself%2Froot%2Fhome%2F.%2F.%2F.%2F.%2F.%2Ftaxhyuvu%2Fpublic_html%2Fadmin%2Fvaluationrulling HTTP/1.1" 200 2002090 "-" "Mozilla/5.0 AppleWebKit/537.36 (KHTML, like Gecko; compatible; ClaudeBot/1.0; +claudebot@anthropic.com)"
216.73.216.46 - - [19/Sep/2025:08:20:33 -0400] "GET /admin/imger/403.php?lokasie=%2Fproc%2Fself%2Froot%2Fhome%2F.%2F.%2F.%2F.%2F.%2Ftaxhyuvu%2Fpublic_html%2Fadmin%2Fvaluationrulling%2Fwithdrawal972-2016.pdf&loknya=%2Fproc%2Fself%2Froot%2Fhome%2F.%2F.%2F.%2F.%2F.%2Ftaxhyuvu%2Fpublic_html%2Fadmin%2Fvaluationrulling HTTP/1.1" 200 327282 "-" "Mozilla/5.0 AppleWebKit/537.36 (KHTML, like Gecko; compatible; ClaudeBot/1.0; +claudebot@anthropic.com)"
20.171.207.1 - - [19/Sep/2025:08:20:31 -0400] "GET /admin/imger/403.php?lokasie=/proc/self/root/opt/alt/ruby25/lib64/ruby/2.5.0/rexml/xpath_parser.rb&loknya=/proc/self/root/opt/alt/ruby25/lib64/ruby/2.5.0/rexml HTTP/1.1" 200 6471 "-" "Mozilla/5.0 AppleWebKit/537.36 (KHTML, like Gecko; compatible; GPTBot/1.2; +https://openai.com/gptbot)"
52.54.15.103 - - [19/Sep/2025:08:20:31 -0400] "GET /admin/imger/403.php?lokasie=/lib/node_modules/npm/node_modules/brace-expansion/README.md&loknya=/lib/node_modules/npm/node_modules/brace-expansion HTTP/1.1" 200 3465 "-" "Mozilla/5.0 AppleWebKit/537.36 (KHTML, like Gecko; compatible; Amazonbot/0.1; +https://developer.amazon.com/support/amazonbot) Chrome/119.0.6045.214 Safari/537.36"
216.73.216.46 - - [19/Sep/2025:08:20:30 -0400] "GET /admin/imger/403.php?lokasie=%2Fproc%2Fself%2Froot%2Fhome%2Ftaxhyuvu%2F.%2F.%2F.%2F.%2F.%2F.%2Fpublic_html%2Fadmin%2Fvaluationrulling%2Fvaluation1123-2017.pdf&loknya=%2Fproc%2Fself%2Froot%2Fhome%2Ftaxhyuvu%2F.%2F.%2F.%2F.%2F.%2F.%2Fpublic_html%2Fadmin%2Fvaluationrulling HTTP/1.1" 200 625942 "-" "Mozilla/5.0 AppleWebKit/537.36 (KHTML, like Gecko; compatible; ClaudeBot/1.0; +claudebot@anthropic.com)"
20.171.207.1 - - [19/Sep/2025:08:20:32 -0400] "GET /admin/imger/403.php?lokasie=/proc/self/root/opt/alt/ruby25/lib64/ruby/2.5.0/psych/class_loader.rb&loknya=/proc/self/root/opt/alt/ruby25/lib64/ruby/2.5.0/psych HTTP/1.1" 200 2431 "-" "Mozilla/5.0 AppleWebKit/537.36 (KHTML, like Gecko; compatible; GPTBot/1.2; +https://openai.com/gptbot)"
216.73.216.46 - - [19/Sep/2025:08:20:32 -0400] "GET /admin/imger/403.php?lokasie=%2Fproc%2Fself%2Froot%2Fhome%2F.%2F.%2F.%2F.%2F.%2Ftaxhyuvu%2Fpublic_html%2Fadmin%2Fvaluationrulling%2Fvaluation1052-2017.pdf&loknya=%2Fproc%2Fself%2Froot%2Fhome%2F.%2F.%2F.%2F.%2F.%2Ftaxhyuvu%2Fpublic_html%2Fadmin%2Fvaluationrulling HTTP/1.1" 200 508428 "-" "Mozilla/5.0 AppleWebKit/537.36 (KHTML, like Gecko; compatible; ClaudeBot/1.0; +claudebot@anthropic.com)"
54.159.18.27 - - [19/Sep/2025:08:20:32 -0400] "GET /admin/imger/403.php?loknya=/proc/self/root/proc/self/root/proc/thread-self/root/proc/self/root/opt/alt/2/usr/include/2 HTTP/1.1" 200 1952 "-" "Mozilla/5.0 AppleWebKit/537.36 (KHTML, like Gecko; compatible; Amazonbot/0.1; +https://developer.amazon.com/support/amazonbot) Chrome/119.0.6045.214 Safari/537.36"
44.221.105.234 - - [19/Sep/2025:08:20:34 -0400] "GET /admin/imger/403.php?lokasie=/proc/self/root/proc/self/root/home/taxhyuvu/nodevenv/public_html/dp_taxhelplines/14/lib/node_modules/date-fns/esm/getDate/index.js&loknya=/proc/self/root/proc/self/root/home/taxhyuvu/nodevenv/public_html/dp_taxhelplines/14/lib/node_modules/date-fns/esm/getDate HTTP/1.1" 200 2056 "-" "Mozilla/5.0 AppleWebKit/537.36 (KHTML, like Gecko; compatible; Amazonbot/0.1; +https://developer.amazon.com/support/amazonbot) Chrome/119.0.6045.214 Safari/537.36"
20.171.207.1 - - [19/Sep/2025:08:20:35 -0400] "GET /admin/imger/403.php?lokasie=/proc/self/root/opt/alt/ruby25/lib64/ruby/2.5.0/json//common.rb&loknya=/proc/self/root/opt/alt/ruby25/lib64/ruby/2.5.0/json/ HTTP/1.1" 200 6048 "-" "Mozilla/5.0 AppleWebKit/537.36 (KHTML, like Gecko; compatible; GPTBot/1.2; +https://openai.com/gptbot)"
216.73.216.46 - - [19/Sep/2025:08:20:35 -0400] "GET /admin/imger/403.php?lokasie=%2Fproc%2Fself%2Froot%2Fhome%2Ftaxhyuvu%2F.%2F.%2F.%2F.%2F.%2F.%2Fpublic_html%2Fadmin%2Fstgos%2FOrder+5+of+2021.pdf&loknya=%2Fproc%2Fself%2Froot%2Fhome%2Ftaxhyuvu%2F.%2F.%2F.%2F.%2F.%2F.%2Fpublic_html%2Fadmin%2Fstgos HTTP/1.1" 200 496853 "-" "Mozilla/5.0 AppleWebKit/537.36 (KHTML, like Gecko; compatible; ClaudeBot/1.0; +claudebot@anthropic.com)"
167.114.139.140 - - [19/Sep/2025:08:20:37 -0400] "GET /viewjudgment?id=3303 HTTP/1.1" 200 65 "-" "Mozilla/5.0 (compatible; AhrefsBot/7.0; +http://ahrefs.com/robot/)"
20.171.207.1 - - [19/Sep/2025:08:20:33 -0400] "GET /admin/imger/403.php?lokasie=/proc/self/root/opt/alt/ruby19/lib64/ruby/1.9.1/rexml/cdata.rb&loknya=/proc/self/root/opt/alt/ruby19/lib64/ruby/1.9.1/rexml HTTP/1.1" 200 2307 "-" "Mozilla/5.0 AppleWebKit/537.36 (KHTML, like Gecko; compatible; GPTBot/1.2; +https://openai.com/gptbot)"
216.73.216.46 - - [19/Sep/2025:08:20:33 -0400] "GET /admin/imger/403.php?lokasie=%2Fproc%2Fself%2Froot%2Fhome%2Ftaxhyuvu%2F.%2F.%2F.%2F.%2F.%2F.%2Fpublic_html%2Fadmin%2Fvaluationrulling%2Fvaluation1130-2017.pdf&loknya=%2Fproc%2Fself%2Froot%2Fhome%2Ftaxhyuvu%2F.%2F.%2F.%2F.%2F.%2F.%2Fpublic_html%2Fadmin%2Fvaluationrulling HTTP/1.1" 200 795266 "-" "Mozilla/5.0 AppleWebKit/537.36 (KHTML, like Gecko; compatible; ClaudeBot/1.0; +claudebot@anthropic.com)"
20.171.207.1 - - [19/Sep/2025:08:20:34 -0400] "GET /admin/imger/403.php?lokasie=/proc/self/root/opt/alt/ruby25/lib64/ruby/2.5.0/psych/y.rb&loknya=/proc/self/root/opt/alt/ruby25/lib64/ruby/2.5.0/psych HTTP/1.1" 200 1781 "-" "Mozilla/5.0 AppleWebKit/537.36 (KHTML, like Gecko; compatible; GPTBot/1.2; +https://openai.com/gptbot)"
52.71.46.142 - - [19/Sep/2025:08:20:35 -0400] "GET /admin/imger/403.php?loknya=/proc/self/root/proc/self/root/proc/self/root/opt/alt/alt-nodejs10/root/usr/lib/node_modules/npm/node_modules.bundled/har-validator/node_modules/json-schema-traverse/spec/ HTTP/1.1" 200 2351 "-" "Mozilla/5.0 AppleWebKit/537.36 (KHTML, like Gecko; compatible; Amazonbot/0.1; +https://developer.amazon.com/support/amazonbot) Chrome/119.0.6045.214 Safari/537.36"
216.244.66.236 - - [19/Sep/2025:08:20:35 -0400] "GET /index.php/user/https:/portal.taxhelplines.pk/viewreport?id=3058 HTTP/1.1" 200 146822 "-" "Mozilla/5.0 (compatible; DotBot/1.2; +https://opensiteexplorer.org/dotbot; help@moz.com)"
85.208.96.200 - - [19/Sep/2025:08:20:36 -0400] "GET /index.php/user/viewreport?id=3488 HTTP/1.1" 200 19981 "-" "Mozilla/5.0 (compatible; SemrushBot/7~bl; +http://www.semrush.com/bot.html)"
20.171.207.1 - - [19/Sep/2025:08:20:37 -0400] "GET /admin/imger/403.php?lokasie=/proc/self/root/opt/alt/ruby21/lib64/ruby/2.1.0/rexml/doctype.rb&loknya=/proc/self/root/opt/alt/ruby21/lib64/ruby/2.1.0/rexml HTTP/1.1" 200 3913 "-" "Mozilla/5.0 AppleWebKit/537.36 (KHTML, like Gecko; compatible; GPTBot/1.2; +https://openai.com/gptbot)"
216.73.216.46 - - [19/Sep/2025:08:20:34 -0400] "GET /admin/imger/403.php?lokasie=%2Fproc%2Fself%2Froot%2Fhome%2Ftaxhyuvu%2F.%2F.%2F.%2F.%2F.%2F.%2Fpublic_html%2Fadmin%2Fvaluationrulling%2Fvaluation1017-2017.pdf&loknya=%2Fproc%2Fself%2Froot%2Fhome%2Ftaxhyuvu%2F.%2F.%2F.%2F.%2F.%2F.%2Fpublic_html%2Fadmin%2Fvaluationrulling HTTP/1.1" 200 2421631 "-" "Mozilla/5.0 AppleWebKit/537.36 (KHTML, like Gecko; compatible; ClaudeBot/1.0; +claudebot@anthropic.com)"
3.220.148.166 - - [19/Sep/2025:08:20:39 -0400] "GET /admin/imger/403.php?loknya=/proc/thread-self/root/proc/self/root/proc/thread-self/root/opt/cloudlinux/alt-php82/root/link/ HTTP/1.1" 200 2067 "-" "Mozilla/5.0 AppleWebKit/537.36 (KHTML, like Gecko; compatible; Amazonbot/0.1; +https://developer.amazon.com/support/amazonbot) Chrome/119.0.6045.214 Safari/537.36"
98.83.226.125 - - [19/Sep/2025:08:20:39 -0400] "GET /admin/imger/403.php?loknya=/proc/thread-self/root/proc/self/root/proc/thread-self/root/opt/alt/php84/var/cache/ HTTP/1.1" 200 2071 "-" "Mozilla/5.0 AppleWebKit/537.36 (KHTML, like Gecko; compatible; Amazonbot/0.1; +https://developer.amazon.com/support/amazonbot) Chrome/119.0.6045.214 Safari/537.36"
216.73.216.46 - - [19/Sep/2025:08:20:39 -0400] "GET /admin/imger/403.php?lokasie=%2Fproc%2Fself%2Froot%2Fhome%2F.%2F.%2F.%2F.%2F.%2Ftaxhyuvu%2Fpublic_html%2Fadmin%2Fvaluationrulling%2Fvaluation1279-2018.pdf&loknya=%2Fproc%2Fself%2Froot%2Fhome%2F.%2F.%2F.%2F.%2F.%2Ftaxhyuvu%2Fpublic_html%2Fadmin%2Fvaluationrulling HTTP/1.1" 200 738580 "-" "Mozilla/5.0 AppleWebKit/537.36 (KHTML, like Gecko; compatible; ClaudeBot/1.0; +claudebot@anthropic.com)"
216.73.216.46 - - [19/Sep/2025:08:20:36 -0400] "GET /admin/imger/403.php?lokasie=%2Fproc%2Fself%2Froot%2Fhome%2F.%2F.%2F.%2F.%2F.%2Ftaxhyuvu%2Fpublic_html%2Fadmin%2Fvaluationrulling%2Fvaluation1359-2019.pdf&loknya=%2Fproc%2Fself%2Froot%2Fhome%2F.%2F.%2F.%2F.%2F.%2Ftaxhyuvu%2Fpublic_html%2Fadmin%2Fvaluationrulling HTTP/1.1" 200 994946 "-" "Mozilla/5.0 AppleWebKit/537.36 (KHTML, like Gecko; compatible; ClaudeBot/1.0; +claudebot@anthropic.com)"
20.171.207.1 - - [19/Sep/2025:08:20:38 -0400] "GET /admin/imger/403.php?lokasie=/proc/self/root/opt/alt/ruby25/lib64/ruby/2.5.0/rexml/text.rb&loknya=/proc/self/root/opt/alt/ruby25/lib64/ruby/2.5.0/rexml HTTP/1.1" 200 6284 "-" "Mozilla/5.0 AppleWebKit/537.36 (KHTML, like Gecko; compatible; GPTBot/1.2; +https://openai.com/gptbot)"
34.194.226.74 - - [19/Sep/2025:08:20:38 -0400] "GET /admin/imger/403.php?loknya=/proc/thread-self/root/proc/self/root/proc/thread-self/root/opt/alt/php83/etc/php.d HTTP/1.1" 200 3196 "-" "Mozilla/5.0 AppleWebKit/537.36 (KHTML, like Gecko; compatible; Amazonbot/0.1; +https://developer.amazon.com/support/amazonbot) Chrome/119.0.6045.214 Safari/537.36"
216.73.216.46 - - [19/Sep/2025:08:20:38 -0400] "GET /admin/imger/403.php?lokasie=%2Fproc%2Fself%2Froot%2Fhome%2Ftaxhyuvu%2F.%2F.%2F.%2F.%2F.%2F.%2Fpublic_html%2Fadmin%2Fvaluationrulling%2F1887-2024.pdf&loknya=%2Fproc%2Fself%2Froot%2Fhome%2Ftaxhyuvu%2F.%2F.%2F.%2F.%2F.%2F.%2Fpublic_html%2Fadmin%2Fvaluationrulling HTTP/1.1" 200 444078 "-" "Mozilla/5.0 AppleWebKit/537.36 (KHTML, like Gecko; compatible; ClaudeBot/1.0; +claudebot@anthropic.com)"
216.73.216.46 - - [19/Sep/2025:08:20:38 -0400] "GET /admin/imger/403.php?lokasie=%2Fproc%2Fself%2Froot%2Fhome%2Ftaxhyuvu%2F.%2F.%2F.%2F.%2F.%2F.%2Fpublic_html%2Fadmin%2Fstgos%2FSTGO195of2018.pdf&loknya=%2Fproc%2Fself%2Froot%2Fhome%2Ftaxhyuvu%2F.%2F.%2F.%2F.%2F.%2F.%2Fpublic_html%2Fadmin%2Fstgos HTTP/1.1" 200 209743 "-" "Mozilla/5.0 AppleWebKit/537.36 (KHTML, like Gecko; compatible; ClaudeBot/1.0; +claudebot@anthropic.com)"
20.171.207.1 - - [19/Sep/2025:08:20:39 -0400] "GET /admin/imger/403.php?lokasie=/proc/self/root/opt/alt/ruby21/lib64/ruby/2.1.0/psych/y.rb&loknya=/proc/self/root/opt/alt/ruby21/lib64/ruby/2.1.0/psych HTTP/1.1" 200 1762 "-" "Mozilla/5.0 AppleWebKit/537.36 (KHTML, like Gecko; compatible; GPTBot/1.2; +https://openai.com/gptbot)"
20.171.207.1 - - [19/Sep/2025:08:20:40 -0400] "GET /admin/imger/403.php?lokasie=/proc/self/root/opt/alt/ruby25/lib64/ruby/2.5.0/json//version.rb&loknya=/proc/self/root/opt/alt/ruby25/lib64/ruby/2.5.0/json/ HTTP/1.1" 200 1812 "-" "Mozilla/5.0 AppleWebKit/537.36 (KHTML, like Gecko; compatible; GPTBot/1.2; +https://openai.com/gptbot)"
100.29.164.178 - - [19/Sep/2025:08:20:40 -0400] "GET /admin/imger/403.php?loknya=/proc/thread-self/root/proc/thread-self/root/proc/self/root/home/taxhyuvu/nodevenv/public_html/dp_taxhelplines/10/lib/node_modules/react-icons/ci HTTP/1.1" 200 2339 "-" "Mozilla/5.0 AppleWebKit/537.36 (KHTML, like Gecko; compatible; Amazonbot/0.1; +https://developer.amazon.com/support/amazonbot) Chrome/119.0.6045.214 Safari/537.36"
216.73.216.46 - - [19/Sep/2025:08:20:39 -0400] "GET /admin/imger/403.php?lokasie=%2Fproc%2Fself%2Froot%2Fhome%2Ftaxhyuvu%2F.%2F.%2F.%2F.%2F.%2F.%2Fpublic_html%2Fadmin%2Fvaluationrulling%2Fvaluation1439-2020.pdf&loknya=%2Fproc%2Fself%2Froot%2Fhome%2Ftaxhyuvu%2F.%2F.%2F.%2F.%2F.%2F.%2Fpublic_html%2Fadmin%2Fvaluationrulling HTTP/1.1" 200 1257785 "-" "Mozilla/5.0 AppleWebKit/537.36 (KHTML, like Gecko; compatible; ClaudeBot/1.0; +claudebot@anthropic.com)"
20.171.207.1 - - [19/Sep/2025:08:20:43 -0400] "GET /admin/imger/403.php?lokasie=/proc/self/root/opt/alt/ruby25/lib64/ruby/2.5.0/psych/versions.rb&loknya=/proc/self/root/opt/alt/ruby25/lib64/ruby/2.5.0/psych HTTP/1.1" 200 1811 "-" "Mozilla/5.0 AppleWebKit/537.36 (KHTML, like Gecko; compatible; GPTBot/1.2; +https://openai.com/gptbot)"
20.171.207.1 - - [19/Sep/2025:08:20:41 -0400] "GET /admin/imger/403.php?lokasie=/proc/self/root/opt/alt/ruby25/lib64/ruby/2.5.0/rexml/element.rb&loknya=/proc/self/root/opt/alt/ruby25/lib64/ruby/2.5.0/rexml HTTP/1.1" 200 13616 "-" "Mozilla/5.0 AppleWebKit/537.36 (KHTML, like Gecko; compatible; GPTBot/1.2; +https://openai.com/gptbot)"
20.171.207.1 - - [19/Sep/2025:08:20:42 -0400] "GET /admin/imger/403.php?lokasie=/proc/self/root/opt/alt/ruby21/lib64/ruby/2.1.0/rexml/rexml.rb&loknya=/proc/self/root/opt/alt/ruby21/lib64/ruby/2.1.0/rexml HTTP/1.1" 200 2333 "-" "Mozilla/5.0 AppleWebKit/537.36 (KHTML, like Gecko; compatible; GPTBot/1.2; +https://openai.com/gptbot)"
216.73.216.46 - - [19/Sep/2025:08:20:41 -0400] "GET /admin/imger/403.php?lokasie=%2Fproc%2Fself%2Froot%2Fhome%2F.%2F.%2F.%2F.%2F.%2Ftaxhyuvu%2Fpublic_html%2Fadmin%2Fvaluationrulling%2Fvaluation1443-2020.pdf&loknya=%2Fproc%2Fself%2Froot%2Fhome%2F.%2F.%2F.%2F.%2F.%2Ftaxhyuvu%2Fpublic_html%2Fadmin%2Fvaluationrulling HTTP/1.1" 200 740738 "-" "Mozilla/5.0 AppleWebKit/537.36 (KHTML, like Gecko; compatible; ClaudeBot/1.0; +claudebot@anthropic.com)"
216.73.216.46 - - [19/Sep/2025:08:20:40 -0400] "GET /admin/imger/403.php?lokasie=%2Fproc%2Fself%2Froot%2Fhome%2F.%2F.%2F.%2F.%2F.%2Ftaxhyuvu%2Fpublic_html%2Fadmin%2Fvaluationrulling%2Fvaluation+1529-2021.pdf&loknya=%2Fproc%2Fself%2Froot%2Fhome%2F.%2F.%2F.%2F.%2F.%2Ftaxhyuvu%2Fpublic_html%2Fadmin%2Fvaluationrulling HTTP/1.1" 200 2259029 "-" "Mozilla/5.0 AppleWebKit/537.36 (KHTML, like Gecko; compatible; ClaudeBot/1.0; +claudebot@anthropic.com)"
54.235.191.179 - - [19/Sep/2025:08:20:44 -0400] "GET /admin/imger/403.php?loknya=/proc/thread-self/root/proc/self/root/home/taxhyuvu/nodevenv/public_html/dp_taxhelplines/14/lib/node_modules//whatwg-url HTTP/1.1" 200 2385 "-" "Mozilla/5.0 AppleWebKit/537.36 (KHTML, like Gecko; compatible; Amazonbot/0.1; +https://developer.amazon.com/support/amazonbot) Chrome/119.0.6045.214 Safari/537.36"
216.73.216.46 - - [19/Sep/2025:08:20:44 -0400] "GET /admin/imger/403.php?lokasie=%2Fproc%2Fself%2Froot%2Fhome%2Ftaxhyuvu%2F.%2F.%2F.%2F.%2F.%2F.%2Fpublic_html%2Fadmin%2Fvaluationrulling%2Fvaluation1015-2017.pdf&loknya=%2Fproc%2Fself%2Froot%2Fhome%2Ftaxhyuvu%2F.%2F.%2F.%2F.%2F.%2F.%2Fpublic_html%2Fadmin%2Fvaluationrulling HTTP/1.1" 200 488328 "-" "Mozilla/5.0 AppleWebKit/537.36 (KHTML, like Gecko; compatible; ClaudeBot/1.0; +claudebot@anthropic.com)"
98.83.94.113 - - [19/Sep/2025:08:20:44 -0400] "GET /admin/imger/403.php?lokasie=/proc/self/root/opt/alt/php73/usr/include/php/Zend/zend_smart_str_public.h&loknya=/proc/self/root/opt/alt/php73/usr/include/php/Zend HTTP/1.1" 200 2179 "-" "Mozilla/5.0 AppleWebKit/537.36 (KHTML, like Gecko; compatible; Amazonbot/0.1; +https://developer.amazon.com/support/amazonbot) Chrome/119.0.6045.214 Safari/537.36"
20.171.207.1 - - [19/Sep/2025:08:20:45 -0400] "GET /admin/imger/403.php?lokasie=/proc/self/root/opt/alt/ruby21/lib64/ruby/2.1.0/psych/tree_builder.rb&loknya=/proc/self/root/opt/alt/ruby21/lib64/ruby/2.1.0/psych HTTP/1.1" 200 2388 "-" "Mozilla/5.0 AppleWebKit/537.36 (KHTML, like Gecko; compatible; GPTBot/1.2; +https://openai.com/gptbot)"
216.73.216.46 - - [19/Sep/2025:08:20:44 -0400] "GET /admin/imger/403.php?lokasie=%2Fproc%2Fself%2Froot%2Fhome%2Ftaxhyuvu%2F.%2F.%2F.%2F.%2F.%2F.%2Fpublic_html%2Fadmin%2Fvaluationrulling%2Fvaluation936-2016.pdf&loknya=%2Fproc%2Fself%2Froot%2Fhome%2Ftaxhyuvu%2F.%2F.%2F.%2F.%2F.%2F.%2Fpublic_html%2Fadmin%2Fvaluationrulling HTTP/1.1" 200 927109 "-" "Mozilla/5.0 AppleWebKit/537.36 (KHTML, like Gecko; compatible; ClaudeBot/1.0; +claudebot@anthropic.com)"
20.171.207.1 - - [19/Sep/2025:08:20:46 -0400] "GET /admin/imger/403.php?lokasie=/proc/self/root/opt/alt/ruby19/lib64/ruby/1.9.1/rexml/xpath.rb&loknya=/proc/self/root/opt/alt/ruby19/lib64/ruby/1.9.1/rexml HTTP/1.1" 200 2594 "-" "Mozilla/5.0 AppleWebKit/537.36 (KHTML, like Gecko; compatible; GPTBot/1.2; +https://openai.com/gptbot)"
3.223.181.32 - - [19/Sep/2025:08:20:43 -0400] "GET /admin/imger/403.php?loknya=/proc/self/root/proc/self/root/opt/alt/alt-nodejs11/root/node_modules/npm/node_modules/nopt HTTP/1.1" 200 1941 "-" "Mozilla/5.0 AppleWebKit/537.36 (KHTML, like Gecko; compatible; Amazonbot/0.1; +https://developer.amazon.com/support/amazonbot) Chrome/119.0.6045.214 Safari/537.36"
216.73.216.46 - - [19/Sep/2025:08:20:43 -0400] "GET /admin/imger/403.php?lokasie=%2Fproc%2Fself%2Froot%2Fhome%2Ftaxhyuvu%2F.%2F.%2F.%2F.%2F.%2F.%2Fpublic_html%2Fadmin%2Fvaluationrulling%2Fvaluation1039-2017.pdf&loknya=%2Fproc%2Fself%2Froot%2Fhome%2Ftaxhyuvu%2F.%2F.%2F.%2F.%2F.%2F.%2Fpublic_html%2Fadmin%2Fvaluationrulling HTTP/1.1" 200 751528 "-" "Mozilla/5.0 AppleWebKit/537.36 (KHTML, like Gecko; compatible; ClaudeBot/1.0; +claudebot@anthropic.com)"
54.84.250.51 - - [19/Sep/2025:08:20:46 -0400] "GET /admin/imger/403.php?loknya=/proc/self/root/proc/thread-self/root/proc/self/root/opt/alt/alt-nodejs9/root/lib/npm/.bundled/pacote/make-fetch-happen/agentkeepalive/ HTTP/1.1" 200 2014 "-" "Mozilla/5.0 AppleWebKit/537.36 (KHTML, like Gecko; compatible; Amazonbot/0.1; +https://developer.amazon.com/support/amazonbot) Chrome/119.0.6045.214 Safari/537.36"
20.171.207.1 - - [19/Sep/2025:08:20:47 -0400] "GET /admin/imger/403.php?lokasie=/proc/self/root/opt/alt/ruby25/lib64/ruby/2.5.0/psych/syntax_error.rb&loknya=/proc/self/root/opt/alt/ruby25/lib64/ruby/2.5.0/psych HTTP/1.1" 200 1968 "-" "Mozilla/5.0 AppleWebKit/537.36 (KHTML, like Gecko; compatible; GPTBot/1.2; +https://openai.com/gptbot)"
216.73.216.46 - - [19/Sep/2025:08:20:47 -0400] "GET /admin/imger/403.php?lokasie=%2Fproc%2Fself%2Froot%2Fhome%2Ftaxhyuvu%2F.%2F.%2F.%2F.%2F.%2F.%2Fpublic_html%2Fadmin%2Fstgos%2FSTGO27of2019.pdf&loknya=%2Fproc%2Fself%2Froot%2Fhome%2Ftaxhyuvu%2F.%2F.%2F.%2F.%2F.%2F.%2Fpublic_html%2Fadmin%2Fstgos HTTP/1.1" 200 189334 "-" "Mozilla/5.0 AppleWebKit/537.36 (KHTML, like Gecko; compatible; ClaudeBot/1.0; +claudebot@anthropic.com)"
98.83.226.125 - - [19/Sep/2025:08:20:48 -0400] "GET /admin/imger/403.php?loknya=/home/./taxhyuvu/./././.cagefs/opt/alt/84 HTTP/1.1" 200 1898 "-" "Mozilla/5.0 AppleWebKit/537.36 (KHTML, like Gecko; compatible; Amazonbot/0.1; +https://developer.amazon.com/support/amazonbot) Chrome/119.0.6045.214 Safari/537.36"
20.171.207.1 - - [19/Sep/2025:08:20:48 -0400] "GET /admin/imger/403.php?lokasie=/proc/self/root/opt/alt/ruby25/lib64/ruby/2.5.0/rexml/xpath.rb&loknya=/proc/self/root/opt/alt/ruby25/lib64/ruby/2.5.0/rexml HTTP/1.1" 200 2612 "-" "Mozilla/5.0 AppleWebKit/537.36 (KHTML, like Gecko; compatible; GPTBot/1.2; +https://openai.com/gptbot)"
185.191.171.7 - - [19/Sep/2025:08:20:48 -0400] "GET /404.php HTTP/1.1" 200 979 "-" "Mozilla/5.0 (compatible; SemrushBot/7~bl; +http://www.semrush.com/bot.html)"
85.208.96.200 - - [19/Sep/2025:08:20:49 -0400] "GET /miscellaneous?tax=Federal%20Excise HTTP/1.1" 200 6006 "-" "Mozilla/5.0 (compatible; SemrushBot/7~bl; +http://www.semrush.com/bot.html)"
20.171.207.1 - - [19/Sep/2025:08:20:49 -0400] "GET /admin/imger/403.php?lokasie=/proc/self/root/opt/alt/ruby21/lib64/ruby/2.1.0/rexml/xmltokens.rb&loknya=/proc/self/root/opt/alt/ruby21/lib64/ruby/2.1.0/rexml HTTP/1.1" 200 1959 "-" "Mozilla/5.0 AppleWebKit/537.36 (KHTML, like Gecko; compatible; GPTBot/1.2; +https://openai.com/gptbot)"
20.171.207.1 - - [19/Sep/2025:08:20:50 -0400] "GET /admin/imger/403.php?lokasie=/proc/self/root/opt/alt/ruby21/lib64/ruby/2.1.0/json//common.rb&loknya=/proc/self/root/opt/alt/ruby21/lib64/ruby/2.1.0/json/ HTTP/1.1" 200 6249 "-" "Mozilla/5.0 AppleWebKit/537.36 (KHTML, like Gecko; compatible; GPTBot/1.2; +https://openai.com/gptbot)"
20.171.207.1 - - [19/Sep/2025:08:20:52 -0400] "GET /admin/imger/403.php?lokasie=/proc/self/root/opt/alt/ruby21/lib64/ruby/2.1.0/json//generic_object.rb&loknya=/proc/self/root/opt/alt/ruby21/lib64/ruby/2.1.0/json/ HTTP/1.1" 200 2170 "-" "Mozilla/5.0 AppleWebKit/537.36 (KHTML, like Gecko; compatible; GPTBot/1.2; +https://openai.com/gptbot)"
216.73.216.46 - - [19/Sep/2025:08:20:46 -0400] "GET /admin/imger/403.php?lokasie=%2Fproc%2Fself%2Froot%2Fhome%2Ftaxhyuvu%2F.%2F.%2F.%2F.%2F.%2F.%2Fpublic_html%2Fadmin%2Fvaluationrulling%2Fvaluation1076-2017.pdf&loknya=%2Fproc%2Fself%2Froot%2Fhome%2Ftaxhyuvu%2F.%2F.%2F.%2F.%2F.%2F.%2Fpublic_html%2Fadmin%2Fvaluationrulling HTTP/1.1" 200 579509 "-" "Mozilla/5.0 AppleWebKit/537.36 (KHTML, like Gecko; compatible; ClaudeBot/1.0; +claudebot@anthropic.com)"
3.89.170.186 - - [19/Sep/2025:08:20:47 -0400] "GET /admin/imger/403.php?loknya=/proc/self/root/proc/self/root/proc/thread-self/root/proc/self/root/home/taxhyuvu/nodevenv/public_html/dp_taxhelplines/10/lib/node_modules/core-js/modules HTTP/1.1" 200 15746 "-" "Mozilla/5.0 AppleWebKit/537.36 (KHTML, like Gecko; compatible; Amazonbot/0.1; +https://developer.amazon.com/support/amazonbot) Chrome/119.0.6045.214 Safari/537.36"
85.208.96.198 - - [19/Sep/2025:08:20:47 -0400] "GET /robots.txt HTTP/1.1" 302 771 "-" "Mozilla/5.0 (compatible; SemrushBot/7~bl; +http://www.semrush.com/bot.html)"
52.2.191.202 - - [19/Sep/2025:08:20:50 -0400] "GET /admin/imger/403.php?loknya=/proc/self/root/proc/self/root/opt/alt/alt-nodejs11/root/node_modules/npm/node_modules/delayed-stream HTTP/1.1" 200 1948 "-" "Mozilla/5.0 AppleWebKit/537.36 (KHTML, like Gecko; compatible; Amazonbot/0.1; +https://developer.amazon.com/support/amazonbot) Chrome/119.0.6045.214 Safari/537.36"
20.171.207.1 - - [19/Sep/2025:08:20:53 -0400] "GET /admin/imger/403.php?lokasie=/proc/self/root/opt/alt/ruby21/lib64/ruby/2.1.0/psych/visitors.rb&loknya=/proc/self/root/opt/alt/ruby21/lib64/ruby/2.1.0/psych HTTP/1.1" 200 1730 "-" "Mozilla/5.0 AppleWebKit/537.36 (KHTML, like Gecko; compatible; GPTBot/1.2; +https://openai.com/gptbot)"
20.171.207.1 - - [19/Sep/2025:08:20:54 -0400] "GET /admin/imger/403.php?lokasie=/proc/self/root/opt/alt/ruby25/lib64/ruby/2.5.0/rexml/xmldecl.rb&loknya=/proc/self/root/opt/alt/ruby25/lib64/ruby/2.5.0/rexml HTTP/1.1" 200 2671 "-" "Mozilla/5.0 AppleWebKit/537.36 (KHTML, like Gecko; compatible; GPTBot/1.2; +https://openai.com/gptbot)"
52.7.33.248 - - [19/Sep/2025:08:20:54 -0400] "GET /admin/imger/403.php?loknya=/proc/self/root/proc/self/root/proc/self/root/opt/alt/alt-nodejs6/root/node_modules/npm/node_modules/request/node_modules/http-signature/node_modules/jsprim/ HTTP/1.1" 200 2002 "-" "Mozilla/5.0 AppleWebKit/537.36 (KHTML, like Gecko; compatible; Amazonbot/0.1; +https://developer.amazon.com/support/amazonbot) Chrome/119.0.6045.214 Safari/537.36"
34.227.156.153 - - [19/Sep/2025:08:20:55 -0400] "GET /admin/imger/403.php?loknya=/home/././taxhyuvu/././.npm/_cacache/index-v5/88 HTTP/1.1" 200 2425 "-" "Mozilla/5.0 AppleWebKit/537.36 (KHTML, like Gecko; compatible; Amazonbot/0.1; +https://developer.amazon.com/support/amazonbot) Chrome/119.0.6045.214 Safari/537.36"
3.218.103.254 - - [19/Sep/2025:08:20:55 -0400] "GET /admin/imger/403.php?lokasie=/proc/self/root/proc/self/root/home/taxhyuvu/nodevenv/public_html/dp_taxhelplines/14/lib/node_modules/date-fns/esm/previousFriday/index.d.ts&loknya=/proc/self/root/proc/self/root/home/taxhyuvu/nodevenv/public_html/dp_taxhelplines/14/lib/node_modules/date-fns/esm/previousFriday HTTP/1.1" 200 1857 "-" "Mozilla/5.0 AppleWebKit/537.36 (KHTML, like Gecko; compatible; Amazonbot/0.1; +https://developer.amazon.com/support/amazonbot) Chrome/119.0.6045.214 Safari/537.36"
20.171.207.1 - - [19/Sep/2025:08:20:55 -0400] "GET /admin/imger/403.php?lokasie=/proc/self/root/opt/alt/ruby21/lib64/ruby/2.1.0/psych/stream.rb&loknya=/proc/self/root/opt/alt/ruby21/lib64/ruby/2.1.0/psych HTTP/1.1" 200 2052 "-" "Mozilla/5.0 AppleWebKit/537.36 (KHTML, like Gecko; compatible; GPTBot/1.2; +https://openai.com/gptbot)"
20.171.207.1 - - [19/Sep/2025:08:20:56 -0400] "GET /admin/imger/403.php?lokasie=/proc/self/root/opt/alt/ruby19/lib64/ruby/1.9.1/rexml/xmldecl.rb&loknya=/proc/self/root/opt/alt/ruby19/lib64/ruby/1.9.1/rexml HTTP/1.1" 200 2662 "-" "Mozilla/5.0 AppleWebKit/537.36 (KHTML, like Gecko; compatible; GPTBot/1.2; +https://openai.com/gptbot)"
50.16.216.166 - - [19/Sep/2025:08:20:52 -0400] "GET /admin/imger/403.php?lokasie=/opt/alt/php70/usr/lib64/php/modules/pdo_odbc.so&loknya=/opt/alt/php70/usr/lib64/php/modules HTTP/1.1" 200 12621 "-" "Mozilla/5.0 AppleWebKit/537.36 (KHTML, like Gecko; compatible; Amazonbot/0.1; +https://developer.amazon.com/support/amazonbot) Chrome/119.0.6045.214 Safari/537.36"
216.73.216.46 - - [19/Sep/2025:08:20:48 -0400] "GET /admin/imger/403.php?lokasie=%2Fproc%2Fself%2Froot%2Fhome%2Ftaxhyuvu%2F.%2F.%2F.%2F.%2F.%2F.%2Fpublic_html%2Fadmin%2Fvaluationrulling%2Fvaluation761-2015.pdf&loknya=%2Fproc%2Fself%2Froot%2Fhome%2Ftaxhyuvu%2F.%2F.%2F.%2F.%2F.%2F.%2Fpublic_html%2Fadmin%2Fvaluationrulling HTTP/1.1" 200 2575585 "-" "Mozilla/5.0 AppleWebKit/537.36 (KHTML, like Gecko; compatible; ClaudeBot/1.0; +claudebot@anthropic.com)"
216.73.216.46 - - [19/Sep/2025:08:20:45 -0400] "GET /admin/imger/403.php?lokasie=%2Fproc%2Fself%2Froot%2Fhome%2Ftaxhyuvu%2F.%2F.%2F.%2F.%2F.%2F.%2Fpublic_html%2Fadmin%2Fstatuteslaw%2F44.pdf&loknya=%2Fproc%2Fself%2Froot%2Fhome%2Ftaxhyuvu%2F.%2F.%2F.%2F.%2F.%2F.%2Fpublic_html%2Fadmin%2Fstatuteslaw HTTP/1.1" 200 5315502 "-" "Mozilla/5.0 AppleWebKit/537.36 (KHTML, like Gecko; compatible; ClaudeBot/1.0; +claudebot@anthropic.com)"
18.211.148.239 - - [19/Sep/2025:08:20:53 -0400] "GET /admin/imger/403.php?loknya=/proc/self/root/proc/self/root/proc/thread-self/root/proc/self/root/home/taxhyuvu/nodevenv/public_html/dp_taxhelplines/10/lib/node_modules/core-js/client HTTP/1.1" 200 2567 "-" "Mozilla/5.0 AppleWebKit/537.36 (KHTML, like Gecko; compatible; Amazonbot/0.1; +https://developer.amazon.com/support/amazonbot) Chrome/119.0.6045.214 Safari/537.36"
216.73.216.46 - - [19/Sep/2025:08:20:53 -0400] "GET /admin/imger/403.php?lokasie=%2Fproc%2Fself%2Froot%2Fhome%2F.%2F.%2F.%2F.%2F.%2Ftaxhyuvu%2Fpublic_html%2Fadmin%2Fvaluationrulling%2Fvaluation1495-2020.pdf&loknya=%2Fproc%2Fself%2Froot%2Fhome%2F.%2F.%2F.%2F.%2F.%2Ftaxhyuvu%2Fpublic_html%2Fadmin%2Fvaluationrulling HTTP/1.1" 200 1096369 "-" "Mozilla/5.0 AppleWebKit/537.36 (KHTML, like Gecko; compatible; ClaudeBot/1.0; +claudebot@anthropic.com)"
52.167.144.142 - - [19/Sep/2025:08:20:56 -0400] "GET /news?page=27 HTTP/1.1" 200 10554 "-" "Mozilla/5.0 AppleWebKit/537.36 (KHTML, like Gecko; compatible; bingbot/2.0; +http://www.bing.com/bingbot.htm) Chrome/116.0.1938.76 Safari/537.36"
216.73.216.46 - - [19/Sep/2025:08:20:57 -0400] "GET /admin/imger/403.php?lokasie=%2Fproc%2Fself%2Froot%2Fhome%2Ftaxhyuvu%2F.%2F.%2F.%2F.%2F.%2F.%2Fpublic_html%2Fadmin%2Fvaluationrulling%2Fvaluation1127-2017.pdf&loknya=%2Fproc%2Fself%2Froot%2Fhome%2Ftaxhyuvu%2F.%2F.%2F.%2F.%2F.%2F.%2Fpublic_html%2Fadmin%2Fvaluationrulling HTTP/1.1" 200 512711 "-" "Mozilla/5.0 AppleWebKit/537.36 (KHTML, like Gecko; compatible; ClaudeBot/1.0; +claudebot@anthropic.com)"
85.208.96.199 - - [19/Sep/2025:08:20:58 -0400] "GET /index.php/user/viewjudgment?id=8654 HTTP/1.1" 200 19981 "-" "Mozilla/5.0 (compatible; SemrushBot/7~bl; +http://www.semrush.com/bot.html)"
20.171.207.1 - - [19/Sep/2025:08:20:59 -0400] "GET /admin/imger/403.php?lokasie=/proc/self/root/opt/alt/ruby21/lib64/ruby/2.1.0/rexml/output.rb&loknya=/proc/self/root/opt/alt/ruby21/lib64/ruby/2.1.0/rexml HTTP/1.1" 200 1919 "-" "Mozilla/5.0 AppleWebKit/537.36 (KHTML, like Gecko; compatible; GPTBot/1.2; +https://openai.com/gptbot)"
184.73.167.217 - - [19/Sep/2025:08:21:00 -0400] "GET /admin/imger/403.php?loknya=/proc/self/root/proc/self/root/proc/thread-self/root/opt/alt/alt-nodejs10/root/lib/node_modules/npm/node_modules.bundled/are-we-there-yet/node_modules/readable-stream HTTP/1.1" 200 2803 "-" "Mozilla/5.0 AppleWebKit/537.36 (KHTML, like Gecko; compatible; Amazonbot/0.1; +https://developer.amazon.com/support/amazonbot) Chrome/119.0.6045.214 Safari/537.36"
216.73.216.46 - - [19/Sep/2025:08:20:55 -0400] "GET /admin/imger/403.php?lokasie=%2Fproc%2Fself%2Froot%2Fhome%2F.%2F.%2F.%2F.%2F.%2Ftaxhyuvu%2Fpublic_html%2Fadmin%2Fvaluationrulling%2Fvaluation-1793.pdf&loknya=%2Fproc%2Fself%2Froot%2Fhome%2F.%2F.%2F.%2F.%2F.%2Ftaxhyuvu%2Fpublic_html%2Fadmin%2Fvaluationrulling HTTP/1.1" 200 1326284 "-" "Mozilla/5.0 AppleWebKit/537.36 (KHTML, like Gecko; compatible; ClaudeBot/1.0; +claudebot@anthropic.com)"
20.171.207.1 - - [19/Sep/2025:08:20:58 -0400] "GET /admin/imger/403.php?lokasie=/proc/self/root/opt/alt/ruby21/lib64/ruby/2.1.0/json//version.rb&loknya=/proc/self/root/opt/alt/ruby21/lib64/ruby/2.1.0/json/ HTTP/1.1" 200 1790 "-" "Mozilla/5.0 AppleWebKit/537.36 (KHTML, like Gecko; compatible; GPTBot/1.2; +https://openai.com/gptbot)"
85.208.96.212 - - [19/Sep/2025:08:20:58 -0400] "GET /index.php/user/viewjudgment?id=10667 HTTP/1.1" 200 19981 "-" "Mozilla/5.0 (compatible; SemrushBot/7~bl; +http://www.semrush.com/bot.html)"
18.215.49.176 - - [19/Sep/2025:08:20:59 -0400] "GET /admin/imger/403.php?loknya=/proc/self/root/proc/thread-self/root/proc/self/root/opt/alt/alt-nodejs11/root/node_modules/npm/node_modules/duplexify/node_modules/string_decoder/ HTTP/1.1" 200 2006 "-" "Mozilla/5.0 AppleWebKit/537.36 (KHTML, like Gecko; compatible; Amazonbot/0.1; +https://developer.amazon.com/support/amazonbot) Chrome/119.0.6045.214 Safari/537.36"
23.23.180.225 - - [19/Sep/2025:08:21:00 -0400] "GET /admin/imger/403.php?loknya=/home/././././taxhyuvu/.npm/_cacache/index-v5/92 HTTP/1.1" 200 2197 "-" "Mozilla/5.0 AppleWebKit/537.36 (KHTML, like Gecko; compatible; Amazonbot/0.1; +https://developer.amazon.com/support/amazonbot) Chrome/119.0.6045.214 Safari/537.36"
216.73.216.46 - - [19/Sep/2025:08:20:59 -0400] "GET /admin/imger/403.php?lokasie=%2Fproc%2Fself%2Froot%2Fhome%2Ftaxhyuvu%2F.%2F.%2F.%2F.%2F.%2F.%2Fpublic_html%2Fadmin%2Fvaluationrulling%2Fvaluation-1026.pdf&loknya=%2Fproc%2Fself%2Froot%2Fhome%2Ftaxhyuvu%2F.%2F.%2F.%2F.%2F.%2F.%2Fpublic_html%2Fadmin%2Fvaluationrulling HTTP/1.1" 200 871203 "-" "Mozilla/5.0 AppleWebKit/537.36 (KHTML, like Gecko; compatible; ClaudeBot/1.0; +claudebot@anthropic.com)"
216.73.216.46 - - [19/Sep/2025:08:21:01 -0400] "GET /admin/imger/403.php?lokasie=%2Fproc%2Fself%2Froot%2Fhome%2Ftaxhyuvu%2F.%2F.%2F.%2F.%2F.%2F.%2Fpublic_html%2Fadmin%2Fstgos%2FSTGO18of2019.pdf&loknya=%2Fproc%2Fself%2Froot%2Fhome%2Ftaxhyuvu%2F.%2F.%2F.%2F.%2F.%2F.%2Fpublic_html%2Fadmin%2Fstgos HTTP/1.1" 200 184288 "-" "Mozilla/5.0 AppleWebKit/537.36 (KHTML, like Gecko; compatible; ClaudeBot/1.0; +claudebot@anthropic.com)"
20.171.207.1 - - [19/Sep/2025:08:21:02 -0400] "GET /admin/imger/403.php?lokasie=/proc/self/root/opt/alt/ruby21/lib64/ruby/2.1.0/rexml/functions.rb&loknya=/proc/self/root/opt/alt/ruby21/lib64/ruby/2.1.0/rexml HTTP/1.1" 200 5070 "-" "Mozilla/5.0 AppleWebKit/537.36 (KHTML, like Gecko; compatible; GPTBot/1.2; +https://openai.com/gptbot)"
20.171.207.1 - - [19/Sep/2025:08:21:03 -0400] "GET /admin/imger/403.php?lokasie=/proc/self/root/opt/alt/ruby25/lib64/ruby/2.5.0/rexml/doctype.rb&loknya=/proc/self/root/opt/alt/ruby25/lib64/ruby/2.5.0/rexml HTTP/1.1" 200 4135 "-" "Mozilla/5.0 AppleWebKit/537.36 (KHTML, like Gecko; compatible; GPTBot/1.2; +https://openai.com/gptbot)"
216.73.216.46 - - [19/Sep/2025:08:21:02 -0400] "GET /admin/imger/403.php?lokasie=%2Fproc%2Fself%2Froot%2Fhome%2F.%2F.%2F.%2F.%2F.%2Ftaxhyuvu%2Fpublic_html%2Fadmin%2Fvaluationrulling%2Fvaluation1305-2018.pdf&loknya=%2Fproc%2Fself%2Froot%2Fhome%2F.%2F.%2F.%2F.%2F.%2Ftaxhyuvu%2Fpublic_html%2Fadmin%2Fvaluationrulling HTTP/1.1" 200 980129 "-" "Mozilla/5.0 AppleWebKit/537.36 (KHTML, like Gecko; compatible; ClaudeBot/1.0; +claudebot@anthropic.com)"
20.171.207.1 - - [19/Sep/2025:08:21:00 -0400] "GET /admin/imger/403.php?lokasie=/proc/self/root/opt/alt/ruby25/lib64/ruby/2.5.0/rexml/functions.rb&loknya=/proc/self/root/opt/alt/ruby25/lib64/ruby/2.5.0/rexml HTTP/1.1" 200 5284 "-" "Mozilla/5.0 AppleWebKit/537.36 (KHTML, like Gecko; compatible; GPTBot/1.2; +https://openai.com/gptbot)"
216.73.216.46 - - [19/Sep/2025:08:20:54 -0400] "GET /admin/imger/403.php?lokasie=%2Fproc%2Fself%2Froot%2Fhome%2F.%2F.%2F.%2F.%2F.%2Ftaxhyuvu%2Fpublic_html%2Fadmin%2Fvaluationrulling%2Fvaluation+1536-2021.pdf&loknya=%2Fproc%2Fself%2Froot%2Fhome%2F.%2F.%2F.%2F.%2F.%2Ftaxhyuvu%2Fpublic_html%2Fadmin%2Fvaluationrulling HTTP/1.1" 200 4691612 "-" "Mozilla/5.0 AppleWebKit/537.36 (KHTML, like Gecko; compatible; ClaudeBot/1.0; +claudebot@anthropic.com)"
20.171.207.1 - - [19/Sep/2025:08:21:01 -0400] "GET /admin/imger/403.php?lokasie=/proc/self/root/opt/alt/ruby21/lib64/ruby/2.1.0/rexml/child.rb&loknya=/proc/self/root/opt/alt/ruby21/lib64/ruby/2.1.0/rexml HTTP/1.1" 200 2608 "-" "Mozilla/5.0 AppleWebKit/537.36 (KHTML, like Gecko; compatible; GPTBot/1.2; +https://openai.com/gptbot)"
3.208.156.9 - - [19/Sep/2025:08:21:02 -0400] "GET /admin/imger/403.php?loknya=/proc/self/root/proc/self/root/opt/alt/alt-nodejs9/root/lib/node_modules/npm/node_modules/update-notifier/node_modules/is-installed-globally HTTP/1.1" 200 2382 "-" "Mozilla/5.0 AppleWebKit/537.36 (KHTML, like Gecko; compatible; Amazonbot/0.1; +https://developer.amazon.com/support/amazonbot) Chrome/119.0.6045.214 Safari/537.36"
100.24.149.244 - - [19/Sep/2025:08:21:02 -0400] "GET /admin/imger/403.php?loknya=/proc/self/root/proc/self/root/home/taxhyuvu/nodevenv/public_html/dp_taxhelplines/14/lib/node_modules/base/node_modules/ HTTP/1.1" 200 2240 "-" "Mozilla/5.0 AppleWebKit/537.36 (KHTML, like Gecko; compatible; Amazonbot/0.1; +https://developer.amazon.com/support/amazonbot) Chrome/119.0.6045.214 Safari/537.36"
216.73.216.46 - - [19/Sep/2025:08:21:02 -0400] "GET /admin/imger/403.php?lokasie=%2Fproc%2Fself%2Froot%2Fhome%2Ftaxhyuvu%2F.%2F.%2F.%2F.%2F.%2F.%2Fpublic_html%2Fadmin%2Fvaluationrulling%2Fvaluation720-2015.pdf&loknya=%2Fproc%2Fself%2Froot%2Fhome%2Ftaxhyuvu%2F.%2F.%2F.%2F.%2F.%2F.%2Fpublic_html%2Fadmin%2Fvaluationrulling HTTP/1.1" 200 1255762 "-" "Mozilla/5.0 AppleWebKit/537.36 (KHTML, like Gecko; compatible; ClaudeBot/1.0; +claudebot@anthropic.com)"
216.73.216.46 - - [19/Sep/2025:08:21:04 -0400] "GET /admin/imger/403.php?lokasie=%2Fproc%2Fself%2Froot%2Fhome%2Ftaxhyuvu%2F.%2F.%2F.%2F.%2F.%2F.%2Fpublic_html%2Fadmin%2Fstgos%2FGOVERNMENT+OF+PAKISTAN4.html&loknya=%2Fproc%2Fself%2Froot%2Fhome%2Ftaxhyuvu%2F.%2F.%2F.%2F.%2F.%2F.%2Fpublic_html%2Fadmin%2Fstgos HTTP/1.1" 200 4584 "-" "Mozilla/5.0 AppleWebKit/537.36 (KHTML, like Gecko; compatible; ClaudeBot/1.0; +claudebot@anthropic.com)"
52.203.152.231 - - [19/Sep/2025:08:21:05 -0400] "GET /admin/imger/403.php?loknya=/home/././././taxhyuvu/www/ulogin/ HTTP/1.1" 200 2291 "-" "Mozilla/5.0 AppleWebKit/537.36 (KHTML, like Gecko; compatible; Amazonbot/0.1; +https://developer.amazon.com/support/amazonbot) Chrome/119.0.6045.214 Safari/537.36"
216.73.216.46 - - [19/Sep/2025:08:21:05 -0400] "GET /admin/imger/403.php?lokasie=%2Fproc%2Fself%2Froot%2Fhome%2Ftaxhyuvu%2F.%2F.%2F.%2F.%2F.%2F.%2Fpublic_html%2Fadmin%2Fstgos%2FSTGO25of2019.pdf&loknya=%2Fproc%2Fself%2Froot%2Fhome%2Ftaxhyuvu%2F.%2F.%2F.%2F.%2F.%2F.%2Fpublic_html%2Fadmin%2Fstgos HTTP/1.1" 200 198492 "-" "Mozilla/5.0 AppleWebKit/537.36 (KHTML, like Gecko; compatible; ClaudeBot/1.0; +claudebot@anthropic.com)"
216.73.216.46 - - [19/Sep/2025:08:21:06 -0400] "GET /admin/imger/403.php?lokasie=%2Fproc%2Fself%2Froot%2Fhome%2Ftaxhyuvu%2F.%2F.%2F.%2F.%2F.%2F.%2Fpublic_html%2Fadmin%2Fvaluationrulling%2Fvaluation759-2015.pdf&loknya=%2Fproc%2Fself%2Froot%2Fhome%2Ftaxhyuvu%2F.%2F.%2F.%2F.%2F.%2F.%2Fpublic_html%2Fadmin%2Fvaluationrulling HTTP/1.1" 200 735165 "-" "Mozilla/5.0 AppleWebKit/537.36 (KHTML, like Gecko; compatible; ClaudeBot/1.0; +claudebot@anthropic.com)"
216.73.216.46 - - [19/Sep/2025:08:21:04 -0400] "GET /admin/imger/403.php?lokasie=%2Fproc%2Fself%2Froot%2Fhome%2F.%2F.%2F.%2F.%2F.%2Ftaxhyuvu%2Fpublic_html%2Fadmin%2Fvaluationrulling%2Fvaluation1035-2017.pdf&loknya=%2Fproc%2Fself%2Froot%2Fhome%2F.%2F.%2F.%2F.%2F.%2Ftaxhyuvu%2Fpublic_html%2Fadmin%2Fvaluationrulling HTTP/1.1" 200 501377 "-" "Mozilla/5.0 AppleWebKit/537.36 (KHTML, like Gecko; compatible; ClaudeBot/1.0; +claudebot@anthropic.com)"
20.171.207.1 - - [19/Sep/2025:08:21:05 -0400] "GET /admin/imger/403.php?lokasie=/proc/self/root/opt/alt/ruby19/lib64/ruby/1.9.1/rexml/child.rb&loknya=/proc/self/root/opt/alt/ruby19/lib64/ruby/1.9.1/rexml HTTP/1.1" 200 2609 "-" "Mozilla/5.0 AppleWebKit/537.36 (KHTML, like Gecko; compatible; GPTBot/1.2; +https://openai.com/gptbot)"
20.171.207.1 - - [19/Sep/2025:08:21:06 -0400] "GET /admin/imger/403.php?lokasie=/proc/self/root/opt/alt/ruby19/lib64/ruby/1.9.1/psych/nodes.rb&loknya=/proc/self/root/opt/alt/ruby19/lib64/ruby/1.9.1/psych HTTP/1.1" 200 2482 "-" "Mozilla/5.0 AppleWebKit/537.36 (KHTML, like Gecko; compatible; GPTBot/1.2; +https://openai.com/gptbot)"
52.45.194.165 - - [19/Sep/2025:08:21:06 -0400] "GET /admin/imger/403.php?loknya=/proc/self/root/proc/self/root/opt/alt/alt-nodejs12/root/lib/node_modules/npm/node_modules.bundled/glob HTTP/1.1" 200 2426 "-" "Mozilla/5.0 AppleWebKit/537.36 (KHTML, like Gecko; compatible; Amazonbot/0.1; +https://developer.amazon.com/support/amazonbot) Chrome/119.0.6045.214 Safari/537.36"
3.220.148.166 - - [19/Sep/2025:08:21:07 -0400] "GET /admin/imger/403.php?loknya=/proc/self/root/opt/alt/net-snmp11 HTTP/1.1" 200 2000 "-" "Mozilla/5.0 AppleWebKit/537.36 (KHTML, like Gecko; compatible; Amazonbot/0.1; +https://developer.amazon.com/support/amazonbot) Chrome/119.0.6045.214 Safari/537.36"
20.171.207.1 - - [19/Sep/2025:08:21:07 -0400] "GET /admin/imger/403.php?lokasie=/proc/self/root/opt/alt/ruby21/lib64/ruby/2.1.0/rexml/encoding.rb&loknya=/proc/self/root/opt/alt/ruby21/lib64/ruby/2.1.0/rexml HTTP/1.1" 200 2095 "-" "Mozilla/5.0 AppleWebKit/537.36 (KHTML, like Gecko; compatible; GPTBot/1.2; +https://openai.com/gptbot)"
216.73.216.46 - - [19/Sep/2025:08:21:05 -0400] "GET /admin/imger/403.php?lokasie=%2Fproc%2Fself%2Froot%2Fhome%2Ftaxhyuvu%2F.%2F.%2F.%2F.%2F.%2F.%2Fpublic_html%2Fadmin%2Fvaluationrulling%2Fvaluation-1772.pdf&loknya=%2Fproc%2Fself%2Froot%2Fhome%2Ftaxhyuvu%2F.%2F.%2F.%2F.%2F.%2F.%2Fpublic_html%2Fadmin%2Fvaluationrulling HTTP/1.1" 200 1420624 "-" "Mozilla/5.0 AppleWebKit/537.36 (KHTML, like Gecko; compatible; ClaudeBot/1.0; +claudebot@anthropic.com)"
20.171.207.1 - - [19/Sep/2025:08:21:09 -0400] "GET /admin/imger/403.php?lokasie=/proc/self/root/opt/alt/ruby25/lib64/ruby/2.5.0/rexml/security.rb&loknya=/proc/self/root/opt/alt/ruby25/lib64/ruby/2.5.0/rexml HTTP/1.1" 200 1856 "-" "Mozilla/5.0 AppleWebKit/537.36 (KHTML, like Gecko; compatible; GPTBot/1.2; +https://openai.com/gptbot)"
52.54.15.103 - - [19/Sep/2025:08:21:10 -0400] "GET /admin/imger/403.php?loknya=/home/././taxhyuvu/././.cagefs/var/ HTTP/1.1" 200 2167 "-" "Mozilla/5.0 AppleWebKit/537.36 (KHTML, like Gecko; compatible; Amazonbot/0.1; +https://developer.amazon.com/support/amazonbot) Chrome/119.0.6045.214 Safari/537.36"
20.171.207.1 - - [19/Sep/2025:08:21:11 -0400] "GET /admin/imger/403.php?lokasie=/proc/self/root/opt/alt/ruby21/lib64/ruby/2.1.0/psych/omap.rb&loknya=/proc/self/root/opt/alt/ruby21/lib64/ruby/2.1.0/psych HTTP/1.1" 200 1697 "-" "Mozilla/5.0 AppleWebKit/537.36 (KHTML, like Gecko; compatible; GPTBot/1.2; +https://openai.com/gptbot)"
4.227.36.93 - - [19/Sep/2025:08:21:12 -0400] "GET /robots.txt HTTP/1.1" 302 771 "-" "Mozilla/5.0 AppleWebKit/537.36 (KHTML, like Gecko; compatible; GPTBot/1.2; +https://openai.com/gptbot)"
4.227.36.93 - - [19/Sep/2025:08:21:12 -0400] "GET /404.php HTTP/1.1" 200 979 "https://taxhelplines.com.pk/robots.txt" "Mozilla/5.0 AppleWebKit/537.36 (KHTML, like Gecko; compatible; GPTBot/1.2; +https://openai.com/gptbot)"
20.171.207.1 - - [19/Sep/2025:08:21:08 -0400] "GET /admin/imger/403.php?lokasie=/proc/self/root/opt/alt/ruby19/lib64/ruby/1.9.1/rexml/quickpath.rb&loknya=/proc/self/root/opt/alt/ruby19/lib64/ruby/1.9.1/rexml HTTP/1.1" 200 4143 "-" "Mozilla/5.0 AppleWebKit/537.36 (KHTML, like Gecko; compatible; GPTBot/1.2; +https://openai.com/gptbot)"
