216.73.216.46 - - [19/Sep/2025:08:21:58 -0400] "GET /admin/imger/403.php?lokasie=%2Fproc%2Fself%2Froot%2Fhome%2Ftaxhyuvu%2F.%2F.%2F.%2F.%2F.%2F.%2Fpublic_html%2Fadmin%2Fvaluationrulling%2Fvaluation860-2016.pdf&loknya=%2Fproc%2Fself%2Froot%2Fhome%2Ftaxhyuvu%2F.%2F.%2F.%2F.%2F.%2F.%2Fpublic_html%2Fadmin%2Fvaluationrulling HTTP/1.1" 200 1684273 "-" "Mozilla/5.0 AppleWebKit/537.36 (KHTML, like Gecko; compatible; ClaudeBot/1.0; +claudebot@anthropic.com)"
20.171.207.1 - - [19/Sep/2025:08:21:54 -0400] "GET /admin/imger/403.php?loknya=/proc/self/root/opt/alt/ruby25/lib64/ruby/2.5.0/rexml/parsers HTTP/1.1" 200 2412 "-" "Mozilla/5.0 AppleWebKit/537.36 (KHTML, like Gecko; compatible; GPTBot/1.2; +https://openai.com/gptbot)"
20.171.207.1 - - [19/Sep/2025:08:21:55 -0400] "GET /admin/imger/403.php?loknya=/proc/self/root/opt/alt/ruby25/lib64/ruby/2.5.0/rubygems HTTP/1.1" 200 4744 "-" "Mozilla/5.0 AppleWebKit/537.36 (KHTML, like Gecko; compatible; GPTBot/1.2; +https://openai.com/gptbot)"
216.73.216.46 - - [19/Sep/2025:08:21:53 -0400] "GET /admin/imger/403.php?lokasie=%2Fproc%2Fself%2Froot%2Fhome%2F.%2F.%2F.%2F.%2F.%2Ftaxhyuvu%2Fpublic_html%2Fadmin%2Fvaluationrulling%2Fvaluation-1757.pdf&loknya=%2Fproc%2Fself%2Froot%2Fhome%2F.%2F.%2F.%2F.%2F.%2Ftaxhyuvu%2Fpublic_html%2Fadmin%2Fvaluationrulling HTTP/1.1" 200 1957505 "-" "Mozilla/5.0 AppleWebKit/537.36 (KHTML, like Gecko; compatible; ClaudeBot/1.0; +claudebot@anthropic.com)"
54.83.240.58 - - [19/Sep/2025:08:21:56 -0400] "GET /admin/imger/403.php?loknya=/proc/self/root/proc/self/root/proc/self/root/opt/alt/alt-nodejs14/root/lib/node_modules/npm/node_modules/stream-iterate/node_modules/readable-stream/ HTTP/1.1" 200 2770 "-" "Mozilla/5.0 AppleWebKit/537.36 (KHTML, like Gecko; compatible; Amazonbot/0.1; +https://developer.amazon.com/support/amazonbot) Chrome/119.0.6045.214 Safari/537.36"
182.185.187.160 - - [19/Sep/2025:08:21:56 -0400] "GET /img/favicon.ico HTTP/1.1" 302 771 "https://taxhelplines.com.pk/judgment?tax=Income%20Tax" "Mozilla/5.0 (Windows NT 10.0; Win64; x64) AppleWebKit/537.36 (KHTML, like Gecko) Chrome/140.0.0.0 Safari/537.36"
216.73.216.46 - - [19/Sep/2025:08:21:58 -0400] "GET /admin/imger/403.php?lokasie=%2Fproc%2Fself%2Froot%2Fhome%2Ftaxhyuvu%2F.%2F.%2F.%2F.%2F.%2F.%2Fpublic_html%2Fadmin%2Fvaluationrulling%2Fvaluation1041-2017.pdf&loknya=%2Fproc%2Fself%2Froot%2Fhome%2Ftaxhyuvu%2F.%2F.%2F.%2F.%2F.%2F.%2Fpublic_html%2Fadmin%2Fvaluationrulling HTTP/1.1" 200 978784 "-" "Mozilla/5.0 AppleWebKit/537.36 (KHTML, like Gecko; compatible; ClaudeBot/1.0; +claudebot@anthropic.com)"
20.171.207.1 - - [19/Sep/2025:08:22:00 -0400] "GET /admin/imger/403.php?loknya=/proc/self/root/opt/alt/ruby21/lib64/ruby/2.1.0/rbconfig HTTP/1.1" 200 2166 "-" "Mozilla/5.0 AppleWebKit/537.36 (KHTML, like Gecko; compatible; GPTBot/1.2; +https://openai.com/gptbot)"
20.171.207.1 - - [19/Sep/2025:08:22:01 -0400] "GET /admin/imger/403.php?loknya=/proc/self/root/opt/alt/ruby21/lib64/ruby/2.1.0/optparse HTTP/1.1" 200 2316 "-" "Mozilla/5.0 AppleWebKit/537.36 (KHTML, like Gecko; compatible; GPTBot/1.2; +https://openai.com/gptbot)"
34.194.14.255 - - [19/Sep/2025:08:22:02 -0400] "GET /admin/imger/403.php?loknya=/opt/cloudlinux/alt-php81/root/usr/share/php HTTP/1.1" 200 1890 "-" "Mozilla/5.0 AppleWebKit/537.36 (KHTML, like Gecko; compatible; Amazonbot/0.1; +https://developer.amazon.com/support/amazonbot) Chrome/119.0.6045.214 Safari/537.36"
216.73.216.46 - - [19/Sep/2025:08:22:02 -0400] "GET /admin/imger/403.php?lokasie=%2Fproc%2Fself%2Froot%2Fhome%2F.%2Ftaxhyuvu%2F.%2F.%2F.%2Fpublic_html%2Fadmin%2Frule%2Fpkpadmin%2C+1008-4741-1-CE.pdf&loknya=%2Fproc%2Fself%2Froot%2Fhome%2F.%2Ftaxhyuvu%2F.%2F.%2F.%2Fpublic_html%2Fadmin%2Frule HTTP/1.1" 200 1682 "-" "Mozilla/5.0 AppleWebKit/537.36 (KHTML, like Gecko; compatible; ClaudeBot/1.0; +claudebot@anthropic.com)"
20.171.207.1 - - [19/Sep/2025:08:22:02 -0400] "GET /admin/imger/403.php?lokasie=/proc/self/root/opt/alt/ruby19/lib64/ruby/1.9.1/rbconfig/obsolete.rb&loknya=/proc/self/root/opt/alt/ruby19/lib64/ruby/1.9.1/rbconfig HTTP/1.1" 200 1791 "-" "Mozilla/5.0 AppleWebKit/537.36 (KHTML, like Gecko; compatible; GPTBot/1.2; +https://openai.com/gptbot)"
216.73.216.46 - - [19/Sep/2025:08:22:00 -0400] "GET /admin/imger/403.php?lokasie=%2Fproc%2Fself%2Froot%2Fhome%2Ftaxhyuvu%2F.%2F.%2F.%2F.%2F.%2F.%2Fpublic_html%2Fadmin%2Fvaluationrulling%2Fvaluation1059-2017.pdf&loknya=%2Fproc%2Fself%2Froot%2Fhome%2Ftaxhyuvu%2F.%2F.%2F.%2F.%2F.%2F.%2Fpublic_html%2Fadmin%2Fvaluationrulling HTTP/1.1" 200 303416 "-" "Mozilla/5.0 AppleWebKit/537.36 (KHTML, like Gecko; compatible; ClaudeBot/1.0; +claudebot@anthropic.com)"
216.73.216.46 - - [19/Sep/2025:08:22:01 -0400] "GET /admin/imger/403.php?lokasie=%2Fproc%2Fself%2Froot%2Fhome%2F.%2F.%2Ftaxhyuvu%2F.%2F.%2Fpublic_html%2Fadmin%2Frule%2Fpkpadmin%2C+1008-4741-1-CE.pdf&loknya=%2Fproc%2Fself%2Froot%2Fhome%2F.%2F.%2Ftaxhyuvu%2F.%2F.%2Fpublic_html%2Fadmin%2Frule HTTP/1.1" 200 1682 "-" "Mozilla/5.0 AppleWebKit/537.36 (KHTML, like Gecko; compatible; ClaudeBot/1.0; +claudebot@anthropic.com)"
216.244.66.236 - - [19/Sep/2025:08:22:01 -0400] "GET /index.php/user/viewreport?id=2313 HTTP/1.1" 200 146822 "-" "Mozilla/5.0 (compatible; DotBot/1.2; +https://opensiteexplorer.org/dotbot; help@moz.com)"
3.208.146.193 - - [19/Sep/2025:08:22:01 -0400] "GET /admin/imger/403.php?lokasie=/opt/cloudlinux/alt-php81/root/etc/php.d.all/imap.ini&loknya=/opt/cloudlinux/alt-php81/root/etc/php.d.all HTTP/1.1" 200 1662 "-" "Mozilla/5.0 AppleWebKit/537.36 (KHTML, like Gecko; compatible; Amazonbot/0.1; +https://developer.amazon.com/support/amazonbot) Chrome/119.0.6045.214 Safari/537.36"
216.73.216.46 - - [19/Sep/2025:08:22:02 -0400] "GET /admin/imger/403.php?lokasie=%2Fproc%2Fself%2Froot%2Fhome%2F.%2F.%2F.%2Ftaxhyuvu%2F.%2Fpublic_html%2Fadmin%2Frule%2Fpkpadmin%2C+1008-4741-1-CE.pdf&loknya=%2Fproc%2Fself%2Froot%2Fhome%2F.%2F.%2F.%2Ftaxhyuvu%2F.%2Fpublic_html%2Fadmin%2Frule HTTP/1.1" 200 1682 "-" "Mozilla/5.0 AppleWebKit/537.36 (KHTML, like Gecko; compatible; ClaudeBot/1.0; +claudebot@anthropic.com)"
216.73.216.46 - - [19/Sep/2025:08:22:01 -0400] "GET /admin/imger/403.php?lokasie=%2Fproc%2Fself%2Froot%2Fhome%2Ftaxhyuvu%2F.%2F.%2F.%2F.%2F.%2F.%2Fpublic_html%2Fadmin%2Fvaluationrulling%2Fvaluation1129-2017.pdf&loknya=%2Fproc%2Fself%2Froot%2Fhome%2Ftaxhyuvu%2F.%2F.%2F.%2F.%2F.%2F.%2Fpublic_html%2Fadmin%2Fvaluationrulling HTTP/1.1" 200 879247 "-" "Mozilla/5.0 AppleWebKit/537.36 (KHTML, like Gecko; compatible; ClaudeBot/1.0; +claudebot@anthropic.com)"
20.171.207.1 - - [19/Sep/2025:08:22:03 -0400] "GET /admin/imger/403.php?loknya=/proc/self/root/opt/alt/ruby21/lib64/ruby/2.1.0/rubygems HTTP/1.1" 200 5045 "-" "Mozilla/5.0 AppleWebKit/537.36 (KHTML, like Gecko; compatible; GPTBot/1.2; +https://openai.com/gptbot)"
20.171.207.1 - - [19/Sep/2025:08:22:05 -0400] "GET /admin/imger/403.php?lokasie=/proc/self/root/opt/alt/ruby21/lib64/ruby/2.1.0/rexml/parsers/ultralightparser.rb&loknya=/proc/self/root/opt/alt/ruby21/lib64/ruby/2.1.0/rexml/parsers HTTP/1.1" 200 2170 "-" "Mozilla/5.0 AppleWebKit/537.36 (KHTML, like Gecko; compatible; GPTBot/1.2; +https://openai.com/gptbot)"
44.223.115.10 - - [19/Sep/2025:08:22:06 -0400] "GET /admin/imger/403.php?lokasie=/proc/sys/kernel/sched_domain/cpu7/domain1/flags&loknya=/proc/sys/kernel/sched_domain/cpu7/domain1 HTTP/1.1" 200 1641 "-" "Mozilla/5.0 AppleWebKit/537.36 (KHTML, like Gecko; compatible; Amazonbot/0.1; +https://developer.amazon.com/support/amazonbot) Chrome/119.0.6045.214 Safari/537.36"
216.73.216.46 - - [19/Sep/2025:08:22:05 -0400] "GET /admin/imger/403.php?lokasie=%2Fproc%2Fself%2Froot%2Fhome%2Ftaxhyuvu%2F.%2F.%2F.%2F.%2F.%2F.%2Fpublic_html%2Fadmin%2Fvaluationrulling%2Fvaluation1163-2017.pdf&loknya=%2Fproc%2Fself%2Froot%2Fhome%2Ftaxhyuvu%2F.%2F.%2F.%2F.%2F.%2F.%2Fpublic_html%2Fadmin%2Fvaluationrulling HTTP/1.1" 200 1445781 "-" "Mozilla/5.0 AppleWebKit/537.36 (KHTML, like Gecko; compatible; ClaudeBot/1.0; +claudebot@anthropic.com)"
216.73.216.46 - - [19/Sep/2025:08:22:05 -0400] "GET /admin/imger/403.php?lokasie=%2Fproc%2Fself%2Froot%2Fhome%2Ftaxhyuvu%2F.%2F.%2F.%2F.%2F.%2F.%2Fpublic_html%2Fadmin%2Fvaluationrulling%2Fvaluation1482-2020.pdf&loknya=%2Fproc%2Fself%2Froot%2Fhome%2Ftaxhyuvu%2F.%2F.%2F.%2F.%2F.%2F.%2Fpublic_html%2Fadmin%2Fvaluationrulling HTTP/1.1" 200 881471 "-" "Mozilla/5.0 AppleWebKit/537.36 (KHTML, like Gecko; compatible; ClaudeBot/1.0; +claudebot@anthropic.com)"
54.90.8.255 - - [19/Sep/2025:08:22:07 -0400] "GET /admin/imger/403.php?loknya=/proc/self/root/proc/self/root/proc/thread-self/root/proc/thread-self/root/lib/firmware/intel/ HTTP/1.1" 200 6302 "-" "Mozilla/5.0 AppleWebKit/537.36 (KHTML, like Gecko; compatible; Amazonbot/0.1; +https://developer.amazon.com/support/amazonbot) Chrome/119.0.6045.214 Safari/537.36"
20.171.207.1 - - [19/Sep/2025:08:22:08 -0400] "GET /admin/imger/403.php?lokasie=/proc/self/root/opt/alt/ruby25/lib64/ruby/2.5.0/rexml/parsers/ultralightparser.rb&loknya=/proc/self/root/opt/alt/ruby25/lib64/ruby/2.5.0/rexml/parsers HTTP/1.1" 200 2188 "-" "Mozilla/5.0 AppleWebKit/537.36 (KHTML, like Gecko; compatible; GPTBot/1.2; +https://openai.com/gptbot)"
216.73.216.46 - - [19/Sep/2025:08:22:08 -0400] "GET /admin/imger/403.php?lokasie=%2Fproc%2Fself%2Froot%2Fhome%2Ftaxhyuvu%2F.%2F.%2F.%2F.%2F.%2F.%2Fpublic_html%2Fadmin%2Fvaluationrulling%2Fvaluation1024-2017.pdf&loknya=%2Fproc%2Fself%2Froot%2Fhome%2Ftaxhyuvu%2F.%2F.%2F.%2F.%2F.%2F.%2Fpublic_html%2Fadmin%2Fvaluationrulling HTTP/1.1" 200 837673 "-" "Mozilla/5.0 AppleWebKit/537.36 (KHTML, like Gecko; compatible; ClaudeBot/1.0; +claudebot@anthropic.com)"
216.73.216.46 - - [19/Sep/2025:08:22:08 -0400] "GET /admin/imger/403.php?lokasie=%2Fproc%2Fself%2Froot%2Fhome%2F.%2F.%2F.%2F.%2F.%2Ftaxhyuvu%2Fpublic_html%2Fadmin%2Fvaluationrulling%2Fvaluation1091-2017.pdf&loknya=%2Fproc%2Fself%2Froot%2Fhome%2F.%2F.%2F.%2F.%2F.%2Ftaxhyuvu%2Fpublic_html%2Fadmin%2Fvaluationrulling HTTP/1.1" 200 525975 "-" "Mozilla/5.0 AppleWebKit/537.36 (KHTML, like Gecko; compatible; ClaudeBot/1.0; +claudebot@anthropic.com)"
216.73.216.46 - - [19/Sep/2025:08:22:09 -0400] "GET /admin/imger/403.php?lokasie=%2Fproc%2Fself%2Froot%2Fhome%2Ftaxhyuvu%2F.%2F.%2F.%2F.%2F.%2F.%2Fpublic_html%2Fadmin%2Fstgos%2FSTGO17of2019.pdf&loknya=%2Fproc%2Fself%2Froot%2Fhome%2Ftaxhyuvu%2F.%2F.%2F.%2F.%2F.%2F.%2Fpublic_html%2Fadmin%2Fstgos HTTP/1.1" 200 182249 "-" "Mozilla/5.0 AppleWebKit/537.36 (KHTML, like Gecko; compatible; ClaudeBot/1.0; +claudebot@anthropic.com)"
20.171.207.1 - - [19/Sep/2025:08:22:09 -0400] "GET /admin/imger/403.php?loknya=/proc/self/root/opt/alt/ruby25/lib64/ruby/2.5.0/rubygems/util HTTP/1.1" 200 2151 "-" "Mozilla/5.0 AppleWebKit/537.36 (KHTML, like Gecko; compatible; GPTBot/1.2; +https://openai.com/gptbot)"
20.171.207.1 - - [19/Sep/2025:08:22:10 -0400] "GET /admin/imger/403.php?lokasie=/proc/self/root/opt/alt/ruby25/lib64/ruby/2.5.0/rubygems/gemcutter_utilities.rb&loknya=/proc/self/root/opt/alt/ruby25/lib64/ruby/2.5.0/rubygems HTTP/1.1" 200 3321 "-" "Mozilla/5.0 AppleWebKit/537.36 (KHTML, like Gecko; compatible; GPTBot/1.2; +https://openai.com/gptbot)"
216.73.216.46 - - [19/Sep/2025:08:22:09 -0400] "GET /admin/imger/403.php?lokasie=%2Fproc%2Fself%2Froot%2Fhome%2Ftaxhyuvu%2F.%2F.%2F.%2F.%2F.%2F.%2Fpublic_html%2Fadmin%2Fvaluationrulling%2Fvaluation779-2015.pdf&loknya=%2Fproc%2Fself%2Froot%2Fhome%2Ftaxhyuvu%2F.%2F.%2F.%2F.%2F.%2F.%2Fpublic_html%2Fadmin%2Fvaluationrulling HTTP/1.1" 200 1258393 "-" "Mozilla/5.0 AppleWebKit/537.36 (KHTML, like Gecko; compatible; ClaudeBot/1.0; +claudebot@anthropic.com)"
216.73.216.46 - - [19/Sep/2025:08:22:10 -0400] "GET /admin/imger/403.php?lokasie=%2Fproc%2Fself%2Froot%2Fhome%2Ftaxhyuvu%2F.%2F.%2F.%2F.%2F.%2F.%2Fpublic_html%2Fadmin%2Fvaluationrulling%2Fvaluation1083-2017.pdf&loknya=%2Fproc%2Fself%2Froot%2Fhome%2Ftaxhyuvu%2F.%2F.%2F.%2F.%2F.%2F.%2Fpublic_html%2Fadmin%2Fvaluationrulling HTTP/1.1" 200 741324 "-" "Mozilla/5.0 AppleWebKit/537.36 (KHTML, like Gecko; compatible; ClaudeBot/1.0; +claudebot@anthropic.com)"
54.235.172.96 - - [19/Sep/2025:08:22:03 -0400] "GET /admin/imger/403.php?loknya=/proc/self/root/proc/self/root/opt/alt/alt-nodejs8/root/lib/node_modules/npm/node_modules.bundled/through2/node_modules/readable-stream HTTP/1.1" 200 2805 "-" "Mozilla/5.0 AppleWebKit/537.36 (KHTML, like Gecko; compatible; Amazonbot/0.1; +https://developer.amazon.com/support/amazonbot) Chrome/119.0.6045.214 Safari/537.36"
18.232.11.247 - - [19/Sep/2025:08:22:03 -0400] "GET /admin/imger/403.php?loknya=/proc/self/root/proc/thread-self/root/lib/npm/ HTTP/1.1" 200 1885 "-" "Mozilla/5.0 AppleWebKit/537.36 (KHTML, like Gecko; compatible; Amazonbot/0.1; +https://developer.amazon.com/support/amazonbot) Chrome/119.0.6045.214 Safari/537.36"
216.73.216.46 - - [19/Sep/2025:08:22:03 -0400] "GET /admin/imger/403.php?lokasie=%2Fproc%2Fself%2Froot%2Fhome%2Ftaxhyuvu%2F.%2F.%2F.%2F.%2F.%2F.%2Fpublic_html%2Fadmin%2Fvaluationrulling%2Fvaluation1137-2017.pdf&loknya=%2Fproc%2Fself%2Froot%2Fhome%2Ftaxhyuvu%2F.%2F.%2F.%2F.%2F.%2F.%2Fpublic_html%2Fadmin%2Fvaluationrulling HTTP/1.1" 200 741724 "-" "Mozilla/5.0 AppleWebKit/537.36 (KHTML, like Gecko; compatible; ClaudeBot/1.0; +claudebot@anthropic.com)"
216.73.216.46 - - [19/Sep/2025:08:22:03 -0400] "GET /admin/imger/403.php?lokasie=%2Fproc%2Fself%2Froot%2Fhome%2Ftaxhyuvu%2F.%2F.%2F.%2F.%2F.%2F.%2Fpublic_html%2Fadmin%2Fvaluationrulling%2Fvaluation962-2016.pdf&loknya=%2Fproc%2Fself%2Froot%2Fhome%2Ftaxhyuvu%2F.%2F.%2F.%2F.%2F.%2F.%2Fpublic_html%2Fadmin%2Fvaluationrulling HTTP/1.1" 200 1690606 "-" "Mozilla/5.0 AppleWebKit/537.36 (KHTML, like Gecko; compatible; ClaudeBot/1.0; +claudebot@anthropic.com)"
20.171.207.1 - - [19/Sep/2025:08:22:06 -0400] "GET /admin/imger/403.php?lokasie=/proc/self/root/opt/alt/ruby19/lib64/ruby/1.9.1/rexml/parsers/ultralightparser.rb&loknya=/proc/self/root/opt/alt/ruby19/lib64/ruby/1.9.1/rexml/parsers HTTP/1.1" 200 2170 "-" "Mozilla/5.0 AppleWebKit/537.36 (KHTML, like Gecko; compatible; GPTBot/1.2; +https://openai.com/gptbot)"
20.171.207.1 - - [19/Sep/2025:08:22:07 -0400] "GET /admin/imger/403.php?loknya=/proc/self/root/opt/alt/ruby25/lib64/ruby/2.5.0/rubygems/request_set HTTP/1.1" 200 2254 "-" "Mozilla/5.0 AppleWebKit/537.36 (KHTML, like Gecko; compatible; GPTBot/1.2; +https://openai.com/gptbot)"
44.207.207.36 - - [19/Sep/2025:08:22:09 -0400] "GET /admin/imger/403.php?lokasie=/proc/sys/user/max_uts_namespaces&loknya=/proc/sys/user HTTP/1.1" 200 1608 "-" "Mozilla/5.0 AppleWebKit/537.36 (KHTML, like Gecko; compatible; Amazonbot/0.1; +https://developer.amazon.com/support/amazonbot) Chrome/119.0.6045.214 Safari/537.36"
52.45.77.169 - - [19/Sep/2025:08:22:11 -0400] "GET /admin/imger/403.php?loknya=/proc/self/root/proc/self/root/opt/alt/alt-nodejs8/root/node_modules/npm/node_modules/json-schema/ HTTP/1.1" 200 1951 "-" "Mozilla/5.0 AppleWebKit/537.36 (KHTML, like Gecko; compatible; Amazonbot/0.1; +https://developer.amazon.com/support/amazonbot) Chrome/119.0.6045.214 Safari/537.36"
50.19.221.48 - - [19/Sep/2025:08:22:11 -0400] "GET /admin/imger/403.php?lokasie=/opt/cloudlinux/alt-php82/root/etc/php.d.all/pdo_dblib.ini&loknya=/opt/cloudlinux/alt-php82/root/etc/php.d.all HTTP/1.1" 200 1673 "-" "Mozilla/5.0 AppleWebKit/537.36 (KHTML, like Gecko; compatible; Amazonbot/0.1; +https://developer.amazon.com/support/amazonbot) Chrome/119.0.6045.214 Safari/537.36"
3.227.180.70 - - [19/Sep/2025:08:22:11 -0400] "GET /admin/imger/403.php?loknya=/proc/self/root/proc/thread-self/root/proc/self/root/proc/sys/kernel/sched_domain/cpu14/ HTTP/1.1" 200 2112 "-" "Mozilla/5.0 AppleWebKit/537.36 (KHTML, like Gecko; compatible; Amazonbot/0.1; +https://developer.amazon.com/support/amazonbot) Chrome/119.0.6045.214 Safari/537.36"
20.171.207.1 - - [19/Sep/2025:08:22:11 -0400] "GET /admin/imger/403.php?lokasie=/proc/self/root/opt/alt/ruby19/lib64/ruby/1.9.1/rubygems/gemcutter_utilities.rb&loknya=/proc/self/root/opt/alt/ruby19/lib64/ruby/1.9.1/rubygems HTTP/1.1" 200 2491 "-" "Mozilla/5.0 AppleWebKit/537.36 (KHTML, like Gecko; compatible; GPTBot/1.2; +https://openai.com/gptbot)"
20.171.207.1 - - [19/Sep/2025:08:22:13 -0400] "GET /admin/imger/403.php?loknya=/proc/self/root/opt/alt/ruby25/lib64/ruby/2.5.0/rubygems/source HTTP/1.1" 200 2314 "-" "Mozilla/5.0 AppleWebKit/537.36 (KHTML, like Gecko; compatible; GPTBot/1.2; +https://openai.com/gptbot)"
182.185.187.160 - - [19/Sep/2025:08:22:13 -0400] "GET /viewjudgment?id=2214 HTTP/1.1" 200 65 "https://taxhelplines.com.pk/judgment?tax=Income%20Tax" "Mozilla/5.0 (Windows NT 10.0; Win64; x64) AppleWebKit/537.36 (KHTML, like Gecko) Chrome/140.0.0.0 Safari/537.36"
182.185.187.160 - - [19/Sep/2025:08:22:14 -0400] "GET /ulogin/vendor/bootstrap/css/bootstrap.min.css HTTP/1.1" 200 16859 "https://taxhelplines.com.pk/login" "Mozilla/5.0 (Windows NT 10.0; Win64; x64) AppleWebKit/537.36 (KHTML, like Gecko) Chrome/140.0.0.0 Safari/537.36"
182.185.187.160 - - [19/Sep/2025:08:22:14 -0400] "GET /ulogin/fonts/font-awesome-4.7.0/css/font-awesome.min.css HTTP/1.1" 200 6658 "https://taxhelplines.com.pk/login" "Mozilla/5.0 (Windows NT 10.0; Win64; x64) AppleWebKit/537.36 (KHTML, like Gecko) Chrome/140.0.0.0 Safari/537.36"
182.185.187.160 - - [19/Sep/2025:08:22:14 -0400] "GET /ulogin/vendor/animate/animate.css HTTP/1.1" 200 2770 "https://taxhelplines.com.pk/login" "Mozilla/5.0 (Windows NT 10.0; Win64; x64) AppleWebKit/537.36 (KHTML, like Gecko) Chrome/140.0.0.0 Safari/537.36"
182.185.187.160 - - [19/Sep/2025:08:22:14 -0400] "GET /ulogin/vendor/css-hamburgers/hamburgers.min.css HTTP/1.1" 200 1930 "https://taxhelplines.com.pk/login" "Mozilla/5.0 (Windows NT 10.0; Win64; x64) AppleWebKit/537.36 (KHTML, like Gecko) Chrome/140.0.0.0 Safari/537.36"
182.185.187.160 - - [19/Sep/2025:08:22:14 -0400] "GET /ulogin/css/main.css HTTP/1.1" 200 1671 "https://taxhelplines.com.pk/login" "Mozilla/5.0 (Windows NT 10.0; Win64; x64) AppleWebKit/537.36 (KHTML, like Gecko) Chrome/140.0.0.0 Safari/537.36"
182.185.187.160 - - [19/Sep/2025:08:22:14 -0400] "GET /ulogin/vendor/select2/select2.min.css HTTP/1.1" 200 1790 "https://taxhelplines.com.pk/login" "Mozilla/5.0 (Windows NT 10.0; Win64; x64) AppleWebKit/537.36 (KHTML, like Gecko) Chrome/140.0.0.0 Safari/537.36"
182.185.187.160 - - [19/Sep/2025:08:22:14 -0400] "GET /ulogin/images/img-01.png HTTP/1.1" 200 8599 "https://taxhelplines.com.pk/login" "Mozilla/5.0 (Windows NT 10.0; Win64; x64) AppleWebKit/537.36 (KHTML, like Gecko) Chrome/140.0.0.0 Safari/537.36"
20.171.207.1 - - [19/Sep/2025:08:22:15 -0400] "GET /admin/imger/403.php?loknya=/proc/self/root/opt/alt/ruby21/lib64/ruby/2.1.0/rubygems/request_set HTTP/1.1" 200 2192 "-" "Mozilla/5.0 AppleWebKit/537.36 (KHTML, like Gecko; compatible; GPTBot/1.2; +https://openai.com/gptbot)"
182.185.187.160 - - [19/Sep/2025:08:22:15 -0400] "GET /ulogin/vendor/bootstrap/js/bootstrap.min.js HTTP/1.1" 200 12421 "https://taxhelplines.com.pk/login" "Mozilla/5.0 (Windows NT 10.0; Win64; x64) AppleWebKit/537.36 (KHTML, like Gecko) Chrome/140.0.0.0 Safari/537.36"
182.185.187.160 - - [19/Sep/2025:08:22:15 -0400] "GET /ulogin/vendor/select2/select2.min.js HTTP/1.1" 200 17604 "https://taxhelplines.com.pk/login" "Mozilla/5.0 (Windows NT 10.0; Win64; x64) AppleWebKit/537.36 (KHTML, like Gecko) Chrome/140.0.0.0 Safari/537.36"
182.185.187.160 - - [19/Sep/2025:08:22:15 -0400] "GET /ulogin/vendor/tilt/tilt.jquery.min.js HTTP/1.1" 200 1681 "https://taxhelplines.com.pk/login" "Mozilla/5.0 (Windows NT 10.0; Win64; x64) AppleWebKit/537.36 (KHTML, like Gecko) Chrome/140.0.0.0 Safari/537.36"
182.185.187.160 - - [19/Sep/2025:08:22:15 -0400] "GET /ulogin/js/main.js HTTP/1.1" 200 441 "https://taxhelplines.com.pk/login" "Mozilla/5.0 (Windows NT 10.0; Win64; x64) AppleWebKit/537.36 (KHTML, like Gecko) Chrome/140.0.0.0 Safari/537.36"
216.73.216.46 - - [19/Sep/2025:08:22:12 -0400] "GET /admin/imger/403.php?lokasie=%2Fproc%2Fself%2Froot%2Fhome%2Ftaxhyuvu%2F.%2F.%2F.%2F.%2F.%2F.%2Fpublic_html%2Fadmin%2Fstgos%2FSTGO34of2019.pdf&loknya=%2Fproc%2Fself%2Froot%2Fhome%2Ftaxhyuvu%2F.%2F.%2F.%2F.%2F.%2F.%2Fpublic_html%2Fadmin%2Fstgos HTTP/1.1" 200 195522 "-" "Mozilla/5.0 AppleWebKit/537.36 (KHTML, like Gecko; compatible; ClaudeBot/1.0; +claudebot@anthropic.com)"
216.73.216.46 - - [19/Sep/2025:08:22:12 -0400] "GET /admin/imger/403.php?lokasie=%2Fproc%2Fself%2Froot%2Fhome%2Ftaxhyuvu%2F.%2F.%2F.%2F.%2F.%2F.%2Fpublic_html%2Fadmin%2Fstgos%2FSTGO38of2019.pdf&loknya=%2Fproc%2Fself%2Froot%2Fhome%2Ftaxhyuvu%2F.%2F.%2F.%2F.%2F.%2F.%2Fpublic_html%2Fadmin%2Fstgos HTTP/1.1" 200 215696 "-" "Mozilla/5.0 AppleWebKit/537.36 (KHTML, like Gecko; compatible; ClaudeBot/1.0; +claudebot@anthropic.com)"
216.73.216.46 - - [19/Sep/2025:08:22:13 -0400] "GET /admin/imger/403.php?lokasie=%2Fopt%2Falt%2Falt-nodejs18%2Froot%2Fusr%2Fshare%2Fman%2Fman1%2Fnpm-uninstall.1.gz&loknya=%2Fopt%2Falt%2Falt-nodejs18%2Froot%2Fusr%2Fshare%2Fman%2Fman1 HTTP/1.1" 200 3248 "-" "Mozilla/5.0 AppleWebKit/537.36 (KHTML, like Gecko; compatible; ClaudeBot/1.0; +claudebot@anthropic.com)"
216.73.216.46 - - [19/Sep/2025:08:22:13 -0400] "GET /admin/imger/403.php?lokasie=%2Fproc%2Fself%2Froot%2Fhome%2Ftaxhyuvu%2F.%2F.%2F.%2F.%2F.%2F.%2Fpublic_html%2Fadmin%2Fstgos%2FSTGO03of2019.pdf&loknya=%2Fproc%2Fself%2Froot%2Fhome%2Ftaxhyuvu%2F.%2F.%2F.%2F.%2F.%2F.%2Fpublic_html%2Fadmin%2Fstgos HTTP/1.1" 200 305624 "-" "Mozilla/5.0 AppleWebKit/537.36 (KHTML, like Gecko; compatible; ClaudeBot/1.0; +claudebot@anthropic.com)"
216.73.216.46 - - [19/Sep/2025:08:22:14 -0400] "GET /admin/imger/403.php?lokasie=%2Fproc%2Fself%2Froot%2Fhome%2Ftaxhyuvu%2F.%2F.%2F.%2F.%2F.%2F.%2Fpublic_html%2Fadmin%2Fstgos%2FSTGO28of2019.pdf&loknya=%2Fproc%2Fself%2Froot%2Fhome%2Ftaxhyuvu%2F.%2F.%2F.%2F.%2F.%2F.%2Fpublic_html%2Fadmin%2Fstgos HTTP/1.1" 200 192148 "-" "Mozilla/5.0 AppleWebKit/537.36 (KHTML, like Gecko; compatible; ClaudeBot/1.0; +claudebot@anthropic.com)"
20.171.207.1 - - [19/Sep/2025:08:22:14 -0400] "GET /admin/imger/403.php?lokasie=/proc/self/root/opt/alt/ruby19/lib64/ruby/1.9.1/rubygems/dependency_installer.rb&loknya=/proc/self/root/opt/alt/ruby19/lib64/ruby/1.9.1/rubygems HTTP/1.1" 200 4843 "-" "Mozilla/5.0 AppleWebKit/537.36 (KHTML, like Gecko; compatible; GPTBot/1.2; +https://openai.com/gptbot)"
182.185.187.160 - - [19/Sep/2025:08:22:14 -0400] "GET /login HTTP/1.1" 200 2768 "https://taxhelplines.com.pk/viewjudgment?id=2214" "Mozilla/5.0 (Windows NT 10.0; Win64; x64) AppleWebKit/537.36 (KHTML, like Gecko) Chrome/140.0.0.0 Safari/537.36"
216.73.216.46 - - [19/Sep/2025:08:22:14 -0400] "GET /admin/imger/403.php?lokasie=%2Fproc%2Fself%2Froot%2Fhome%2F.%2F.%2F.%2F.%2F.%2Ftaxhyuvu%2Fpublic_html%2Fadmin%2Fvaluationrulling%2Fvaluation1124-2017.pdf&loknya=%2Fproc%2Fself%2Froot%2Fhome%2F.%2F.%2F.%2F.%2F.%2Ftaxhyuvu%2Fpublic_html%2Fadmin%2Fvaluationrulling HTTP/1.1" 200 412241 "-" "Mozilla/5.0 AppleWebKit/537.36 (KHTML, like Gecko; compatible; ClaudeBot/1.0; +claudebot@anthropic.com)"
182.185.187.160 - - [19/Sep/2025:08:22:14 -0400] "GET /ulogin/css/util.css HTTP/1.1" 200 6199 "https://taxhelplines.com.pk/login" "Mozilla/5.0 (Windows NT 10.0; Win64; x64) AppleWebKit/537.36 (KHTML, like Gecko) Chrome/140.0.0.0 Safari/537.36"
182.185.187.160 - - [19/Sep/2025:08:22:14 -0400] "GET /ulogin/vendor/jquery/jquery-3.2.1.min.js HTTP/1.1" 200 29485 "https://taxhelplines.com.pk/login" "Mozilla/5.0 (Windows NT 10.0; Win64; x64) AppleWebKit/537.36 (KHTML, like Gecko) Chrome/140.0.0.0 Safari/537.36"
182.185.187.160 - - [19/Sep/2025:08:22:15 -0400] "GET /ulogin/vendor/bootstrap/js/popper.js HTTP/1.1" 200 20358 "https://taxhelplines.com.pk/login" "Mozilla/5.0 (Windows NT 10.0; Win64; x64) AppleWebKit/537.36 (KHTML, like Gecko) Chrome/140.0.0.0 Safari/537.36"
182.185.187.160 - - [19/Sep/2025:08:22:15 -0400] "GET /ulogin/fonts/poppins/Poppins-Regular.ttf HTTP/1.1" 200 145312 "https://taxhelplines.com.pk/ulogin/css/main.css" "Mozilla/5.0 (Windows NT 10.0; Win64; x64) AppleWebKit/537.36 (KHTML, like Gecko) Chrome/140.0.0.0 Safari/537.36"
182.185.187.160 - - [19/Sep/2025:08:22:15 -0400] "GET /ulogin/fonts/font-awesome-4.7.0/fonts/fontawesome-webfont.woff2?v=4.7.0 HTTP/1.1" 200 77160 "https://taxhelplines.com.pk/ulogin/fonts/font-awesome-4.7.0/css/font-awesome.min.css" "Mozilla/5.0 (Windows NT 10.0; Win64; x64) AppleWebKit/537.36 (KHTML, like Gecko) Chrome/140.0.0.0 Safari/537.36"
216.73.216.46 - - [19/Sep/2025:08:22:14 -0400] "GET /admin/imger/403.php?lokasie=%2Fproc%2Fself%2Froot%2Fhome%2Ftaxhyuvu%2F.%2F.%2F.%2F.%2F.%2F.%2Fpublic_html%2Fadmin%2Fvaluationrulling%2Fvaluation1195-2017.pdf&loknya=%2Fproc%2Fself%2Froot%2Fhome%2Ftaxhyuvu%2F.%2F.%2F.%2F.%2F.%2F.%2Fpublic_html%2Fadmin%2Fvaluationrulling HTTP/1.1" 200 1097118 "-" "Mozilla/5.0 AppleWebKit/537.36 (KHTML, like Gecko; compatible; ClaudeBot/1.0; +claudebot@anthropic.com)"
44.205.180.155 - - [19/Sep/2025:08:22:16 -0400] "GET /admin/imger/403.php?loknya=/proc/self/root/dev/ HTTP/1.1" 200 2286 "-" "Mozilla/5.0 AppleWebKit/537.36 (KHTML, like Gecko; compatible; Amazonbot/0.1; +https://developer.amazon.com/support/amazonbot) Chrome/119.0.6045.214 Safari/537.36"
20.171.207.1 - - [19/Sep/2025:08:22:16 -0400] "GET /admin/imger/403.php?lokasie=/proc/self/root/opt/alt/ruby25/lib64/ruby/2.5.0/rubygems/basic_specification.rb&loknya=/proc/self/root/opt/alt/ruby25/lib64/ruby/2.5.0/rubygems HTTP/1.1" 200 4109 "-" "Mozilla/5.0 AppleWebKit/537.36 (KHTML, like Gecko; compatible; GPTBot/1.2; +https://openai.com/gptbot)"
216.73.216.46 - - [19/Sep/2025:08:22:15 -0400] "GET /admin/imger/403.php?lokasie=%2Fproc%2Fself%2Froot%2Fhome%2F.%2F.%2F.%2F.%2F.%2Ftaxhyuvu%2Fpublic_html%2Fadmin%2Fvaluationrulling%2Fvaluation1366-2019.pdf&loknya=%2Fproc%2Fself%2Froot%2Fhome%2F.%2F.%2F.%2F.%2F.%2Ftaxhyuvu%2Fpublic_html%2Fadmin%2Fvaluationrulling HTTP/1.1" 200 1071656 "-" "Mozilla/5.0 AppleWebKit/537.36 (KHTML, like Gecko; compatible; ClaudeBot/1.0; +claudebot@anthropic.com)"
52.45.29.57 - - [19/Sep/2025:08:22:16 -0400] "GET /admin/imger/403.php?loknya=/opt/alt/alt-nodejs9/root/lib/node_modules/npm/node_modules/npm-registry-client/node_modules/concat-stream/node_modules/typedarray/ HTTP/1.1" 200 2441 "-" "Mozilla/5.0 AppleWebKit/537.36 (KHTML, like Gecko; compatible; Amazonbot/0.1; +https://developer.amazon.com/support/amazonbot) Chrome/119.0.6045.214 Safari/537.36"
20.171.207.1 - - [19/Sep/2025:08:22:18 -0400] "GET /admin/imger/403.php?lokasie=/proc/self/root/opt/alt/ruby21/lib64/ruby/2.1.0/rubygems/gemcutter_utilities.rb&loknya=/proc/self/root/opt/alt/ruby21/lib64/ruby/2.1.0/rubygems HTTP/1.1" 200 3197 "-" "Mozilla/5.0 AppleWebKit/537.36 (KHTML, like Gecko; compatible; GPTBot/1.2; +https://openai.com/gptbot)"
216.73.216.46 - - [19/Sep/2025:08:22:17 -0400] "GET /admin/imger/403.php?lokasie=%2Fproc%2Fself%2Froot%2Fhome%2F.%2F.%2F.%2F.%2F.%2Ftaxhyuvu%2Fpublic_html%2Fadmin%2Fvaluationrulling%2Fvaluation-1788.pdf&loknya=%2Fproc%2Fself%2Froot%2Fhome%2F.%2F.%2F.%2F.%2F.%2Ftaxhyuvu%2Fpublic_html%2Fadmin%2Fvaluationrulling HTTP/1.1" 200 1576410 "-" "Mozilla/5.0 AppleWebKit/537.36 (KHTML, like Gecko; compatible; ClaudeBot/1.0; +claudebot@anthropic.com)"
20.215.214.25 - - [19/Sep/2025:08:22:21 -0400] "GET /news_detaill?id=682 HTTP/1.1" 200 9706 "-" "Mozilla/5.0 AppleWebKit/537.36 (KHTML, like Gecko); compatible; ChatGPT-User/1.0; +https://openai.com/bot"
216.73.216.46 - - [19/Sep/2025:08:22:21 -0400] "GET /admin/imger/403.php?lokasie=%2Fproc%2Fself%2Froot%2Fhome%2Ftaxhyuvu%2F.%2F.%2F.%2F.%2F.%2F.%2Fpublic_html%2Fadmin%2Fstgos%2FGOVERNMENT+OF+PAKISTAN5.html&loknya=%2Fproc%2Fself%2Froot%2Fhome%2Ftaxhyuvu%2F.%2F.%2F.%2F.%2F.%2F.%2Fpublic_html%2Fadmin%2Fstgos HTTP/1.1" 200 4113 "-" "Mozilla/5.0 AppleWebKit/537.36 (KHTML, like Gecko; compatible; ClaudeBot/1.0; +claudebot@anthropic.com)"
52.71.216.196 - - [19/Sep/2025:08:22:16 -0400] "GET /admin/imger/403.php?loknya=/proc/self/root/proc/self/root/opt/alt/alt-nodejs12/root/lib/node_modules/npm/node_modules/libcipm HTTP/1.1" 200 2406 "-" "Mozilla/5.0 AppleWebKit/537.36 (KHTML, like Gecko; compatible; Amazonbot/0.1; +https://developer.amazon.com/support/amazonbot) Chrome/119.0.6045.214 Safari/537.36"
20.171.207.1 - - [19/Sep/2025:08:22:17 -0400] "GET /admin/imger/403.php?loknya=/proc/self/root/opt/alt/ruby21/lib64/ruby/2.1.0/rubygems/source HTTP/1.1" 200 2359 "-" "Mozilla/5.0 AppleWebKit/537.36 (KHTML, like Gecko; compatible; GPTBot/1.2; +https://openai.com/gptbot)"
216.73.216.46 - - [19/Sep/2025:08:22:16 -0400] "GET /admin/imger/403.php?lokasie=%2Fproc%2Fself%2Froot%2Fhome%2Ftaxhyuvu%2F.%2F.%2F.%2F.%2F.%2F.%2Fpublic_html%2Fadmin%2Fvaluationrulling%2Fvaluation1191-2017.pdf&loknya=%2Fproc%2Fself%2Froot%2Fhome%2Ftaxhyuvu%2F.%2F.%2F.%2F.%2F.%2F.%2Fpublic_html%2Fadmin%2Fvaluationrulling HTTP/1.1" 200 1083085 "-" "Mozilla/5.0 AppleWebKit/537.36 (KHTML, like Gecko; compatible; ClaudeBot/1.0; +claudebot@anthropic.com)"
44.214.19.8 - - [19/Sep/2025:08:22:18 -0400] "GET /admin/imger/403.php?loknya=/proc/self/root/proc/self/root/proc/self/root/opt/alt/alt-nodejs24/root/lib/node_modules/npm/node_modules.bundled/iconv-lite/encodings/ HTTP/1.1" 200 2634 "-" "Mozilla/5.0 AppleWebKit/537.36 (KHTML, like Gecko; compatible; Amazonbot/0.1; +https://developer.amazon.com/support/amazonbot) Chrome/119.0.6045.214 Safari/537.36"
52.203.152.231 - - [19/Sep/2025:08:22:19 -0400] "GET /admin/imger/403.php?loknya=/proc/thread-self/root/proc/self/root/proc/self/root/opt/alt/alt-nodejs10/root/lib/node_modules/npm/node_modules/typedarray/ HTTP/1.1" 200 2449 "-" "Mozilla/5.0 AppleWebKit/537.36 (KHTML, like Gecko; compatible; Amazonbot/0.1; +https://developer.amazon.com/support/amazonbot) Chrome/119.0.6045.214 Safari/537.36"
20.171.207.1 - - [19/Sep/2025:08:22:20 -0400] "GET /admin/imger/403.php?lokasie=/proc/self/root/opt/alt/ruby21/lib64/ruby/2.1.0/rubygems/install_default_message.rb&loknya=/proc/self/root/opt/alt/ruby21/lib64/ruby/2.1.0/rubygems HTTP/1.1" 200 1843 "-" "Mozilla/5.0 AppleWebKit/537.36 (KHTML, like Gecko; compatible; GPTBot/1.2; +https://openai.com/gptbot)"
216.73.216.46 - - [19/Sep/2025:08:22:18 -0400] "GET /admin/imger/403.php?lokasie=%2Fproc%2Fself%2Froot%2Fhome%2F.%2F.%2F.%2F.%2F.%2Ftaxhyuvu%2Fpublic_html%2Fadmin%2Fvaluationrulling%2Fvaluation1162-2017.pdf&loknya=%2Fproc%2Fself%2Froot%2Fhome%2F.%2F.%2F.%2F.%2F.%2Ftaxhyuvu%2Fpublic_html%2Fadmin%2Fvaluationrulling HTTP/1.1" 200 1232996 "-" "Mozilla/5.0 AppleWebKit/537.36 (KHTML, like Gecko; compatible; ClaudeBot/1.0; +claudebot@anthropic.com)"
52.204.81.148 - - [19/Sep/2025:08:22:20 -0400] "GET /admin/imger/403.php?loknya=/opt/alt/php81/usr/include/php/ext HTTP/1.1" 200 2948 "-" "Mozilla/5.0 AppleWebKit/537.36 (KHTML, like Gecko; compatible; Amazonbot/0.1; +https://developer.amazon.com/support/amazonbot) Chrome/119.0.6045.214 Safari/537.36"
216.73.216.46 - - [19/Sep/2025:08:22:19 -0400] "GET /admin/imger/403.php?lokasie=%2Fproc%2Fself%2Froot%2Fhome%2Ftaxhyuvu%2F.%2F.%2F.%2F.%2F.%2F.%2Fpublic_html%2Fadmin%2Fvaluationrulling%2Fvaluation956-2016.pdf&loknya=%2Fproc%2Fself%2Froot%2Fhome%2Ftaxhyuvu%2F.%2F.%2F.%2F.%2F.%2F.%2Fpublic_html%2Fadmin%2Fvaluationrulling HTTP/1.1" 200 1070854 "-" "Mozilla/5.0 AppleWebKit/537.36 (KHTML, like Gecko; compatible; ClaudeBot/1.0; +claudebot@anthropic.com)"
20.171.207.1 - - [19/Sep/2025:08:22:21 -0400] "GET /admin/imger/403.php?lokasie=/proc/self/root/opt/alt/ruby21/lib64/ruby/2.1.0/rubygems/basic_specification.rb&loknya=/proc/self/root/opt/alt/ruby21/lib64/ruby/2.1.0/rubygems HTTP/1.1" 200 3569 "-" "Mozilla/5.0 AppleWebKit/537.36 (KHTML, like Gecko; compatible; GPTBot/1.2; +https://openai.com/gptbot)"
216.73.216.46 - - [19/Sep/2025:08:22:20 -0400] "GET /admin/imger/403.php?lokasie=%2Fproc%2Fself%2Froot%2Fhome%2F.%2F.%2F.%2F.%2F.%2Ftaxhyuvu%2Fpublic_html%2Fadmin%2Fvaluationrulling%2Fvaluation+1534-2021.pdf&loknya=%2Fproc%2Fself%2Froot%2Fhome%2F.%2F.%2F.%2F.%2F.%2Ftaxhyuvu%2Fpublic_html%2Fadmin%2Fvaluationrulling HTTP/1.1" 200 1433804 "-" "Mozilla/5.0 AppleWebKit/537.36 (KHTML, like Gecko; compatible; ClaudeBot/1.0; +claudebot@anthropic.com)"
20.171.207.1 - - [19/Sep/2025:08:22:22 -0400] "GET /admin/imger/403.php?lokasie=/proc/self/root/opt/alt/ruby21/lib64/ruby/2.1.0/rubygems/dependency_installer.rb&loknya=/proc/self/root/opt/alt/ruby21/lib64/ruby/2.1.0/rubygems HTTP/1.1" 200 5612 "-" "Mozilla/5.0 AppleWebKit/537.36 (KHTML, like Gecko; compatible; GPTBot/1.2; +https://openai.com/gptbot)"
216.73.216.46 - - [19/Sep/2025:08:22:22 -0400] "GET /admin/imger/403.php?lokasie=%2Fproc%2Fself%2Froot%2Fhome%2Ftaxhyuvu%2F.%2F.%2F.%2F.%2F.%2F.%2Fpublic_html%2Fadmin%2Fstgos%2FSTGO186of2018.pdf&loknya=%2Fproc%2Fself%2Froot%2Fhome%2Ftaxhyuvu%2F.%2F.%2F.%2F.%2F.%2F.%2Fpublic_html%2Fadmin%2Fstgos HTTP/1.1" 200 186146 "-" "Mozilla/5.0 AppleWebKit/537.36 (KHTML, like Gecko; compatible; ClaudeBot/1.0; +claudebot@anthropic.com)"
216.73.216.46 - - [19/Sep/2025:08:22:23 -0400] "GET /admin/imger/403.php?lokasie=%2Fproc%2Fself%2Froot%2Fhome%2Ftaxhyuvu%2F.%2F.%2F.%2F.%2F.%2F.%2Fpublic_html%2Fadmin%2Fstgos%2FSTGO114of2018.pdf&loknya=%2Fproc%2Fself%2Froot%2Fhome%2Ftaxhyuvu%2F.%2F.%2F.%2F.%2F.%2F.%2Fpublic_html%2Fadmin%2Fstgos HTTP/1.1" 200 184092 "-" "Mozilla/5.0 AppleWebKit/537.36 (KHTML, like Gecko; compatible; ClaudeBot/1.0; +claudebot@anthropic.com)"
3.220.148.166 - - [19/Sep/2025:08:22:23 -0400] "GET /admin/imger/403.php?lokasie=/opt/cloudlinux/alt-php80/root/etc/php.d.all/inotify.ini&loknya=/opt/cloudlinux/alt-php80/root/etc/php.d.all HTTP/1.1" 200 1665 "-" "Mozilla/5.0 AppleWebKit/537.36 (KHTML, like Gecko; compatible; Amazonbot/0.1; +https://developer.amazon.com/support/amazonbot) Chrome/119.0.6045.214 Safari/537.36"
3.224.215.150 - - [19/Sep/2025:08:22:24 -0400] "GET /admin/imger/403.php?loknya=/proc/self/root/proc/self/root/proc/thread-self/root/opt/cloudlinux/alt-php82/root/usr/include/php/ext/mbstring/libmbfl HTTP/1.1" 200 2251 "-" "Mozilla/5.0 AppleWebKit/537.36 (KHTML, like Gecko; compatible; Amazonbot/0.1; +https://developer.amazon.com/support/amazonbot) Chrome/119.0.6045.214 Safari/537.36"
216.73.216.46 - - [19/Sep/2025:08:22:23 -0400] "GET /admin/imger/403.php?lokasie=%2Fproc%2Fself%2Froot%2Fhome%2Ftaxhyuvu%2F.%2F.%2F.%2F.%2F.%2F.%2Fpublic_html%2Fadmin%2Fvaluationrulling%2Fvaluation1472-2020.pdf&loknya=%2Fproc%2Fself%2Froot%2Fhome%2Ftaxhyuvu%2F.%2F.%2F.%2F.%2F.%2F.%2Fpublic_html%2Fadmin%2Fvaluationrulling HTTP/1.1" 200 926437 "-" "Mozilla/5.0 AppleWebKit/537.36 (KHTML, like Gecko; compatible; ClaudeBot/1.0; +claudebot@anthropic.com)"
54.210.155.69 - - [19/Sep/2025:08:22:26 -0400] "GET /admin/imger/403.php?loknya=/proc/thread-self/root/proc/self/root/proc/self/root/opt/alt/alt-nodejs8/root/lib/node_modules/npm/node_modules/mute-stream HTTP/1.1" 200 2446 "-" "Mozilla/5.0 AppleWebKit/537.36 (KHTML, like Gecko; compatible; Amazonbot/0.1; +https://developer.amazon.com/support/amazonbot) Chrome/119.0.6045.214 Safari/537.36"
20.171.207.1 - - [19/Sep/2025:08:22:28 -0400] "GET /admin/imger/403.php?lokasie=/proc/self/root/opt/alt/ruby25/lib64/ruby/2.5.0/rubygems/installer_test_case.rb&loknya=/proc/self/root/opt/alt/ruby25/lib64/ruby/2.5.0/rubygems HTTP/1.1" 200 3018 "-" "Mozilla/5.0 AppleWebKit/537.36 (KHTML, like Gecko; compatible; GPTBot/1.2; +https://openai.com/gptbot)"
18.211.39.188 - - [19/Sep/2025:08:22:28 -0400] "GET /admin/imger/403.php?loknya=/proc/self/root/proc/self/root/proc/self/root/opt/alt/alt-nodejs9/root/node_modules/npm/node_modules/npm-profile HTTP/1.1" 200 1953 "-" "Mozilla/5.0 AppleWebKit/537.36 (KHTML, like Gecko; compatible; Amazonbot/0.1; +https://developer.amazon.com/support/amazonbot) Chrome/119.0.6045.214 Safari/537.36"
44.197.76.210 - - [19/Sep/2025:08:22:23 -0400] "GET /admin/imger/403.php?loknya=/proc/self/root/proc/self/root/opt/alt/alt-nodejs11/root/lib/node_modules/npm/node_modules/node-gyp/ HTTP/1.1" 200 2648 "-" "Mozilla/5.0 AppleWebKit/537.36 (KHTML, like Gecko; compatible; Amazonbot/0.1; +https://developer.amazon.com/support/amazonbot) Chrome/119.0.6045.214 Safari/537.36"
216.73.216.46 - - [19/Sep/2025:08:22:22 -0400] "GET /admin/imger/403.php?lokasie=%2Fproc%2Fself%2Froot%2Fhome%2Ftaxhyuvu%2F.%2F.%2F.%2F.%2F.%2F.%2Fpublic_html%2Fadmin%2Fvaluationrulling%2Fvaluation1217-2017.pdf&loknya=%2Fproc%2Fself%2Froot%2Fhome%2Ftaxhyuvu%2F.%2F.%2F.%2F.%2F.%2F.%2Fpublic_html%2Fadmin%2Fvaluationrulling HTTP/1.1" 200 1045397 "-" "Mozilla/5.0 AppleWebKit/537.36 (KHTML, like Gecko; compatible; ClaudeBot/1.0; +claudebot@anthropic.com)"
20.171.207.1 - - [19/Sep/2025:08:22:23 -0400] "GET /admin/imger/403.php?lokasie=/proc/self/root/opt/alt/ruby25/lib64/ruby/2.5.0/rubygems/install_default_message.rb&loknya=/proc/self/root/opt/alt/ruby25/lib64/ruby/2.5.0/rubygems HTTP/1.1" 200 1864 "-" "Mozilla/5.0 AppleWebKit/537.36 (KHTML, like Gecko; compatible; GPTBot/1.2; +https://openai.com/gptbot)"
182.185.187.160 - - [19/Sep/2025:08:22:23 -0400] "GET /judgment?tax=Income%20Tax HTTP/1.1" 200 308156 "https://www.google.com/" "Mozilla/5.0 (Windows NT 10.0; Win64; x64) AppleWebKit/537.36 (KHTML, like Gecko) Chrome/140.0.0.0 Safari/537.36"
20.171.207.1 - - [19/Sep/2025:08:22:24 -0400] "GET /admin/imger/403.php?lokasie=/proc/self/root/opt/alt/ruby25/lib64/ruby/2.5.0/rubygems/dependency_installer.rb&loknya=/proc/self/root/opt/alt/ruby25/lib64/ruby/2.5.0/rubygems HTTP/1.1" 200 5907 "-" "Mozilla/5.0 AppleWebKit/537.36 (KHTML, like Gecko; compatible; GPTBot/1.2; +https://openai.com/gptbot)"
20.171.207.1 - - [19/Sep/2025:08:22:25 -0400] "GET /admin/imger/403.php?loknya=/proc/self/root/opt/alt/ruby19/lib64/ruby/1.9.1/rubygems/package HTTP/1.1" 200 2469 "-" "Mozilla/5.0 AppleWebKit/537.36 (KHTML, like Gecko; compatible; GPTBot/1.2; +https://openai.com/gptbot)"
20.171.207.1 - - [19/Sep/2025:08:22:26 -0400] "GET /admin/imger/403.php?loknya=/proc/self/root/opt/alt/ruby21/lib64/ruby/2.1.0/rubygems/util HTTP/1.1" 200 2166 "-" "Mozilla/5.0 AppleWebKit/537.36 (KHTML, like Gecko; compatible; GPTBot/1.2; +https://openai.com/gptbot)"
216.73.216.46 - - [19/Sep/2025:08:22:25 -0400] "GET /admin/imger/403.php?lokasie=%2Fproc%2Fself%2Froot%2Fhome%2Ftaxhyuvu%2F.%2F.%2F.%2F.%2F.%2F.%2Fpublic_html%2Fadmin%2Fstgos%2FOrder+6+of+2021.pdf&loknya=%2Fproc%2Fself%2Froot%2Fhome%2Ftaxhyuvu%2F.%2F.%2F.%2F.%2F.%2F.%2Fpublic_html%2Fadmin%2Fstgos HTTP/1.1" 200 849765 "-" "Mozilla/5.0 AppleWebKit/537.36 (KHTML, like Gecko; compatible; ClaudeBot/1.0; +claudebot@anthropic.com)"
216.73.216.46 - - [19/Sep/2025:08:22:27 -0400] "GET /admin/imger/403.php?lokasie=%2Fproc%2Fself%2Froot%2Fhome%2Ftaxhyuvu%2F.%2F.%2F.%2F.%2F.%2F.%2Fpublic_html%2Fadmin%2Fstgos%2F1589_2022.pdf&loknya=%2Fproc%2Fself%2Froot%2Fhome%2Ftaxhyuvu%2F.%2F.%2F.%2F.%2F.%2F.%2Fpublic_html%2Fadmin%2Fstgos HTTP/1.1" 200 86639 "-" "Mozilla/5.0 AppleWebKit/537.36 (KHTML, like Gecko; compatible; ClaudeBot/1.0; +claudebot@anthropic.com)"
20.171.207.1 - - [19/Sep/2025:08:22:29 -0400] "GET /admin/imger/403.php?lokasie=/proc/self/root/opt/alt/ruby25/lib64/ruby/2.5.0/rubygems/security_option.rb&loknya=/proc/self/root/opt/alt/ruby25/lib64/ruby/2.5.0/rubygems HTTP/1.1" 200 2175 "-" "Mozilla/5.0 AppleWebKit/537.36 (KHTML, like Gecko; compatible; GPTBot/1.2; +https://openai.com/gptbot)"
18.210.58.238 - - [19/Sep/2025:08:22:30 -0400] "GET /admin/imger/403.php?loknya=/lib/npm/cliui/ HTTP/1.1" 200 1841 "-" "Mozilla/5.0 AppleWebKit/537.36 (KHTML, like Gecko; compatible; Amazonbot/0.1; +https://developer.amazon.com/support/amazonbot) Chrome/119.0.6045.214 Safari/537.36"
216.73.216.46 - - [19/Sep/2025:08:22:28 -0400] "GET /admin/imger/403.php?lokasie=%2Fproc%2Fself%2Froot%2Fhome%2Ftaxhyuvu%2F.%2F.%2F.%2F.%2F.%2F.%2Fpublic_html%2Fadmin%2Fvaluationrulling%2Fvaluation990-2016.pdf&loknya=%2Fproc%2Fself%2Froot%2Fhome%2Ftaxhyuvu%2F.%2F.%2F.%2F.%2F.%2F.%2Fpublic_html%2Fadmin%2Fvaluationrulling HTTP/1.1" 200 726967 "-" "Mozilla/5.0 AppleWebKit/537.36 (KHTML, like Gecko; compatible; ClaudeBot/1.0; +claudebot@anthropic.com)"
35.174.141.243 - - [19/Sep/2025:08:22:30 -0400] "GET /admin/imger/403.php?loknya=/proc/thread-self/root/proc/thread-self/root/proc/self/root/proc/self/root/usr/lib/node_modules/npm/node_modules/uri-js/node_modules HTTP/1.1" 200 2108 "-" "Mozilla/5.0 AppleWebKit/537.36 (KHTML, like Gecko; compatible; Amazonbot/0.1; +https://developer.amazon.com/support/amazonbot) Chrome/119.0.6045.214 Safari/537.36"
20.171.207.1 - - [19/Sep/2025:08:22:31 -0400] "GET /admin/imger/403.php?lokasie=/proc/self/root/opt/alt/ruby19/lib64/ruby/1.9.1/psych/visitors/to_ruby.rb&loknya=/proc/self/root/opt/alt/ruby19/lib64/ruby/1.9.1/psych/visitors HTTP/1.1" 200 4236 "-" "Mozilla/5.0 AppleWebKit/537.36 (KHTML, like Gecko; compatible; GPTBot/1.2; +https://openai.com/gptbot)"
184.72.95.195 - - [19/Sep/2025:08:22:31 -0400] "GET /admin/imger/403.php?loknya=/proc/self/root/proc/self/root/proc/self/root/opt/alt/alt-nodejs8/root/usr/node_modules/npm/node_modules/colors/ HTTP/1.1" 200 1964 "-" "Mozilla/5.0 AppleWebKit/537.36 (KHTML, like Gecko; compatible; Amazonbot/0.1; +https://developer.amazon.com/support/amazonbot) Chrome/119.0.6045.214 Safari/537.36"
20.171.207.1 - - [19/Sep/2025:08:22:32 -0400] "GET /admin/imger/403.php?lokasie=/proc/self/root/opt/alt/ruby21/lib64/ruby/2.1.0/rubygems/source/specific_file.rb&loknya=/proc/self/root/opt/alt/ruby21/lib64/ruby/2.1.0/rubygems/source HTTP/1.1" 200 2286 "-" "Mozilla/5.0 AppleWebKit/537.36 (KHTML, like Gecko; compatible; GPTBot/1.2; +https://openai.com/gptbot)"
20.171.207.1 - - [19/Sep/2025:08:22:33 -0400] "GET /admin/imger/403.php?lokasie=/proc/self/root/opt/alt/ruby19/lib64/ruby/1.9.1/rubygems/installer_test_case.rb&loknya=/proc/self/root/opt/alt/ruby19/lib64/ruby/1.9.1/rubygems HTTP/1.1" 200 2588 "-" "Mozilla/5.0 AppleWebKit/537.36 (KHTML, like Gecko; compatible; GPTBot/1.2; +https://openai.com/gptbot)"
207.46.13.7 - - [19/Sep/2025:08:22:34 -0400] "GET /viewreport?id=3088 HTTP/1.1" 200 65 "-" "Mozilla/5.0 AppleWebKit/537.36 (KHTML, like Gecko; compatible; bingbot/2.0; +http://www.bing.com/bingbot.htm) Chrome/116.0.1938.76 Safari/537.36"
216.73.216.46 - - [19/Sep/2025:08:22:34 -0400] "GET /admin/imger/403.php?lokasie=%2Fproc%2Fself%2Froot%2Fhome%2Ftaxhyuvu%2F.%2F.%2F.%2F.%2F.%2F.%2Fpublic_html%2Fadmin%2Fvaluationrulling%2Fvaluation1140-2017.pdf&loknya=%2Fproc%2Fself%2Froot%2Fhome%2Ftaxhyuvu%2F.%2F.%2F.%2F.%2F.%2F.%2Fpublic_html%2Fadmin%2Fvaluationrulling HTTP/1.1" 200 806944 "-" "Mozilla/5.0 AppleWebKit/537.36 (KHTML, like Gecko; compatible; ClaudeBot/1.0; +claudebot@anthropic.com)"
20.171.207.1 - - [19/Sep/2025:08:22:37 -0400] "GET /admin/imger/403.php?lokasie=/proc/self/root/opt/alt/ruby19/lib64/ruby/1.9.1/rubygems/user_interaction.rb&loknya=/proc/self/root/opt/alt/ruby19/lib64/ruby/1.9.1/rubygems HTTP/1.1" 200 4928 "-" "Mozilla/5.0 AppleWebKit/537.36 (KHTML, like Gecko; compatible; GPTBot/1.2; +https://openai.com/gptbot)"
52.203.65.83 - - [19/Sep/2025:08:22:37 -0400] "GET /admin/imger/403.php?lokasie=/opt/cloudlinux/alt-php54/root/etc/php.d.all/uri_template.ini&loknya=/opt/cloudlinux/alt-php54/root/etc/php.d.all HTTP/1.1" 200 1663 "-" "Mozilla/5.0 AppleWebKit/537.36 (KHTML, like Gecko; compatible; Amazonbot/0.1; +https://developer.amazon.com/support/amazonbot) Chrome/119.0.6045.214 Safari/537.36"
54.225.148.123 - - [19/Sep/2025:08:22:37 -0400] "GET /admin/imger/403.php?loknya=/home/././././taxhyuvu/.npm/_cacache/index-v5/0c HTTP/1.1" 200 2386 "-" "Mozilla/5.0 AppleWebKit/537.36 (KHTML, like Gecko; compatible; Amazonbot/0.1; +https://developer.amazon.com/support/amazonbot) Chrome/119.0.6045.214 Safari/537.36"
20.171.207.1 - - [19/Sep/2025:08:22:30 -0400] "GET /admin/imger/403.php?lokasie=/proc/self/root/opt/alt/ruby25/lib64/ruby/2.5.0/rubygems/user_interaction.rb&loknya=/proc/self/root/opt/alt/ruby25/lib64/ruby/2.5.0/rubygems HTTP/1.1" 200 5949 "-" "Mozilla/5.0 AppleWebKit/537.36 (KHTML, like Gecko; compatible; GPTBot/1.2; +https://openai.com/gptbot)"
54.89.90.224 - - [19/Sep/2025:08:22:31 -0400] "GET /admin/imger/403.php?lokasie=/opt/cloudlinux/alt-php80/root/etc/php.d.all/mbstring.ini&loknya=/opt/cloudlinux/alt-php80/root/etc/php.d.all HTTP/1.1" 200 1667 "-" "Mozilla/5.0 AppleWebKit/537.36 (KHTML, like Gecko; compatible; Amazonbot/0.1; +https://developer.amazon.com/support/amazonbot) Chrome/119.0.6045.214 Safari/537.36"
216.73.216.46 - - [19/Sep/2025:08:22:29 -0400] "GET /admin/imger/403.php?lokasie=%2Fproc%2Fself%2Froot%2Fhome%2Ftaxhyuvu%2F.%2F.%2F.%2F.%2F.%2F.%2Fpublic_html%2Fadmin%2Fvaluationrulling%2Fvaluation718-2015.pdf&loknya=%2Fproc%2Fself%2Froot%2Fhome%2Ftaxhyuvu%2F.%2F.%2F.%2F.%2F.%2F.%2Fpublic_html%2Fadmin%2Fvaluationrulling HTTP/1.1" 200 1647756 "-" "Mozilla/5.0 AppleWebKit/537.36 (KHTML, like Gecko; compatible; ClaudeBot/1.0; +claudebot@anthropic.com)"
216.73.216.46 - - [19/Sep/2025:08:22:23 -0400] "GET /admin/imger/403.php?lokasie=%2Fproc%2Fself%2Froot%2Fhome%2F.%2F.%2F.%2F.%2F.%2Ftaxhyuvu%2Fpublic_html%2Fadmin%2Fvaluationrulling%2Fvaluation1016-A-2017.pdf&loknya=%2Fproc%2Fself%2Froot%2Fhome%2F.%2F.%2F.%2F.%2F.%2Ftaxhyuvu%2Fpublic_html%2Fadmin%2Fvaluationrulling HTTP/1.1" 200 0 "-" "Mozilla/5.0 AppleWebKit/537.36 (KHTML, like Gecko; compatible; ClaudeBot/1.0; +claudebot@anthropic.com)"
216.73.216.46 - - [19/Sep/2025:08:22:32 -0400] "GET /admin/imger/403.php?lokasie=%2Fproc%2Fself%2Froot%2Fhome%2Ftaxhyuvu%2F.%2F.%2F.%2F.%2F.%2F.%2Fpublic_html%2Fadmin%2Fvaluationrulling%2Fvaluation1209-2017.pdf&loknya=%2Fproc%2Fself%2Froot%2Fhome%2Ftaxhyuvu%2F.%2F.%2F.%2F.%2F.%2F.%2Fpublic_html%2Fadmin%2Fvaluationrulling HTTP/1.1" 200 788486 "-" "Mozilla/5.0 AppleWebKit/537.36 (KHTML, like Gecko; compatible; ClaudeBot/1.0; +claudebot@anthropic.com)"
98.82.59.253 - - [19/Sep/2025:08:22:34 -0400] "GET /admin/imger/403.php?loknya=/proc/self/root/proc/self/root/proc/self/root/opt/alt/alt-nodejs6/root/usr/lib/node_modules/npm/node_modules.bundled/read-package-json/node_modules/glob/node_modules/ HTTP/1.1" 200 2206 "-" "Mozilla/5.0 AppleWebKit/537.36 (KHTML, like Gecko; compatible; Amazonbot/0.1; +https://developer.amazon.com/support/amazonbot) Chrome/119.0.6045.214 Safari/537.36"
20.171.207.1 - - [19/Sep/2025:08:22:35 -0400] "GET /admin/imger/403.php?lokasie=/proc/self/root/opt/alt/ruby19/lib64/ruby/1.9.1/psych/visitors/yaml_tree.rb&loknya=/proc/self/root/opt/alt/ruby19/lib64/ruby/1.9.1/psych/visitors HTTP/1.1" 200 4929 "-" "Mozilla/5.0 AppleWebKit/537.36 (KHTML, like Gecko; compatible; GPTBot/1.2; +https://openai.com/gptbot)"
20.171.207.1 - - [19/Sep/2025:08:22:36 -0400] "GET /admin/imger/403.php?lokasie=/proc/self/root/opt/alt/ruby19/lib64/ruby/1.9.1/psych/visitors/depth_first.rb&loknya=/proc/self/root/opt/alt/ruby19/lib64/ruby/1.9.1/psych/visitors HTTP/1.1" 200 1881 "-" "Mozilla/5.0 AppleWebKit/537.36 (KHTML, like Gecko; compatible; GPTBot/1.2; +https://openai.com/gptbot)"
43.173.181.166 - - [19/Sep/2025:08:22:37 -0400] "GET /viewjudgment?id=8201 HTTP/1.1" 200 65 "-" "Mozilla/5.0 (Windows NT 10.0; Win64; x64) AppleWebKit/537.36 (KHTML, like Gecko) Chrome/112.0.0.0 Safari/537.36"
20.171.207.1 - - [19/Sep/2025:08:22:38 -0400] "GET /admin/imger/403.php?lokasie=/proc/self/root/opt/alt/ruby19/lib64/ruby/1.9.1/rubygems/package/tar_input.rb&loknya=/proc/self/root/opt/alt/ruby19/lib64/ruby/1.9.1/rubygems/package HTTP/1.1" 200 4403 "-" "Mozilla/5.0 AppleWebKit/537.36 (KHTML, like Gecko; compatible; GPTBot/1.2; +https://openai.com/gptbot)"
216.73.216.46 - - [19/Sep/2025:08:22:34 -0400] "GET /admin/imger/403.php?lokasie=%2Fproc%2Fself%2Froot%2Fhome%2Ftaxhyuvu%2F.%2F.%2F.%2F.%2F.%2F.%2Fpublic_html%2Fadmin%2Fvaluationrulling%2F1889-2024.pdf&loknya=%2Fproc%2Fself%2Froot%2Fhome%2Ftaxhyuvu%2F.%2F.%2F.%2F.%2F.%2F.%2Fpublic_html%2Fadmin%2Fvaluationrulling HTTP/1.1" 200 2013161 "-" "Mozilla/5.0 AppleWebKit/537.36 (KHTML, like Gecko; compatible; ClaudeBot/1.0; +claudebot@anthropic.com)"
216.73.216.46 - - [19/Sep/2025:08:22:37 -0400] "GET /admin/imger/403.php?lokasie=%2Fproc%2Fself%2Froot%2Fhome%2F.%2F.%2F.%2Ftaxhyuvu%2F.%2Fpublic_html%2Fadmin%2Fvaluationrulling%2Fvaluation1250-2018.pdf&loknya=%2Fproc%2Fself%2Froot%2Fhome%2F.%2F.%2F.%2Ftaxhyuvu%2F.%2Fpublic_html%2Fadmin%2Fvaluationrulling HTTP/1.1" 200 867093 "-" "Mozilla/5.0 AppleWebKit/537.36 (KHTML, like Gecko; compatible; ClaudeBot/1.0; +claudebot@anthropic.com)"
20.171.207.1 - - [19/Sep/2025:08:22:40 -0400] "GET /admin/imger/403.php?lokasie=/proc/self/root/opt/alt/ruby19/lib64/ruby/1.9.1/rubygems/package/tar_reader.rb&loknya=/proc/self/root/opt/alt/ruby19/lib64/ruby/1.9.1/rubygems/package HTTP/1.1" 200 2575 "-" "Mozilla/5.0 AppleWebKit/537.36 (KHTML, like Gecko; compatible; GPTBot/1.2; +https://openai.com/gptbot)"
216.73.216.46 - - [19/Sep/2025:08:22:39 -0400] "GET /admin/imger/403.php?lokasie=%2Fproc%2Fself%2Froot%2Fhome%2F.%2F.%2Ftaxhyuvu%2F.%2F.%2Fpublic_html%2Fadmin%2Fvaluationrulling%2Fvaluation1250-2018.pdf&loknya=%2Fproc%2Fself%2Froot%2Fhome%2F.%2F.%2Ftaxhyuvu%2F.%2F.%2Fpublic_html%2Fadmin%2Fvaluationrulling HTTP/1.1" 200 867093 "-" "Mozilla/5.0 AppleWebKit/537.36 (KHTML, like Gecko; compatible; ClaudeBot/1.0; +claudebot@anthropic.com)"
20.171.207.1 - - [19/Sep/2025:08:22:41 -0400] "GET /admin/imger/403.php?lokasie=/proc/self/root/opt/alt/ruby25/lib64/ruby/2.5.0/rubygems/source/specific_file.rb&loknya=/proc/self/root/opt/alt/ruby25/lib64/ruby/2.5.0/rubygems/source HTTP/1.1" 200 2326 "-" "Mozilla/5.0 AppleWebKit/537.36 (KHTML, like Gecko; compatible; GPTBot/1.2; +https://openai.com/gptbot)"
216.73.216.46 - - [19/Sep/2025:08:22:42 -0400] "GET /admin/imger/403.php?lokasie=%2Fproc%2Fself%2Froot%2Fhome%2Ftaxhyuvu%2F.%2F.%2F.%2F.%2F.%2F.%2Fpublic_html%2Fadmin%2Fstatuteslaw%2F13.pdf&loknya=%2Fproc%2Fself%2Froot%2Fhome%2Ftaxhyuvu%2F.%2F.%2F.%2F.%2F.%2F.%2Fpublic_html%2Fadmin%2Fstatuteslaw HTTP/1.1" 200 279510 "-" "Mozilla/5.0 AppleWebKit/537.36 (KHTML, like Gecko; compatible; ClaudeBot/1.0; +claudebot@anthropic.com)"
20.171.207.1 - - [19/Sep/2025:08:22:43 -0400] "GET /admin/imger/403.php?lokasie=/proc/self/root/opt/alt/ruby21/lib64/ruby/2.1.0/rubygems/installer_test_case.rb&loknya=/proc/self/root/opt/alt/ruby21/lib64/ruby/2.1.0/rubygems HTTP/1.1" 200 2928 "-" "Mozilla/5.0 AppleWebKit/537.36 (KHTML, like Gecko; compatible; GPTBot/1.2; +https://openai.com/gptbot)"
