ÿØÿà JPEG ÿþ;
Server IP : 68.65.120.201 / Your IP : 216.73.216.46 Web Server : LiteSpeed System : Linux server179.web-hosting.com 4.18.0-513.18.1.lve.el8.x86_64 #1 SMP Thu Feb 22 12:55:50 UTC 2024 x86_64 User : taxhyuvu ( 2294) PHP Version : 8.1.33 Disable Function : NONE MySQL : OFF | cURL : ON | WGET : ON | Perl : ON | Python : ON | Sudo : OFF | Pkexec : OFF Directory : /proc/self/root/home/taxhyuvu/./././././access-logs/ |
Upload File : |
57.141.4.41 - - [18/Sep/2025:08:14:43 -0400] "GET /admin/imger/ HTTP/1.1" 301 795 "-" "meta-externalagent/1.1 (+https://developers.facebook.com/docs/sharing/webmasters/crawler)"
216.244.66.203 - - [18/Sep/2025:08:16:28 -0400] "GET /robots.txt HTTP/1.1" 301 795 "-" "Mozilla/5.0 (compatible; DotBot/1.2; +https://opensiteexplorer.org/dotbot; help@moz.com)"
199.244.88.223 - - [18/Sep/2025:08:17:12 -0400] "GET / HTTP/1.1" 301 795 "-" "Mozilla/5.0 (X11; Linux x86_64) AppleWebKit/537.36 (KHTML, like Gecko) Chrome/105.0.0.0 Safari/537.36"
216.244.66.236 - - [18/Sep/2025:08:38:22 -0400] "GET /robots.txt HTTP/1.1" 301 795 "-" "Mozilla/5.0 (compatible; DotBot/1.2; +https://opensiteexplorer.org/dotbot; help@moz.com)"
130.89.144.163 - - [18/Sep/2025:08:11:40 -0400] "GET /robots.txt HTTP/1.1" 301 795 "-" "OI-Crawler/Nutch (https://openintel.nl/webcrawl/)"
130.89.144.163 - - [18/Sep/2025:08:11:42 -0400] "GET / HTTP/1.1" 301 795 "-" "OI-Crawler/Nutch (https://openintel.nl/webcrawl/)"
216.73.216.184 - - [18/Sep/2025:08:22:42 -0400] "GET /robots.txt HTTP/1.1" 301 795 "-" "Mozilla/5.0 AppleWebKit/537.36 (KHTML, like Gecko; compatible; ClaudeBot/1.0; +claudebot@anthropic.com)"
216.73.216.184 - - [18/Sep/2025:08:22:42 -0400] "GET /viewreport?id=887 HTTP/1.1" 301 795 "-" "Mozilla/5.0 AppleWebKit/537.36 (KHTML, like Gecko; compatible; ClaudeBot/1.0; +claudebot@anthropic.com)"
216.244.66.236 - - [18/Sep/2025:08:38:22 -0400] "GET /robots.txt HTTP/1.1" 301 795 "-" "Mozilla/5.0 (compatible; DotBot/1.2; +https://opensiteexplorer.org/dotbot; help@moz.com)"
87.124.92.197 - - [18/Sep/2025:08:47:36 -0400] "GET / HTTP/1.1" 301 795 "https://www.google.de" "Mozilla/5.0 (Windows NT 10.0; Win64; x64) AppleWebKit/537.36 (KHTML, like Gecko) Chrome/112.0.5615.138 Safari/537.36 Edg/112.0.1722.68"
216.73.216.184 - - [18/Sep/2025:09:15:51 -0400] "GET /viewreport?id=903 HTTP/1.1" 301 795 "-" "Mozilla/5.0 AppleWebKit/537.36 (KHTML, like Gecko; compatible; ClaudeBot/1.0; +claudebot@anthropic.com)"
216.73.216.184 - - [18/Sep/2025:09:42:37 -0400] "GET /viewreport?id=896 HTTP/1.1" 301 795 "-" "Mozilla/5.0 AppleWebKit/537.36 (KHTML, like Gecko; compatible; ClaudeBot/1.0; +claudebot@anthropic.com)"
216.73.216.184 - - [18/Sep/2025:09:42:37 -0400] "GET /viewreport?id=813 HTTP/1.1" 301 795 "-" "Mozilla/5.0 AppleWebKit/537.36 (KHTML, like Gecko; compatible; ClaudeBot/1.0; +claudebot@anthropic.com)"
216.244.66.203 - - [18/Sep/2025:09:44:28 -0400] "GET /robots.txt HTTP/1.1" 301 795 "-" "Mozilla/5.0 (compatible; DotBot/1.2; +https://opensiteexplorer.org/dotbot; help@moz.com)"
130.89.144.162 - - [18/Sep/2025:09:48:41 -0400] "GET / HTTP/1.1" 301 795 "-" "OI-Crawler/Nutch (https://openintel.nl/webcrawl/)"
40.77.167.108 - - [18/Sep/2025:09:33:44 -0400] "GET /robots.txt HTTP/1.1" 301 795 "-" "Mozilla/5.0 AppleWebKit/537.36 (KHTML, like Gecko; compatible; bingbot/2.0; +http://www.bing.com/bingbot.htm) Chrome/116.0.1938.76 Safari/537.36"
66.249.74.164 - - [18/Sep/2025:09:33:48 -0400] "GET /ads.txt HTTP/1.1" 301 795 "-" "Mozilla/5.0 (compatible; Googlebot/2.1; +http://www.google.com/bot.html)"
40.77.167.50 - - [18/Sep/2025:09:33:55 -0400] "GET /public_html/book/sros/2017%20SRO%20563.pdf HTTP/1.1" 301 795 "-" "Mozilla/5.0 AppleWebKit/537.36 (KHTML, like Gecko; compatible; bingbot/2.0; +http://www.bing.com/bingbot.htm) Chrome/116.0.1938.76 Safari/537.36"
216.73.216.184 - - [18/Sep/2025:09:41:43 -0400] "GET /robots.txt HTTP/1.1" 301 795 "-" "Mozilla/5.0 AppleWebKit/537.36 (KHTML, like Gecko; compatible; ClaudeBot/1.0; +claudebot@anthropic.com)"
216.73.216.184 - - [18/Sep/2025:09:42:37 -0400] "GET /sros?tax=Sales+tax HTTP/1.1" 301 795 "-" "Mozilla/5.0 AppleWebKit/537.36 (KHTML, like Gecko; compatible; ClaudeBot/1.0; +claudebot@anthropic.com)"
130.89.144.162 - - [18/Sep/2025:09:48:40 -0400] "GET /robots.txt HTTP/1.1" 301 795 "-" "OI-Crawler/Nutch (https://openintel.nl/webcrawl/)"
216.73.216.184 - - [18/Sep/2025:09:52:14 -0400] "GET /viewreport?id=834 HTTP/1.1" 301 795 "-" "Mozilla/5.0 AppleWebKit/537.36 (KHTML, like Gecko; compatible; ClaudeBot/1.0; +claudebot@anthropic.com)"
129.28.14.231 - - [18/Sep/2025:10:02:04 -0400] "GET / HTTP/1.1" 301 795 "-" "Mozilla/5.0 (iPhone; CPU iPhone OS 13_2_3 like Mac OS X) AppleWebKit/605.1.15 (KHTML, like Gecko) Version/13.0.3 Mobile/15E148 Safari/604.1"
129.28.14.231 - - [18/Sep/2025:10:02:07 -0400] "GET / HTTP/1.1" 301 795 "-" "Mozilla/5.0 (iPhone; CPU iPhone OS 13_2_3 like Mac OS X) AppleWebKit/605.1.15 (KHTML, like Gecko) Version/13.0.3 Mobile/15E148 Safari/604.1"
20.191.45.212 - - [18/Sep/2025:10:05:23 -0400] "GET / HTTP/1.1" 301 795 "http://taxhelplines.com.pk/" "DuckDuckBot/1.1; (+http://duckduckgo.com/duckduckbot.html)"
20.191.45.212 - - [18/Sep/2025:10:05:24 -0400] "GET /favicon.ico HTTP/1.1" 301 795 "http://taxhelplines.com.pk/favicon.ico" "DuckDuckBot/1.1; (+http://duckduckgo.com/duckduckbot.html)"
216.244.66.236 - - [18/Sep/2025:10:08:21 -0400] "GET /robots.txt HTTP/1.1" 301 795 "-" "Mozilla/5.0 (compatible; DotBot/1.2; +https://opensiteexplorer.org/dotbot; help@moz.com)"
103.131.71.144 - - [18/Sep/2025:10:12:43 -0400] "GET /robots.txt HTTP/1.1" 301 795 "-" "Mozilla/5.0 (compatible; coccocbot-web/1.0; +http://help.coccoc.com/searchengine)"
154.47.28.139 - - [18/Sep/2025:10:14:57 -0400] "POST /user/login HTTP/1.1" 301 795 "http://taxhelplines.com.pk/user/login" "Mozilla/5.0 (Windows NT 10.0; Win64; x64) AppleWebKit/537.36 (KHTML, like Gecko) Chrome/124.0.0.0 Safari/537.36"
45.80.158.151 - - [18/Sep/2025:10:15:45 -0400] "GET /style.php HTTP/1.1" 301 795 "-" "Go-http-client/1.1"
45.80.158.151 - - [18/Sep/2025:10:15:47 -0400] "GET /wp-content/themes/style.php HTTP/1.1" 301 795 "-" "Go-http-client/1.1"
45.80.158.151 - - [18/Sep/2025:10:15:47 -0400] "GET /wp-admin/style.php HTTP/1.1" 301 795 "-" "Go-http-client/1.1"
45.80.158.151 - - [18/Sep/2025:10:15:48 -0400] "GET /wp-includes/style.php HTTP/1.1" 301 795 "-" "Go-http-client/1.1"
45.80.158.151 - - [18/Sep/2025:10:15:51 -0400] "GET /clas.php HTTP/1.1" 301 795 "-" "Go-http-client/1.1"
45.80.158.151 - - [18/Sep/2025:10:15:52 -0400] "GET /wp-admin/maint/akcc.php HTTP/1.1" 301 795 "-" "Go-http-client/1.1"
154.47.28.139 - - [18/Sep/2025:10:16:11 -0400] "GET /administrator/index.php HTTP/1.1" 301 795 "-" "Mozilla/5.0 (Windows NT 10.0; Win64; x64) AppleWebKit/537.36 (KHTML, like Gecko) Chrome/124.0.0.0 Safari/537.36"
154.47.28.139 - - [18/Sep/2025:10:16:21 -0400] "POST /user/login HTTP/1.1" 301 795 "http://taxhelplines.com.pk/user/login" "Mozilla/5.0 (Windows NT 10.0; Win64; x64) AppleWebKit/537.36 (KHTML, like Gecko) Chrome/124.0.0.0 Safari/537.36"
154.47.28.139 - - [18/Sep/2025:10:17:34 -0400] "GET /administrator/index.php HTTP/1.1" 301 795 "-" "Mozilla/5.0 (Windows NT 10.0; Win64; x64) AppleWebKit/537.36 (KHTML, like Gecko) Chrome/124.0.0.0 Safari/537.36"
154.47.28.139 - - [18/Sep/2025:10:21:48 -0400] "POST /user/login HTTP/1.1" 301 795 "http://taxhelplines.com.pk/user/login" "Mozilla/5.0 (Windows NT 10.0; Win64; x64) AppleWebKit/537.36 (KHTML, like Gecko) Chrome/124.0.0.0 Safari/537.36"
154.47.28.139 - - [18/Sep/2025:10:23:03 -0400] "GET /administrator/index.php HTTP/1.1" 301 795 "-" "Mozilla/5.0 (Windows NT 10.0; Win64; x64) AppleWebKit/537.36 (KHTML, like Gecko) Chrome/124.0.0.0 Safari/537.36"
216.244.66.236 - - [18/Sep/2025:10:08:23 -0400] "GET /robots.txt HTTP/1.1" 301 795 "-" "Mozilla/5.0 (compatible; DotBot/1.2; +https://opensiteexplorer.org/dotbot; help@moz.com)"
43.130.102.7 - - [18/Sep/2025:10:11:40 -0400] "GET / HTTP/1.1" 301 795 "-" "Mozilla/5.0 (iPhone; CPU iPhone OS 13_2_3 like Mac OS X) AppleWebKit/605.1.15 (KHTML, like Gecko) Version/13.0.3 Mobile/15E148 Safari/604.1"
154.47.28.139 - - [18/Sep/2025:10:14:50 -0400] "GET /administrator/index.php HTTP/1.1" 301 795 "-" "Mozilla/5.0 (Windows NT 10.0; Win64; x64) AppleWebKit/537.36 (KHTML, like Gecko) Chrome/124.0.0.0 Safari/537.36"
45.80.158.151 - - [18/Sep/2025:10:15:46 -0400] "GET /wp-content/style.php HTTP/1.1" 301 795 "-" "Go-http-client/1.1"
45.80.158.151 - - [18/Sep/2025:10:15:48 -0400] "GET /chosen.php?p= HTTP/1.1" 301 795 "-" "Go-http-client/1.1"
45.80.158.151 - - [18/Sep/2025:10:15:49 -0400] "GET /file.php HTTP/1.1" 301 795 "-" "Go-http-client/1.1"
45.80.158.151 - - [18/Sep/2025:10:15:49 -0400] "GET /wp-editor.php HTTP/1.1" 301 795 "-" "Go-http-client/1.1"
45.80.158.151 - - [18/Sep/2025:10:15:50 -0400] "GET /flower.php HTTP/1.1" 301 795 "-" "Go-http-client/1.1"
45.80.158.151 - - [18/Sep/2025:10:15:50 -0400] "GET /gifclass.php HTTP/1.1" 301 795 "-" "Go-http-client/1.1"
45.80.158.151 - - [18/Sep/2025:10:15:51 -0400] "GET /akcc.php HTTP/1.1" 301 795 "-" "Go-http-client/1.1"
45.80.158.151 - - [18/Sep/2025:10:15:52 -0400] "GET //wp-includes/js/tinymce/skins/lightgray/img/index.php?p= HTTP/1.1" 301 795 "-" "Go-http-client/1.1"
154.47.28.139 - - [18/Sep/2025:10:17:42 -0400] "POST /user/login HTTP/1.1" 301 795 "http://taxhelplines.com.pk/user/login" "Mozilla/5.0 (Windows NT 10.0; Win64; x64) AppleWebKit/537.36 (KHTML, like Gecko) Chrome/124.0.0.0 Safari/537.36"
154.47.28.139 - - [18/Sep/2025:10:18:56 -0400] "GET /administrator/index.php HTTP/1.1" 301 795 "-" "Mozilla/5.0 (Windows NT 10.0; Win64; x64) AppleWebKit/537.36 (KHTML, like Gecko) Chrome/124.0.0.0 Safari/537.36"
154.47.28.139 - - [18/Sep/2025:10:19:03 -0400] "POST /user/login HTTP/1.1" 301 795 "http://taxhelplines.com.pk/user/login" "Mozilla/5.0 (Windows NT 10.0; Win64; x64) AppleWebKit/537.36 (KHTML, like Gecko) Chrome/124.0.0.0 Safari/537.36"
154.47.28.139 - - [18/Sep/2025:10:20:19 -0400] "GET /administrator/index.php HTTP/1.1" 301 795 "-" "Mozilla/5.0 (Windows NT 10.0; Win64; x64) AppleWebKit/537.36 (KHTML, like Gecko) Chrome/124.0.0.0 Safari/537.36"
154.47.28.139 - - [18/Sep/2025:10:20:26 -0400] "POST /user/login HTTP/1.1" 301 795 "http://taxhelplines.com.pk/user/login" "Mozilla/5.0 (Windows NT 10.0; Win64; x64) AppleWebKit/537.36 (KHTML, like Gecko) Chrome/124.0.0.0 Safari/537.36"
154.47.28.139 - - [18/Sep/2025:10:21:41 -0400] "GET /administrator/index.php HTTP/1.1" 301 795 "-" "Mozilla/5.0 (Windows NT 10.0; Win64; x64) AppleWebKit/537.36 (KHTML, like Gecko) Chrome/124.0.0.0 Safari/537.36"
154.47.28.139 - - [18/Sep/2025:10:23:10 -0400] "POST /user/login HTTP/1.1" 301 795 "http://taxhelplines.com.pk/user/login" "Mozilla/5.0 (Windows NT 10.0; Win64; x64) AppleWebKit/537.36 (KHTML, like Gecko) Chrome/124.0.0.0 Safari/537.36"
130.89.144.162 - - [18/Sep/2025:10:23:13 -0400] "GET /robots.txt HTTP/1.1" 301 795 "-" "OI-Crawler/Nutch (https://openintel.nl/webcrawl/)"
130.89.144.162 - - [18/Sep/2025:10:23:15 -0400] "GET / HTTP/1.1" 301 795 "-" "OI-Crawler/Nutch (https://openintel.nl/webcrawl/)"
154.47.28.139 - - [18/Sep/2025:10:24:24 -0400] "GET /administrator/index.php HTTP/1.1" 301 795 "-" "Mozilla/5.0 (Windows NT 10.0; Win64; x64) AppleWebKit/537.36 (KHTML, like Gecko) Chrome/124.0.0.0 Safari/537.36"
216.73.216.184 - - [18/Sep/2025:10:25:21 -0400] "GET /viewreport?id=901 HTTP/1.1" 301 795 "-" "Mozilla/5.0 AppleWebKit/537.36 (KHTML, like Gecko; compatible; ClaudeBot/1.0; +claudebot@anthropic.com)"
216.73.216.184 - - [18/Sep/2025:10:25:21 -0400] "GET /viewreport?id=826 HTTP/1.1" 301 795 "-" "Mozilla/5.0 AppleWebKit/537.36 (KHTML, like Gecko; compatible; ClaudeBot/1.0; +claudebot@anthropic.com)"
154.47.28.139 - - [18/Sep/2025:10:25:45 -0400] "GET /administrator/index.php HTTP/1.1" 301 795 "-" "Mozilla/5.0 (Windows NT 10.0; Win64; x64) AppleWebKit/537.36 (KHTML, like Gecko) Chrome/124.0.0.0 Safari/537.36"
154.47.28.139 - - [18/Sep/2025:10:25:53 -0400] "POST /user/login HTTP/1.1" 301 795 "http://taxhelplines.com.pk/user/login" "Mozilla/5.0 (Windows NT 10.0; Win64; x64) AppleWebKit/537.36 (KHTML, like Gecko) Chrome/124.0.0.0 Safari/537.36"
154.47.28.139 - - [18/Sep/2025:10:27:07 -0400] "GET /administrator/index.php HTTP/1.1" 301 795 "-" "Mozilla/5.0 (Windows NT 10.0; Win64; x64) AppleWebKit/537.36 (KHTML, like Gecko) Chrome/124.0.0.0 Safari/537.36"
43.153.96.233 - - [18/Sep/2025:10:27:10 -0400] "GET / HTTP/1.1" 301 795 "-" "Mozilla/5.0 (iPhone; CPU iPhone OS 13_2_3 like Mac OS X) AppleWebKit/605.1.15 (KHTML, like Gecko) Version/13.0.3 Mobile/15E148 Safari/604.1"
154.47.28.139 - - [18/Sep/2025:10:27:14 -0400] "POST /user/login HTTP/1.1" 301 795 "http://taxhelplines.com.pk/user/login" "Mozilla/5.0 (Windows NT 10.0; Win64; x64) AppleWebKit/537.36 (KHTML, like Gecko) Chrome/124.0.0.0 Safari/537.36"
154.47.28.139 - - [18/Sep/2025:10:28:28 -0400] "GET /administrator/index.php HTTP/1.1" 301 795 "-" "Mozilla/5.0 (Windows NT 10.0; Win64; x64) AppleWebKit/537.36 (KHTML, like Gecko) Chrome/124.0.0.0 Safari/537.36"
154.47.28.139 - - [18/Sep/2025:10:24:31 -0400] "POST /user/login HTTP/1.1" 301 795 "http://taxhelplines.com.pk/user/login" "Mozilla/5.0 (Windows NT 10.0; Win64; x64) AppleWebKit/537.36 (KHTML, like Gecko) Chrome/124.0.0.0 Safari/537.36"
154.47.28.139 - - [18/Sep/2025:10:28:37 -0400] "POST /user/login HTTP/1.1" 301 795 "http://taxhelplines.com.pk/user/login" "Mozilla/5.0 (Windows NT 10.0; Win64; x64) AppleWebKit/537.36 (KHTML, like Gecko) Chrome/124.0.0.0 Safari/537.36"
216.73.216.184 - - [18/Sep/2025:10:38:33 -0400] "GET /viewreport?id=806 HTTP/1.1" 301 795 "-" "Mozilla/5.0 AppleWebKit/537.36 (KHTML, like Gecko; compatible; ClaudeBot/1.0; +claudebot@anthropic.com)"
216.73.216.184 - - [18/Sep/2025:10:38:35 -0400] "GET /viewreport?id=818 HTTP/1.1" 301 795 "-" "Mozilla/5.0 AppleWebKit/537.36 (KHTML, like Gecko; compatible; ClaudeBot/1.0; +claudebot@anthropic.com)"
216.73.216.184 - - [18/Sep/2025:10:38:36 -0400] "GET /viewjudgment?id=6199 HTTP/1.1" 301 795 "-" "Mozilla/5.0 AppleWebKit/537.36 (KHTML, like Gecko; compatible; ClaudeBot/1.0; +claudebot@anthropic.com)"
216.244.66.236 - - [18/Sep/2025:10:54:00 -0400] "GET /robots.txt HTTP/1.1" 301 795 "-" "Mozilla/5.0 (compatible; DotBot/1.2; +https://opensiteexplorer.org/dotbot; help@moz.com)"
170.106.167.214 - - [18/Sep/2025:10:41:46 -0400] "GET / HTTP/1.1" 301 795 "-" "Mozilla/5.0 (iPhone; CPU iPhone OS 13_2_3 like Mac OS X) AppleWebKit/605.1.15 (KHTML, like Gecko) Version/13.0.3 Mobile/15E148 Safari/604.1"
216.244.66.236 - - [18/Sep/2025:10:54:00 -0400] "GET /robots.txt HTTP/1.1" 301 795 "-" "Mozilla/5.0 (compatible; DotBot/1.2; +https://opensiteexplorer.org/dotbot; help@moz.com)"
207.46.13.107 - - [18/Sep/2025:10:58:32 -0400] "GET /viewjudgment?id=1893 HTTP/1.1" 301 795 "-" "Mozilla/5.0 AppleWebKit/537.36 (KHTML, like Gecko; compatible; bingbot/2.0; +http://www.bing.com/bingbot.htm) Chrome/116.0.1938.76 Safari/537.36"
216.244.66.203 - - [18/Sep/2025:11:12:44 -0400] "GET /robots.txt HTTP/1.1" 301 795 "-" "Mozilla/5.0 (compatible; DotBot/1.2; +https://opensiteexplorer.org/dotbot; help@moz.com)"
216.244.66.203 - - [18/Sep/2025:11:12:44 -0400] "GET /robots.txt HTTP/1.1" 301 795 "-" "Mozilla/5.0 (compatible; DotBot/1.2; +https://opensiteexplorer.org/dotbot; help@moz.com)"
154.53.42.174 - - [18/Sep/2025:11:20:18 -0400] "GET /style.php HTTP/1.1" 301 795 "-" "Go-http-client/1.1"
154.53.42.174 - - [18/Sep/2025:11:20:18 -0400] "GET /style.php HTTP/1.1" 301 795 "-" "Go-http-client/1.1"
54.174.58.243 - - [18/Sep/2025:11:27:45 -0400] "GET /robots.txt HTTP/1.1" 301 795 "-" "Mozilla/5.0 AppleWebKit/537.36 (KHTML, like Gecko; compatible; HubSpot Crawler; +https://www.hubspot.com) Chrome/131.0.0.0 Safari/537.36"
57.141.4.8 - - [18/Sep/2025:11:30:55 -0400] "GET /news_detaill?id=143 HTTP/1.1" 301 795 "-" "meta-externalagent/1.1 (+https://developers.facebook.com/docs/sharing/webmasters/crawler)"
36.41.75.167 - - [18/Sep/2025:11:20:13 -0400] "GET / HTTP/1.1" 301 795 "-" "Mozilla/5.0 (iPhone; CPU iPhone OS 13_2_3 like Mac OS X) AppleWebKit/605.1.15 (KHTML, like Gecko) Version/13.0.3 Mobile/15E148 Safari/604.1"
154.53.42.174 - - [18/Sep/2025:11:20:18 -0400] "GET /style.php HTTP/1.1" 301 795 "-" "Go-http-client/1.1"
66.249.65.74 - - [18/Sep/2025:11:35:05 -0400] "GET /robots.txt HTTP/1.1" 301 795 "-" "Mozilla/5.0 (compatible; Googlebot/2.1; +http://www.google.com/bot.html)"
216.244.66.236 - - [18/Sep/2025:11:40:25 -0400] "GET /robots.txt HTTP/1.1" 301 795 "-" "Mozilla/5.0 (compatible; DotBot/1.2; +https://opensiteexplorer.org/dotbot; help@moz.com)"
216.73.216.184 - - [18/Sep/2025:11:34:29 -0400] "GET /robots.txt HTTP/1.1" 301 795 "-" "Mozilla/5.0 AppleWebKit/537.36 (KHTML, like Gecko; compatible; ClaudeBot/1.0; +claudebot@anthropic.com)"
216.73.216.184 - - [18/Sep/2025:11:34:29 -0400] "GET /viewjudgment?id=6228 HTTP/1.1" 301 795 "-" "Mozilla/5.0 AppleWebKit/537.36 (KHTML, like Gecko; compatible; ClaudeBot/1.0; +claudebot@anthropic.com)"
66.249.65.64 - - [18/Sep/2025:11:35:06 -0400] "GET /ads.txt HTTP/1.1" 301 795 "-" "Mozilla/5.0 (compatible; Googlebot/2.1; +http://www.google.com/bot.html)"
216.244.66.236 - - [18/Sep/2025:11:40:26 -0400] "GET /robots.txt HTTP/1.1" 301 795 "-" "Mozilla/5.0 (compatible; DotBot/1.2; +https://opensiteexplorer.org/dotbot; help@moz.com)"
216.244.66.203 - - [18/Sep/2025:11:58:18 -0400] "GET /robots.txt HTTP/1.1" 301 795 "-" "Mozilla/5.0 (compatible; DotBot/1.2; +https://opensiteexplorer.org/dotbot; help@moz.com)"
216.244.66.203 - - [18/Sep/2025:11:58:18 -0400] "GET /robots.txt HTTP/1.1" 301 795 "-" "Mozilla/5.0 (compatible; DotBot/1.2; +https://opensiteexplorer.org/dotbot; help@moz.com)"
52.167.144.207 - - [18/Sep/2025:12:05:47 -0400] "GET /viewreport?id=135 HTTP/1.1" 301 795 "-" "Mozilla/5.0 AppleWebKit/537.36 (KHTML, like Gecko; compatible; bingbot/2.0; +http://www.bing.com/bingbot.htm) Chrome/116.0.1938.76 Safari/537.36"
43.173.172.109 - - [18/Sep/2025:12:19:05 -0400] "GET / HTTP/1.1" 301 795 "-" "Mozilla/5.0 (Windows NT 10.0; Win64; x64) AppleWebKit/537.36 (KHTML, like Gecko) Chrome/133.0.0.0 Safari/537.36"
43.173.169.247 - - [18/Sep/2025:12:19:04 -0400] "GET / HTTP/1.1" 301 795 "-" "Mozilla/5.0 (Windows NT 10.0; Win64; x64) AppleWebKit/537.36 (KHTML, like Gecko) Chrome/111.0.0.0 Safari/537.36"
216.244.66.236 - - [18/Sep/2025:12:26:02 -0400] "GET /robots.txt HTTP/1.1" 301 795 "-" "Mozilla/5.0 (compatible; DotBot/1.2; +https://opensiteexplorer.org/dotbot; help@moz.com)"
216.244.66.236 - - [18/Sep/2025:12:26:02 -0400] "GET /robots.txt HTTP/1.1" 301 795 "-" "Mozilla/5.0 (compatible; DotBot/1.2; +https://opensiteexplorer.org/dotbot; help@moz.com)"
40.77.167.77 - - [18/Sep/2025:12:41:02 -0400] "GET /viewreport?id=516 HTTP/1.1" 301 795 "-" "Mozilla/5.0 AppleWebKit/537.36 (KHTML, like Gecko; compatible; bingbot/2.0; +http://www.bing.com/bingbot.htm) Chrome/116.0.1938.76 Safari/537.36"
216.244.66.203 - - [18/Sep/2025:12:43:36 -0400] "GET /robots.txt HTTP/1.1" 301 795 "-" "Mozilla/5.0 (compatible; DotBot/1.2; +https://opensiteexplorer.org/dotbot; help@moz.com)"
154.47.28.139 - - [18/Sep/2025:13:06:12 -0400] "POST /user/login HTTP/1.1" 301 795 "http://taxhelplines.com.pk/user/login" "Mozilla/5.0 (Windows NT 10.0; Win64; x64) AppleWebKit/537.36 (KHTML, like Gecko) Chrome/124.0.0.0 Safari/537.36"
154.47.28.139 - - [18/Sep/2025:13:06:21 -0400] "GET /administrator/index.php HTTP/1.1" 301 795 "-" "Mozilla/5.0 (Windows NT 10.0; Win64; x64) AppleWebKit/537.36 (KHTML, like Gecko) Chrome/124.0.0.0 Safari/537.36"
154.47.28.139 - - [18/Sep/2025:13:07:33 -0400] "POST /user/login HTTP/1.1" 301 795 "http://taxhelplines.com.pk/user/login" "Mozilla/5.0 (Windows NT 10.0; Win64; x64) AppleWebKit/537.36 (KHTML, like Gecko) Chrome/124.0.0.0 Safari/537.36"
154.47.28.139 - - [18/Sep/2025:13:09:03 -0400] "GET /administrator/index.php HTTP/1.1" 301 795 "-" "Mozilla/5.0 (Windows NT 10.0; Win64; x64) AppleWebKit/537.36 (KHTML, like Gecko) Chrome/124.0.0.0 Safari/537.36"
154.47.28.139 - - [18/Sep/2025:13:09:10 -0400] "POST /user/login HTTP/1.1" 301 795 "http://taxhelplines.com.pk/user/login" "Mozilla/5.0 (Windows NT 10.0; Win64; x64) AppleWebKit/537.36 (KHTML, like Gecko) Chrome/124.0.0.0 Safari/537.36"
154.47.28.139 - - [18/Sep/2025:13:10:31 -0400] "POST /user/login HTTP/1.1" 301 795 "http://taxhelplines.com.pk/user/login" "Mozilla/5.0 (Windows NT 10.0; Win64; x64) AppleWebKit/537.36 (KHTML, like Gecko) Chrome/124.0.0.0 Safari/537.36"
154.47.28.139 - - [18/Sep/2025:13:11:51 -0400] "POST /user/login HTTP/1.1" 301 795 "http://taxhelplines.com.pk/user/login" "Mozilla/5.0 (Windows NT 10.0; Win64; x64) AppleWebKit/537.36 (KHTML, like Gecko) Chrome/124.0.0.0 Safari/537.36"
154.47.28.139 - - [18/Sep/2025:13:06:04 -0400] "GET /administrator/index.php HTTP/1.1" 301 795 "-" "Mozilla/5.0 (Windows NT 10.0; Win64; x64) AppleWebKit/537.36 (KHTML, like Gecko) Chrome/124.0.0.0 Safari/537.36"
154.47.28.139 - - [18/Sep/2025:13:06:29 -0400] "POST /user/login HTTP/1.1" 301 795 "http://taxhelplines.com.pk/user/login" "Mozilla/5.0 (Windows NT 10.0; Win64; x64) AppleWebKit/537.36 (KHTML, like Gecko) Chrome/124.0.0.0 Safari/537.36"
154.47.28.139 - - [18/Sep/2025:13:07:25 -0400] "GET /administrator/index.php HTTP/1.1" 301 795 "-" "Mozilla/5.0 (Windows NT 10.0; Win64; x64) AppleWebKit/537.36 (KHTML, like Gecko) Chrome/124.0.0.0 Safari/537.36"
154.47.28.139 - - [18/Sep/2025:13:07:42 -0400] "GET /administrator/index.php HTTP/1.1" 301 795 "-" "Mozilla/5.0 (Windows NT 10.0; Win64; x64) AppleWebKit/537.36 (KHTML, like Gecko) Chrome/124.0.0.0 Safari/537.36"
154.47.28.139 - - [18/Sep/2025:13:07:49 -0400] "POST /user/login HTTP/1.1" 301 795 "http://taxhelplines.com.pk/user/login" "Mozilla/5.0 (Windows NT 10.0; Win64; x64) AppleWebKit/537.36 (KHTML, like Gecko) Chrome/124.0.0.0 Safari/537.36"
154.47.28.139 - - [18/Sep/2025:13:10:24 -0400] "GET /administrator/index.php HTTP/1.1" 301 795 "-" "Mozilla/5.0 (Windows NT 10.0; Win64; x64) AppleWebKit/537.36 (KHTML, like Gecko) Chrome/124.0.0.0 Safari/537.36"
154.47.28.139 - - [18/Sep/2025:13:11:45 -0400] "GET /administrator/index.php HTTP/1.1" 301 795 "-" "Mozilla/5.0 (Windows NT 10.0; Win64; x64) AppleWebKit/537.36 (KHTML, like Gecko) Chrome/124.0.0.0 Safari/537.36"
154.47.28.139 - - [18/Sep/2025:13:13:05 -0400] "GET /administrator/index.php HTTP/1.1" 301 795 "-" "Mozilla/5.0 (Windows NT 10.0; Win64; x64) AppleWebKit/537.36 (KHTML, like Gecko) Chrome/124.0.0.0 Safari/537.36"
154.47.28.139 - - [18/Sep/2025:13:13:12 -0400] "POST /user/login HTTP/1.1" 301 795 "http://taxhelplines.com.pk/user/login" "Mozilla/5.0 (Windows NT 10.0; Win64; x64) AppleWebKit/537.36 (KHTML, like Gecko) Chrome/124.0.0.0 Safari/537.36"
154.47.28.139 - - [18/Sep/2025:13:14:25 -0400] "GET /administrator/index.php HTTP/1.1" 301 795 "-" "Mozilla/5.0 (Windows NT 10.0; Win64; x64) AppleWebKit/537.36 (KHTML, like Gecko) Chrome/124.0.0.0 Safari/537.36"
154.47.28.139 - - [18/Sep/2025:13:14:33 -0400] "POST /user/login HTTP/1.1" 301 795 "http://taxhelplines.com.pk/user/login" "Mozilla/5.0 (Windows NT 10.0; Win64; x64) AppleWebKit/537.36 (KHTML, like Gecko) Chrome/124.0.0.0 Safari/537.36"
154.47.28.139 - - [18/Sep/2025:13:15:47 -0400] "GET /administrator/index.php HTTP/1.1" 301 795 "-" "Mozilla/5.0 (Windows NT 10.0; Win64; x64) AppleWebKit/537.36 (KHTML, like Gecko) Chrome/124.0.0.0 Safari/537.36"
154.47.28.139 - - [18/Sep/2025:13:15:54 -0400] "POST /user/login HTTP/1.1" 301 795 "http://taxhelplines.com.pk/user/login" "Mozilla/5.0 (Windows NT 10.0; Win64; x64) AppleWebKit/537.36 (KHTML, like Gecko) Chrome/124.0.0.0 Safari/537.36"
130.89.144.170 - - [18/Sep/2025:13:16:25 -0400] "GET /robots.txt HTTP/1.1" 301 795 "-" "OI-Crawler/Nutch (https://openintel.nl/webcrawl/)"
130.89.144.170 - - [18/Sep/2025:13:16:27 -0400] "GET / HTTP/1.1" 301 795 "-" "OI-Crawler/Nutch (https://openintel.nl/webcrawl/)"
154.47.28.139 - - [18/Sep/2025:13:17:08 -0400] "GET /administrator/index.php HTTP/1.1" 301 795 "-" "Mozilla/5.0 (Windows NT 10.0; Win64; x64) AppleWebKit/537.36 (KHTML, like Gecko) Chrome/124.0.0.0 Safari/537.36"
154.47.28.139 - - [18/Sep/2025:13:18:29 -0400] "GET /administrator/index.php HTTP/1.1" 301 795 "-" "Mozilla/5.0 (Windows NT 10.0; Win64; x64) AppleWebKit/537.36 (KHTML, like Gecko) Chrome/124.0.0.0 Safari/537.36"
154.47.28.139 - - [18/Sep/2025:13:18:36 -0400] "POST /user/login HTTP/1.1" 301 795 "http://taxhelplines.com.pk/user/login" "Mozilla/5.0 (Windows NT 10.0; Win64; x64) AppleWebKit/537.36 (KHTML, like Gecko) Chrome/124.0.0.0 Safari/537.36"
154.47.28.139 - - [18/Sep/2025:13:19:50 -0400] "GET /administrator/index.php HTTP/1.1" 301 795 "-" "Mozilla/5.0 (Windows NT 10.0; Win64; x64) AppleWebKit/537.36 (KHTML, like Gecko) Chrome/124.0.0.0 Safari/537.36"
154.47.28.139 - - [18/Sep/2025:13:21:13 -0400] "GET /administrator/index.php HTTP/1.1" 301 795 "-" "Mozilla/5.0 (Windows NT 10.0; Win64; x64) AppleWebKit/537.36 (KHTML, like Gecko) Chrome/124.0.0.0 Safari/537.36"
154.47.28.139 - - [18/Sep/2025:13:21:21 -0400] "POST /user/login HTTP/1.1" 301 795 "http://taxhelplines.com.pk/user/login" "Mozilla/5.0 (Windows NT 10.0; Win64; x64) AppleWebKit/537.36 (KHTML, like Gecko) Chrome/124.0.0.0 Safari/537.36"
154.47.28.139 - - [18/Sep/2025:13:22:42 -0400] "POST /user/login HTTP/1.1" 301 795 "http://taxhelplines.com.pk/user/login" "Mozilla/5.0 (Windows NT 10.0; Win64; x64) AppleWebKit/537.36 (KHTML, like Gecko) Chrome/124.0.0.0 Safari/537.36"
154.47.28.139 - - [18/Sep/2025:13:23:56 -0400] "GET /administrator/index.php HTTP/1.1" 301 795 "-" "Mozilla/5.0 (Windows NT 10.0; Win64; x64) AppleWebKit/537.36 (KHTML, like Gecko) Chrome/124.0.0.0 Safari/537.36"
216.244.66.236 - - [18/Sep/2025:13:25:14 -0400] "GET /robots.txt HTTP/1.1" 301 795 "-" "Mozilla/5.0 (compatible; DotBot/1.2; +https://opensiteexplorer.org/dotbot; help@moz.com)"
154.47.28.139 - - [18/Sep/2025:13:25:27 -0400] "POST /user/login HTTP/1.1" 301 795 "http://taxhelplines.com.pk/user/login" "Mozilla/5.0 (Windows NT 10.0; Win64; x64) AppleWebKit/537.36 (KHTML, like Gecko) Chrome/124.0.0.0 Safari/537.36"
154.47.28.139 - - [18/Sep/2025:13:26:41 -0400] "GET /administrator/index.php HTTP/1.1" 301 795 "-" "Mozilla/5.0 (Windows NT 10.0; Win64; x64) AppleWebKit/537.36 (KHTML, like Gecko) Chrome/124.0.0.0 Safari/537.36"
154.47.28.139 - - [18/Sep/2025:13:28:05 -0400] "GET /administrator/index.php HTTP/1.1" 301 795 "-" "Mozilla/5.0 (Windows NT 10.0; Win64; x64) AppleWebKit/537.36 (KHTML, like Gecko) Chrome/124.0.0.0 Safari/537.36"
154.47.28.139 - - [18/Sep/2025:13:17:14 -0400] "POST /user/login HTTP/1.1" 301 795 "http://taxhelplines.com.pk/user/login" "Mozilla/5.0 (Windows NT 10.0; Win64; x64) AppleWebKit/537.36 (KHTML, like Gecko) Chrome/124.0.0.0 Safari/537.36"
154.47.28.139 - - [18/Sep/2025:13:19:58 -0400] "POST /user/login HTTP/1.1" 301 795 "http://taxhelplines.com.pk/user/login" "Mozilla/5.0 (Windows NT 10.0; Win64; x64) AppleWebKit/537.36 (KHTML, like Gecko) Chrome/124.0.0.0 Safari/537.36"
154.47.28.139 - - [18/Sep/2025:13:22:35 -0400] "GET /administrator/index.php HTTP/1.1" 301 795 "-" "Mozilla/5.0 (Windows NT 10.0; Win64; x64) AppleWebKit/537.36 (KHTML, like Gecko) Chrome/124.0.0.0 Safari/537.36"
154.47.28.139 - - [18/Sep/2025:13:24:06 -0400] "POST /user/login HTTP/1.1" 301 795 "http://taxhelplines.com.pk/user/login" "Mozilla/5.0 (Windows NT 10.0; Win64; x64) AppleWebKit/537.36 (KHTML, like Gecko) Chrome/124.0.0.0 Safari/537.36"
173.252.83.6 - - [18/Sep/2025:13:25:05 -0400] "GET /robots.txt HTTP/1.1" 301 795 "-" "facebookexternalhit/1.1 (+http://www.facebook.com/externalhit_uatext.php)"
173.252.83.114 - - [18/Sep/2025:13:25:05 -0400] "GET /robots.txt HTTP/1.1" 301 795 "-" "facebookexternalhit/1.1 (+http://www.facebook.com/externalhit_uatext.php)"
57.141.4.46 - - [18/Sep/2025:13:25:05 -0400] "GET / HTTP/1.1" 301 795 "-" "meta-externalagent/1.1 (+https://developers.facebook.com/docs/sharing/webmasters/crawler)"
216.244.66.236 - - [18/Sep/2025:13:25:14 -0400] "GET /robots.txt HTTP/1.1" 301 795 "-" "Mozilla/5.0 (compatible; DotBot/1.2; +https://opensiteexplorer.org/dotbot; help@moz.com)"
154.47.28.139 - - [18/Sep/2025:13:25:20 -0400] "GET /administrator/index.php HTTP/1.1" 301 795 "-" "Mozilla/5.0 (Windows NT 10.0; Win64; x64) AppleWebKit/537.36 (KHTML, like Gecko) Chrome/124.0.0.0 Safari/537.36"
154.47.28.139 - - [18/Sep/2025:13:26:51 -0400] "POST /user/login HTTP/1.1" 301 795 "http://taxhelplines.com.pk/user/login" "Mozilla/5.0 (Windows NT 10.0; Win64; x64) AppleWebKit/537.36 (KHTML, like Gecko) Chrome/124.0.0.0 Safari/537.36"
154.47.28.139 - - [18/Sep/2025:13:28:12 -0400] "POST /user/login HTTP/1.1" 301 795 "http://taxhelplines.com.pk/user/login" "Mozilla/5.0 (Windows NT 10.0; Win64; x64) AppleWebKit/537.36 (KHTML, like Gecko) Chrome/124.0.0.0 Safari/537.36"
154.47.28.139 - - [18/Sep/2025:13:29:26 -0400] "GET /administrator/index.php HTTP/1.1" 301 795 "-" "Mozilla/5.0 (Windows NT 10.0; Win64; x64) AppleWebKit/537.36 (KHTML, like Gecko) Chrome/124.0.0.0 Safari/537.36"
43.133.69.37 - - [18/Sep/2025:13:31:04 -0400] "GET / HTTP/1.1" 301 795 "-" "Mozilla/5.0 (iPhone; CPU iPhone OS 13_2_3 like Mac OS X) AppleWebKit/605.1.15 (KHTML, like Gecko) Version/13.0.3 Mobile/15E148 Safari/604.1"
154.47.28.140 - - [18/Sep/2025:13:33:40 -0400] "POST /user/login HTTP/1.1" 301 795 "http://taxhelplines.com.pk/user/login" "Mozilla/5.0 (Windows NT 10.0; Win64; x64) AppleWebKit/537.36 (KHTML, like Gecko) Chrome/124.0.0.0 Safari/537.36"
154.47.28.140 - - [18/Sep/2025:13:34:42 -0400] "GET /administrator/index.php HTTP/1.1" 301 795 "-" "Mozilla/5.0 (Windows NT 10.0; Win64; x64) AppleWebKit/537.36 (KHTML, like Gecko) Chrome/124.0.0.0 Safari/537.36"
154.47.28.140 - - [18/Sep/2025:13:34:51 -0400] "POST /user/login HTTP/1.1" 301 795 "http://taxhelplines.com.pk/user/login" "Mozilla/5.0 (Windows NT 10.0; Win64; x64) AppleWebKit/537.36 (KHTML, like Gecko) Chrome/124.0.0.0 Safari/537.36"
154.47.28.140 - - [18/Sep/2025:13:35:55 -0400] "GET /administrator/index.php HTTP/1.1" 301 795 "-" "Mozilla/5.0 (Windows NT 10.0; Win64; x64) AppleWebKit/537.36 (KHTML, like Gecko) Chrome/124.0.0.0 Safari/537.36"
154.47.28.140 - - [18/Sep/2025:13:36:04 -0400] "POST /user/login HTTP/1.1" 301 795 "http://taxhelplines.com.pk/user/login" "Mozilla/5.0 (Windows NT 10.0; Win64; x64) AppleWebKit/537.36 (KHTML, like Gecko) Chrome/124.0.0.0 Safari/537.36"
216.73.216.184 - - [18/Sep/2025:13:37:33 -0400] "GET /robots.txt HTTP/1.1" 301 795 "-" "Mozilla/5.0 AppleWebKit/537.36 (KHTML, like Gecko; compatible; ClaudeBot/1.0; +claudebot@anthropic.com)"
216.73.216.184 - - [18/Sep/2025:13:37:35 -0400] "GET /viewreport?id=831 HTTP/1.1" 301 795 "-" "Mozilla/5.0 AppleWebKit/537.36 (KHTML, like Gecko; compatible; ClaudeBot/1.0; +claudebot@anthropic.com)"
216.244.66.203 - - [18/Sep/2025:13:28:51 -0400] "GET /robots.txt HTTP/1.1" 301 795 "-" "Mozilla/5.0 (compatible; DotBot/1.2; +https://opensiteexplorer.org/dotbot; help@moz.com)"
216.244.66.203 - - [18/Sep/2025:13:28:51 -0400] "GET /robots.txt HTTP/1.1" 301 795 "-" "Mozilla/5.0 (compatible; DotBot/1.2; +https://opensiteexplorer.org/dotbot; help@moz.com)"
154.47.28.140 - - [18/Sep/2025:13:30:05 -0400] "POST /user/login HTTP/1.1" 301 795 "http://taxhelplines.com.pk/user/login" "Mozilla/5.0 (Windows NT 10.0; Win64; x64) AppleWebKit/537.36 (KHTML, like Gecko) Chrome/124.0.0.0 Safari/537.36"
154.47.28.140 - - [18/Sep/2025:13:31:12 -0400] "GET /administrator/index.php HTTP/1.1" 301 795 "-" "Mozilla/5.0 (Windows NT 10.0; Win64; x64) AppleWebKit/537.36 (KHTML, like Gecko) Chrome/124.0.0.0 Safari/537.36"
154.47.28.140 - - [18/Sep/2025:13:31:20 -0400] "POST /user/login HTTP/1.1" 301 795 "http://taxhelplines.com.pk/user/login" "Mozilla/5.0 (Windows NT 10.0; Win64; x64) AppleWebKit/537.36 (KHTML, like Gecko) Chrome/124.0.0.0 Safari/537.36"
154.47.28.140 - - [18/Sep/2025:13:32:21 -0400] "GET /administrator/index.php HTTP/1.1" 301 795 "-" "Mozilla/5.0 (Windows NT 10.0; Win64; x64) AppleWebKit/537.36 (KHTML, like Gecko) Chrome/124.0.0.0 Safari/537.36"
154.47.28.140 - - [18/Sep/2025:13:32:30 -0400] "POST /user/login HTTP/1.1" 301 795 "http://taxhelplines.com.pk/user/login" "Mozilla/5.0 (Windows NT 10.0; Win64; x64) AppleWebKit/537.36 (KHTML, like Gecko) Chrome/124.0.0.0 Safari/537.36"
154.47.28.140 - - [18/Sep/2025:13:33:32 -0400] "GET /administrator/index.php HTTP/1.1" 301 795 "-" "Mozilla/5.0 (Windows NT 10.0; Win64; x64) AppleWebKit/537.36 (KHTML, like Gecko) Chrome/124.0.0.0 Safari/537.36"
216.73.216.184 - - [18/Sep/2025:14:05:49 -0400] "GET /viewreport?id=846 HTTP/1.1" 301 795 "-" "Mozilla/5.0 AppleWebKit/537.36 (KHTML, like Gecko; compatible; ClaudeBot/1.0; +claudebot@anthropic.com)"
216.244.66.203 - - [18/Sep/2025:14:14:01 -0400] "GET /robots.txt HTTP/1.1" 301 795 "-" "Mozilla/5.0 (compatible; DotBot/1.2; +https://opensiteexplorer.org/dotbot; help@moz.com)"
216.244.66.236 - - [18/Sep/2025:14:09:58 -0400] "GET /robots.txt HTTP/1.1" 301 795 "-" "Mozilla/5.0 (compatible; DotBot/1.2; +https://opensiteexplorer.org/dotbot; help@moz.com)"
216.244.66.236 - - [18/Sep/2025:14:09:58 -0400] "GET /robots.txt HTTP/1.1" 301 795 "-" "Mozilla/5.0 (compatible; DotBot/1.2; +https://opensiteexplorer.org/dotbot; help@moz.com)"
180.102.134.69 - - [18/Sep/2025:14:11:41 -0400] "GET / HTTP/1.1" 301 795 "-" "Mozilla/5.0 (iPhone; CPU iPhone OS 13_2_3 like Mac OS X) AppleWebKit/605.1.15 (KHTML, like Gecko) Version/13.0.3 Mobile/15E148 Safari/604.1"
114.119.147.13 - - [18/Sep/2025:14:11:42 -0400] "GET / HTTP/1.1" 301 795 "-" "Mozilla/5.0 (Linux; Android 7.0;) AppleWebKit/537.36 (KHTML, like Gecko) Mobile Safari/537.36 (compatible; PetalBot;+https://webmaster.petalsearch.com/site/petalbot)"
40.77.167.151 - - [18/Sep/2025:14:21:13 -0400] "GET /service/status/J4RY5SDLFJSALFJSFDJLKWIEJIC4RY5O3J4RY5O3J4RY5O3J4RY5O3J4RY5O3J4RY5O3J4RY5O3J4RY5O3J4RY5O3J4RY5O3J4RY5O3J4RY5AADSKJKVSDKCM5O3J4RY5O3J4RY5O33.htm HTTP/1.1" 301 795 "-" "Mozilla/5.0 AppleWebKit/537.36 (KHTML, like Gecko; compatible; bingbot/2.0; +http://www.bing.com/bingbot.htm) Chrome/116.0.1938.76 Safari/537.36"
51.68.236.114 - - [18/Sep/2025:14:39:46 -0400] "GET / HTTP/1.1" 301 795 "-" "Mozilla/5.0 (compatible; MJ12bot/v2.0.4; http://mj12bot.com/)"
35.238.157.111 - - [18/Sep/2025:14:43:55 -0400] "HEAD /bc HTTP/1.1" 301 0 "-" "Mozilla/5.0 (Windows NT 11.0; Win64; x64) AppleWebKit/537.36 (KHTML, like Gecko) Chrome/124.0.6367.62 Safari/537.36"
35.238.157.111 - - [18/Sep/2025:14:43:56 -0400] "HEAD /home HTTP/1.1" 301 0 "-" "Mozilla/5.0 (Windows NT 10.0; Win64; x64) AppleWebKit/537.36 (KHTML, like Gecko) Chrome/120.0.6099.200 YaBrowser/24.1.0.0 Safari/537.36"
35.238.157.111 - - [18/Sep/2025:14:43:56 -0400] "HEAD /backup HTTP/1.1" 301 0 "-" "Mozilla/5.0 (Windows NT 10.0; Win64; x64) AppleWebKit/537.36 (KHTML, like Gecko) Chrome/120.0.6099.224 Safari/537.36 OPR/106.0.0.0"
35.238.157.111 - - [18/Sep/2025:14:43:56 -0400] "HEAD /wp HTTP/1.1" 301 0 "-" "Mozilla/5.0 (Linux; Android 14; Pixel 8 Pro) AppleWebKit/537.36 (KHTML, like Gecko) Chrome/124.0.6367.56 Mobile Safari/537.36"
35.238.157.111 - - [18/Sep/2025:14:43:56 -0400] "HEAD /bk HTTP/1.1" 301 0 "-" "Mozilla/5.0 (Macintosh; Intel Mac OS X 14_2) AppleWebKit/537.36 (KHTML, like Gecko) Chrome/121.0.6167.86 Safari/537.36 Brave/1.62.162"
35.238.157.111 - - [18/Sep/2025:14:43:56 -0400] "HEAD / HTTP/1.1" 301 0 "-" "Mozilla/5.0 (Android 13; Mobile; rv:124.0) Gecko/124.0 Firefox/124.0"
35.238.157.111 - - [18/Sep/2025:14:43:57 -0400] "HEAD /old HTTP/1.1" 301 0 "-" "Mozilla/5.0 (Windows NT 10.0; Win64; x64) AppleWebKit/537.36 (KHTML, like Gecko) Chrome/122.0.0.0 Safari/537.36 Edg/122.0.2365.66"
51.68.236.114 - - [18/Sep/2025:14:39:45 -0400] "GET /robots.txt HTTP/1.1" 301 795 "-" "Mozilla/5.0 (compatible; MJ12bot/v2.0.4; http://mj12bot.com/)"
35.238.157.111 - - [18/Sep/2025:14:43:55 -0400] "HEAD /main HTTP/1.1" 301 0 "-" "Mozilla/5.0 (Linux; U; Android 11; en-US; V2027) AppleWebKit/537.36 (KHTML, like Gecko) Version/4.0 Chrome/89.0.4389.116 UCBrowser/13.4.0.1306 Mobile Safari/537.36"
35.238.157.111 - - [18/Sep/2025:14:43:56 -0400] "HEAD /wordpress HTTP/1.1" 301 0 "-" "Mozilla/5.0 (Windows NT 10.0; Win64; x64; rv:123.0) Gecko/20100101 Firefox/123.0"
35.238.157.111 - - [18/Sep/2025:14:43:56 -0400] "HEAD /new HTTP/1.1" 301 0 "-" "Mozilla/5.0 (Linux; Android 14; Pixel 8 Pro) AppleWebKit/537.36 (KHTML, like Gecko) Chrome/124.0.6367.56 Mobile Safari/537.36"
216.244.66.203 - - [18/Sep/2025:14:58:51 -0400] "GET /robots.txt HTTP/1.1" 301 795 "-" "Mozilla/5.0 (compatible; DotBot/1.2; +https://opensiteexplorer.org/dotbot; help@moz.com)"
216.244.66.236 - - [18/Sep/2025:14:54:49 -0400] "GET /robots.txt HTTP/1.1" 301 795 "-" "Mozilla/5.0 (compatible; DotBot/1.2; +https://opensiteexplorer.org/dotbot; help@moz.com)"
216.244.66.236 - - [18/Sep/2025:14:54:49 -0400] "GET /robots.txt HTTP/1.1" 301 795 "-" "Mozilla/5.0 (compatible; DotBot/1.2; +https://opensiteexplorer.org/dotbot; help@moz.com)"
216.244.66.203 - - [18/Sep/2025:14:58:51 -0400] "GET /robots.txt HTTP/1.1" 301 795 "-" "Mozilla/5.0 (compatible; DotBot/1.2; +https://opensiteexplorer.org/dotbot; help@moz.com)"
52.187.125.182 - - [18/Sep/2025:15:14:50 -0400] "GET /wp-content/plugins/hellopress/wp_filemanager.php HTTP/1.1" 301 795 "-" "-"
52.187.125.182 - - [18/Sep/2025:15:14:53 -0400] "GET /nc4.php HTTP/1.1" 301 795 "-" "-"
52.187.125.182 - - [18/Sep/2025:15:14:53 -0400] "GET /acxx.php HTTP/1.1" 301 795 "-" "-"
52.187.125.182 - - [18/Sep/2025:15:14:55 -0400] "GET /v2.php HTTP/1.1" 301 795 "-" "-"
52.187.125.182 - - [18/Sep/2025:15:14:56 -0400] "GET /CLA.php HTTP/1.1" 301 795 "-" "-"
52.187.125.182 - - [18/Sep/2025:15:14:57 -0400] "GET /wander.php HTTP/1.1" 301 795 "-" "-"
52.187.125.182 - - [18/Sep/2025:15:14:58 -0400] "GET /ot.php HTTP/1.1" 301 795 "-" "-"
52.187.125.182 - - [18/Sep/2025:15:14:59 -0400] "GET /gfile.php HTTP/1.1" 301 795 "-" "-"
52.187.125.182 - - [18/Sep/2025:15:14:59 -0400] "GET /ol.php HTTP/1.1" 301 795 "-" "-"
52.187.125.182 - - [18/Sep/2025:15:15:01 -0400] "GET /ee.php HTTP/1.1" 301 795 "-" "-"
52.187.125.182 - - [18/Sep/2025:15:15:02 -0400] "GET /ffile.php HTTP/1.1" 301 795 "-" "-"
52.187.125.182 - - [18/Sep/2025:15:15:02 -0400] "GET /gold.php HTTP/1.1" 301 795 "-" "-"
52.187.125.182 - - [18/Sep/2025:15:15:03 -0400] "GET /lc.php HTTP/1.1" 301 795 "-" "-"
52.187.125.182 - - [18/Sep/2025:15:15:04 -0400] "GET /222.php HTTP/1.1" 301 795 "-" "-"
52.187.125.182 - - [18/Sep/2025:15:15:04 -0400] "GET /xhouf.php HTTP/1.1" 301 795 "-" "-"
52.187.125.182 - - [18/Sep/2025:15:15:05 -0400] "GET /num.php HTTP/1.1" 301 795 "-" "-"
52.187.125.182 - - [18/Sep/2025:15:15:06 -0400] "GET /ava.php HTTP/1.1" 301 795 "-" "-"
52.187.125.182 - - [18/Sep/2025:15:15:07 -0400] "GET /sad.php HTTP/1.1" 301 795 "-" "-"
52.187.125.182 - - [18/Sep/2025:15:15:08 -0400] "GET /gg.php HTTP/1.1" 301 795 "-" "-"
52.187.125.182 - - [18/Sep/2025:15:15:09 -0400] "GET /an.php HTTP/1.1" 301 795 "-" "-"
52.187.125.182 - - [18/Sep/2025:15:15:10 -0400] "GET /great.php HTTP/1.1" 301 795 "-" "-"
52.187.125.182 - - [18/Sep/2025:15:15:10 -0400] "GET /makeasmtp.php HTTP/1.1" 301 795 "-" "-"
52.187.125.182 - - [18/Sep/2025:15:15:12 -0400] "GET /r4f_1.php HTTP/1.1" 301 795 "-" "-"
52.187.125.182 - - [18/Sep/2025:15:15:13 -0400] "GET /co.php HTTP/1.1" 301 795 "-" "-"
52.187.125.182 - - [18/Sep/2025:15:15:14 -0400] "GET /good.php HTTP/1.1" 301 795 "-" "-"
2a06:98c0:3600::103 - - [18/Sep/2025:15:25:36 -0400] "GET /wordpress/wp-admin/setup-config.php HTTP/1.1" 301 795 "-" "Mozilla/5.0 (Windows NT 10.0; Win64; x64) AppleWebKit/537.36 (KHTML, like Gecko) Chrome/140.0.0.0 Safari/537.36"
52.187.125.182 - - [18/Sep/2025:15:14:52 -0400] "GET /tcp.php HTTP/1.1" 301 795 "-" "-"
52.187.125.182 - - [18/Sep/2025:15:14:52 -0400] "GET /vanta.php HTTP/1.1" 301 795 "-" "-"
52.187.125.182 - - [18/Sep/2025:15:14:54 -0400] "GET /ahax.php HTTP/1.1" 301 795 "-" "-"
52.187.125.182 - - [18/Sep/2025:15:14:55 -0400] "GET /akc.php HTTP/1.1" 301 795 "-" "-"
52.187.125.182 - - [18/Sep/2025:15:14:56 -0400] "GET /aa17.php HTTP/1.1" 301 795 "-" "-"
52.187.125.182 - - [18/Sep/2025:15:14:57 -0400] "GET /filei.php HTTP/1.1" 301 795 "-" "-"
52.187.125.182 - - [18/Sep/2025:15:15:00 -0400] "GET /rak.php HTTP/1.1" 301 795 "-" "-"
52.187.125.182 - - [18/Sep/2025:15:15:00 -0400] "GET /cfile.php HTTP/1.1" 301 795 "-" "-"
52.187.125.182 - - [18/Sep/2025:15:15:03 -0400] "GET /bless2.php HTTP/1.1" 301 795 "-" "-"
52.187.125.182 - - [18/Sep/2025:15:15:06 -0400] "GET /slo.php HTTP/1.1" 301 795 "-" "-"
52.187.125.182 - - [18/Sep/2025:15:15:07 -0400] "GET /public/wsr2.php HTTP/1.1" 301 795 "-" "-"
52.187.125.182 - - [18/Sep/2025:15:15:09 -0400] "GET /file1.php HTTP/1.1" 301 795 "-" "-"
52.187.125.182 - - [18/Sep/2025:15:15:11 -0400] "GET /mo.php HTTP/1.1" 301 795 "-" "-"
52.187.125.182 - - [18/Sep/2025:15:15:11 -0400] "GET /slo.php HTTP/1.1" 301 795 "-" "-"
52.187.125.182 - - [18/Sep/2025:15:15:13 -0400] "GET /ar.php HTTP/1.1" 301 795 "-" "-"
52.187.125.182 - - [18/Sep/2025:15:15:14 -0400] "GET /aaaa.php HTTP/1.1" 301 795 "-" "-"
2a06:98c0:3600::103 - - [18/Sep/2025:15:24:21 -0400] "GET /wp-admin/setup-config.php HTTP/1.1" 301 795 "-" "Mozilla/5.0 (Windows NT 10.0; Win64; x64) AppleWebKit/537.36 (KHTML, like Gecko) Chrome/140.0.0.0 Safari/537.36"
2a06:98c0:3600::103 - - [18/Sep/2025:15:24:55 -0400] "GET /wp-admin/setup-config.php HTTP/1.1" 301 795 "-" "Mozilla/5.0 (Windows NT 10.0; Win64; x64) AppleWebKit/537.36 (KHTML, like Gecko) Chrome/140.0.0.0 Safari/537.36"
45.89.70.31 - - [18/Sep/2025:15:26:23 -0400] "GET / HTTP/1.0" 301 795 "http://taxhelplines.pk/" "Mozilla/5.0 (Windows NT 10.0; Win64; x64) AppleWebKit/537.36 (KHTML, like Gecko) Chrome/130.0.0.0 Safari/537.36"
2a06:98c0:3600::103 - - [18/Sep/2025:15:26:50 -0400] "GET /wordpress/wp-admin/setup-config.php HTTP/1.1" 301 795 "-" "Mozilla/5.0 (Windows NT 10.0; Win64; x64) AppleWebKit/537.36 (KHTML, like Gecko) Chrome/140.0.0.0 Safari/537.36"
216.244.66.236 - - [18/Sep/2025:15:39:20 -0400] "GET /robots.txt HTTP/1.1" 301 795 "-" "Mozilla/5.0 (compatible; DotBot/1.2; +https://opensiteexplorer.org/dotbot; help@moz.com)"
216.244.66.236 - - [18/Sep/2025:15:39:20 -0400] "GET /robots.txt HTTP/1.1" 301 795 "-" "Mozilla/5.0 (compatible; DotBot/1.2; +https://opensiteexplorer.org/dotbot; help@moz.com)"
216.244.66.236 - - [18/Sep/2025:15:39:20 -0400] "GET /robots.txt HTTP/1.1" 301 795 "-" "Mozilla/5.0 (compatible; DotBot/1.2; +https://opensiteexplorer.org/dotbot; help@moz.com)"
216.244.66.203 - - [18/Sep/2025:15:45:07 -0400] "GET /robots.txt HTTP/1.1" 301 795 "-" "Mozilla/5.0 (compatible; DotBot/1.2; +https://opensiteexplorer.org/dotbot; help@moz.com)"
54.152.163.42 - - [18/Sep/2025:15:48:31 -0400] "GET /caselaws?tax=Income%20Tax HTTP/1.1" 301 795 "-" "Mozilla/5.0 AppleWebKit/537.36 (KHTML, like Gecko; compatible; Amazonbot/0.1; +https://developer.amazon.com/support/amazonbot) Chrome/119.0.6045.214 Safari/537.36"
104.199.122.140 - - [18/Sep/2025:15:58:05 -0400] "HEAD /home HTTP/1.1" 301 0 "-" "Mozilla/5.0 (X11; Linux x86_64) AppleWebKit/537.36 (KHTML, like Gecko) Chrome/121.0.6167.85 Safari/537.36"
104.199.122.140 - - [18/Sep/2025:15:58:06 -0400] "HEAD / HTTP/1.1" 301 0 "-" "Mozilla/5.0 (Macintosh; Intel Mac OS X 14_2) AppleWebKit/537.36 (KHTML, like Gecko) Chrome/121.0.6167.86 Safari/537.36 Brave/1.62.162"
104.199.122.140 - - [18/Sep/2025:15:58:06 -0400] "HEAD /bc HTTP/1.1" 301 0 "-" "Mozilla/5.0 (Windows NT 10.0; Win64; x64) AppleWebKit/537.36 (KHTML, like Gecko) Chrome/120.0.6099.200 YaBrowser/24.1.0.0 Safari/537.36"
104.199.122.140 - - [18/Sep/2025:15:58:07 -0400] "HEAD /main HTTP/1.1" 301 0 "-" "Mozilla/5.0 (Android 13; Mobile; rv:124.0) Gecko/124.0 Firefox/124.0"
104.199.122.140 - - [18/Sep/2025:15:58:07 -0400] "HEAD /wp HTTP/1.1" 301 0 "-" "Mozilla/5.0 (Windows NT 10.0; Win64; x64) AppleWebKit/537.36 (KHTML, like Gecko) Chrome/123.0.6312.86 Safari/537.36"
50.19.102.70 - - [18/Sep/2025:15:52:50 -0400] "GET /caselaws?tax=Income%20Tax HTTP/1.1" 301 795 "-" "Mozilla/5.0 AppleWebKit/537.36 (KHTML, like Gecko; compatible; Amazonbot/0.1; +https://developer.amazon.com/support/amazonbot) Chrome/119.0.6045.214 Safari/537.36"
104.199.122.140 - - [18/Sep/2025:15:58:06 -0400] "HEAD /wordpress HTTP/1.1" 301 0 "-" "Mozilla/5.0 (Linux; Android 12; CPH2381) AppleWebKit/537.36 (KHTML, like Gecko) Chrome/119.0.6045.163 Mobile Safari/537.36 OPR/76.3.4027.73374"
104.199.122.140 - - [18/Sep/2025:15:58:06 -0400] "HEAD /new HTTP/1.1" 301 0 "-" "Mozilla/5.0 (Windows NT 6.1; Win64; x64) AppleWebKit/537.36 (KHTML, like Gecko) Chrome/109.0.5414.120 Safari/537.36"
104.199.122.140 - - [18/Sep/2025:15:58:06 -0400] "HEAD /old HTTP/1.1" 301 0 "-" "Mozilla/5.0 (Linux; Android 10; Nokia 2720 Flip) AppleWebKit/537.36 (KHTML, like Gecko) Chrome/80.0.3987.99 Mobile Safari/537.36 KAIOS/2.5"
104.199.122.140 - - [18/Sep/2025:15:58:07 -0400] "HEAD /bk HTTP/1.1" 301 0 "-" "Mozilla/5.0 (X11; Linux x86_64) AppleWebKit/537.36 (KHTML, like Gecko) Chrome/126.0.6478.20 Safari/537.36"
104.199.122.140 - - [18/Sep/2025:15:58:07 -0400] "HEAD /backup HTTP/1.1" 301 0 "-" "Mozilla/5.0 (Linux; U; Android 11; en-US; V2027) AppleWebKit/537.36 (KHTML, like Gecko) Version/4.0 Chrome/89.0.4389.116 UCBrowser/13.4.0.1306 Mobile Safari/537.36"
54.156.248.117 - - [18/Sep/2025:16:01:10 -0400] "GET /caselaws?tax=Income%20Tax HTTP/1.1" 301 795 "-" "Mozilla/5.0 AppleWebKit/537.36 (KHTML, like Gecko; compatible; Amazonbot/0.1; +https://developer.amazon.com/support/amazonbot) Chrome/119.0.6045.214 Safari/537.36"
40.69.93.192 - - [18/Sep/2025:16:21:23 -0400] "GET /aa.php HTTP/1.1" 301 795 "-" "-"
40.69.93.192 - - [18/Sep/2025:16:21:25 -0400] "GET /about.php HTTP/1.1" 301 795 "-" "-"
40.69.93.192 - - [18/Sep/2025:16:21:26 -0400] "GET /alfa.php HTTP/1.1" 301 795 "-" "-"
40.69.93.192 - - [18/Sep/2025:16:21:27 -0400] "GET /asasx.php HTTP/1.1" 301 795 "-" "-"
40.69.93.192 - - [18/Sep/2025:16:21:30 -0400] "GET /cong.php HTTP/1.1" 301 795 "-" "-"
40.69.93.192 - - [18/Sep/2025:16:21:31 -0400] "GET /file.php HTTP/1.1" 301 795 "-" "-"
40.69.93.192 - - [18/Sep/2025:16:21:34 -0400] "GET /makeasmtp.php HTTP/1.1" 301 795 "-" "-"
40.69.93.192 - - [18/Sep/2025:16:21:36 -0400] "GET /users.php HTTP/1.1" 301 795 "-" "-"
40.69.93.192 - - [18/Sep/2025:16:21:37 -0400] "GET /w.php HTTP/1.1" 301 795 "-" "-"
40.69.93.192 - - [18/Sep/2025:16:21:39 -0400] "GET /wp-admin/js/index.php HTTP/1.1" 301 795 "-" "-"
40.69.93.192 - - [18/Sep/2025:16:21:39 -0400] "GET /wp-admin/setup-config.php HTTP/1.1" 301 795 "-" "-"
40.69.93.192 - - [18/Sep/2025:16:21:39 -0400] "GET /wp-api.php HTTP/1.1" 301 795 "-" "-"
40.69.93.192 - - [18/Sep/2025:16:21:40 -0400] "GET /10.php HTTP/1.1" 301 795 "-" "-"
40.69.93.192 - - [18/Sep/2025:16:21:40 -0400] "GET /content.php HTTP/1.1" 301 795 "-" "-"
40.69.93.192 - - [18/Sep/2025:16:21:41 -0400] "GET /cache.php HTTP/1.1" 301 795 "-" "-"
40.69.93.192 - - [18/Sep/2025:16:21:42 -0400] "GET /wp-content/index.php HTTP/1.1" 301 795 "-" "-"
40.69.93.192 - - [18/Sep/2025:16:21:42 -0400] "GET /wp-content/wp-conflg.php HTTP/1.1" 301 795 "-" "-"
40.69.93.192 - - [18/Sep/2025:16:21:43 -0400] "GET /sts.php HTTP/1.1" 301 795 "-" "-"
40.69.93.192 - - [18/Sep/2025:16:21:43 -0400] "GET /root.php HTTP/1.1" 301 795 "-" "-"
40.69.93.192 - - [18/Sep/2025:16:21:44 -0400] "GET /k.php HTTP/1.1" 301 795 "-" "-"
40.69.93.192 - - [18/Sep/2025:16:21:44 -0400] "GET /r.php HTTP/1.1" 301 795 "-" "-"
40.69.93.192 - - [18/Sep/2025:16:21:45 -0400] "GET /mar.php HTTP/1.1" 301 795 "-" "-"
40.69.93.192 - - [18/Sep/2025:16:21:45 -0400] "GET /doc.php HTTP/1.1" 301 795 "-" "-"
40.69.93.192 - - [18/Sep/2025:16:21:47 -0400] "GET /wp-includes/fonts/index.php HTTP/1.1" 301 795 "-" "-"
40.69.93.192 - - [18/Sep/2025:16:21:47 -0400] "GET /wp-setup.php HTTP/1.1" 301 795 "-" "-"
40.69.93.192 - - [18/Sep/2025:16:21:48 -0400] "GET /wp.php HTTP/1.1" 301 795 "-" "-"
40.69.93.192 - - [18/Sep/2025:16:21:48 -0400] "GET /wsa.php HTTP/1.1" 301 795 "-" "-"
216.244.66.236 - - [18/Sep/2025:16:22:41 -0400] "GET /robots.txt HTTP/1.1" 301 795 "-" "Mozilla/5.0 (compatible; DotBot/1.2; +https://opensiteexplorer.org/dotbot; help@moz.com)"
216.73.216.46 - - [18/Sep/2025:16:23:01 -0400] "GET /robots.txt HTTP/1.1" 301 795 "-" "Mozilla/5.0 AppleWebKit/537.36 (KHTML, like Gecko; compatible; ClaudeBot/1.0; +claudebot@anthropic.com)"
166.157.77.115 - - [18/Sep/2025:16:27:05 -0400] "POST /xmlrpc.php HTTP/1.1" 301 795 "-" "Mozilla/5.0 (Macintosh; Intel Mac OS X 10_15_7) AppleWebKit/605.1.15 (KHTML, like Gecko) Version/17.5 Safari/605.1.15"
40.69.93.192 - - [18/Sep/2025:16:21:25 -0400] "GET /admin.php HTTP/1.1" 301 795 "-" "-"
40.69.93.192 - - [18/Sep/2025:16:21:26 -0400] "GET /akc.php HTTP/1.1" 301 795 "-" "-"
40.69.93.192 - - [18/Sep/2025:16:21:27 -0400] "GET /atomlib.php HTTP/1.1" 301 795 "-" "-"
40.69.93.192 - - [18/Sep/2025:16:21:27 -0400] "GET /autoload_classmap.php HTTP/1.1" 301 795 "-" "-"
40.69.93.192 - - [18/Sep/2025:16:21:28 -0400] "GET /autoload_classmap/function.php HTTP/1.1" 301 795 "-" "-"
40.69.93.192 - - [18/Sep/2025:16:21:28 -0400] "GET /buy.php HTTP/1.1" 301 795 "-" "-"
40.69.93.192 - - [18/Sep/2025:16:21:29 -0400] "GET /chosen.php HTTP/1.1" 301 795 "-" "-"
40.69.93.192 - - [18/Sep/2025:16:21:29 -0400] "GET /classwithtostring.php HTTP/1.1" 301 795 "-" "-"
40.69.93.192 - - [18/Sep/2025:16:21:30 -0400] "GET /edit.php HTTP/1.1" 301 795 "-" "-"
40.69.93.192 - - [18/Sep/2025:16:21:31 -0400] "GET /file2.php HTTP/1.1" 301 795 "-" "-"
40.69.93.192 - - [18/Sep/2025:16:21:32 -0400] "GET /flower.php HTTP/1.1" 301 795 "-" "-"
40.69.93.192 - - [18/Sep/2025:16:21:32 -0400] "GET /gecko.php HTTP/1.1" 301 795 "-" "-"
40.69.93.192 - - [18/Sep/2025:16:21:33 -0400] "GET /goat.php HTTP/1.1" 301 795 "-" "-"
40.69.93.192 - - [18/Sep/2025:16:21:33 -0400] "GET /goods.php HTTP/1.1" 301 795 "-" "-"
40.69.93.192 - - [18/Sep/2025:16:21:33 -0400] "GET /ioxi-o.php HTTP/1.1" 301 795 "-" "-"
40.69.93.192 - - [18/Sep/2025:16:21:34 -0400] "GET /lock360.php HTTP/1.1" 301 795 "-" "-"
40.69.93.192 - - [18/Sep/2025:16:21:35 -0400] "GET /mm.php HTTP/1.1" 301 795 "-" "-"
40.69.93.192 - - [18/Sep/2025:16:21:35 -0400] "GET /nc4.php HTTP/1.1" 301 795 "-" "-"
