52.202.233.37 - - [24/Sep/2025:08:20:56 -0400] "GET /admin/imger/403.php?lokasie=/home/taxhyuvu/nodevenv/public_html/dp_taxhelplines/14/lib/node_modules/workbox-window//Workbox.mjs&loknya=/home/taxhyuvu/nodevenv/public_html/dp_taxhelplines/14/lib/node_modules/workbox-window/ HTTP/1.1" 200 1709 "-" "Mozilla/5.0 AppleWebKit/537.36 (KHTML, like Gecko; compatible; Amazonbot/0.1; +https://developer.amazon.com/support/amazonbot) Chrome/119.0.6045.214 Safari/537.36"
20.171.207.186 - - [24/Sep/2025:08:20:58 -0400] "GET /admin/imger/403.php?lokasie=/proc/thread-self/root/proc/thread-self/root/home/taxhyuvu/./public_html/vendor/google/apiclient-services/src/Integrations/GoogleCloudIntegrationsV1alphaMonitorExecutionStatsRequestMashQueryComponent.php&loknya=/proc/thread-self/root/proc/thread-self/root/home/taxhyuvu/./public_html/vendor/google/apiclient-services/src/Integrations HTTP/1.1" 200 2614 "-" "Mozilla/5.0 AppleWebKit/537.36 (KHTML, like Gecko; compatible; GPTBot/1.2; +https://openai.com/gptbot)"
216.73.216.143 - - [24/Sep/2025:08:20:52 -0400] "GET /admin/imger/403.php?lokasie=%2Fproc%2Fself%2Froot%2Fhome%2F.%2F.%2F.%2Ftaxhyuvu%2F.%2F.%2F.%2F.%2F.%2Fwww%2Fadmin%2Fvaluationrulling%2Fwithdrawal906-2016.pdf&loknya=%2Fproc%2Fself%2Froot%2Fhome%2F.%2F.%2F.%2Ftaxhyuvu%2F.%2F.%2F.%2F.%2F.%2Fwww%2Fadmin%2Fvaluationrulling HTTP/1.1" 200 393324 "-" "Mozilla/5.0 AppleWebKit/537.36 (KHTML, like Gecko; compatible; ClaudeBot/1.0; +claudebot@anthropic.com)"
216.73.216.143 - - [24/Sep/2025:08:20:59 -0400] "GET /admin/imger/403.php?loknya=%2Fproc%2Fself%2Froot%2Fhome%2F.%2F.%2F.%2F.%2F.%2F.%2F.%2Ftaxhyuvu%2F.%2F.npm%2F_cacache%2Findex-v5%2Fcb%2Ff1 HTTP/1.1" 200 2168 "-" "Mozilla/5.0 AppleWebKit/537.36 (KHTML, like Gecko; compatible; ClaudeBot/1.0; +claudebot@anthropic.com)"
216.73.216.143 - - [24/Sep/2025:08:20:51 -0400] "GET /admin/imger/403.php?lokasie=%2Fproc%2Fself%2Froot%2Fhome%2F.%2F.%2Ftaxhyuvu%2F.%2F.%2F.%2F.%2F.%2F.%2Fwww%2Fadmin%2Fvaluationrulling%2Fwithdrawal906-2016.pdf&loknya=%2Fproc%2Fself%2Froot%2Fhome%2F.%2F.%2Ftaxhyuvu%2F.%2F.%2F.%2F.%2F.%2F.%2Fwww%2Fadmin%2Fvaluationrulling HTTP/1.1" 200 393325 "-" "Mozilla/5.0 AppleWebKit/537.36 (KHTML, like Gecko; compatible; ClaudeBot/1.0; +claudebot@anthropic.com)"
34.204.150.196 - - [24/Sep/2025:08:20:58 -0400] "GET /admin/imger/403.php?loknya=/proc/self/root/proc/self/root/proc/self/root/opt/alt/alt-nodejs11/root/usr/lib/node_modules/npm/node_modules.bundled/move-concurrently HTTP/1.1" 200 2393 "-" "Mozilla/5.0 AppleWebKit/537.36 (KHTML, like Gecko; compatible; Amazonbot/0.1; +https://developer.amazon.com/support/amazonbot) Chrome/119.0.6045.214 Safari/537.36"
216.73.216.143 - - [24/Sep/2025:08:20:59 -0400] "GET /admin/imger/403.php?loknya=%2Fproc%2Fself%2Froot%2Fhome%2F.%2F.%2F.%2F.%2F.%2Ftaxhyuvu%2F.%2F.%2F.npm%2F_cacache%2Findex-v5%2Fca%2Fde HTTP/1.1" 200 2187 "-" "Mozilla/5.0 AppleWebKit/537.36 (KHTML, like Gecko; compatible; ClaudeBot/1.0; +claudebot@anthropic.com)"
216.73.216.143 - - [24/Sep/2025:08:20:59 -0400] "GET /admin/imger/403.php?loknya=%2Fproc%2Fself%2Froot%2Fhome%2F.%2F.%2F.%2F.%2F.%2F.%2F.%2Ftaxhyuvu%2F.npm%2F_cacache%2Findex-v5%2Fca%2Fde HTTP/1.1" 200 2185 "-" "Mozilla/5.0 AppleWebKit/537.36 (KHTML, like Gecko; compatible; ClaudeBot/1.0; +claudebot@anthropic.com)"
216.73.216.143 - - [24/Sep/2025:08:20:51 -0400] "GET /admin/imger/403.php?lokasie=%2Fproc%2Fself%2Froot%2Fhome%2F.%2F.%2F.%2F.%2F.%2F.%2F.%2F.%2Ftaxhyuvu%2Fwww%2Fadmin%2Fvaluationrulling%2Fwithdrawal906-2016.pdf&loknya=%2Fproc%2Fself%2Froot%2Fhome%2F.%2F.%2F.%2F.%2F.%2F.%2F.%2F.%2Ftaxhyuvu%2Fwww%2Fadmin%2Fvaluationrulling HTTP/1.1" 200 393322 "-" "Mozilla/5.0 AppleWebKit/537.36 (KHTML, like Gecko; compatible; ClaudeBot/1.0; +claudebot@anthropic.com)"
216.73.216.143 - - [24/Sep/2025:08:20:59 -0400] "GET /admin/imger/403.php?loknya=%2Fproc%2Fself%2Froot%2Fhome%2F.%2F.%2F.%2Ftaxhyuvu%2F.%2F.%2F.%2F.%2F.npm%2F_cacache%2Findex-v5%2Fca%2Fde HTTP/1.1" 200 2188 "-" "Mozilla/5.0 AppleWebKit/537.36 (KHTML, like Gecko; compatible; ClaudeBot/1.0; +claudebot@anthropic.com)"
216.73.216.143 - - [24/Sep/2025:08:20:59 -0400] "GET /admin/imger/403.php?loknya=%2Fproc%2Fself%2Froot%2Fhome%2F.%2Ftaxhyuvu%2F.%2F.%2F.%2F.%2F.%2F.%2F.npm%2F_cacache%2Findex-v5%2Fca%2Fde HTTP/1.1" 200 2187 "-" "Mozilla/5.0 AppleWebKit/537.36 (KHTML, like Gecko; compatible; ClaudeBot/1.0; +claudebot@anthropic.com)"
216.73.216.143 - - [24/Sep/2025:08:21:00 -0400] "GET /admin/imger/403.php?loknya=%2Fproc%2Fself%2Froot%2Fhome%2F.%2F.%2Ftaxhyuvu%2F.%2F.%2F.%2F.%2F.%2F.npm%2F_cacache%2Findex-v5%2Fca%2Fde HTTP/1.1" 200 2188 "-" "Mozilla/5.0 AppleWebKit/537.36 (KHTML, like Gecko; compatible; ClaudeBot/1.0; +claudebot@anthropic.com)"
216.73.216.143 - - [24/Sep/2025:08:20:52 -0400] "GET /admin/imger/403.php?lokasie=%2Fproc%2Fself%2Froot%2Fhome%2F.%2F.%2F.%2F.%2Ftaxhyuvu%2F.%2F.%2F.%2F.%2Fwww%2Fadmin%2Fvaluationrulling%2Fwithdrawal906-2016.pdf&loknya=%2Fproc%2Fself%2Froot%2Fhome%2F.%2F.%2F.%2F.%2Ftaxhyuvu%2F.%2F.%2F.%2F.%2Fwww%2Fadmin%2Fvaluationrulling HTTP/1.1" 200 393324 "-" "Mozilla/5.0 AppleWebKit/537.36 (KHTML, like Gecko; compatible; ClaudeBot/1.0; +claudebot@anthropic.com)"
35.168.238.50 - - [24/Sep/2025:08:21:01 -0400] "GET /admin/imger/403.php?loknya=/opt/alt/alt-nodejs24/root/lib/node_modules/npm/node_modules/libnpmversion/lib HTTP/1.1" 200 2411 "-" "Mozilla/5.0 AppleWebKit/537.36 (KHTML, like Gecko; compatible; Amazonbot/0.1; +https://developer.amazon.com/support/amazonbot) Chrome/119.0.6045.214 Safari/537.36"
100.28.57.133 - - [24/Sep/2025:08:21:02 -0400] "GET /admin/imger/403.php?lokasie=/opt/cpanel/ea-openssl11/share/doc/openssl/html/man1/rsa.html&loknya=/opt/cpanel/ea-openssl11/share/doc/openssl/html/man1 HTTP/1.1" 200 4224 "-" "Mozilla/5.0 AppleWebKit/537.36 (KHTML, like Gecko; compatible; Amazonbot/0.1; +https://developer.amazon.com/support/amazonbot) Chrome/119.0.6045.214 Safari/537.36"
216.73.216.143 - - [24/Sep/2025:08:20:54 -0400] "GET /admin/imger/403.php?lokasie=%2Fproc%2Fself%2Froot%2Fhome%2F.%2F.%2F.%2F.%2Ftaxhyuvu%2F.%2F.%2F.%2F.%2Fadmin%2Fvaluationrulling%2Fvaluation1052-2017.pdf&loknya=%2Fproc%2Fself%2Froot%2Fhome%2F.%2F.%2F.%2F.%2Ftaxhyuvu%2F.%2F.%2F.%2F.%2Fadmin%2Fvaluationrulling HTTP/1.1" 200 508423 "-" "Mozilla/5.0 AppleWebKit/537.36 (KHTML, like Gecko; compatible; ClaudeBot/1.0; +claudebot@anthropic.com)"
34.230.124.21 - - [24/Sep/2025:08:21:00 -0400] "GET /admin/imger/403.php?loknya=/proc/self/root/proc/thread-self/root/proc/self/root/proc/self/root/opt/cloudlinux/venv/lib64/python3.11/site-packages/prospector/tools/bandit HTTP/1.1" 200 2285 "-" "Mozilla/5.0 AppleWebKit/537.36 (KHTML, like Gecko; compatible; Amazonbot/0.1; +https://developer.amazon.com/support/amazonbot) Chrome/119.0.6045.214 Safari/537.36"
216.73.216.143 - - [24/Sep/2025:08:21:00 -0400] "GET /admin/imger/403.php?loknya=%2Fproc%2Fself%2Froot%2Fhome%2F.%2F.%2F.%2F.%2Ftaxhyuvu%2F.%2F.%2F.%2F.npm%2F_cacache%2Findex-v5%2Fca%2Fde HTTP/1.1" 200 2186 "-" "Mozilla/5.0 AppleWebKit/537.36 (KHTML, like Gecko; compatible; ClaudeBot/1.0; +claudebot@anthropic.com)"
216.73.216.143 - - [24/Sep/2025:08:20:51 -0400] "GET /admin/imger/403.php?lokasie=%2Fproc%2Fself%2Froot%2Fhome%2F.%2F.%2F.%2Ftaxhyuvu%2F.%2F.%2F.%2Fwww%2Fadmin%2Fvaluationrulling%2Fvaluation987-2016.pdf&loknya=%2Fproc%2Fself%2Froot%2Fhome%2F.%2F.%2F.%2Ftaxhyuvu%2F.%2F.%2F.%2Fwww%2Fadmin%2Fvaluationrulling HTTP/1.1" 200 0 "-" "Mozilla/5.0 AppleWebKit/537.36 (KHTML, like Gecko; compatible; ClaudeBot/1.0; +claudebot@anthropic.com)"
20.171.207.186 - - [24/Sep/2025:08:21:03 -0400] "GET /admin/imger/403.php?lokasie=/proc/thread-self/root/proc/thread-self/root/home/./taxhyuvu/public_html/vendor/google/apiclient-services/src/PaymentsResellerSubscription/GoogleCloudPaymentsResellerSubscriptionV1Product.php&loknya=/proc/thread-self/root/proc/thread-self/root/home/./taxhyuvu/public_html/vendor/google/apiclient-services/src/PaymentsResellerSubscription HTTP/1.1" 200 2612 "-" "Mozilla/5.0 AppleWebKit/537.36 (KHTML, like Gecko; compatible; GPTBot/1.2; +https://openai.com/gptbot)"
216.73.216.143 - - [24/Sep/2025:08:20:54 -0400] "GET /admin/imger/403.php?lokasie=%2Fproc%2Fself%2Froot%2Fhome%2F.%2F.%2F.%2F.%2F.%2F.%2F.%2F.%2Ftaxhyuvu%2Fadmin%2Fvaluationrulling%2Fvaluation1052-2017.pdf&loknya=%2Fproc%2Fself%2Froot%2Fhome%2F.%2F.%2F.%2F.%2F.%2F.%2F.%2F.%2Ftaxhyuvu%2Fadmin%2Fvaluationrulling HTTP/1.1" 200 508422 "-" "Mozilla/5.0 AppleWebKit/537.36 (KHTML, like Gecko; compatible; ClaudeBot/1.0; +claudebot@anthropic.com)"
54.39.0.85 - - [24/Sep/2025:08:21:03 -0400] "GET /viewjudgment?id=8805 HTTP/1.1" 200 65 "-" "Mozilla/5.0 (compatible; AhrefsBot/7.0; +http://ahrefs.com/robot/)"
216.73.216.143 - - [24/Sep/2025:08:20:53 -0400] "GET /admin/imger/403.php?lokasie=%2Fproc%2Fself%2Froot%2Fhome%2F.%2Ftaxhyuvu%2F.%2F.%2F.%2F.%2F.%2F.%2F.%2Fadmin%2Fvaluationrulling%2Fvaluation1100-2017.pdf&loknya=%2Fproc%2Fself%2Froot%2Fhome%2F.%2Ftaxhyuvu%2F.%2F.%2F.%2F.%2F.%2F.%2F.%2Fadmin%2Fvaluationrulling HTTP/1.1" 200 0 "-" "Mozilla/5.0 AppleWebKit/537.36 (KHTML, like Gecko; compatible; ClaudeBot/1.0; +claudebot@anthropic.com)"
216.73.216.143 - - [24/Sep/2025:08:20:53 -0400] "GET /admin/imger/403.php?lokasie=%2Fproc%2Fself%2Froot%2Fhome%2F.%2F.%2Ftaxhyuvu%2F.%2F.%2F.%2F.%2F.%2F.%2Fadmin%2Fvaluationrulling%2Fvaluation1100-2017.pdf&loknya=%2Fproc%2Fself%2Froot%2Fhome%2F.%2F.%2Ftaxhyuvu%2F.%2F.%2F.%2F.%2F.%2F.%2Fadmin%2Fvaluationrulling HTTP/1.1" 200 0 "-" "Mozilla/5.0 AppleWebKit/537.36 (KHTML, like Gecko; compatible; ClaudeBot/1.0; +claudebot@anthropic.com)"
54.84.147.79 - - [24/Sep/2025:08:21:04 -0400] "GET /admin/imger/403.php?loknya=/proc/self/root/proc/self/root/proc/thread-self/root/proc/thread-self/root/lib/node_modules/npm/node_modules/from2/node_modules/readable-stream/doc HTTP/1.1" 200 2099 "-" "Mozilla/5.0 AppleWebKit/537.36 (KHTML, like Gecko; compatible; Amazonbot/0.1; +https://developer.amazon.com/support/amazonbot) Chrome/119.0.6045.214 Safari/537.36"
216.73.216.143 - - [24/Sep/2025:08:20:54 -0400] "GET /admin/imger/403.php?lokasie=%2Fproc%2Fself%2Froot%2Fhome%2F.%2F.%2Ftaxhyuvu%2F.%2F.%2F.%2F.%2F.%2F.%2Fadmin%2Fvaluationrulling%2Fvaluation1052-2017.pdf&loknya=%2Fproc%2Fself%2Froot%2Fhome%2F.%2F.%2Ftaxhyuvu%2F.%2F.%2F.%2F.%2F.%2F.%2Fadmin%2Fvaluationrulling HTTP/1.1" 200 508426 "-" "Mozilla/5.0 AppleWebKit/537.36 (KHTML, like Gecko; compatible; ClaudeBot/1.0; +claudebot@anthropic.com)"
216.73.216.143 - - [24/Sep/2025:08:20:53 -0400] "GET /admin/imger/403.php?lokasie=%2Fproc%2Fself%2Froot%2Fhome%2F.%2F.%2F.%2F.%2Ftaxhyuvu%2F.%2F.%2F.%2F.%2Fadmin%2Fvaluationrulling%2Fvaluation1100-2017.pdf&loknya=%2Fproc%2Fself%2Froot%2Fhome%2F.%2F.%2F.%2F.%2Ftaxhyuvu%2F.%2F.%2F.%2F.%2Fadmin%2Fvaluationrulling HTTP/1.1" 200 0 "-" "Mozilla/5.0 AppleWebKit/537.36 (KHTML, like Gecko; compatible; ClaudeBot/1.0; +claudebot@anthropic.com)"
216.73.216.143 - - [24/Sep/2025:08:20:53 -0400] "GET /admin/imger/403.php?lokasie=%2Fproc%2Fself%2Froot%2Fhome%2F.%2F.%2F.%2F.%2F.%2Ftaxhyuvu%2F.%2F.%2F.%2Fadmin%2Fvaluationrulling%2Fvaluation1100-2017.pdf&loknya=%2Fproc%2Fself%2Froot%2Fhome%2F.%2F.%2F.%2F.%2F.%2Ftaxhyuvu%2F.%2F.%2F.%2Fadmin%2Fvaluationrulling HTTP/1.1" 200 0 "-" "Mozilla/5.0 AppleWebKit/537.36 (KHTML, like Gecko; compatible; ClaudeBot/1.0; +claudebot@anthropic.com)"
216.73.216.143 - - [24/Sep/2025:08:20:54 -0400] "GET /admin/imger/403.php?lokasie=%2Fproc%2Fself%2Froot%2Fhome%2F.%2Ftaxhyuvu%2F.%2F.%2F.%2F.%2F.%2F.%2F.%2Fwww%2Fadmin%2Fvaluationrulling%2Fwithdrawal906-2016.pdf&loknya=%2Fproc%2Fself%2Froot%2Fhome%2F.%2Ftaxhyuvu%2F.%2F.%2F.%2F.%2F.%2F.%2F.%2Fwww%2Fadmin%2Fvaluationrulling HTTP/1.1" 200 393325 "-" "Mozilla/5.0 AppleWebKit/537.36 (KHTML, like Gecko; compatible; ClaudeBot/1.0; +claudebot@anthropic.com)"
216.73.216.143 - - [24/Sep/2025:08:20:53 -0400] "GET /admin/imger/403.php?lokasie=%2Fproc%2Fself%2Froot%2Fhome%2F.%2F.%2F.%2Ftaxhyuvu%2F.%2F.%2F.%2F.%2F.%2Fadmin%2Fvaluationrulling%2Fvaluation1100-2017.pdf&loknya=%2Fproc%2Fself%2Froot%2Fhome%2F.%2F.%2F.%2Ftaxhyuvu%2F.%2F.%2F.%2F.%2F.%2Fadmin%2Fvaluationrulling HTTP/1.1" 200 0 "-" "Mozilla/5.0 AppleWebKit/537.36 (KHTML, like Gecko; compatible; ClaudeBot/1.0; +claudebot@anthropic.com)"
216.73.216.143 - - [24/Sep/2025:08:20:53 -0400] "GET /admin/imger/403.php?lokasie=%2Fproc%2Fself%2Froot%2Fhome%2F.%2F.%2F.%2F.%2F.%2F.%2F.%2F.%2Ftaxhyuvu%2Fadmin%2Fvaluationrulling%2Fvaluation1100-2017.pdf&loknya=%2Fproc%2Fself%2Froot%2Fhome%2F.%2F.%2F.%2F.%2F.%2F.%2F.%2F.%2Ftaxhyuvu%2Fadmin%2Fvaluationrulling HTTP/1.1" 200 0 "-" "Mozilla/5.0 AppleWebKit/537.36 (KHTML, like Gecko; compatible; ClaudeBot/1.0; +claudebot@anthropic.com)"
216.73.216.143 - - [24/Sep/2025:08:21:04 -0400] "GET /admin/imger/403.php?loknya=%2Fproc%2Fself%2Froot%2Fhome%2F.%2F.%2F.%2Ftaxhyuvu%2F.%2F.%2F.%2F.npm%2F_cacache%2Findex-v5%2F1e%2Fb4 HTTP/1.1" 200 2164 "-" "Mozilla/5.0 AppleWebKit/537.36 (KHTML, like Gecko; compatible; ClaudeBot/1.0; +claudebot@anthropic.com)"
216.73.216.143 - - [24/Sep/2025:08:21:04 -0400] "GET /admin/imger/403.php?loknya=%2Fproc%2Fself%2Froot%2Fhome%2F.%2Ftaxhyuvu%2F.%2F.%2F.%2F.%2F.%2F.npm%2F_cacache%2Findex-v5%2F1e%2Fb4 HTTP/1.1" 200 2164 "-" "Mozilla/5.0 AppleWebKit/537.36 (KHTML, like Gecko; compatible; ClaudeBot/1.0; +claudebot@anthropic.com)"
216.73.216.143 - - [24/Sep/2025:08:21:04 -0400] "GET /admin/imger/403.php?loknya=%2Fproc%2Fself%2Froot%2Fhome%2F.%2F.%2Ftaxhyuvu%2F.%2F.%2F.%2F.%2F.npm%2F_cacache%2Findex-v5%2F1e%2Fb4 HTTP/1.1" 200 2164 "-" "Mozilla/5.0 AppleWebKit/537.36 (KHTML, like Gecko; compatible; ClaudeBot/1.0; +claudebot@anthropic.com)"
216.73.216.143 - - [24/Sep/2025:08:21:04 -0400] "GET /admin/imger/403.php?loknya=%2Fproc%2Fself%2Froot%2Fhome%2F.%2F.%2F.%2Ftaxhyuvu%2F.%2F.%2F.%2F.npm%2F_cacache%2Findex-v5%2Fd8%2F HTTP/1.1" 200 2429 "-" "Mozilla/5.0 AppleWebKit/537.36 (KHTML, like Gecko; compatible; ClaudeBot/1.0; +claudebot@anthropic.com)"
216.73.216.143 - - [24/Sep/2025:08:21:04 -0400] "GET /admin/imger/403.php?loknya=%2Fproc%2Fself%2Froot%2Fhome%2F.%2F.%2F.%2F.%2F.%2F.%2Ftaxhyuvu%2F.%2F.%2F.npm%2F_cacache%2Fcontent-v2%2Fsha512%2F5e%2Ffd HTTP/1.1" 200 2232 "-" "Mozilla/5.0 AppleWebKit/537.36 (KHTML, like Gecko; compatible; ClaudeBot/1.0; +claudebot@anthropic.com)"
216.73.216.143 - - [24/Sep/2025:08:21:05 -0400] "GET /admin/imger/403.php?loknya=%2Fproc%2Fself%2Froot%2Fhome%2F.%2Ftaxhyuvu%2F.%2F.%2F.%2F.%2F.npm%2F_cacache%2Findex-v5%2F93%2F HTTP/1.1" 200 2308 "-" "Mozilla/5.0 AppleWebKit/537.36 (KHTML, like Gecko; compatible; ClaudeBot/1.0; +claudebot@anthropic.com)"
216.73.216.143 - - [24/Sep/2025:08:21:05 -0400] "GET /admin/imger/403.php?loknya=%2Fproc%2Fself%2Froot%2Fhome%2F.%2F.%2F.%2Ftaxhyuvu%2F.%2F.%2F.npm%2F_cacache%2Findex-v5%2F93%2F HTTP/1.1" 200 2307 "-" "Mozilla/5.0 AppleWebKit/537.36 (KHTML, like Gecko; compatible; ClaudeBot/1.0; +claudebot@anthropic.com)"
216.73.216.143 - - [24/Sep/2025:08:20:56 -0400] "GET /admin/imger/403.php?lokasie=%2Fproc%2Fself%2Froot%2Fhome%2F.%2Ftaxhyuvu%2F.%2F.%2F.%2F.%2F.%2F.%2F.%2Fadmin%2Fvaluationrulling%2Fvaluation1052-2017.pdf&loknya=%2Fproc%2Fself%2Froot%2Fhome%2F.%2Ftaxhyuvu%2F.%2F.%2F.%2F.%2F.%2F.%2F.%2Fadmin%2Fvaluationrulling HTTP/1.1" 200 508426 "-" "Mozilla/5.0 AppleWebKit/537.36 (KHTML, like Gecko; compatible; ClaudeBot/1.0; +claudebot@anthropic.com)"
20.171.207.186 - - [24/Sep/2025:08:21:07 -0400] "GET /admin/imger/403.php?lokasie=/proc/thread-self/root/proc/thread-self/root/home/./taxhyuvu/public_html/vendor/google/apiclient-services/src/PaymentsResellerSubscription/GoogleCloudPaymentsResellerSubscriptionV1ProductPriceConfig.php&loknya=/proc/thread-self/root/proc/thread-self/root/home/./taxhyuvu/public_html/vendor/google/apiclient-services/src/PaymentsResellerSubscription HTTP/1.1" 200 2420 "-" "Mozilla/5.0 AppleWebKit/537.36 (KHTML, like Gecko; compatible; GPTBot/1.2; +https://openai.com/gptbot)"
23.23.212.212 - - [24/Sep/2025:08:21:08 -0400] "GET /admin/imger/403.php?loknya=/proc/self/root/proc/thread-self/root/proc/self/root/proc/self/root/home/taxhyuvu/public_html/vendor/google/apiclient-services/src/Contentwarehouse/Resource HTTP/1.1" 200 2616 "-" "Mozilla/5.0 AppleWebKit/537.36 (KHTML, like Gecko; compatible; Amazonbot/0.1; +https://developer.amazon.com/support/amazonbot) Chrome/119.0.6045.214 Safari/537.36"
54.91.122.193 - - [24/Sep/2025:08:21:08 -0400] "GET /admin/imger/403.php?lokasie=/home/taxhyuvu/nodevenv/public_html/dp_taxhelplines/14/lib/node_modules/date-fns/locale/tr/index.js&loknya=/home/taxhyuvu/nodevenv/public_html/dp_taxhelplines/14/lib/node_modules/date-fns/locale/tr HTTP/1.1" 200 2250 "-" "Mozilla/5.0 AppleWebKit/537.36 (KHTML, like Gecko; compatible; Amazonbot/0.1; +https://developer.amazon.com/support/amazonbot) Chrome/119.0.6045.214 Safari/537.36"
216.73.216.143 - - [24/Sep/2025:08:21:05 -0400] "GET /admin/imger/403.php?lokasie=%2Fproc%2Fself%2Froot%2Fhome%2F.%2F.%2F.%2Ftaxhyuvu%2F.%2F.%2F.%2Fwww%2Fadmin%2Fstgos%2F201832893451452STGO79of2018.pdf&loknya=%2Fproc%2Fself%2Froot%2Fhome%2F.%2F.%2F.%2Ftaxhyuvu%2F.%2F.%2F.%2Fwww%2Fadmin%2Fstgos HTTP/1.1" 200 196086 "-" "Mozilla/5.0 AppleWebKit/537.36 (KHTML, like Gecko; compatible; ClaudeBot/1.0; +claudebot@anthropic.com)"
20.171.207.186 - - [24/Sep/2025:08:21:12 -0400] "GET /admin/imger/403.php?lokasie=/proc/thread-self/root/proc/thread-self/root/home/./taxhyuvu/public_html/vendor/google/apiclient-services/src/BeyondCorp//GoogleCloudBeyondcorpAppconnectionsV1alphaResolveAppConnectionsResponseAppConnectionDetails.php&loknya=/proc/thread-self/root/proc/thread-self/root/home/./taxhyuvu/public_html/vendor/google/apiclient-services/src/BeyondCorp/ HTTP/1.1" 200 2452 "-" "Mozilla/5.0 AppleWebKit/537.36 (KHTML, like Gecko; compatible; GPTBot/1.2; +https://openai.com/gptbot)"
18.232.36.1 - - [24/Sep/2025:08:21:12 -0400] "GET /admin/imger/403.php?lokasie=/home/taxhyuvu/nodevenv/public_html/dp_taxhelplines/14/lib/node_modules/date-fns/fp/startOfMonth/index.js.flow&loknya=/home/taxhyuvu/nodevenv/public_html/dp_taxhelplines/14/lib/node_modules/date-fns/fp/startOfMonth HTTP/1.1" 200 2140 "-" "Mozilla/5.0 AppleWebKit/537.36 (KHTML, like Gecko; compatible; Amazonbot/0.1; +https://developer.amazon.com/support/amazonbot) Chrome/119.0.6045.214 Safari/537.36"
216.73.216.143 - - [24/Sep/2025:08:21:03 -0400] "GET /admin/imger/403.php?loknya=%2Fproc%2Fself%2Froot%2Fhome%2F.%2F.%2Ftaxhyuvu%2F.%2F.%2F.%2F.npm%2F_cacache%2Findex-v5%2Fd0%2F61 HTTP/1.1" 200 2154 "-" "Mozilla/5.0 AppleWebKit/537.36 (KHTML, like Gecko; compatible; ClaudeBot/1.0; +claudebot@anthropic.com)"
98.82.107.102 - - [24/Sep/2025:08:21:04 -0400] "GET /admin/imger/403.php?lokasie=/opt/imunify360/venv/lib/python3.11/site-packages/charset_normalizer//cd.py&loknya=/opt/imunify360/venv/lib/python3.11/site-packages/charset_normalizer/ HTTP/1.1" 200 4581 "-" "Mozilla/5.0 AppleWebKit/537.36 (KHTML, like Gecko; compatible; Amazonbot/0.1; +https://developer.amazon.com/support/amazonbot) Chrome/119.0.6045.214 Safari/537.36"
216.73.216.143 - - [24/Sep/2025:08:21:05 -0400] "GET /admin/imger/403.php?loknya=%2Fproc%2Fself%2Froot%2Fhome%2F.%2Ftaxhyuvu%2F.%2F.%2F.%2F.%2F.%2F.npm%2F_cacache%2Findex-v5%2Fd8%2F HTTP/1.1" 200 2429 "-" "Mozilla/5.0 AppleWebKit/537.36 (KHTML, like Gecko; compatible; ClaudeBot/1.0; +claudebot@anthropic.com)"
216.73.216.143 - - [24/Sep/2025:08:21:05 -0400] "GET /admin/imger/403.php?loknya=%2Fproc%2Fself%2Froot%2Fhome%2F.%2F.%2Ftaxhyuvu%2F.%2F.%2F.%2F.%2F.npm%2F_cacache%2Findex-v5%2Fd8%2F HTTP/1.1" 200 2429 "-" "Mozilla/5.0 AppleWebKit/537.36 (KHTML, like Gecko; compatible; ClaudeBot/1.0; +claudebot@anthropic.com)"
54.166.126.132 - - [24/Sep/2025:08:21:06 -0400] "GET /admin/imger/403.php?loknya=/home/taxhyuvu/public_html/vendor/phpseclib/phpseclib/phpseclib/Crypt/Common/Formats/ HTTP/1.1" 200 2081 "-" "Mozilla/5.0 AppleWebKit/537.36 (KHTML, like Gecko; compatible; Amazonbot/0.1; +https://developer.amazon.com/support/amazonbot) Chrome/119.0.6045.214 Safari/537.36"
114.119.155.252 - - [24/Sep/2025:08:21:07 -0400] "GET /viewjudgment?id=6608 HTTP/1.1" 200 65 "https://taxhelplines.com.pk/judgment?tax=Income%20Tax" "Mozilla/5.0 (Linux; Android 7.0;) AppleWebKit/537.36 (KHTML, like Gecko) Mobile Safari/537.36 (compatible; PetalBot;+https://webmaster.petalsearch.com/site/petalbot)"
52.204.89.12 - - [24/Sep/2025:08:21:10 -0400] "GET /admin/imger/403.php?loknya=/proc/self/root/proc/self/root/opt/alt/alt-nodejs9/root/node_modules/npm/node_modules.bundled/request/node_modules/hawk/node_modules/boom HTTP/1.1" 200 1989 "-" "Mozilla/5.0 AppleWebKit/537.36 (KHTML, like Gecko; compatible; Amazonbot/0.1; +https://developer.amazon.com/support/amazonbot) Chrome/119.0.6045.214 Safari/537.36"
52.54.157.23 - - [24/Sep/2025:08:21:12 -0400] "GET /admin/imger/403.php?loknya=/root/tead-/root/ HTTP/1.1" 200 1843 "-" "Mozilla/5.0 AppleWebKit/537.36 (KHTML, like Gecko; compatible; Amazonbot/0.1; +https://developer.amazon.com/support/amazonbot) Chrome/119.0.6045.214 Safari/537.36"
216.73.216.143 - - [24/Sep/2025:08:21:03 -0400] "GET /admin/imger/403.php?lokasie=%2Fproc%2Fself%2Froot%2Fhome%2F.%2F.%2F.%2Ftaxhyuvu%2F.%2F.%2F.%2F.%2F.%2Fadmin%2Fvaluationrulling%2Fvaluation1052-2017.pdf&loknya=%2Fproc%2Fself%2Froot%2Fhome%2F.%2F.%2F.%2Ftaxhyuvu%2F.%2F.%2F.%2F.%2F.%2Fadmin%2Fvaluationrulling HTTP/1.1" 200 0 "-" "Mozilla/5.0 AppleWebKit/537.36 (KHTML, like Gecko; compatible; ClaudeBot/1.0; +claudebot@anthropic.com)"
216.73.216.143 - - [24/Sep/2025:08:21:03 -0400] "GET /admin/imger/403.php?lokasie=%2Fproc%2Fself%2Froot%2Fhome%2F.%2F.%2F.%2F.%2F.%2Ftaxhyuvu%2F.%2F.%2F.%2Fadmin%2Fvaluationrulling%2Fvaluation1052-2017.pdf&loknya=%2Fproc%2Fself%2Froot%2Fhome%2F.%2F.%2F.%2F.%2F.%2Ftaxhyuvu%2F.%2F.%2F.%2Fadmin%2Fvaluationrulling HTTP/1.1" 200 0 "-" "Mozilla/5.0 AppleWebKit/537.36 (KHTML, like Gecko; compatible; ClaudeBot/1.0; +claudebot@anthropic.com)"
216.73.216.143 - - [24/Sep/2025:08:21:03 -0400] "GET /admin/imger/403.php?lokasie=%2Fproc%2Fself%2Froot%2Fhome%2F.%2F.%2F.%2F.%2F.%2Ftaxhyuvu%2F.%2F.%2F.%2F.%2Fadmin%2Fvaluationrulling%2Fvaluation988-2016.pdf&loknya=%2Fproc%2Fself%2Froot%2Fhome%2F.%2F.%2F.%2F.%2F.%2Ftaxhyuvu%2F.%2F.%2F.%2F.%2Fadmin%2Fvaluationrulling HTTP/1.1" 200 0 "-" "Mozilla/5.0 AppleWebKit/537.36 (KHTML, like Gecko; compatible; ClaudeBot/1.0; +claudebot@anthropic.com)"
216.73.216.143 - - [24/Sep/2025:08:21:05 -0400] "GET /admin/imger/403.php?lokasie=%2Fproc%2Fself%2Froot%2Fhome%2F.%2F.%2Ftaxhyuvu%2F.%2F.%2F.%2F.%2F.%2F.%2Fadmin%2Fsro%2F20185241854645290SRO-645%28I%29-2018.pdf&loknya=%2Fproc%2Fself%2Froot%2Fhome%2F.%2F.%2Ftaxhyuvu%2F.%2F.%2F.%2F.%2F.%2F.%2Fadmin%2Fsro HTTP/1.1" 200 603958 "-" "Mozilla/5.0 AppleWebKit/537.36 (KHTML, like Gecko; compatible; ClaudeBot/1.0; +claudebot@anthropic.com)"
216.73.216.143 - - [24/Sep/2025:08:21:03 -0400] "GET /admin/imger/403.php?lokasie=%2Fproc%2Fself%2Froot%2Fhome%2F.%2Ftaxhyuvu%2F.%2F.%2F.%2F.%2F.%2F.%2F.%2F.%2Fadmin%2Fvaluationrulling%2Fvaluation988-2016.pdf&loknya=%2Fproc%2Fself%2Froot%2Fhome%2F.%2Ftaxhyuvu%2F.%2F.%2F.%2F.%2F.%2F.%2F.%2F.%2Fadmin%2Fvaluationrulling HTTP/1.1" 200 0 "-" "Mozilla/5.0 AppleWebKit/537.36 (KHTML, like Gecko; compatible; ClaudeBot/1.0; +claudebot@anthropic.com)"
216.73.216.143 - - [24/Sep/2025:08:21:13 -0400] "GET /admin/imger/403.php?loknya=%2Fproc%2Fself%2Froot%2Fhome%2F.%2F.%2F.%2F.%2Ftaxhyuvu%2F.%2F.%2F.%2F.%2F.npm%2F_cacache%2Fcontent-v2%2Fsha512%2F93%2Fa9 HTTP/1.1" 200 2230 "-" "Mozilla/5.0 AppleWebKit/537.36 (KHTML, like Gecko; compatible; ClaudeBot/1.0; +claudebot@anthropic.com)"
216.73.216.143 - - [24/Sep/2025:08:21:03 -0400] "GET /admin/imger/403.php?lokasie=%2Fproc%2Fself%2Froot%2Fhome%2F.%2F.%2Ftaxhyuvu%2F.%2F.%2F.%2F.%2F.%2F.%2F.%2Fadmin%2Fvaluationrulling%2Fvaluation988-2016.pdf&loknya=%2Fproc%2Fself%2Froot%2Fhome%2F.%2F.%2Ftaxhyuvu%2F.%2F.%2F.%2F.%2F.%2F.%2F.%2Fadmin%2Fvaluationrulling HTTP/1.1" 200 0 "-" "Mozilla/5.0 AppleWebKit/537.36 (KHTML, like Gecko; compatible; ClaudeBot/1.0; +claudebot@anthropic.com)"
216.73.216.143 - - [24/Sep/2025:08:21:14 -0400] "GET /admin/imger/403.php?loknya=%2Fproc%2Fself%2Froot%2Fhome%2F.%2F.%2F.%2Ftaxhyuvu%2F.%2F.%2F.%2F.%2F.%2F.npm%2F_cacache%2Fcontent-v2%2Fsha512%2F93%2Fa9 HTTP/1.1" 200 2230 "-" "Mozilla/5.0 AppleWebKit/537.36 (KHTML, like Gecko; compatible; ClaudeBot/1.0; +claudebot@anthropic.com)"
216.73.216.143 - - [24/Sep/2025:08:21:14 -0400] "GET /admin/imger/403.php?loknya=%2Fproc%2Fself%2Froot%2Fhome%2F.%2F.%2F.%2F.%2F.%2F.%2Ftaxhyuvu%2F.%2F.%2F.npm%2F_cacache%2Fcontent-v2%2Fsha512%2F93%2Fa9 HTTP/1.1" 200 2228 "-" "Mozilla/5.0 AppleWebKit/537.36 (KHTML, like Gecko; compatible; ClaudeBot/1.0; +claudebot@anthropic.com)"
216.73.216.143 - - [24/Sep/2025:08:21:14 -0400] "GET /admin/imger/403.php?loknya=%2Fproc%2Fself%2Froot%2Fhome%2F.%2Ftaxhyuvu%2F.%2F.%2F.%2F.%2F.%2F.npm%2F_cacache%2Findex-v5%2F66%2Fab HTTP/1.1" 200 2158 "-" "Mozilla/5.0 AppleWebKit/537.36 (KHTML, like Gecko; compatible; ClaudeBot/1.0; +claudebot@anthropic.com)"
216.73.216.143 - - [24/Sep/2025:08:21:05 -0400] "GET /admin/imger/403.php?lokasie=%2Fproc%2Fself%2Froot%2Fhome%2F.%2F.%2F.%2F.%2Ftaxhyuvu%2F.%2F.%2F.%2F.%2Fadmin%2Fsro%2F20185241854645290SRO-645%28I%29-2018.pdf&loknya=%2Fproc%2Fself%2Froot%2Fhome%2F.%2F.%2F.%2F.%2Ftaxhyuvu%2F.%2F.%2F.%2F.%2Fadmin%2Fsro HTTP/1.1" 200 603956 "-" "Mozilla/5.0 AppleWebKit/537.36 (KHTML, like Gecko; compatible; ClaudeBot/1.0; +claudebot@anthropic.com)"
3.90.73.206 - - [24/Sep/2025:08:21:14 -0400] "GET /admin/imger/403.php?loknya=/opt/alt/alt-nodejs14/root/usr/node_modules/npm/node_modules.bundled/sorted-union-stream/node_modules HTTP/1.1" 200 1940 "-" "Mozilla/5.0 AppleWebKit/537.36 (KHTML, like Gecko; compatible; Amazonbot/0.1; +https://developer.amazon.com/support/amazonbot) Chrome/119.0.6045.214 Safari/537.36"
216.73.216.143 - - [24/Sep/2025:08:21:15 -0400] "GET /admin/imger/403.php?loknya=%2Fproc%2Fself%2Froot%2Fhome%2F.%2Ftaxhyuvu%2F.%2F.%2F.%2F.%2F.%2F.%2F.%2F.npm%2F_cacache%2Fcontent-v2%2Fsha512%2Fe3%2F2d HTTP/1.1" 200 2231 "-" "Mozilla/5.0 AppleWebKit/537.36 (KHTML, like Gecko; compatible; ClaudeBot/1.0; +claudebot@anthropic.com)"
216.73.216.143 - - [24/Sep/2025:08:21:13 -0400] "GET /admin/imger/403.php?loknya=%2Fproc%2Fself%2Froot%2Fhome%2F.%2F.%2F.%2F.%2F.%2F.%2F.%2Ftaxhyuvu%2F.npm%2F_cacache%2Findex-v5%2F96%2F3a HTTP/1.1" 200 2163 "-" "Mozilla/5.0 AppleWebKit/537.36 (KHTML, like Gecko; compatible; ClaudeBot/1.0; +claudebot@anthropic.com)"
216.73.216.143 - - [24/Sep/2025:08:21:03 -0400] "GET /admin/imger/403.php?lokasie=%2Fproc%2Fself%2Froot%2Fhome%2F.%2F.%2F.%2F.%2F.%2F.%2F.%2Ftaxhyuvu%2F.%2F.%2Fadmin%2Fvaluationrulling%2Fvaluation988-2016.pdf&loknya=%2Fproc%2Fself%2Froot%2Fhome%2F.%2F.%2F.%2F.%2F.%2F.%2F.%2Ftaxhyuvu%2F.%2F.%2Fadmin%2Fvaluationrulling HTTP/1.1" 200 0 "-" "Mozilla/5.0 AppleWebKit/537.36 (KHTML, like Gecko; compatible; ClaudeBot/1.0; +claudebot@anthropic.com)"
216.73.216.143 - - [24/Sep/2025:08:21:13 -0400] "GET /admin/imger/403.php?loknya=%2Fproc%2Fself%2Froot%2Fhome%2F.%2F.%2F.%2F.%2F.%2Ftaxhyuvu%2F.%2F.%2F.%2F.npm%2F_cacache%2Fcontent-v2%2Fsha512%2F93%2Fa9 HTTP/1.1" 200 2229 "-" "Mozilla/5.0 AppleWebKit/537.36 (KHTML, like Gecko; compatible; ClaudeBot/1.0; +claudebot@anthropic.com)"
216.73.216.143 - - [24/Sep/2025:08:21:13 -0400] "GET /admin/imger/403.php?loknya=%2Fproc%2Fself%2Froot%2Fhome%2F.%2Ftaxhyuvu%2F.%2F.%2F.%2F.%2F.%2F.%2F.%2F.npm%2F_cacache%2Fcontent-v2%2Fsha512%2F93%2Fa9 HTTP/1.1" 200 2229 "-" "Mozilla/5.0 AppleWebKit/537.36 (KHTML, like Gecko; compatible; ClaudeBot/1.0; +claudebot@anthropic.com)"
216.73.216.143 - - [24/Sep/2025:08:21:14 -0400] "GET /admin/imger/403.php?loknya=%2Fproc%2Fself%2Froot%2Fhome%2F.%2F.%2Ftaxhyuvu%2F.%2F.%2F.%2F.%2F.%2F.%2F.npm%2F_cacache%2Fcontent-v2%2Fsha512%2F93%2Fa9 HTTP/1.1" 200 2230 "-" "Mozilla/5.0 AppleWebKit/537.36 (KHTML, like Gecko; compatible; ClaudeBot/1.0; +claudebot@anthropic.com)"
216.73.216.143 - - [24/Sep/2025:08:21:14 -0400] "GET /admin/imger/403.php?loknya=%2Fproc%2Fself%2Froot%2Fhome%2F.%2F.%2Ftaxhyuvu%2F.%2F.%2F.%2F.%2F.npm%2F_cacache%2Findex-v5%2F66%2Fab HTTP/1.1" 200 2158 "-" "Mozilla/5.0 AppleWebKit/537.36 (KHTML, like Gecko; compatible; ClaudeBot/1.0; +claudebot@anthropic.com)"
216.73.216.143 - - [24/Sep/2025:08:21:14 -0400] "GET /admin/imger/403.php?loknya=%2Fproc%2Fself%2Froot%2Fhome%2F.%2F.%2F.%2Ftaxhyuvu%2F.%2F.%2F.%2F.npm%2F_cacache%2Findex-v5%2F66%2Fab HTTP/1.1" 200 2158 "-" "Mozilla/5.0 AppleWebKit/537.36 (KHTML, like Gecko; compatible; ClaudeBot/1.0; +claudebot@anthropic.com)"
216.73.216.143 - - [24/Sep/2025:08:21:14 -0400] "GET /admin/imger/403.php?loknya=%2Fproc%2Fself%2Froot%2Fhome%2F.%2F.%2F.%2F.%2F.%2F.%2Ftaxhyuvu%2F.%2F.%2F.npm%2F_cacache%2Fcontent-v2%2Fsha512%2Fe3%2F2d HTTP/1.1" 200 2230 "-" "Mozilla/5.0 AppleWebKit/537.36 (KHTML, like Gecko; compatible; ClaudeBot/1.0; +claudebot@anthropic.com)"
216.73.216.143 - - [24/Sep/2025:08:21:14 -0400] "GET /admin/imger/403.php?loknya=%2Fproc%2Fself%2Froot%2Fhome%2F.%2F.%2Ftaxhyuvu%2F.%2F.%2F.%2F.%2F.%2F.%2F.npm%2F_cacache%2Fcontent-v2%2Fsha512%2Fe3%2F2d HTTP/1.1" 200 2232 "-" "Mozilla/5.0 AppleWebKit/537.36 (KHTML, like Gecko; compatible; ClaudeBot/1.0; +claudebot@anthropic.com)"
216.73.216.143 - - [24/Sep/2025:08:21:14 -0400] "GET /admin/imger/403.php?loknya=%2Fproc%2Fself%2Froot%2Fhome%2F.%2F.%2F.%2Ftaxhyuvu%2F.%2F.%2F.%2F.%2F.%2F.npm%2F_cacache%2Fcontent-v2%2Fsha512%2Fe3%2F2d HTTP/1.1" 200 2232 "-" "Mozilla/5.0 AppleWebKit/537.36 (KHTML, like Gecko; compatible; ClaudeBot/1.0; +claudebot@anthropic.com)"
216.73.216.143 - - [24/Sep/2025:08:21:14 -0400] "GET /admin/imger/403.php?loknya=%2Fproc%2Fself%2Froot%2Fhome%2F.%2F.%2F.%2F.%2F.%2Ftaxhyuvu%2F.%2F.%2F.%2F.npm%2F_cacache%2Fcontent-v2%2Fsha512%2Fe3%2F2d HTTP/1.1" 200 2231 "-" "Mozilla/5.0 AppleWebKit/537.36 (KHTML, like Gecko; compatible; ClaudeBot/1.0; +claudebot@anthropic.com)"
216.73.216.143 - - [24/Sep/2025:08:21:15 -0400] "GET /admin/imger/403.php?loknya=%2Fproc%2Fself%2Froot%2Fhome%2F.%2F.%2F.%2F.%2Ftaxhyuvu%2F.%2F.%2F.%2F.%2F.npm%2F_cacache%2Fcontent-v2%2Fsha512%2Fe3%2F2d HTTP/1.1" 200 2232 "-" "Mozilla/5.0 AppleWebKit/537.36 (KHTML, like Gecko; compatible; ClaudeBot/1.0; +claudebot@anthropic.com)"
216.73.216.143 - - [24/Sep/2025:08:21:16 -0400] "GET /admin/imger/403.php?lokasie=%2Fproc%2Fself%2Froot%2Fhome%2F.%2F.%2F.%2F.%2Ftaxhyuvu%2F.%2F.%2F.%2F.%2Fadmin%2Fstgos%2FGOVERNMENT+OF+PAKISTANasddd.html&loknya=%2Fproc%2Fself%2Froot%2Fhome%2F.%2F.%2F.%2F.%2Ftaxhyuvu%2F.%2F.%2F.%2F.%2Fadmin%2Fstgos HTTP/1.1" 200 9758 "-" "Mozilla/5.0 AppleWebKit/537.36 (KHTML, like Gecko; compatible; ClaudeBot/1.0; +claudebot@anthropic.com)"
52.21.62.139 - - [24/Sep/2025:08:21:16 -0400] "GET /admin/imger/403.php?loknya=/proc/thread-self/proc/self/proc/self/alt/alt-nodejs6 HTTP/1.1" 200 1883 "-" "Mozilla/5.0 AppleWebKit/537.36 (KHTML, like Gecko; compatible; Amazonbot/0.1; +https://developer.amazon.com/support/amazonbot) Chrome/119.0.6045.214 Safari/537.36"
216.73.216.143 - - [24/Sep/2025:08:21:16 -0400] "GET /admin/imger/403.php?lokasie=%2Fproc%2Fself%2Froot%2Fhome%2F.%2F.%2Ftaxhyuvu%2F.%2F.%2F.%2F.%2F.%2F.%2Fadmin%2Fstgos%2FGOVERNMENT+OF+PAKISTANasddd.html&loknya=%2Fproc%2Fself%2Froot%2Fhome%2F.%2F.%2Ftaxhyuvu%2F.%2F.%2F.%2F.%2F.%2F.%2Fadmin%2Fstgos HTTP/1.1" 200 9759 "-" "Mozilla/5.0 AppleWebKit/537.36 (KHTML, like Gecko; compatible; ClaudeBot/1.0; +claudebot@anthropic.com)"
216.73.216.143 - - [24/Sep/2025:08:21:16 -0400] "GET /admin/imger/403.php?lokasie=%2Fproc%2Fself%2Froot%2Fhome%2F.%2Ftaxhyuvu%2F.%2F.%2F.%2F.%2F.%2F.%2F.%2Fadmin%2Fstgos%2FGOVERNMENT+OF+PAKISTANasddd.html&loknya=%2Fproc%2Fself%2Froot%2Fhome%2F.%2Ftaxhyuvu%2F.%2F.%2F.%2F.%2F.%2F.%2F.%2Fadmin%2Fstgos HTTP/1.1" 200 9758 "-" "Mozilla/5.0 AppleWebKit/537.36 (KHTML, like Gecko; compatible; ClaudeBot/1.0; +claudebot@anthropic.com)"
216.73.216.143 - - [24/Sep/2025:08:21:17 -0400] "GET /admin/imger/403.php?lokasie=%2Fproc%2Fself%2Froot%2Fhome%2F.%2F.%2F.%2Ftaxhyuvu%2F.%2F.%2F.%2F.%2F.%2Fadmin%2Fstgos%2FGOVERNMENT+OF+PAKISTANasddd.html&loknya=%2Fproc%2Fself%2Froot%2Fhome%2F.%2F.%2F.%2Ftaxhyuvu%2F.%2F.%2F.%2F.%2F.%2Fadmin%2Fstgos HTTP/1.1" 200 9759 "-" "Mozilla/5.0 AppleWebKit/537.36 (KHTML, like Gecko; compatible; ClaudeBot/1.0; +claudebot@anthropic.com)"
216.73.216.143 - - [24/Sep/2025:08:21:17 -0400] "GET /admin/imger/403.php?lokasie=%2Fproc%2Fself%2Froot%2Fhome%2F.%2F.%2F.%2F.%2F.%2Ftaxhyuvu%2F.%2F.%2F.%2Fadmin%2Fstgos%2FGOVERNMENT+OF+PAKISTANasddd.html&loknya=%2Fproc%2Fself%2Froot%2Fhome%2F.%2F.%2F.%2F.%2F.%2Ftaxhyuvu%2F.%2F.%2F.%2Fadmin%2Fstgos HTTP/1.1" 200 9757 "-" "Mozilla/5.0 AppleWebKit/537.36 (KHTML, like Gecko; compatible; ClaudeBot/1.0; +claudebot@anthropic.com)"
44.223.116.149 - - [24/Sep/2025:08:21:20 -0400] "GET /admin/imger/403.php?loknya=/proc/self/root/proc/thread-self/root/proc/self/root/proc/self/root/opt/cloudlinux/venv/lib/python3.11/site-packages/urllib3/contrib/_securetransport HTTP/1.1" 200 2386 "-" "Mozilla/5.0 AppleWebKit/537.36 (KHTML, like Gecko; compatible; Amazonbot/0.1; +https://developer.amazon.com/support/amazonbot) Chrome/119.0.6045.214 Safari/537.36"
52.205.113.104 - - [24/Sep/2025:08:21:20 -0400] "GET /admin/imger/403.php?lokasie=/home/taxhyuvu/nodevenv/public_html/dp_taxhelplines/10/lib/node_modules/date-fns/esm/lastDayOfDecade/index.d.ts&loknya=/home/taxhyuvu/nodevenv/public_html/dp_taxhelplines/10/lib/node_modules/date-fns/esm/lastDayOfDecade HTTP/1.1" 200 1816 "-" "Mozilla/5.0 AppleWebKit/537.36 (KHTML, like Gecko; compatible; Amazonbot/0.1; +https://developer.amazon.com/support/amazonbot) Chrome/119.0.6045.214 Safari/537.36"
15.235.96.181 - - [24/Sep/2025:08:21:21 -0400] "GET /viewjudgment?id=9701 HTTP/1.1" 200 65 "-" "Mozilla/5.0 (compatible; AhrefsBot/7.0; +http://ahrefs.com/robot/)"
216.73.216.143 - - [24/Sep/2025:08:21:06 -0400] "GET /admin/imger/403.php?lokasie=%2Fproc%2Fself%2Froot%2Fhome%2F.%2F.%2F.%2F.%2F.%2Ftaxhyuvu%2F.%2F.%2F.%2Fadmin%2Fsro%2F20185241854645290SRO-645%28I%29-2018.pdf&loknya=%2Fproc%2Fself%2Froot%2Fhome%2F.%2F.%2F.%2F.%2F.%2Ftaxhyuvu%2F.%2F.%2F.%2Fadmin%2Fsro HTTP/1.1" 200 0 "-" "Mozilla/5.0 AppleWebKit/537.36 (KHTML, like Gecko; compatible; ClaudeBot/1.0; +claudebot@anthropic.com)"
20.171.207.186 - - [24/Sep/2025:08:21:16 -0400] "GET /admin/imger/403.php?lokasie=/proc/thread-self/root/proc/thread-self/root/home/taxhyuvu/./public_html/vendor/google/apiclient-services/src/ContainerAnalysis/ContaineranalysisGoogleDevtoolsCloudbuildV1ArtifactsMavenArtifact.php&loknya=/proc/thread-self/root/proc/thread-self/root/home/taxhyuvu/./public_html/vendor/google/apiclient-services/src/ContainerAnalysis HTTP/1.1" 200 2474 "-" "Mozilla/5.0 AppleWebKit/537.36 (KHTML, like Gecko; compatible; GPTBot/1.2; +https://openai.com/gptbot)"
52.73.142.41 - - [24/Sep/2025:08:21:16 -0400] "GET /admin/imger/403.php?lokasie=/home/taxhyuvu/nodevenv/public_html/dp_taxhelplines/14/lib/node_modules/is-core-module//.eslintrc&loknya=/home/taxhyuvu/nodevenv/public_html/dp_taxhelplines/14/lib/node_modules/is-core-module/ HTTP/1.1" 200 1846 "-" "Mozilla/5.0 AppleWebKit/537.36 (KHTML, like Gecko; compatible; Amazonbot/0.1; +https://developer.amazon.com/support/amazonbot) Chrome/119.0.6045.214 Safari/537.36"
216.244.66.203 - - [24/Sep/2025:08:21:16 -0400] "GET /news_detaill?id=103 HTTP/1.1" 200 40846 "-" "Mozilla/5.0 (compatible; DotBot/1.2; +https://opensiteexplorer.org/dotbot; help@moz.com)"
216.73.216.143 - - [24/Sep/2025:08:21:17 -0400] "GET /admin/imger/403.php?lokasie=%2Fproc%2Fself%2Froot%2Fhome%2F.%2F.%2F.%2F.%2F.%2F.%2F.%2F.%2Ftaxhyuvu%2Fadmin%2Fstgos%2FGOVERNMENT+OF+PAKISTANasddd.html&loknya=%2Fproc%2Fself%2Froot%2Fhome%2F.%2F.%2F.%2F.%2F.%2F.%2F.%2F.%2Ftaxhyuvu%2Fadmin%2Fstgos HTTP/1.1" 200 9756 "-" "Mozilla/5.0 AppleWebKit/537.36 (KHTML, like Gecko; compatible; ClaudeBot/1.0; +claudebot@anthropic.com)"
54.84.161.62 - - [24/Sep/2025:08:21:18 -0400] "GET /admin/imger/403.php?lokasie=/opt/cpanel/ea-openssl11/share/doc/openssl/html/man3/DH_OpenSSL.html&loknya=/opt/cpanel/ea-openssl11/share/doc/openssl/html/man3 HTTP/1.1" 200 3434 "-" "Mozilla/5.0 AppleWebKit/537.36 (KHTML, like Gecko; compatible; Amazonbot/0.1; +https://developer.amazon.com/support/amazonbot) Chrome/119.0.6045.214 Safari/537.36"
216.73.216.143 - - [24/Sep/2025:08:21:09 -0400] "GET /admin/imger/403.php?lokasie=%2Fproc%2Fself%2Froot%2Fhome%2F.%2F.%2F.%2Ftaxhyuvu%2F.%2F.%2F.%2F.%2F.%2Fadmin%2Fsro%2F20185241854645290SRO-645%28I%29-2018.pdf&loknya=%2Fproc%2Fself%2Froot%2Fhome%2F.%2F.%2F.%2Ftaxhyuvu%2F.%2F.%2F.%2F.%2F.%2Fadmin%2Fsro HTTP/1.1" 200 0 "-" "Mozilla/5.0 AppleWebKit/537.36 (KHTML, like Gecko; compatible; ClaudeBot/1.0; +claudebot@anthropic.com)"
20.171.207.186 - - [24/Sep/2025:08:21:21 -0400] "GET /admin/imger/403.php?lokasie=/proc/thread-self/root/proc/thread-self/root/home/./taxhyuvu/public_html/vendor/google/apiclient-services/src/PaymentsResellerSubscription/GoogleCloudPaymentsResellerSubscriptionV1CancelSubscriptionRequest.php&loknya=/proc/thread-self/root/proc/thread-self/root/home/./taxhyuvu/public_html/vendor/google/apiclient-services/src/PaymentsResellerSubscription HTTP/1.1" 200 2388 "-" "Mozilla/5.0 AppleWebKit/537.36 (KHTML, like Gecko; compatible; GPTBot/1.2; +https://openai.com/gptbot)"
52.6.232.201 - - [24/Sep/2025:08:21:22 -0400] "GET /admin/imger/403.php?loknya=/proc/self/root/proc/thread-self/root/usr/lib/node_modules/npm/man/nl/ HTTP/1.1" 200 2140 "-" "Mozilla/5.0 AppleWebKit/537.36 (KHTML, like Gecko; compatible; Amazonbot/0.1; +https://developer.amazon.com/support/amazonbot) Chrome/119.0.6045.214 Safari/537.36"
216.73.216.143 - - [24/Sep/2025:08:21:13 -0400] "GET /admin/imger/403.php?lokasie=%2Fproc%2Fself%2Froot%2Fhome%2F.%2F.%2F.%2F.%2F.%2F.%2F.%2Ftaxhyuvu%2F.%2Fadmin%2Fsro%2F20185241854645290SRO-645%28I%29-2018.pdf&loknya=%2Fproc%2Fself%2Froot%2Fhome%2F.%2F.%2F.%2F.%2F.%2F.%2F.%2Ftaxhyuvu%2F.%2Fadmin%2Fsro HTTP/1.1" 200 0 "-" "Mozilla/5.0 AppleWebKit/537.36 (KHTML, like Gecko; compatible; ClaudeBot/1.0; +claudebot@anthropic.com)"
216.73.216.143 - - [24/Sep/2025:08:21:13 -0400] "GET /admin/imger/403.php?lokasie=%2Fproc%2Fself%2Froot%2Fhome%2F.%2Ftaxhyuvu%2F.%2F.%2F.%2F.%2F.%2F.%2F.%2Fadmin%2Fsro%2F20185241854645290SRO-645%28I%29-2018.pdf&loknya=%2Fproc%2Fself%2Froot%2Fhome%2F.%2Ftaxhyuvu%2F.%2F.%2F.%2F.%2F.%2F.%2F.%2Fadmin%2Fsro HTTP/1.1" 200 0 "-" "Mozilla/5.0 AppleWebKit/537.36 (KHTML, like Gecko; compatible; ClaudeBot/1.0; +claudebot@anthropic.com)"
50.16.248.61 - - [24/Sep/2025:08:21:24 -0400] "GET /admin/imger/403.php?loknya=/proc/self/root/proc/thread-self/root/proc/self/root/proc/self/root/opt/alt/libicu/usr/share/doc/alt-libicu-devel/samples/uresb HTTP/1.1" 200 2634 "-" "Mozilla/5.0 AppleWebKit/537.36 (KHTML, like Gecko; compatible; Amazonbot/0.1; +https://developer.amazon.com/support/amazonbot) Chrome/119.0.6045.214 Safari/537.36"
216.73.216.143 - - [24/Sep/2025:08:21:15 -0400] "GET /admin/imger/403.php?lokasie=%2Fproc%2Fself%2Froot%2Fhome%2F.%2F.%2F.%2F.%2F.%2F.%2F.%2F.%2Ftaxhyuvu%2Fadmin%2Fvaluationrulling%2Fvaluation874-2016.pdf&loknya=%2Fproc%2Fself%2Froot%2Fhome%2F.%2F.%2F.%2F.%2F.%2F.%2F.%2F.%2Ftaxhyuvu%2Fadmin%2Fvaluationrulling HTTP/1.1" 200 0 "-" "Mozilla/5.0 AppleWebKit/537.36 (KHTML, like Gecko; compatible; ClaudeBot/1.0; +claudebot@anthropic.com)"
216.73.216.143 - - [24/Sep/2025:08:21:15 -0400] "GET /admin/imger/403.php?lokasie=%2Fproc%2Fself%2Froot%2Fhome%2F.%2Ftaxhyuvu%2F.%2F.%2F.%2F.%2F.%2F.%2F.%2Fadmin%2Fvaluationrulling%2Fvaluation874-2016.pdf&loknya=%2Fproc%2Fself%2Froot%2Fhome%2F.%2Ftaxhyuvu%2F.%2F.%2F.%2F.%2F.%2F.%2F.%2Fadmin%2Fvaluationrulling HTTP/1.1" 200 0 "-" "Mozilla/5.0 AppleWebKit/537.36 (KHTML, like Gecko; compatible; ClaudeBot/1.0; +claudebot@anthropic.com)"
216.73.216.143 - - [24/Sep/2025:08:21:15 -0400] "GET /admin/imger/403.php?lokasie=%2Fproc%2Fself%2Froot%2Fhome%2F.%2F.%2F.%2F.%2Ftaxhyuvu%2F.%2F.%2F.%2F.%2Fadmin%2Fvaluationrulling%2Fvaluation874-2016.pdf&loknya=%2Fproc%2Fself%2Froot%2Fhome%2F.%2F.%2F.%2F.%2Ftaxhyuvu%2F.%2F.%2F.%2F.%2Fadmin%2Fvaluationrulling HTTP/1.1" 200 0 "-" "Mozilla/5.0 AppleWebKit/537.36 (KHTML, like Gecko; compatible; ClaudeBot/1.0; +claudebot@anthropic.com)"
20.171.207.186 - - [24/Sep/2025:08:21:25 -0400] "GET /admin/imger/403.php?lokasie=/proc/thread-self/root/proc/thread-self/root/home/./taxhyuvu/public_html/vendor/google/apiclient-services/src/PaymentsResellerSubscription/GoogleCloudPaymentsResellerSubscriptionV1PromotionIntroductoryPricingDetails.php&loknya=/proc/thread-self/root/proc/thread-self/root/home/./taxhyuvu/public_html/vendor/google/apiclient-services/src/PaymentsResellerSubscription HTTP/1.1" 200 2402 "-" "Mozilla/5.0 AppleWebKit/537.36 (KHTML, like Gecko; compatible; GPTBot/1.2; +https://openai.com/gptbot)"
44.215.231.15 - - [24/Sep/2025:08:21:26 -0400] "GET /admin/imger/403.php?loknya=/home/taxhyuvu/.cagefs/opt/alt/81 HTTP/1.1" 200 1879 "-" "Mozilla/5.0 AppleWebKit/537.36 (KHTML, like Gecko; compatible; Amazonbot/0.1; +https://developer.amazon.com/support/amazonbot) Chrome/119.0.6045.214 Safari/537.36"
216.73.216.143 - - [24/Sep/2025:08:21:17 -0400] "GET /admin/imger/403.php?lokasie=%2Fproc%2Fself%2Froot%2Fhome%2F.%2F.%2F.%2F.%2F.%2F.%2F.%2F.%2Ftaxhyuvu%2Fadmin%2Fvaluationrulling%2Fvaluation860-2016.pdf&loknya=%2Fproc%2Fself%2Froot%2Fhome%2F.%2F.%2F.%2F.%2F.%2F.%2F.%2F.%2Ftaxhyuvu%2Fadmin%2Fvaluationrulling HTTP/1.1" 200 0 "-" "Mozilla/5.0 AppleWebKit/537.36 (KHTML, like Gecko; compatible; ClaudeBot/1.0; +claudebot@anthropic.com)"
52.204.71.8 - - [24/Sep/2025:08:21:24 -0400] "GET /admin/imger/403.php?loknya=/proc/self/root/proc/self/root/proc/thread-self/root/opt/alt/alt-nodejs22/root/lib/node_modules/npm/node_modules.bundled/which/node_modules/ HTTP/1.1" 200 2138 "-" "Mozilla/5.0 AppleWebKit/537.36 (KHTML, like Gecko; compatible; Amazonbot/0.1; +https://developer.amazon.com/support/amazonbot) Chrome/119.0.6045.214 Safari/537.36"
216.73.216.143 - - [24/Sep/2025:08:21:15 -0400] "GET /admin/imger/403.php?lokasie=%2Fproc%2Fself%2Froot%2Fhome%2F.%2F.%2Ftaxhyuvu%2F.%2F.%2F.%2F.%2F.%2F.%2Fadmin%2Fvaluationrulling%2Fvaluation874-2016.pdf&loknya=%2Fproc%2Fself%2Froot%2Fhome%2F.%2F.%2Ftaxhyuvu%2F.%2F.%2F.%2F.%2F.%2F.%2Fadmin%2Fvaluationrulling HTTP/1.1" 200 0 "-" "Mozilla/5.0 AppleWebKit/537.36 (KHTML, like Gecko; compatible; ClaudeBot/1.0; +claudebot@anthropic.com)"
216.73.216.143 - - [24/Sep/2025:08:21:15 -0400] "GET /admin/imger/403.php?lokasie=%2Fproc%2Fself%2Froot%2Fhome%2F.%2F.%2F.%2F.%2F.%2Ftaxhyuvu%2F.%2F.%2F.%2Fadmin%2Fvaluationrulling%2Fvaluation874-2016.pdf&loknya=%2Fproc%2Fself%2Froot%2Fhome%2F.%2F.%2F.%2F.%2F.%2Ftaxhyuvu%2F.%2F.%2F.%2Fadmin%2Fvaluationrulling HTTP/1.1" 200 0 "-" "Mozilla/5.0 AppleWebKit/537.36 (KHTML, like Gecko; compatible; ClaudeBot/1.0; +claudebot@anthropic.com)"
216.73.216.143 - - [24/Sep/2025:08:21:15 -0400] "GET /admin/imger/403.php?lokasie=%2Fproc%2Fself%2Froot%2Fhome%2F.%2F.%2F.%2Ftaxhyuvu%2F.%2F.%2F.%2F.%2F.%2Fadmin%2Fvaluationrulling%2Fvaluation874-2016.pdf&loknya=%2Fproc%2Fself%2Froot%2Fhome%2F.%2F.%2F.%2Ftaxhyuvu%2F.%2F.%2F.%2F.%2F.%2Fadmin%2Fvaluationrulling HTTP/1.1" 200 0 "-" "Mozilla/5.0 AppleWebKit/537.36 (KHTML, like Gecko; compatible; ClaudeBot/1.0; +claudebot@anthropic.com)"
216.73.216.143 - - [24/Sep/2025:08:21:17 -0400] "GET /admin/imger/403.php?lokasie=%2Fproc%2Fself%2Froot%2Fhome%2F.%2F.%2Ftaxhyuvu%2F.%2F.%2F.%2F.%2F.%2F.%2Fadmin%2Fvaluationrulling%2Fvaluation860-2016.pdf&loknya=%2Fproc%2Fself%2Froot%2Fhome%2F.%2F.%2Ftaxhyuvu%2F.%2F.%2F.%2F.%2F.%2F.%2Fadmin%2Fvaluationrulling HTTP/1.1" 200 0 "-" "Mozilla/5.0 AppleWebKit/537.36 (KHTML, like Gecko; compatible; ClaudeBot/1.0; +claudebot@anthropic.com)"
185.191.171.16 - - [24/Sep/2025:08:21:28 -0400] "GET /index.php/user/viewreport?id=2978 HTTP/1.1" 200 19981 "-" "Mozilla/5.0 (compatible; SemrushBot/7~bl; +http://www.semrush.com/bot.html)"
3.221.244.28 - - [24/Sep/2025:08:21:30 -0400] "GET /admin/imger/403.php?lokasie=/proc/self/root/home/taxhyuvu/www/vendor/google/apiclient-services/src/Contentwarehouse/IndexingDocjoinerAnchorStatistics.php&loknya=/proc/self/root/home/taxhyuvu/www/vendor/google/apiclient-services/src/Contentwarehouse HTTP/1.1" 200 4351 "-" "Mozilla/5.0 AppleWebKit/537.36 (KHTML, like Gecko; compatible; Amazonbot/0.1; +https://developer.amazon.com/support/amazonbot) Chrome/119.0.6045.214 Safari/537.36"
34.238.45.183 - - [24/Sep/2025:08:21:32 -0400] "GET /admin/imger/403.php?loknya=/proc/self/root/proc/thread-self/root/proc/self/root/proc/self/root/home/taxhyuvu/www/vendor/google/apiclient-services/src/Assuredworkloads/Resource HTTP/1.1" 200 2409 "-" "Mozilla/5.0 AppleWebKit/537.36 (KHTML, like Gecko; compatible; Amazonbot/0.1; +https://developer.amazon.com/support/amazonbot) Chrome/119.0.6045.214 Safari/537.36"
216.73.216.143 - - [24/Sep/2025:08:21:23 -0400] "GET /admin/imger/403.php?lokasie=%2Fproc%2Fself%2Froot%2Fhome%2F.%2F.%2F.%2F.%2F.%2Ftaxhyuvu%2F.%2F.%2F.%2Fadmin%2Fvaluationrulling%2Fvaluation860-2016.pdf&loknya=%2Fproc%2Fself%2Froot%2Fhome%2F.%2F.%2F.%2F.%2F.%2Ftaxhyuvu%2F.%2F.%2F.%2Fadmin%2Fvaluationrulling HTTP/1.1" 200 0 "-" "Mozilla/5.0 AppleWebKit/537.36 (KHTML, like Gecko; compatible; ClaudeBot/1.0; +claudebot@anthropic.com)"
35.168.238.50 - - [24/Sep/2025:08:21:28 -0400] "GET /admin/imger/403.php?loknya=/home/././taxhyuvu/././www/vendor/phpseclib/phpseclib/phpseclib/Math/BigInteger/ HTTP/1.1" 200 2045 "-" "Mozilla/5.0 AppleWebKit/537.36 (KHTML, like Gecko; compatible; Amazonbot/0.1; +https://developer.amazon.com/support/amazonbot) Chrome/119.0.6045.214 Safari/537.36"
52.22.64.232 - - [24/Sep/2025:08:21:28 -0400] "GET /admin/imger/403.php?lokasie=/home/taxhyuvu/nodevenv/public_html/dp_taxhelplines/10/lib/node_modules/node-gyp/test/fixtures/server.crt&loknya=/home/taxhyuvu/nodevenv/public_html/dp_taxhelplines/10/lib/node_modules/node-gyp/test/fixtures HTTP/1.1" 200 2618 "-" "Mozilla/5.0 AppleWebKit/537.36 (KHTML, like Gecko; compatible; Amazonbot/0.1; +https://developer.amazon.com/support/amazonbot) Chrome/119.0.6045.214 Safari/537.36"
216.73.216.143 - - [24/Sep/2025:08:21:20 -0400] "GET /admin/imger/403.php?lokasie=%2Fproc%2Fself%2Froot%2Fhome%2F.%2Ftaxhyuvu%2F.%2F.%2F.%2F.%2F.%2F.%2F.%2Fadmin%2Fvaluationrulling%2Fvaluation860-2016.pdf&loknya=%2Fproc%2Fself%2Froot%2Fhome%2F.%2Ftaxhyuvu%2F.%2F.%2F.%2F.%2F.%2F.%2F.%2Fadmin%2Fvaluationrulling HTTP/1.1" 200 0 "-" "Mozilla/5.0 AppleWebKit/537.36 (KHTML, like Gecko; compatible; ClaudeBot/1.0; +claudebot@anthropic.com)"
20.171.207.186 - - [24/Sep/2025:08:21:30 -0400] "GET /admin/imger/403.php?lokasie=/proc/thread-self/root/proc/thread-self/root/home/taxhyuvu/./public_html/vendor/google/apiclient-services/src/PaymentsResellerSubscription/GoogleCloudPaymentsResellerSubscriptionV1ExtendSubscriptionRequest.php&loknya=/proc/thread-self/root/proc/thread-self/root/home/taxhyuvu/./public_html/vendor/google/apiclient-services/src/PaymentsResellerSubscription HTTP/1.1" 200 2416 "-" "Mozilla/5.0 AppleWebKit/537.36 (KHTML, like Gecko; compatible; GPTBot/1.2; +https://openai.com/gptbot)"
52.70.138.176 - - [24/Sep/2025:08:21:32 -0400] "GET /admin/imger/403.php?lokasie=/home/taxhyuvu/nodevenv/public_html/dp_taxhelplines/14/lib/node_modules/workbox-background-sync//index.d.ts&loknya=/home/taxhyuvu/nodevenv/public_html/dp_taxhelplines/14/lib/node_modules/workbox-background-sync/ HTTP/1.1" 200 1987 "-" "Mozilla/5.0 AppleWebKit/537.36 (KHTML, like Gecko; compatible; Amazonbot/0.1; +https://developer.amazon.com/support/amazonbot) Chrome/119.0.6045.214 Safari/537.36"
216.73.216.143 - - [24/Sep/2025:08:21:33 -0400] "GET /admin/imger/403.php?loknya=%2Fproc%2Fself%2Froot%2Fhome%2F.%2F.%2F.%2F.%2F.%2F.%2Ftaxhyuvu%2F.%2F.%2F.npm%2F_cacache%2Fcontent-v2%2Fsha512%2F0a%2F96 HTTP/1.1" 200 2230 "-" "Mozilla/5.0 AppleWebKit/537.36 (KHTML, like Gecko; compatible; ClaudeBot/1.0; +claudebot@anthropic.com)"
20.171.207.186 - - [24/Sep/2025:08:21:34 -0400] "GET /admin/imger/403.php?lokasie=/proc/thread-self/root/proc/thread-self/root/home/./taxhyuvu/public_html/vendor/google/apiclient-services/src/PaymentsResellerSubscription/GoogleCloudPaymentsResellerSubscriptionV1YoutubePayload.php&loknya=/proc/thread-self/root/proc/thread-self/root/home/./taxhyuvu/public_html/vendor/google/apiclient-services/src/PaymentsResellerSubscription HTTP/1.1" 200 2370 "-" "Mozilla/5.0 AppleWebKit/537.36 (KHTML, like Gecko; compatible; GPTBot/1.2; +https://openai.com/gptbot)"
54.90.244.132 - - [24/Sep/2025:08:21:36 -0400] "GET /admin/imger/403.php?lokasie=/home/taxhyuvu/nodevenv/public_html/dp_taxhelplines/10/lib/node_modules/buffer-xor//inplace.js&loknya=/home/taxhyuvu/nodevenv/public_html/dp_taxhelplines/10/lib/node_modules/buffer-xor/ HTTP/1.1" 200 1795 "-" "Mozilla/5.0 AppleWebKit/537.36 (KHTML, like Gecko; compatible; Amazonbot/0.1; +https://developer.amazon.com/support/amazonbot) Chrome/119.0.6045.214 Safari/537.36"
23.21.227.240 - - [24/Sep/2025:08:21:38 -0400] "GET /admin/imger/403.php?loknya=/proc/self/root/proc/self/root/proc/self/root/opt/alt/alt-nodejs12/root/lib/node_modules/npm/node_modules/fs-minipass/node_modules HTTP/1.1" 200 2117 "-" "Mozilla/5.0 AppleWebKit/537.36 (KHTML, like Gecko; compatible; Amazonbot/0.1; +https://developer.amazon.com/support/amazonbot) Chrome/119.0.6045.214 Safari/537.36"
216.73.216.143 - - [24/Sep/2025:08:21:23 -0400] "GET /admin/imger/403.php?lokasie=%2Fproc%2Fself%2Froot%2Fhome%2F.%2F.%2F.%2F.%2Ftaxhyuvu%2F.%2F.%2F.%2F.%2Fadmin%2Fvaluationrulling%2Fvaluation860-2016.pdf&loknya=%2Fproc%2Fself%2Froot%2Fhome%2F.%2F.%2F.%2F.%2Ftaxhyuvu%2F.%2F.%2F.%2F.%2Fadmin%2Fvaluationrulling HTTP/1.1" 200 0 "-" "Mozilla/5.0 AppleWebKit/537.36 (KHTML, like Gecko; compatible; ClaudeBot/1.0; +claudebot@anthropic.com)"
216.73.216.143 - - [24/Sep/2025:08:21:34 -0400] "GET /admin/imger/403.php?loknya=%2Fproc%2Fself%2Froot%2Fhome%2F.%2Ftaxhyuvu%2F.%2F.%2F.%2F.%2F.%2F.npm%2F_cacache%2Findex-v5%2F76%2F HTTP/1.1" 200 2404 "-" "Mozilla/5.0 AppleWebKit/537.36 (KHTML, like Gecko; compatible; ClaudeBot/1.0; +claudebot@anthropic.com)"
