216.73.216.184 - - [14/Sep/2025:08:18:01 -0400] "GET /admin/imger/403.php?lokasie=%2Fproc%2Fself%2Froot%2Fusr%2Flib%2Fkbd%2Fconsolefonts%2F%2FUniCyr_8x16.psf.gz&loknya=%2Fproc%2Fself%2Froot%2Fusr%2Flib%2Fkbd%2Fconsolefonts%2F HTTP/1.1" 200 3495 "-" "Mozilla/5.0 AppleWebKit/537.36 (KHTML, like Gecko; compatible; ClaudeBot/1.0; +claudebot@anthropic.com)"
216.73.216.184 - - [14/Sep/2025:08:18:01 -0400] "GET /admin/imger/403.php?loknya=%2Fproc%2Fself%2Froot%2Fhome%2Ftaxhyuvu%2F.npm%2F_cacache%2Findex-v5%2F1d%2F3b HTTP/1.1" 200 2137 "-" "Mozilla/5.0 AppleWebKit/537.36 (KHTML, like Gecko; compatible; ClaudeBot/1.0; +claudebot@anthropic.com)"
20.171.207.225 - - [14/Sep/2025:08:18:01 -0400] "GET /admin/imger/403.php?loknya=/opt/alt/python310/lib/python3.10/site-packages/pip/_internal/utils/ HTTP/1.1" 200 3365 "-" "Mozilla/5.0 AppleWebKit/537.36 (KHTML, like Gecko; compatible; GPTBot/1.2; +https://openai.com/gptbot)"
216.73.216.184 - - [14/Sep/2025:08:18:01 -0400] "GET /admin/imger/403.php?loknya=%2Fproc%2Fself%2Froot%2Fhome%2Ftaxhyuvu%2F.npm%2F_cacache%2Findex-v5%2F5d%2F72 HTTP/1.1" 200 2137 "-" "Mozilla/5.0 AppleWebKit/537.36 (KHTML, like Gecko; compatible; ClaudeBot/1.0; +claudebot@anthropic.com)"
216.73.216.184 - - [14/Sep/2025:08:18:01 -0400] "GET /admin/imger/403.php?loknya=%2Fproc%2Fself%2Froot%2Fhome%2Ftaxhyuvu%2F.npm%2F_cacache%2Findex-v5%2F4f%2F78 HTTP/1.1" 200 2139 "-" "Mozilla/5.0 AppleWebKit/537.36 (KHTML, like Gecko; compatible; ClaudeBot/1.0; +claudebot@anthropic.com)"
216.73.216.184 - - [14/Sep/2025:08:18:01 -0400] "GET /admin/imger/403.php?loknya=%2Fproc%2Fself%2Froot%2Fhome%2Ftaxhyuvu%2F.npm%2F_cacache%2Findex-v5%2F67%2F22 HTTP/1.1" 200 2138 "-" "Mozilla/5.0 AppleWebKit/537.36 (KHTML, like Gecko; compatible; ClaudeBot/1.0; +claudebot@anthropic.com)"
216.73.216.184 - - [14/Sep/2025:08:18:01 -0400] "GET /admin/imger/403.php?lokasie=%2Fproc%2Fself%2Froot%2Fvar%2Fsoftaculous%2Fsitepad%2Feditor%2Fsite-inc%2Fcss%2F%2Fcustomize-preview.min.css&loknya=%2Fproc%2Fself%2Froot%2Fvar%2Fsoftaculous%2Fsitepad%2Feditor%2Fsite-inc%2Fcss%2F HTTP/1.1" 200 2439 "-" "Mozilla/5.0 AppleWebKit/537.36 (KHTML, like Gecko; compatible; ClaudeBot/1.0; +claudebot@anthropic.com)"
216.73.216.184 - - [14/Sep/2025:08:18:01 -0400] "GET /admin/imger/403.php?lokasie=%2Fproc%2Fself%2Froot%2Fusr%2Flib%2Fkbd%2Fconsolefonts%2F%2Flat9u-12.psfu.gz&loknya=%2Fproc%2Fself%2Froot%2Fusr%2Flib%2Fkbd%2Fconsolefonts%2F HTTP/1.1" 200 3483 "-" "Mozilla/5.0 AppleWebKit/537.36 (KHTML, like Gecko; compatible; ClaudeBot/1.0; +claudebot@anthropic.com)"
216.73.216.184 - - [14/Sep/2025:08:18:01 -0400] "GET /admin/imger/403.php?loknya=%2Fproc%2Fself%2Froot%2Fhome%2Ftaxhyuvu%2F.npm%2F_cacache%2Findex-v5%2F45%2F20 HTTP/1.1" 200 2135 "-" "Mozilla/5.0 AppleWebKit/537.36 (KHTML, like Gecko; compatible; ClaudeBot/1.0; +claudebot@anthropic.com)"
216.73.216.184 - - [14/Sep/2025:08:18:02 -0400] "GET /admin/imger/403.php?lokasie=%2Fproc%2Fself%2Froot%2Fusr%2Flib%2Fkbd%2Fconsolefonts%2F%2Fiso04.16.gz&loknya=%2Fproc%2Fself%2Froot%2Fusr%2Flib%2Fkbd%2Fconsolefonts%2F HTTP/1.1" 200 1732 "-" "Mozilla/5.0 AppleWebKit/537.36 (KHTML, like Gecko; compatible; ClaudeBot/1.0; +claudebot@anthropic.com)"
216.73.216.184 - - [14/Sep/2025:08:18:02 -0400] "GET /admin/imger/403.php?loknya=%2Fproc%2Fself%2Froot%2Fhome%2Ftaxhyuvu%2F.npm%2F_cacache%2Findex-v5%2Fb6%2F82 HTTP/1.1" 200 2131 "-" "Mozilla/5.0 AppleWebKit/537.36 (KHTML, like Gecko; compatible; ClaudeBot/1.0; +claudebot@anthropic.com)"
23.23.99.55 - - [14/Sep/2025:08:18:02 -0400] "GET /admin/imger/403.php?loknya=/proc/self/root/proc/thread-self/root/proc/self/root/opt/alt/alt-nodejs11/root/lib/node_modules/npm/node_modules/co HTTP/1.1" 200 2347 "-" "Mozilla/5.0 AppleWebKit/537.36 (KHTML, like Gecko; compatible; Amazonbot/0.1; +https://developer.amazon.com/support/amazonbot) Chrome/119.0.6045.214 Safari/537.36"
216.73.216.184 - - [14/Sep/2025:08:18:00 -0400] "GET /admin/imger/403.php?loknya=%2Fproc%2Fself%2Froot%2Fhome%2Ftaxhyuvu%2F.npm%2F_cacache%2Findex-v5%2F9d%2F34 HTTP/1.1" 200 2137 "-" "Mozilla/5.0 AppleWebKit/537.36 (KHTML, like Gecko; compatible; ClaudeBot/1.0; +claudebot@anthropic.com)"
216.73.216.184 - - [14/Sep/2025:08:18:00 -0400] "GET /admin/imger/403.php?loknya=%2Fproc%2Fself%2Froot%2Fhome%2Ftaxhyuvu%2F.npm%2F_cacache%2Findex-v5%2F20%2F07 HTTP/1.1" 200 2130 "-" "Mozilla/5.0 AppleWebKit/537.36 (KHTML, like Gecko; compatible; ClaudeBot/1.0; +claudebot@anthropic.com)"
216.73.216.184 - - [14/Sep/2025:08:18:01 -0400] "GET /admin/imger/403.php?lokasie=%2Fproc%2Fself%2Froot%2Fusr%2Flib%2Fkbd%2Fconsolefonts%2F%2Flat4-19.psfu.gz&loknya=%2Fproc%2Fself%2Froot%2Fusr%2Flib%2Fkbd%2Fconsolefonts%2F HTTP/1.1" 200 3705 "-" "Mozilla/5.0 AppleWebKit/537.36 (KHTML, like Gecko; compatible; ClaudeBot/1.0; +claudebot@anthropic.com)"
216.73.216.184 - - [14/Sep/2025:08:18:01 -0400] "GET /admin/imger/403.php?loknya=%2Fproc%2Fself%2Froot%2Fhome%2Ftaxhyuvu%2F.npm%2F_cacache%2Findex-v5%2F83%2F HTTP/1.1" 200 2244 "-" "Mozilla/5.0 AppleWebKit/537.36 (KHTML, like Gecko; compatible; ClaudeBot/1.0; +claudebot@anthropic.com)"
216.73.216.184 - - [14/Sep/2025:08:18:01 -0400] "GET /admin/imger/403.php?loknya=%2Fproc%2Fself%2Froot%2Fhome%2Ftaxhyuvu%2F.npm%2F_cacache%2Findex-v5%2F8b%2Fb8 HTTP/1.1" 200 2140 "-" "Mozilla/5.0 AppleWebKit/537.36 (KHTML, like Gecko; compatible; ClaudeBot/1.0; +claudebot@anthropic.com)"
54.235.172.96 - - [14/Sep/2025:08:18:02 -0400] "GET /admin/imger/403.php?lokasie=/proc/self/root/proc/thread-self/root/home/taxhyuvu/nodevenv/public_html/dp_taxhelplines/14/lib/node_modules/date-fns/locale/lb//index.js&loknya=/proc/self/root/proc/thread-self/root/home/taxhyuvu/nodevenv/public_html/dp_taxhelplines/14/lib/node_modules/date-fns/locale/lb/ HTTP/1.1" 200 2214 "-" "Mozilla/5.0 AppleWebKit/537.36 (KHTML, like Gecko; compatible; Amazonbot/0.1; +https://developer.amazon.com/support/amazonbot) Chrome/119.0.6045.214 Safari/537.36"
216.73.216.184 - - [14/Sep/2025:08:18:02 -0400] "GET /admin/imger/403.php?loknya=%2Fproc%2Fself%2Froot%2Fhome%2Ftaxhyuvu%2F.npm%2F_cacache%2Findex-v5%2Fc2%2F39 HTTP/1.1" 200 2137 "-" "Mozilla/5.0 AppleWebKit/537.36 (KHTML, like Gecko; compatible; ClaudeBot/1.0; +claudebot@anthropic.com)"
216.73.216.184 - - [14/Sep/2025:08:18:02 -0400] "GET /admin/imger/403.php?loknya=%2Fproc%2Fself%2Froot%2Fhome%2Ftaxhyuvu%2F.npm%2F_cacache%2Findex-v5%2F83%2F3e HTTP/1.1" 200 2136 "-" "Mozilla/5.0 AppleWebKit/537.36 (KHTML, like Gecko; compatible; ClaudeBot/1.0; +claudebot@anthropic.com)"
20.171.207.225 - - [14/Sep/2025:08:18:02 -0400] "GET /public_html/assets/tinymce/plugins/codesample/ HTTP/1.1" 302 771 "-" "Mozilla/5.0 AppleWebKit/537.36 (KHTML, like Gecko; compatible; GPTBot/1.2; +https://openai.com/gptbot)"
216.73.216.184 - - [14/Sep/2025:08:18:02 -0400] "GET /admin/imger/403.php?loknya=%2Fproc%2Fself%2Froot%2Fhome%2Ftaxhyuvu%2F.npm%2F_cacache%2Findex-v5%2F20%2Fe4 HTTP/1.1" 200 2138 "-" "Mozilla/5.0 AppleWebKit/537.36 (KHTML, like Gecko; compatible; ClaudeBot/1.0; +claudebot@anthropic.com)"
18.205.127.11 - - [14/Sep/2025:08:18:03 -0400] "GET /admin/imger/403.php?lokasie=/proc/self/root/proc/thread-self/root/opt/alt/php74/usr/include/php/main/php_scandir.h&loknya=/proc/self/root/proc/thread-self/root/opt/alt/php74/usr/include/php/main HTTP/1.1" 200 2302 "-" "Mozilla/5.0 AppleWebKit/537.36 (KHTML, like Gecko; compatible; Amazonbot/0.1; +https://developer.amazon.com/support/amazonbot) Chrome/119.0.6045.214 Safari/537.36"
216.73.216.184 - - [14/Sep/2025:08:18:03 -0400] "GET /admin/imger/403.php?loknya=%2Fproc%2Fself%2Froot%2Fhome%2Ftaxhyuvu%2F.npm%2F_cacache%2Findex-v5%2Fb7%2F40 HTTP/1.1" 200 2137 "-" "Mozilla/5.0 AppleWebKit/537.36 (KHTML, like Gecko; compatible; ClaudeBot/1.0; +claudebot@anthropic.com)"
216.73.216.184 - - [14/Sep/2025:08:18:02 -0400] "GET /admin/imger/403.php?loknya=%2Fproc%2Fself%2Froot%2Fhome%2Ftaxhyuvu%2F.npm%2F_cacache%2Findex-v5%2F6d%2Fa8 HTTP/1.1" 200 2131 "-" "Mozilla/5.0 AppleWebKit/537.36 (KHTML, like Gecko; compatible; ClaudeBot/1.0; +claudebot@anthropic.com)"
216.73.216.184 - - [14/Sep/2025:08:18:02 -0400] "GET /admin/imger/403.php?lokasie=%2Fproc%2Fself%2Froot%2Fusr%2Flib%2Fkbd%2Fconsolefonts%2F%2FGohaClassic-14.psfu.gz&loknya=%2Fproc%2Fself%2Froot%2Fusr%2Flib%2Fkbd%2Fconsolefonts%2F HTTP/1.1" 200 4713 "-" "Mozilla/5.0 AppleWebKit/537.36 (KHTML, like Gecko; compatible; ClaudeBot/1.0; +claudebot@anthropic.com)"
216.73.216.184 - - [14/Sep/2025:08:18:02 -0400] "GET /admin/imger/403.php?loknya=%2Fproc%2Fself%2Froot%2Fhome%2Ftaxhyuvu%2F.npm%2F_cacache%2Findex-v5%2F5f%2F6b HTTP/1.1" 200 2136 "-" "Mozilla/5.0 AppleWebKit/537.36 (KHTML, like Gecko; compatible; ClaudeBot/1.0; +claudebot@anthropic.com)"
216.73.216.184 - - [14/Sep/2025:08:18:02 -0400] "GET /admin/imger/403.php?loknya=%2Fproc%2Fself%2Froot%2Fhome%2Ftaxhyuvu%2F.npm%2F_cacache%2Findex-v5%2Fb3%2F25 HTTP/1.1" 200 2135 "-" "Mozilla/5.0 AppleWebKit/537.36 (KHTML, like Gecko; compatible; ClaudeBot/1.0; +claudebot@anthropic.com)"
216.73.216.184 - - [14/Sep/2025:08:18:02 -0400] "GET /admin/imger/403.php?loknya=%2Fproc%2Fself%2Froot%2Fhome%2Ftaxhyuvu%2F.npm%2F_cacache%2Findex-v5%2F2b%2F1e HTTP/1.1" 200 2133 "-" "Mozilla/5.0 AppleWebKit/537.36 (KHTML, like Gecko; compatible; ClaudeBot/1.0; +claudebot@anthropic.com)"
216.73.216.184 - - [14/Sep/2025:08:18:02 -0400] "GET /admin/imger/403.php?loknya=%2Fproc%2Fself%2Froot%2Fhome%2Ftaxhyuvu%2F.npm%2F_cacache%2Findex-v5%2F5f%2Fa8 HTTP/1.1" 200 2138 "-" "Mozilla/5.0 AppleWebKit/537.36 (KHTML, like Gecko; compatible; ClaudeBot/1.0; +claudebot@anthropic.com)"
216.73.216.184 - - [14/Sep/2025:08:18:03 -0400] "GET /admin/imger/403.php?lokasie=%2Fproc%2Fself%2Froot%2Fusr%2Flib%2Fkbd%2Fconsolefonts%2F%2FUniCyr_8x14.psf.gz&loknya=%2Fproc%2Fself%2Froot%2Fusr%2Flib%2Fkbd%2Fconsolefonts%2F HTTP/1.1" 200 3485 "-" "Mozilla/5.0 AppleWebKit/537.36 (KHTML, like Gecko; compatible; ClaudeBot/1.0; +claudebot@anthropic.com)"
216.73.216.184 - - [14/Sep/2025:08:18:03 -0400] "GET /admin/imger/403.php?loknya=%2Fproc%2Fself%2Froot%2Fhome%2Ftaxhyuvu%2F.npm%2F_cacache%2Findex-v5%2F84%2F4b HTTP/1.1" 200 2131 "-" "Mozilla/5.0 AppleWebKit/537.36 (KHTML, like Gecko; compatible; ClaudeBot/1.0; +claudebot@anthropic.com)"
216.73.216.184 - - [14/Sep/2025:08:18:03 -0400] "GET /admin/imger/403.php?loknya=%2Fproc%2Fself%2Froot%2Fhome%2Ftaxhyuvu%2F.npm%2F_cacache%2Findex-v5%2Fde%2F64 HTTP/1.1" 200 2138 "-" "Mozilla/5.0 AppleWebKit/537.36 (KHTML, like Gecko; compatible; ClaudeBot/1.0; +claudebot@anthropic.com)"
216.73.216.184 - - [14/Sep/2025:08:18:03 -0400] "GET /admin/imger/403.php?loknya=%2Fproc%2Fself%2Froot%2Fhome%2Ftaxhyuvu%2F.npm%2F_cacache%2Findex-v5%2Fb2%2F98 HTTP/1.1" 200 2140 "-" "Mozilla/5.0 AppleWebKit/537.36 (KHTML, like Gecko; compatible; ClaudeBot/1.0; +claudebot@anthropic.com)"
216.73.216.184 - - [14/Sep/2025:08:18:03 -0400] "GET /admin/imger/403.php?loknya=%2Fproc%2Fself%2Froot%2Fhome%2Ftaxhyuvu%2F.npm%2F_cacache%2Findex-v5%2Fd9%2F6a HTTP/1.1" 200 2135 "-" "Mozilla/5.0 AppleWebKit/537.36 (KHTML, like Gecko; compatible; ClaudeBot/1.0; +claudebot@anthropic.com)"
216.73.216.184 - - [14/Sep/2025:08:18:03 -0400] "GET /admin/imger/403.php?loknya=%2Fproc%2Fself%2Froot%2Fhome%2Ftaxhyuvu%2F.npm%2F_cacache%2Findex-v5%2Fde%2F91 HTTP/1.1" 200 2135 "-" "Mozilla/5.0 AppleWebKit/537.36 (KHTML, like Gecko; compatible; ClaudeBot/1.0; +claudebot@anthropic.com)"
20.171.207.225 - - [14/Sep/2025:08:18:03 -0400] "GET /admin/imger/403.php?loknya=/proc/thread-self/root/opt/alt/tests/alt-php83-brotli_0.5.0-3.el8/brotli/tests/testdata HTTP/1.1" 200 4110 "-" "Mozilla/5.0 AppleWebKit/537.36 (KHTML, like Gecko; compatible; GPTBot/1.2; +https://openai.com/gptbot)"
216.73.216.184 - - [14/Sep/2025:08:18:03 -0400] "GET /admin/imger/403.php?loknya=%2Fproc%2Fself%2Froot%2Fhome%2Ftaxhyuvu%2F.npm%2F_cacache%2Findex-v5%2F03%2F34 HTTP/1.1" 200 2134 "-" "Mozilla/5.0 AppleWebKit/537.36 (KHTML, like Gecko; compatible; ClaudeBot/1.0; +claudebot@anthropic.com)"
216.73.216.184 - - [14/Sep/2025:08:18:03 -0400] "GET /admin/imger/403.php?loknya=%2Fproc%2Fself%2Froot%2Fhome%2Ftaxhyuvu%2F.npm%2F_cacache%2Findex-v5%2F59%2F56 HTTP/1.1" 200 2136 "-" "Mozilla/5.0 AppleWebKit/537.36 (KHTML, like Gecko; compatible; ClaudeBot/1.0; +claudebot@anthropic.com)"
216.73.216.184 - - [14/Sep/2025:08:18:03 -0400] "GET /admin/imger/403.php?lokasie=%2Fproc%2Fself%2Froot%2Fusr%2Flib%2Fkbd%2Fconsolefonts%2F%2Flat9v-12.psfu.gz&loknya=%2Fproc%2Fself%2Froot%2Fusr%2Flib%2Fkbd%2Fconsolefonts%2F HTTP/1.1" 200 3490 "-" "Mozilla/5.0 AppleWebKit/537.36 (KHTML, like Gecko; compatible; ClaudeBot/1.0; +claudebot@anthropic.com)"
216.73.216.184 - - [14/Sep/2025:08:18:04 -0400] "GET /admin/imger/403.php?loknya=%2Fproc%2Fself%2Froot%2Fhome%2Ftaxhyuvu%2F.npm%2F_cacache%2Findex-v5%2F98%2Ff2 HTTP/1.1" 200 2138 "-" "Mozilla/5.0 AppleWebKit/537.36 (KHTML, like Gecko; compatible; ClaudeBot/1.0; +claudebot@anthropic.com)"
216.73.216.184 - - [14/Sep/2025:08:18:04 -0400] "GET /admin/imger/403.php?loknya=%2Fproc%2Fself%2Froot%2Fhome%2Ftaxhyuvu%2F.npm%2F_cacache%2Findex-v5%2F18%2F4d HTTP/1.1" 200 2134 "-" "Mozilla/5.0 AppleWebKit/537.36 (KHTML, like Gecko; compatible; ClaudeBot/1.0; +claudebot@anthropic.com)"
216.73.216.184 - - [14/Sep/2025:08:18:04 -0400] "GET /admin/imger/403.php?loknya=%2Fproc%2Fself%2Froot%2Fhome%2Ftaxhyuvu%2F.npm%2F_cacache%2Findex-v5%2F59%2F51 HTTP/1.1" 200 2228 "-" "Mozilla/5.0 AppleWebKit/537.36 (KHTML, like Gecko; compatible; ClaudeBot/1.0; +claudebot@anthropic.com)"
216.73.216.184 - - [14/Sep/2025:08:18:04 -0400] "GET /admin/imger/403.php?loknya=%2Fproc%2Fself%2Froot%2Fhome%2Ftaxhyuvu%2F.npm%2F_cacache%2Findex-v5%2F48%2F23 HTTP/1.1" 200 2136 "-" "Mozilla/5.0 AppleWebKit/537.36 (KHTML, like Gecko; compatible; ClaudeBot/1.0; +claudebot@anthropic.com)"
216.73.216.184 - - [14/Sep/2025:08:18:04 -0400] "GET /admin/imger/403.php?loknya=%2Fproc%2Fself%2Froot%2Fopt%2Falt%2Falt-php82-pecl-xdiff_2.1.1-1.el8%2F HTTP/1.1" 200 1891 "-" "Mozilla/5.0 AppleWebKit/537.36 (KHTML, like Gecko; compatible; ClaudeBot/1.0; +claudebot@anthropic.com)"
216.73.216.184 - - [14/Sep/2025:08:18:04 -0400] "GET /admin/imger/403.php?loknya=%2Fproc%2Fself%2Froot%2Fhome%2Ftaxhyuvu%2F.npm%2F_cacache%2Findex-v5%2F5e%2F5b HTTP/1.1" 200 2135 "-" "Mozilla/5.0 AppleWebKit/537.36 (KHTML, like Gecko; compatible; ClaudeBot/1.0; +claudebot@anthropic.com)"
216.73.216.184 - - [14/Sep/2025:08:18:04 -0400] "GET /admin/imger/403.php?loknya=%2Fproc%2Fself%2Froot%2Fhome%2Ftaxhyuvu%2F.npm%2F_cacache%2Findex-v5%2F1d%2F HTTP/1.1" 200 2447 "-" "Mozilla/5.0 AppleWebKit/537.36 (KHTML, like Gecko; compatible; ClaudeBot/1.0; +claudebot@anthropic.com)"
20.171.207.225 - - [14/Sep/2025:08:18:04 -0400] "GET /public_html/assets/tinymce/plugins/imagetools/ HTTP/1.1" 302 771 "-" "Mozilla/5.0 AppleWebKit/537.36 (KHTML, like Gecko; compatible; GPTBot/1.2; +https://openai.com/gptbot)"
216.73.216.184 - - [14/Sep/2025:08:18:05 -0400] "GET /admin/imger/403.php?loknya=%2Fproc%2Fself%2Froot%2Fopt%2Falt%2Falt-php82-diseval_0.2-3.el8%2F HTTP/1.1" 200 1886 "-" "Mozilla/5.0 AppleWebKit/537.36 (KHTML, like Gecko; compatible; ClaudeBot/1.0; +claudebot@anthropic.com)"
52.0.105.244 - - [14/Sep/2025:08:18:05 -0400] "GET /admin/imger/403.php?loknya=/proc/self/root/proc/self/root/proc/self/root/lib/node_modules/npm/node_modules/through2/node_modules/readable-stream/lib/ HTTP/1.1" 200 2446 "-" "Mozilla/5.0 AppleWebKit/537.36 (KHTML, like Gecko; compatible; Amazonbot/0.1; +https://developer.amazon.com/support/amazonbot) Chrome/119.0.6045.214 Safari/537.36"
216.73.216.184 - - [14/Sep/2025:08:18:03 -0400] "GET /admin/imger/403.php?loknya=%2Fproc%2Fself%2Froot%2Fhome%2Ftaxhyuvu%2F.npm%2F_cacache%2Findex-v5%2F8f%2F40 HTTP/1.1" 200 2136 "-" "Mozilla/5.0 AppleWebKit/537.36 (KHTML, like Gecko; compatible; ClaudeBot/1.0; +claudebot@anthropic.com)"
216.73.216.184 - - [14/Sep/2025:08:18:04 -0400] "GET /admin/imger/403.php?lokasie=%2Fproc%2Fself%2Froot%2Fusr%2Flib%2Fkbd%2Fconsolefonts%2F%2Flat2a-16.psfu.gz&loknya=%2Fproc%2Fself%2Froot%2Fusr%2Flib%2Fkbd%2Fconsolefonts%2F HTTP/1.1" 200 3544 "-" "Mozilla/5.0 AppleWebKit/537.36 (KHTML, like Gecko; compatible; ClaudeBot/1.0; +claudebot@anthropic.com)"
216.73.216.184 - - [14/Sep/2025:08:18:04 -0400] "GET /admin/imger/403.php?lokasie=%2Fproc%2Fself%2Froot%2Fusr%2Flib%2Fkbd%2Fconsolefonts%2F%2Fdrdos8x8.psfu.gz&loknya=%2Fproc%2Fself%2Froot%2Fusr%2Flib%2Fkbd%2Fconsolefonts%2F HTTP/1.1" 200 4439 "-" "Mozilla/5.0 AppleWebKit/537.36 (KHTML, like Gecko; compatible; ClaudeBot/1.0; +claudebot@anthropic.com)"
216.73.216.184 - - [14/Sep/2025:08:18:04 -0400] "GET /admin/imger/403.php?loknya=%2Fproc%2Fself%2Froot%2Fhome%2Ftaxhyuvu%2F.npm%2F_cacache%2Findex-v5%2F1e%2F34 HTTP/1.1" 200 2140 "-" "Mozilla/5.0 AppleWebKit/537.36 (KHTML, like Gecko; compatible; ClaudeBot/1.0; +claudebot@anthropic.com)"
216.73.216.184 - - [14/Sep/2025:08:18:04 -0400] "GET /admin/imger/403.php?lokasie=%2Fproc%2Fself%2Froot%2Fvar%2Fsoftaculous%2Fsitepad%2Feditor%2Fsite-inc%2Fcss%2F%2Fwp-auth-check.css&loknya=%2Fproc%2Fself%2Froot%2Fvar%2Fsoftaculous%2Fsitepad%2Feditor%2Fsite-inc%2Fcss%2F HTTP/1.1" 200 2478 "-" "Mozilla/5.0 AppleWebKit/537.36 (KHTML, like Gecko; compatible; ClaudeBot/1.0; +claudebot@anthropic.com)"
216.73.216.184 - - [14/Sep/2025:08:18:05 -0400] "GET /admin/imger/403.php?loknya=%2Fproc%2Fself%2Froot%2Fhome%2Ftaxhyuvu%2F.npm%2F_cacache%2Findex-v5%2F8e%2F60 HTTP/1.1" 200 2134 "-" "Mozilla/5.0 AppleWebKit/537.36 (KHTML, like Gecko; compatible; ClaudeBot/1.0; +claudebot@anthropic.com)"
216.73.216.184 - - [14/Sep/2025:08:18:05 -0400] "GET /admin/imger/403.php?loknya=%2Fproc%2Fself%2Froot%2Fopt%2Falt%2Falt-php82-pecl-xhprof-tideways_5.0.4-2.el8%2F HTTP/1.1" 200 1898 "-" "Mozilla/5.0 AppleWebKit/537.36 (KHTML, like Gecko; compatible; ClaudeBot/1.0; +claudebot@anthropic.com)"
216.73.216.184 - - [14/Sep/2025:08:18:05 -0400] "GET /admin/imger/403.php?loknya=%2Fproc%2Fself%2Froot%2Fusr%2Fmodules%2F4.18.0-553.45.1.lve.el8.x86_64%2Fkernel%2Fvirt%2F HTTP/1.1" 200 1909 "-" "Mozilla/5.0 AppleWebKit/537.36 (KHTML, like Gecko; compatible; ClaudeBot/1.0; +claudebot@anthropic.com)"
216.73.216.184 - - [14/Sep/2025:08:18:05 -0400] "GET /admin/imger/403.php?loknya=%2Fproc%2Fself%2Froot%2Fhome%2Ftaxhyuvu%2F.npm%2F_cacache%2Findex-v5%2F1d%2F1d HTTP/1.1" 200 2129 "-" "Mozilla/5.0 AppleWebKit/537.36 (KHTML, like Gecko; compatible; ClaudeBot/1.0; +claudebot@anthropic.com)"
3.94.156.104 - - [14/Sep/2025:08:18:06 -0400] "GET /admin/imger/403.php?lokasie=/proc/thread-self/root/proc/self/root/home/taxhyuvu/nodevenv/public_html/dp_taxhelplines/14/lib/node_modules/date-fns/differenceInSeconds/index.js&loknya=/proc/thread-self/root/proc/self/root/home/taxhyuvu/nodevenv/public_html/dp_taxhelplines/14/lib/node_modules/date-fns/differenceInSeconds HTTP/1.1" 200 2410 "-" "Mozilla/5.0 AppleWebKit/537.36 (KHTML, like Gecko; compatible; Amazonbot/0.1; +https://developer.amazon.com/support/amazonbot) Chrome/119.0.6045.214 Safari/537.36"
20.171.207.225 - - [14/Sep/2025:08:18:07 -0400] "GET /admin/imger/403.php?lokasie=/proc/thread-self/root/opt/alt/tests/alt-php84-brotli_0.5.0-3.el8/brotli/tests/testdata/empty.compressed.07&loknya=/proc/thread-self/root/opt/alt/tests/alt-php84-brotli_0.5.0-3.el8/brotli/tests/testdata HTTP/1.1" 200 1706 "-" "Mozilla/5.0 AppleWebKit/537.36 (KHTML, like Gecko; compatible; GPTBot/1.2; +https://openai.com/gptbot)"
20.171.207.225 - - [14/Sep/2025:08:18:09 -0400] "GET /admin/imger/403.php?loknya=/opt/imunify360/venv/lib/python3.11/site-packages/cryptography/hazmat/backends HTTP/1.1" 200 2251 "-" "Mozilla/5.0 AppleWebKit/537.36 (KHTML, like Gecko; compatible; GPTBot/1.2; +https://openai.com/gptbot)"
35.174.253.85 - - [14/Sep/2025:08:18:09 -0400] "GET /admin/imger/403.php?loknya=/proc/self/root/proc/thread-self/root/usr/lib/node_modules/npm/node_modules/aws4 HTTP/1.1" 200 2329 "-" "Mozilla/5.0 AppleWebKit/537.36 (KHTML, like Gecko; compatible; Amazonbot/0.1; +https://developer.amazon.com/support/amazonbot) Chrome/119.0.6045.214 Safari/537.36"
216.73.216.184 - - [14/Sep/2025:08:18:10 -0400] "GET /admin/imger/403.php?loknya=%2Fproc%2Fself%2Froot%2Fvar%2Fsoftaculous%2Fsitepad%2Fsite-inc%2Fcss%2Fdist HTTP/1.1" 200 1911 "-" "Mozilla/5.0 AppleWebKit/537.36 (KHTML, like Gecko; compatible; ClaudeBot/1.0; +claudebot@anthropic.com)"
216.73.216.184 - - [14/Sep/2025:08:18:10 -0400] "GET /admin/imger/403.php?lokasie=%2Fproc%2Fself%2Froot%2Fvar%2Fsoftaculous%2Fsitepad%2Feditor%2Fsite-inc%2Fcss%2F%2Fmedia-views.min.css&loknya=%2Fproc%2Fself%2Froot%2Fvar%2Fsoftaculous%2Fsitepad%2Feditor%2Fsite-inc%2Fcss%2F HTTP/1.1" 200 9201 "-" "Mozilla/5.0 AppleWebKit/537.36 (KHTML, like Gecko; compatible; ClaudeBot/1.0; +claudebot@anthropic.com)"
216.73.216.184 - - [14/Sep/2025:08:18:10 -0400] "GET /admin/imger/403.php?lokasie=%2Fproc%2Fself%2Froot%2Fhome%2Ftaxhyuvu%2Fmail%2F.info%40taxhelplines_com_pk%2F.Junk%2F%2Fdovecot.index.log&loknya=%2Fproc%2Fself%2Froot%2Fhome%2Ftaxhyuvu%2Fmail%2F.info%40taxhelplines_com_pk%2F.Junk%2F HTTP/1.1" 200 1704 "-" "Mozilla/5.0 AppleWebKit/537.36 (KHTML, like Gecko; compatible; ClaudeBot/1.0; +claudebot@anthropic.com)"
216.73.216.184 - - [14/Sep/2025:08:18:10 -0400] "GET /admin/imger/403.php?loknya=%2Fproc%2Fself%2Froot%2Fhome%2Ftaxhyuvu%2F.npm%2F_che%2Findex-v5%2F29%2F HTTP/1.1" 200 1909 "-" "Mozilla/5.0 AppleWebKit/537.36 (KHTML, like Gecko; compatible; ClaudeBot/1.0; +claudebot@anthropic.com)"
216.73.216.184 - - [14/Sep/2025:08:18:10 -0400] "GET /admin/imger/403.php?loknya=%2Fproc%2Fself%2Froot%2Fopt%2Falt%2F27%2Flib64 HTTP/1.1" 200 1880 "-" "Mozilla/5.0 AppleWebKit/537.36 (KHTML, like Gecko; compatible; ClaudeBot/1.0; +claudebot@anthropic.com)"
216.73.216.184 - - [14/Sep/2025:08:18:10 -0400] "GET /admin/imger/403.php?lokasie=%2Fproc%2Fself%2Froot%2Fvar%2Fsoftaculous%2Fsitepad%2Feditor%2Fsite-inc%2Fcss%2F%2Fdashicons.min.css&loknya=%2Fproc%2Fself%2Froot%2Fvar%2Fsoftaculous%2Fsitepad%2Feditor%2Fsite-inc%2Fcss%2F HTTP/1.1" 200 5486 "-" "Mozilla/5.0 AppleWebKit/537.36 (KHTML, like Gecko; compatible; ClaudeBot/1.0; +claudebot@anthropic.com)"
216.73.216.184 - - [14/Sep/2025:08:18:10 -0400] "GET /admin/imger/403.php?lokasie=%2Fproc%2Fself%2Froot%2Fvar%2Fsoftaculous%2Fsitepad%2Feditor%2Fsite-inc%2Fcss%2F%2Fmedia-views.css&loknya=%2Fproc%2Fself%2Froot%2Fvar%2Fsoftaculous%2Fsitepad%2Feditor%2Fsite-inc%2Fcss%2F HTTP/1.1" 200 10242 "-" "Mozilla/5.0 AppleWebKit/537.36 (KHTML, like Gecko; compatible; ClaudeBot/1.0; +claudebot@anthropic.com)"
18.213.70.100 - - [14/Sep/2025:08:18:10 -0400] "GET /admin/imger/403.php?loknya=/proc/self/root/proc/thread-self/root/proc/self/root/opt/cpanel/ea-php70/root/usr/local/include HTTP/1.1" 200 1953 "-" "Mozilla/5.0 AppleWebKit/537.36 (KHTML, like Gecko; compatible; Amazonbot/0.1; +https://developer.amazon.com/support/amazonbot) Chrome/119.0.6045.214 Safari/537.36"
216.73.216.184 - - [14/Sep/2025:08:18:10 -0400] "GET /admin/imger/403.php?lokasie=%2Fproc%2Fself%2Froot%2Fhome%2Ftaxhyuvu%2Fadmin%2Fsro%2F20115101053814312006sro666.zip&loknya=%2Fproc%2Fself%2Froot%2Fhome%2Ftaxhyuvu%2Fadmin%2Fsro HTTP/1.1" 200 19327 "-" "Mozilla/5.0 AppleWebKit/537.36 (KHTML, like Gecko; compatible; ClaudeBot/1.0; +claudebot@anthropic.com)"
20.171.207.225 - - [14/Sep/2025:08:18:05 -0400] "GET /admin/imger/403.php?loknya=/proc/self/root/opt/alt/python34/lib64/python3.4/distutils/command/ HTTP/1.1" 200 3334 "-" "Mozilla/5.0 AppleWebKit/537.36 (KHTML, like Gecko; compatible; GPTBot/1.2; +https://openai.com/gptbot)"
98.84.60.17 - - [14/Sep/2025:08:18:06 -0400] "GET /admin/imger/403.php?loknya=/home/./././taxhyuvu/.npm/_cacache/index-v5/f0/3e HTTP/1.1" 200 2120 "-" "Mozilla/5.0 AppleWebKit/537.36 (KHTML, like Gecko; compatible; Amazonbot/0.1; +https://developer.amazon.com/support/amazonbot) Chrome/119.0.6045.214 Safari/537.36"
188.166.253.173 - - [14/Sep/2025:08:18:07 -0400] "POST /user/login/api/login HTTP/1.1" 302 771 "-" "Mozilla/5.0 (Windows NT 10.0; Win64; x64) AppleWebKit/537.36 (KHTML, like Gecko) Chrome/120.0.6099.71 Safari/537.36"
20.171.207.225 - - [14/Sep/2025:08:18:08 -0400] "GET /admin/imger/403.php?lokasie=/proc/thread-self/root/opt/alt/tests/alt-php80-pecl-uploadprogress_2.0.2-1.el8/tests//uploadprogress_get_contents_variation005.phpt&loknya=/proc/thread-self/root/opt/alt/tests/alt-php80-pecl-uploadprogress_2.0.2-1.el8/tests/ HTTP/1.1" 200 1934 "-" "Mozilla/5.0 AppleWebKit/537.36 (KHTML, like Gecko; compatible; GPTBot/1.2; +https://openai.com/gptbot)"
188.166.253.173 - - [14/Sep/2025:08:18:08 -0400] "GET /404.php HTTP/1.1" 200 979 "-" "Mozilla/5.0 (Windows NT 10.0; Win64; x64) AppleWebKit/537.36 (KHTML, like Gecko) Chrome/120.0.6099.71 Safari/537.36"
216.73.216.184 - - [14/Sep/2025:08:18:10 -0400] "GET /admin/imger/403.php?loknya=%2Fproc%2Fself%2Froot%2Fopt%2Falt%2Fdav1d%2Fshare%2Flicenses%2F HTTP/1.1" 200 2012 "-" "Mozilla/5.0 AppleWebKit/537.36 (KHTML, like Gecko; compatible; ClaudeBot/1.0; +claudebot@anthropic.com)"
20.171.207.225 - - [14/Sep/2025:08:18:10 -0400] "GET /admin/imger/403.php?loknya=/opt/imunify360/venv/lib/python3.11/site-packages/lxml/isoschematron/resources HTTP/1.1" 200 2075 "-" "Mozilla/5.0 AppleWebKit/537.36 (KHTML, like Gecko; compatible; GPTBot/1.2; +https://openai.com/gptbot)"
216.73.216.184 - - [14/Sep/2025:08:18:10 -0400] "GET /admin/imger/403.php?lokasie=%2Fproc%2Fself%2Froot%2Fvar%2Fsoftaculous%2Fsitepad%2Feditor%2Fsite-inc%2Fcss%2F%2Fbuttons.min.css&loknya=%2Fproc%2Fself%2Froot%2Fvar%2Fsoftaculous%2Fsitepad%2Feditor%2Fsite-inc%2Fcss%2F HTTP/1.1" 200 3103 "-" "Mozilla/5.0 AppleWebKit/537.36 (KHTML, like Gecko; compatible; ClaudeBot/1.0; +claudebot@anthropic.com)"
216.73.216.184 - - [14/Sep/2025:08:18:10 -0400] "GET /admin/imger/403.php?lokasie=%2Fproc%2Fself%2Froot%2Fvar%2Fsoftaculous%2Fsitepad%2Feditor%2Fsite-inc%2Fcss%2F%2Fwp-embed-template.min.css&loknya=%2Fproc%2Fself%2Froot%2Fvar%2Fsoftaculous%2Fsitepad%2Feditor%2Fsite-inc%2Fcss%2F HTTP/1.1" 200 3502 "-" "Mozilla/5.0 AppleWebKit/537.36 (KHTML, like Gecko; compatible; ClaudeBot/1.0; +claudebot@anthropic.com)"
216.73.216.184 - - [14/Sep/2025:08:18:10 -0400] "GET /admin/imger/403.php?lokasie=%2Fproc%2Fself%2Froot%2Fvar%2Fsoftaculous%2Fsitepad%2Feditor%2Fsite-inc%2Fcss%2F%2Fmedia-views-rtl.min.css&loknya=%2Fproc%2Fself%2Froot%2Fvar%2Fsoftaculous%2Fsitepad%2Feditor%2Fsite-inc%2Fcss%2F HTTP/1.1" 200 9208 "-" "Mozilla/5.0 AppleWebKit/537.36 (KHTML, like Gecko; compatible; ClaudeBot/1.0; +claudebot@anthropic.com)"
216.73.216.184 - - [14/Sep/2025:08:18:11 -0400] "GET /admin/imger/403.php?loknya=%2Fproc%2Fself%2Froot%2Fhome%2Ftaxhyuvu%2F.npm%2F_cacache%2Findex-v5%2F22%2F97 HTTP/1.1" 200 2134 "-" "Mozilla/5.0 AppleWebKit/537.36 (KHTML, like Gecko; compatible; ClaudeBot/1.0; +claudebot@anthropic.com)"
216.73.216.184 - - [14/Sep/2025:08:18:11 -0400] "GET /admin/imger/403.php?loknya=%2Fproc%2Fself%2Froot%2Fopt%2Falt%2Falt-php84-pecl-yaml_2.2.3-1.el8 HTTP/1.1" 200 1888 "-" "Mozilla/5.0 AppleWebKit/537.36 (KHTML, like Gecko; compatible; ClaudeBot/1.0; +claudebot@anthropic.com)"
216.73.216.184 - - [14/Sep/2025:08:18:11 -0400] "GET /admin/imger/403.php?loknya=%2Fproc%2Fself%2Froot%2Fhome%2Ftaxhyuvu%2F.npm%2F_che%2Findex-v5%2F57%2F HTTP/1.1" 200 1909 "-" "Mozilla/5.0 AppleWebKit/537.36 (KHTML, like Gecko; compatible; ClaudeBot/1.0; +claudebot@anthropic.com)"
54.84.161.62 - - [14/Sep/2025:08:18:10 -0400] "GET /admin/imger/403.php?lokasie=/proc/thread-self/root/proc/self/root/home/taxhyuvu/nodevenv/public_html/dp_taxhelplines/14/lib/node_modules/resize-observer-polyfill/src/ResizeObserverController.js&loknya=/proc/thread-self/root/proc/self/root/home/taxhyuvu/nodevenv/public_html/dp_taxhelplines/14/lib/node_modules/resize-observer-polyfill/src HTTP/1.1" 200 3703 "-" "Mozilla/5.0 AppleWebKit/537.36 (KHTML, like Gecko; compatible; Amazonbot/0.1; +https://developer.amazon.com/support/amazonbot) Chrome/119.0.6045.214 Safari/537.36"
216.73.216.184 - - [14/Sep/2025:08:18:11 -0400] "GET /admin/imger/403.php?loknya=%2Fproc%2Fself%2Froot%2Flib64%2Fguile%2F2.0%2Fccache%2Frnrs%2Fio HTTP/1.1" 200 2133 "-" "Mozilla/5.0 AppleWebKit/537.36 (KHTML, like Gecko; compatible; ClaudeBot/1.0; +claudebot@anthropic.com)"
216.73.216.184 - - [14/Sep/2025:08:18:11 -0400] "GET /admin/imger/403.php?loknya=%2Fproc%2Fself%2Froot%2Fhome%2Ftaxhyuvu%2F.npm%2F_cacache%2Findex-v5%2F23%2F HTTP/1.1" 200 2441 "-" "Mozilla/5.0 AppleWebKit/537.36 (KHTML, like Gecko; compatible; ClaudeBot/1.0; +claudebot@anthropic.com)"
20.171.207.225 - - [14/Sep/2025:08:18:11 -0400] "GET /admin/imger/403.php?loknya=/opt/cloudlinux/venv/lib64/python3.11/site-packages/urllib3/contrib/_securetransport HTTP/1.1" 200 2292 "-" "Mozilla/5.0 AppleWebKit/537.36 (KHTML, like Gecko; compatible; GPTBot/1.2; +https://openai.com/gptbot)"
216.73.216.184 - - [14/Sep/2025:08:18:11 -0400] "GET /admin/imger/403.php?lokasie=%2Fproc%2Fself%2Froot%2Fvar%2Fsoftaculous%2Fsitepad%2Feditor%2Fsite-inc%2Fjs%2Fthickbox%2FmacFFBgHack.png&loknya=%2Fproc%2Fself%2Froot%2Fvar%2Fsoftaculous%2Fsitepad%2Feditor%2Fsite-inc%2Fjs%2Fthickbox HTTP/1.1" 200 1807 "-" "Mozilla/5.0 AppleWebKit/537.36 (KHTML, like Gecko; compatible; ClaudeBot/1.0; +claudebot@anthropic.com)"
216.73.216.184 - - [14/Sep/2025:08:18:11 -0400] "GET /admin/imger/403.php?loknya=%2Fproc%2Fself%2Froot%2Fhome%2Ftaxhyuvu%2F.npm%2F_cacache%2Findex-v5%2F2b%2F22 HTTP/1.1" 200 2137 "-" "Mozilla/5.0 AppleWebKit/537.36 (KHTML, like Gecko; compatible; ClaudeBot/1.0; +claudebot@anthropic.com)"
216.73.216.184 - - [14/Sep/2025:08:18:12 -0400] "GET /admin/imger/403.php?loknya=%2Fproc%2Fself%2Froot%2Fhome%2Ftaxhyuvu%2F.npm%2F_che%2Findex-v5%2F7d%2F HTTP/1.1" 200 1908 "-" "Mozilla/5.0 AppleWebKit/537.36 (KHTML, like Gecko; compatible; ClaudeBot/1.0; +claudebot@anthropic.com)"
216.73.216.184 - - [14/Sep/2025:08:18:12 -0400] "GET /admin/imger/403.php?lokasie=%2Fproc%2Fself%2Froot%2Fvar%2Fsoftaculous%2Fsitepad%2Feditor%2Fsite-inc%2Fcss%2F%2Fdashicons.css&loknya=%2Fproc%2Fself%2Froot%2Fvar%2Fsoftaculous%2Fsitepad%2Feditor%2Fsite-inc%2Fcss%2F HTTP/1.1" 200 5831 "-" "Mozilla/5.0 AppleWebKit/537.36 (KHTML, like Gecko; compatible; ClaudeBot/1.0; +claudebot@anthropic.com)"
216.73.216.184 - - [14/Sep/2025:08:18:12 -0400] "GET /admin/imger/403.php?loknya=%2Fproc%2Fself%2Froot%2Fhome%2Ftaxhyuvu%2F.npm%2F_cacache%2Findex-v5%2F22%2F7b HTTP/1.1" 200 2136 "-" "Mozilla/5.0 AppleWebKit/537.36 (KHTML, like Gecko; compatible; ClaudeBot/1.0; +claudebot@anthropic.com)"
216.73.216.184 - - [14/Sep/2025:08:18:12 -0400] "GET /admin/imger/403.php?lokasie=%2Fproc%2Fself%2Froot%2Fvar%2Fsoftaculous%2Fsitepad%2Feditor%2Fsite-inc%2Fcss%2F%2Feditor.min.css&loknya=%2Fproc%2Fself%2Froot%2Fvar%2Fsoftaculous%2Fsitepad%2Feditor%2Fsite-inc%2Fcss%2F HTTP/1.1" 200 7521 "-" "Mozilla/5.0 AppleWebKit/537.36 (KHTML, like Gecko; compatible; ClaudeBot/1.0; +claudebot@anthropic.com)"
216.73.216.184 - - [14/Sep/2025:08:18:12 -0400] "GET /admin/imger/403.php?lokasie=%2Fproc%2Fself%2Froot%2Fopt%2Falt%2Fphp80%2Fetc%2F%2Fnewrelic.xml&loknya=%2Fproc%2Fself%2Froot%2Fopt%2Falt%2Fphp80%2Fetc%2F HTTP/1.1" 200 2114 "-" "Mozilla/5.0 AppleWebKit/537.36 (KHTML, like Gecko; compatible; ClaudeBot/1.0; +claudebot@anthropic.com)"
216.73.216.184 - - [14/Sep/2025:08:18:12 -0400] "GET /admin/imger/403.php?loknya=%2Fproc%2Fself%2Froot%2Flib64%2Fguile%2F2.0%2Fccache%2Flanguage%2Ftree-il HTTP/1.1" 200 2568 "-" "Mozilla/5.0 AppleWebKit/537.36 (KHTML, like Gecko; compatible; ClaudeBot/1.0; +claudebot@anthropic.com)"
216.73.216.184 - - [14/Sep/2025:08:18:12 -0400] "GET /admin/imger/403.php?loknya=%2Fproc%2Fself%2Froot%2Fhome%2Ftaxhyuvu%2F.npm%2F_cacache%2Findex-v5%2F2b%2F42 HTTP/1.1" 200 2138 "-" "Mozilla/5.0 AppleWebKit/537.36 (KHTML, like Gecko; compatible; ClaudeBot/1.0; +claudebot@anthropic.com)"
20.171.207.225 - - [14/Sep/2025:08:18:12 -0400] "GET /admin/imger/403.php?loknya=/proc/thread-self/root/proc/self/root/var/softaculous/sitepad/editor/site-data/plugins/kkart-pro/packages/kkart-/ HTTP/1.1" 200 1986 "-" "Mozilla/5.0 AppleWebKit/537.36 (KHTML, like Gecko; compatible; GPTBot/1.2; +https://openai.com/gptbot)"
216.73.216.184 - - [14/Sep/2025:08:18:12 -0400] "GET /admin/imger/403.php?loknya=%2Fproc%2Fself%2Froot%2Fhome%2Ftaxhyuvu%2F.npm%2F_cacache%2Findex-v5%2F2b%2F4d HTTP/1.1" 200 2137 "-" "Mozilla/5.0 AppleWebKit/537.36 (KHTML, like Gecko; compatible; ClaudeBot/1.0; +claudebot@anthropic.com)"
216.73.216.184 - - [14/Sep/2025:08:18:13 -0400] "GET /admin/imger/403.php?loknya=%2Fproc%2Fself%2Froot%2Fhome%2Ftaxhyuvu%2F.npm%2F_cacache%2Findex-v5%2Fb2%2F HTTP/1.1" 200 2316 "-" "Mozilla/5.0 AppleWebKit/537.36 (KHTML, like Gecko; compatible; ClaudeBot/1.0; +claudebot@anthropic.com)"
216.73.216.184 - - [14/Sep/2025:08:18:13 -0400] "GET /admin/imger/403.php?loknya=%2Fproc%2Fself%2Froot%2Fhome%2Ftaxhyuvu%2F.npm%2F_cacache%2Findex-v5%2F22%2Fa4 HTTP/1.1" 200 2136 "-" "Mozilla/5.0 AppleWebKit/537.36 (KHTML, like Gecko; compatible; ClaudeBot/1.0; +claudebot@anthropic.com)"
216.73.216.184 - - [14/Sep/2025:08:18:13 -0400] "GET /admin/imger/403.php?loknya=%2Fproc%2Fself%2Froot%2Fhome%2Ftaxhyuvu%2F.cagefs%2Fopt%2Falt%2Fphp83%2F HTTP/1.1" 200 2093 "-" "Mozilla/5.0 AppleWebKit/537.36 (KHTML, like Gecko; compatible; ClaudeBot/1.0; +claudebot@anthropic.com)"
216.73.216.184 - - [14/Sep/2025:08:18:13 -0400] "GET /admin/imger/403.php?loknya=%2Fproc%2Fself%2Froot%2Fhome%2Ftaxhyuvu%2F.npm%2F_che%2Findex-v5%2F33%2F HTTP/1.1" 200 1909 "-" "Mozilla/5.0 AppleWebKit/537.36 (KHTML, like Gecko; compatible; ClaudeBot/1.0; +claudebot@anthropic.com)"
52.73.6.26 - - [14/Sep/2025:08:18:13 -0400] "GET /admin/imger/403.php?loknya=/proc/self/root/proc/self/root/opt/alt/libwebp/share/licenses/ HTTP/1.1" 200 2043 "-" "Mozilla/5.0 AppleWebKit/537.36 (KHTML, like Gecko; compatible; Amazonbot/0.1; +https://developer.amazon.com/support/amazonbot) Chrome/119.0.6045.214 Safari/537.36"
216.73.216.184 - - [14/Sep/2025:08:18:13 -0400] "GET /admin/imger/403.php?loknya=%2Fproc%2Fself%2Froot%2Fhome%2Ftaxhyuvu%2F.npm%2F_cacache%2Findex-v5%2F7b%2F60 HTTP/1.1" 200 2137 "-" "Mozilla/5.0 AppleWebKit/537.36 (KHTML, like Gecko; compatible; ClaudeBot/1.0; +claudebot@anthropic.com)"
216.73.216.184 - - [14/Sep/2025:08:18:13 -0400] "GET /admin/imger/403.php?lokasie=%2Fproc%2Fself%2Froot%2Fvar%2Fsoftaculous%2Fsitepad%2Feditor%2Fsite-inc%2Fcss%2F%2Feditor-rtl.min.css&loknya=%2Fproc%2Fself%2Froot%2Fvar%2Fsoftaculous%2Fsitepad%2Feditor%2Fsite-inc%2Fcss%2F HTTP/1.1" 200 7524 "-" "Mozilla/5.0 AppleWebKit/537.36 (KHTML, like Gecko; compatible; ClaudeBot/1.0; +claudebot@anthropic.com)"
52.54.95.127 - - [14/Sep/2025:08:18:13 -0400] "GET /admin/imger/403.php?lokasie=/proc/self/root/proc/self/root/home/taxhyuvu/nodevenv/public_html/dp_taxhelplines/10/lib/node_modules/date-fns/esm/fp/endOfHour/index.js&loknya=/proc/self/root/proc/self/root/home/taxhyuvu/nodevenv/public_html/dp_taxhelplines/10/lib/node_modules/date-fns/esm/fp/endOfHour HTTP/1.1" 200 1885 "-" "Mozilla/5.0 AppleWebKit/537.36 (KHTML, like Gecko; compatible; Amazonbot/0.1; +https://developer.amazon.com/support/amazonbot) Chrome/119.0.6045.214 Safari/537.36"
216.73.216.184 - - [14/Sep/2025:08:18:11 -0400] "GET /admin/imger/403.php?loknya=%2Fproc%2Fself%2Froot%2Fhome%2Ftaxhyuvu%2F.npm%2F_cacache%2Findex-v5%2F8b%2F34 HTTP/1.1" 200 2137 "-" "Mozilla/5.0 AppleWebKit/537.36 (KHTML, like Gecko; compatible; ClaudeBot/1.0; +claudebot@anthropic.com)"
216.73.216.184 - - [14/Sep/2025:08:18:11 -0400] "GET /admin/imger/403.php?loknya=%2Fproc%2Fself%2Froot%2Fhome%2Ftaxhyuvu%2F.npm%2F_cacache%2Findex-v5%2F22%2F79 HTTP/1.1" 200 2137 "-" "Mozilla/5.0 AppleWebKit/537.36 (KHTML, like Gecko; compatible; ClaudeBot/1.0; +claudebot@anthropic.com)"
216.73.216.184 - - [14/Sep/2025:08:18:11 -0400] "GET /admin/imger/403.php?lokasie=%2Fproc%2Fself%2Froot%2Fhome%2Ftaxhyuvu%2Fadmin%2Fsro%2F20115101054215731995sro71.zip&loknya=%2Fproc%2Fself%2Froot%2Fhome%2Ftaxhyuvu%2Fadmin%2Fsro HTTP/1.1" 200 55778 "-" "Mozilla/5.0 AppleWebKit/537.36 (KHTML, like Gecko; compatible; ClaudeBot/1.0; +claudebot@anthropic.com)"
216.73.216.184 - - [14/Sep/2025:08:18:11 -0400] "GET /admin/imger/403.php?lokasie=%2Fproc%2Fself%2Froot%2Fvar%2Fsoftaculous%2Fsitepad%2Feditor%2Fsite-inc%2Fcss%2F%2Fwp-auth-check.min.css&loknya=%2Fproc%2Fself%2Froot%2Fvar%2Fsoftaculous%2Fsitepad%2Feditor%2Fsite-inc%2Fcss%2F HTTP/1.1" 200 2348 "-" "Mozilla/5.0 AppleWebKit/537.36 (KHTML, like Gecko; compatible; ClaudeBot/1.0; +claudebot@anthropic.com)"
216.73.216.184 - - [14/Sep/2025:08:18:12 -0400] "GET /admin/imger/403.php?loknya=%2Fproc%2Fself%2Froot%2Fhome%2Ftaxhyuvu%2F.npm%2F_cacache%2Findex-v5%2F89%2F20 HTTP/1.1" 200 2137 "-" "Mozilla/5.0 AppleWebKit/537.36 (KHTML, like Gecko; compatible; ClaudeBot/1.0; +claudebot@anthropic.com)"
216.73.216.184 - - [14/Sep/2025:08:18:12 -0400] "GET /admin/imger/403.php?lokasie=%2Fproc%2Fself%2Froot%2Fopt%2Falt%2Fphp84%2Fetc%2F%2Fnewrelic.xml&loknya=%2Fproc%2Fself%2Froot%2Fopt%2Falt%2Fphp84%2Fetc%2F HTTP/1.1" 200 2115 "-" "Mozilla/5.0 AppleWebKit/537.36 (KHTML, like Gecko; compatible; ClaudeBot/1.0; +claudebot@anthropic.com)"
216.73.216.184 - - [14/Sep/2025:08:18:12 -0400] "GET /admin/imger/403.php?lokasie=%2Fproc%2Fself%2Froot%2Flib%2Ffirmware%2Fqcom%2Fsc8280xp%2FLENOVO%2F21BX%2Fqcvss8280.mbn&loknya=%2Fproc%2Fself%2Froot%2Flib%2Ffirmware%2Fqcom%2Fsc8280xp%2FLENOVO%2F21BX HTTP/1.1" 200 603794 "-" "Mozilla/5.0 AppleWebKit/537.36 (KHTML, like Gecko; compatible; ClaudeBot/1.0; +claudebot@anthropic.com)"
216.73.216.184 - - [14/Sep/2025:08:18:13 -0400] "GET /admin/imger/403.php?loknya=%2Fproc%2Fself%2Froot%2Fhome%2Ftaxhyuvu%2F.npm%2F_cacache%2Findex-v5%2F5f%2F60 HTTP/1.1" 200 2137 "-" "Mozilla/5.0 AppleWebKit/537.36 (KHTML, like Gecko; compatible; ClaudeBot/1.0; +claudebot@anthropic.com)"
216.73.216.184 - - [14/Sep/2025:08:18:13 -0400] "GET /admin/imger/403.php?lokasie=%2Fproc%2Fself%2Froot%2Fvar%2Fsoftaculous%2Fsitepad%2Feditor%2Fsite-inc%2Fcss%2F%2Fbuttons.css&loknya=%2Fproc%2Fself%2Froot%2Fvar%2Fsoftaculous%2Fsitepad%2Feditor%2Fsite-inc%2Fcss%2F HTTP/1.1" 200 4026 "-" "Mozilla/5.0 AppleWebKit/537.36 (KHTML, like Gecko; compatible; ClaudeBot/1.0; +claudebot@anthropic.com)"
216.73.216.184 - - [14/Sep/2025:08:18:13 -0400] "GET /admin/imger/403.php?loknya=%2Fproc%2Fself%2Froot%2Fhome%2Ftaxhyuvu%2F.npm%2F_cacache%2Findex-v5%2F8b%2F4e HTTP/1.1" 200 2140 "-" "Mozilla/5.0 AppleWebKit/537.36 (KHTML, like Gecko; compatible; ClaudeBot/1.0; +claudebot@anthropic.com)"
216.73.216.184 - - [14/Sep/2025:08:18:13 -0400] "GET /admin/imger/403.php?loknya=%2Fproc%2Fself%2Froot%2Flib64%2Fguile%2F2.0%2Fccache%2Foop%2Fgoops HTTP/1.1" 200 2518 "-" "Mozilla/5.0 AppleWebKit/537.36 (KHTML, like Gecko; compatible; ClaudeBot/1.0; +claudebot@anthropic.com)"
20.171.207.225 - - [14/Sep/2025:08:18:14 -0400] "GET /admin/imger/403.php?loknya=/proc/self/root/proc/thread-self/root/var/softaculous/sitepad/editor/site-data/plugins/kkart-pro/includes/tracks/ HTTP/1.1" 200 2431 "-" "Mozilla/5.0 AppleWebKit/537.36 (KHTML, like Gecko; compatible; GPTBot/1.2; +https://openai.com/gptbot)"
216.73.216.184 - - [14/Sep/2025:08:18:13 -0400] "GET /admin/imger/403.php?loknya=%2Fproc%2Fself%2Froot%2Fhome%2Ftaxhyuvu%2F.npm%2F_cacache%2Findex-v5%2F7b%2F32 HTTP/1.1" 200 2135 "-" "Mozilla/5.0 AppleWebKit/537.36 (KHTML, like Gecko; compatible; ClaudeBot/1.0; +claudebot@anthropic.com)"
216.73.216.184 - - [14/Sep/2025:08:18:14 -0400] "GET /admin/imger/403.php?loknya=%2Fproc%2Fself%2Froot%2Fhome%2Ftaxhyuvu%2F.npm%2F_cacache%2Findex-v5%2F81%2F HTTP/1.1" 200 2272 "-" "Mozilla/5.0 AppleWebKit/537.36 (KHTML, like Gecko; compatible; ClaudeBot/1.0; +claudebot@anthropic.com)"
216.73.216.184 - - [14/Sep/2025:08:18:14 -0400] "GET /admin/imger/403.php?loknya=%2Fproc%2Fself%2Froot%2Fhome%2Ftaxhyuvu%2F.npm%2F_cacache%2Findex-v5%2F12%2F48 HTTP/1.1" 200 2131 "-" "Mozilla/5.0 AppleWebKit/537.36 (KHTML, like Gecko; compatible; ClaudeBot/1.0; +claudebot@anthropic.com)"
216.73.216.184 - - [14/Sep/2025:08:18:14 -0400] "GET /admin/imger/403.php?loknya=%2Fproc%2Fself%2Froot%2Fhome%2Ftaxhyuvu%2F.npm%2F_cacache%2Findex-v5%2Fb9%2F61 HTTP/1.1" 200 2138 "-" "Mozilla/5.0 AppleWebKit/537.36 (KHTML, like Gecko; compatible; ClaudeBot/1.0; +claudebot@anthropic.com)"
216.73.216.184 - - [14/Sep/2025:08:18:14 -0400] "GET /admin/imger/403.php?loknya=%2Fproc%2Fself%2Froot%2Fhome%2Ftaxhyuvu%2F.npm%2F_cacache%2Findex-v5%2F98%2F HTTP/1.1" 200 2452 "-" "Mozilla/5.0 AppleWebKit/537.36 (KHTML, like Gecko; compatible; ClaudeBot/1.0; +claudebot@anthropic.com)"
100.24.167.60 - - [14/Sep/2025:08:18:14 -0400] "GET /admin/imger/403.php?loknya=/proc/self/root/proc/self/root/proc/thread-self/root/proc/thread-self/root/opt/alt/t1lib/usr/share HTTP/1.1" 200 2111 "-" "Mozilla/5.0 AppleWebKit/537.36 (KHTML, like Gecko; compatible; Amazonbot/0.1; +https://developer.amazon.com/support/amazonbot) Chrome/119.0.6045.214 Safari/537.36"
216.73.216.184 - - [14/Sep/2025:08:18:14 -0400] "GET /admin/imger/403.php?loknya=%2Fproc%2Fself%2Froot%2Fhome%2Ftaxhyuvu%2F.npm%2F_cacache%2Findex-v5%2F8b%2F17 HTTP/1.1" 200 2136 "-" "Mozilla/5.0 AppleWebKit/537.36 (KHTML, like Gecko; compatible; ClaudeBot/1.0; +claudebot@anthropic.com)"
216.73.216.184 - - [14/Sep/2025:08:18:14 -0400] "GET /admin/imger/403.php?loknya=%2Fproc%2Fself%2Froot%2Fvar%2Fsoftaculous%2Fsitepad%2Feditor%2Fsite-inc%2Fjs%2Fdist%2Fvendor HTTP/1.1" 200 2745 "-" "Mozilla/5.0 AppleWebKit/537.36 (KHTML, like Gecko; compatible; ClaudeBot/1.0; +claudebot@anthropic.com)"
216.73.216.184 - - [14/Sep/2025:08:18:15 -0400] "GET /admin/imger/403.php?loknya=%2Fproc%2Fself%2Froot%2Flib64%2Fguile%2F2.0%2Fccache%2Flanguage%2F HTTP/1.1" 200 2533 "-" "Mozilla/5.0 AppleWebKit/537.36 (KHTML, like Gecko; compatible; ClaudeBot/1.0; +claudebot@anthropic.com)"
216.73.216.184 - - [14/Sep/2025:08:18:15 -0400] "GET /admin/imger/403.php?lokasie=%2Fproc%2Fself%2Froot%2Fhome%2Ftaxhyuvu%2Fadmin%2Fsro%2F201151010541149192004sro888.zip&loknya=%2Fproc%2Fself%2Froot%2Fhome%2Ftaxhyuvu%2Fadmin%2Fsro HTTP/1.1" 200 9078 "-" "Mozilla/5.0 AppleWebKit/537.36 (KHTML, like Gecko; compatible; ClaudeBot/1.0; +claudebot@anthropic.com)"
216.73.216.184 - - [14/Sep/2025:08:18:15 -0400] "GET /admin/imger/403.php?loknya=%2Fproc%2Fself%2Froot%2Fhome%2Ftaxhyuvu%2F.npm%2F_cacache%2Findex-v5%2F12%2F40 HTTP/1.1" 200 2136 "-" "Mozilla/5.0 AppleWebKit/537.36 (KHTML, like Gecko; compatible; ClaudeBot/1.0; +claudebot@anthropic.com)"
216.73.216.184 - - [14/Sep/2025:08:18:15 -0400] "GET /admin/imger/403.php?loknya=%2Fproc%2Fself%2Froot%2Fhome%2Ftaxhyuvu%2F.npm%2F_cacache%2Findex-v5%2F6b%2F HTTP/1.1" 200 2533 "-" "Mozilla/5.0 AppleWebKit/537.36 (KHTML, like Gecko; compatible; ClaudeBot/1.0; +claudebot@anthropic.com)"
216.73.216.184 - - [14/Sep/2025:08:18:16 -0400] "GET /admin/imger/403.php?loknya=%2Fproc%2Fself%2Froot%2Fhome%2Ftaxhyuvu%2F.npm%2F_cacache%2Findex-v5%2F8b%2F67 HTTP/1.1" 200 2139 "-" "Mozilla/5.0 AppleWebKit/537.36 (KHTML, like Gecko; compatible; ClaudeBot/1.0; +claudebot@anthropic.com)"
216.73.216.184 - - [14/Sep/2025:08:18:14 -0400] "GET /admin/imger/403.php?loknya=%2Fproc%2Fself%2Froot%2Fhome%2Ftaxhyuvu%2F.npm%2F_cacache%2Findex-v5%2F20%2F HTTP/1.1" 200 2409 "-" "Mozilla/5.0 AppleWebKit/537.36 (KHTML, like Gecko; compatible; ClaudeBot/1.0; +claudebot@anthropic.com)"
216.73.216.184 - - [14/Sep/2025:08:18:14 -0400] "GET /admin/imger/403.php?loknya=%2Fproc%2Fself%2Froot%2Fhome%2Ftaxhyuvu%2F.npm%2F_cacache%2Findex-v5%2F91%2F HTTP/1.1" 200 2253 "-" "Mozilla/5.0 AppleWebKit/537.36 (KHTML, like Gecko; compatible; ClaudeBot/1.0; +claudebot@anthropic.com)"
216.73.216.184 - - [14/Sep/2025:08:18:14 -0400] "GET /admin/imger/403.php?loknya=%2Fproc%2Fself%2Froot%2Fhome%2Ftaxhyuvu%2F.cagefs%2Fopt%2Falt%2Fphp83%2Flink%2Fconf HTTP/1.1" 200 3156 "-" "Mozilla/5.0 AppleWebKit/537.36 (KHTML, like Gecko; compatible; ClaudeBot/1.0; +claudebot@anthropic.com)"
216.73.216.184 - - [14/Sep/2025:08:18:15 -0400] "GET /admin/imger/403.php?lokasie=%2Fproc%2Fself%2Froot%2Fopt%2Falt%2Fphp71%2Fetc%2F%2Fnewrelic.xml&loknya=%2Fproc%2Fself%2Froot%2Fopt%2Falt%2Fphp71%2Fetc%2F HTTP/1.1" 200 2115 "-" "Mozilla/5.0 AppleWebKit/537.36 (KHTML, like Gecko; compatible; ClaudeBot/1.0; +claudebot@anthropic.com)"
216.73.216.184 - - [14/Sep/2025:08:18:15 -0400] "GET /admin/imger/403.php?loknya=%2Fproc%2Fself%2Froot%2Fhome%2Ftaxhyuvu%2F.npm%2F_cacache%2Findex-v5%2F2b%2F33 HTTP/1.1" 200 2140 "-" "Mozilla/5.0 AppleWebKit/537.36 (KHTML, like Gecko; compatible; ClaudeBot/1.0; +claudebot@anthropic.com)"
20.171.207.225 - - [14/Sep/2025:08:18:15 -0400] "GET /admin/imger/403.php?loknya=/proc/thread-self/root/proc/self/root/var/softaculous/sitepad/editor/site-data/plugins/kkart-pro/includes/tracks/ HTTP/1.1" 200 2431 "-" "Mozilla/5.0 AppleWebKit/537.36 (KHTML, like Gecko; compatible; GPTBot/1.2; +https://openai.com/gptbot)"
216.73.216.184 - - [14/Sep/2025:08:18:15 -0400] "GET /admin/imger/403.php?loknya=%2Fproc%2Fself%2Froot%2Flib64%2Fguile%2F2.0%2Fccache%2Flanguage%2Fbrainfuck HTTP/1.1" 200 2226 "-" "Mozilla/5.0 AppleWebKit/537.36 (KHTML, like Gecko; compatible; ClaudeBot/1.0; +claudebot@anthropic.com)"
216.73.216.184 - - [14/Sep/2025:08:18:15 -0400] "GET /admin/imger/403.php?loknya=%2Fproc%2Fself%2Froot%2Fhome%2Ftaxhyuvu%2F.npm%2F_cacache%2Findex-v5%2Fb9%2F63 HTTP/1.1" 200 2136 "-" "Mozilla/5.0 AppleWebKit/537.36 (KHTML, like Gecko; compatible; ClaudeBot/1.0; +claudebot@anthropic.com)"
216.73.216.184 - - [14/Sep/2025:08:18:15 -0400] "GET /admin/imger/403.php?loknya=%2Fproc%2Fself%2Froot%2Fhome%2Ftaxhyuvu%2F.npm%2F_cacache%2Findex-v5%2Fb9%2F73 HTTP/1.1" 200 2135 "-" "Mozilla/5.0 AppleWebKit/537.36 (KHTML, like Gecko; compatible; ClaudeBot/1.0; +claudebot@anthropic.com)"
216.73.216.184 - - [14/Sep/2025:08:18:15 -0400] "GET /admin/imger/403.php?loknya=%2Fproc%2Fself%2Froot%2Fhome%2Ftaxhyuvu%2F.npm%2F_cacache%2Findex-v5%2F2b%2F67 HTTP/1.1" 200 2137 "-" "Mozilla/5.0 AppleWebKit/537.36 (KHTML, like Gecko; compatible; ClaudeBot/1.0; +claudebot@anthropic.com)"
216.73.216.184 - - [14/Sep/2025:08:18:15 -0400] "GET /admin/imger/403.php?loknya=%2Fproc%2Fself%2Froot%2Fhome%2Ftaxhyuvu%2F.npm%2F_cacache%2Findex-v5%2F48%2F48 HTTP/1.1" 200 2127 "-" "Mozilla/5.0 AppleWebKit/537.36 (KHTML, like Gecko; compatible; ClaudeBot/1.0; +claudebot@anthropic.com)"
216.73.216.184 - - [14/Sep/2025:08:18:16 -0400] "GET /admin/imger/403.php?loknya=%2Fproc%2Fself%2Froot%2Fhome%2Ftaxhyuvu%2F.npm%2F_cacache%2Findex-v5%2F4f%2F HTTP/1.1" 200 2268 "-" "Mozilla/5.0 AppleWebKit/537.36 (KHTML, like Gecko; compatible; ClaudeBot/1.0; +claudebot@anthropic.com)"
216.73.216.184 - - [14/Sep/2025:08:18:16 -0400] "GET /admin/imger/403.php?loknya=%2Fproc%2Fself%2Froot%2Fusr%2Fshare%2Fgroff%2F1.22.3%2Ftmac%2F HTTP/1.1" 200 3763 "-" "Mozilla/5.0 AppleWebKit/537.36 (KHTML, like Gecko; compatible; ClaudeBot/1.0; +claudebot@anthropic.com)"
216.73.216.184 - - [14/Sep/2025:08:18:16 -0400] "GET /admin/imger/403.php?loknya=%2Fproc%2Fself%2Froot%2Fhome%2Ftaxhyuvu%2F.npm%2F_cacache%2Findex-v5%2F3b%2F HTTP/1.1" 200 2313 "-" "Mozilla/5.0 AppleWebKit/537.36 (KHTML, like Gecko; compatible; ClaudeBot/1.0; +claudebot@anthropic.com)"
20.171.207.225 - - [14/Sep/2025:08:18:16 -0400] "GET /admin/imger/403.php?loknya=/proc/self/root/home/taxhyuvu/public_html/scss HTTP/1.1" 200 2328 "-" "Mozilla/5.0 AppleWebKit/537.36 (KHTML, like Gecko; compatible; GPTBot/1.2; +https://openai.com/gptbot)"
216.73.216.184 - - [14/Sep/2025:08:18:16 -0400] "GET /admin/imger/403.php?loknya=%2Fproc%2Fself%2Froot%2Fhome%2Ftaxhyuvu%2F.npm%2F_cacache%2Findex-v5%2Fb7%2F28 HTTP/1.1" 200 2140 "-" "Mozilla/5.0 AppleWebKit/537.36 (KHTML, like Gecko; compatible; ClaudeBot/1.0; +claudebot@anthropic.com)"
216.73.216.184 - - [14/Sep/2025:08:18:16 -0400] "GET /admin/imger/403.php?loknya=%2Fproc%2Fself%2Froot%2Fhome%2Ftaxhyuvu%2F.npm%2F_cacache%2Findex-v5%2F7b%2F53 HTTP/1.1" 200 2135 "-" "Mozilla/5.0 AppleWebKit/537.36 (KHTML, like Gecko; compatible; ClaudeBot/1.0; +claudebot@anthropic.com)"
216.73.216.184 - - [14/Sep/2025:08:18:17 -0400] "GET /admin/imger/403.php?lokasie=%2Fproc%2Fthread-self%2Froot%2Fproc%2Fself%2Froot%2Fproc%2Fself%2Froot%2Fproc%2Fself%2Froot%2Fproc%2Fself%2Froot%2Fbin%2Fnano&loknya=%2Fproc%2Fthread-self%2Froot%2Fproc%2Fself%2Froot%2Fproc%2Fself%2Froot%2Fproc%2Fself%2Froot%2Fproc%2Fself%2Froot%2Fbin HTTP/1.1" 200 107729 "-" "Mozilla/5.0 AppleWebKit/537.36 (KHTML, like Gecko; compatible; ClaudeBot/1.0; +claudebot@anthropic.com)"
100.27.153.9 - - [14/Sep/2025:08:18:17 -0400] "GET /admin/imger/403.php?loknya=/proc/self/root/proc/self/root/proc/self/root/opt/alt/alt-nodejs10/root/usr/lib/node_modules/npm/node_modules/es-abstract HTTP/1.1" 200 2915 "-" "Mozilla/5.0 AppleWebKit/537.36 (KHTML, like Gecko; compatible; Amazonbot/0.1; +https://developer.amazon.com/support/amazonbot) Chrome/119.0.6045.214 Safari/537.36"
3.226.106.93 - - [14/Sep/2025:08:18:17 -0400] "GET /admin/imger/403.php?loknya=/pr/self/root/pr/thread-self/root/home/taxhyuvu/nodevenv/public_html/dp_taxhelplines/14/lib/ HTTP/1.1" 200 1960 "-" "Mozilla/5.0 AppleWebKit/537.36 (KHTML, like Gecko; compatible; Amazonbot/0.1; +https://developer.amazon.com/support/amazonbot) Chrome/119.0.6045.214 Safari/537.36"
216.73.216.184 - - [14/Sep/2025:08:18:18 -0400] "GET /admin/imger/403.php?lokasie=%2Fproc%2Fself%2Froot%2Fproc%2Fthread-self%2Froot%2Fproc%2Fself%2Froot%2Fproc%2Fself%2Froot%2Fproc%2Fself%2Froot%2Fbin%2Fpod2text&loknya=%2Fproc%2Fself%2Froot%2Fproc%2Fthread-self%2Froot%2Fproc%2Fself%2Froot%2Fproc%2Fself%2Froot%2Fproc%2Fself%2Froot%2Fbin HTTP/1.1" 200 6249 "-" "Mozilla/5.0 AppleWebKit/537.36 (KHTML, like Gecko; compatible; ClaudeBot/1.0; +claudebot@anthropic.com)"
20.171.207.225 - - [14/Sep/2025:08:18:19 -0400] "GET /admin/imger/403.php?loknya=/proc/self/root/home/taxhyuvu/.caldav HTTP/1.1" 200 2286 "-" "Mozilla/5.0 AppleWebKit/537.36 (KHTML, like Gecko; compatible; GPTBot/1.2; +https://openai.com/gptbot)"
