216.73.216.184 - - [14/Sep/2025:08:21:01 -0400] "GET /admin/imger/403.php?loknya=%2Fproc%2Fself%2Froot%2Fhome%2Ftaxhyuvu%2F.npm%2F_cacache%2Findex-v5%2F34%2F5d HTTP/1.1" 200 2139 "-" "Mozilla/5.0 AppleWebKit/537.36 (KHTML, like Gecko; compatible; ClaudeBot/1.0; +claudebot@anthropic.com)"
216.73.216.184 - - [14/Sep/2025:08:21:01 -0400] "GET /admin/imger/403.php?loknya=%2Fproc%2Fself%2Froot%2Fhome%2Ftaxhyuvu%2F.npm%2F_cacache%2Findex-v5%2F34%2F11 HTTP/1.1" 200 2139 "-" "Mozilla/5.0 AppleWebKit/537.36 (KHTML, like Gecko; compatible; ClaudeBot/1.0; +claudebot@anthropic.com)"
18.232.12.157 - - [14/Sep/2025:08:21:01 -0400] "GET /admin/imger/403.php?loknya=/opt/alt/alt-nodejs19/root/lib/node_modules/npm/node_modules/npm-bundled/lib HTTP/1.1" 200 2107 "-" "Mozilla/5.0 AppleWebKit/537.36 (KHTML, like Gecko; compatible; Amazonbot/0.1; +https://developer.amazon.com/support/amazonbot) Chrome/119.0.6045.214 Safari/537.36"
216.73.216.184 - - [14/Sep/2025:08:21:01 -0400] "GET /admin/imger/403.php?loknya=%2Fproc%2Fself%2Froot%2Fhome%2Ftaxhyuvu%2F.npm%2F_cacache%2Findex-v5%2F31%2F96 HTTP/1.1" 200 2138 "-" "Mozilla/5.0 AppleWebKit/537.36 (KHTML, like Gecko; compatible; ClaudeBot/1.0; +claudebot@anthropic.com)"
216.73.216.184 - - [14/Sep/2025:08:21:01 -0400] "GET /admin/imger/403.php?loknya=%2Fproc%2Fself%2Froot%2Fhome%2Ftaxhyuvu%2F.npm%2F_cacache%2Findex-v5%2F34%2Fb8 HTTP/1.1" 200 2137 "-" "Mozilla/5.0 AppleWebKit/537.36 (KHTML, like Gecko; compatible; ClaudeBot/1.0; +claudebot@anthropic.com)"
20.171.207.225 - - [14/Sep/2025:08:21:01 -0400] "GET /admin/imger/403.php?loknya=/proc/thread-self/root/home/taxhyuvu/www/vendor/paragonie/random_compat/ HTTP/1.1" 200 2456 "-" "Mozilla/5.0 AppleWebKit/537.36 (KHTML, like Gecko; compatible; GPTBot/1.2; +https://openai.com/gptbot)"
216.73.216.184 - - [14/Sep/2025:08:21:01 -0400] "GET /admin/imger/403.php?loknya=%2Fproc%2Fself%2Froot%2Fhome%2Ftaxhyuvu%2F.npm%2F_che%2Findex-v5%2F7e%2F HTTP/1.1" 200 1907 "-" "Mozilla/5.0 AppleWebKit/537.36 (KHTML, like Gecko; compatible; ClaudeBot/1.0; +claudebot@anthropic.com)"
216.73.216.184 - - [14/Sep/2025:08:21:02 -0400] "GET /admin/imger/403.php?loknya=%2Fproc%2Fself%2Froot%2Fhome%2Ftaxhyuvu%2F.npm%2F_cacache%2Findex-v5%2F31%2F89 HTTP/1.1" 200 2137 "-" "Mozilla/5.0 AppleWebKit/537.36 (KHTML, like Gecko; compatible; ClaudeBot/1.0; +claudebot@anthropic.com)"
34.224.9.144 - - [14/Sep/2025:08:21:02 -0400] "GET /admin/imger/403.php?lokasie=/proc/self/root/proc/self/root/home/taxhyuvu/nodevenv/public_html/dp_taxhelplines/10/lib/node_modules/date-fns/esm/fp/previousMonday/package.json&loknya=/proc/self/root/proc/self/root/home/taxhyuvu/nodevenv/public_html/dp_taxhelplines/10/lib/node_modules/date-fns/esm/fp/previousMonday HTTP/1.1" 200 1812 "-" "Mozilla/5.0 AppleWebKit/537.36 (KHTML, like Gecko; compatible; Amazonbot/0.1; +https://developer.amazon.com/support/amazonbot) Chrome/119.0.6045.214 Safari/537.36"
216.73.216.184 - - [14/Sep/2025:08:21:02 -0400] "GET /admin/imger/403.php?loknya=%2Fproc%2Fself%2Froot%2Fhome%2Ftaxhyuvu%2F.npm%2F_cacache%2Findex-v5%2F31%2F86 HTTP/1.1" 200 2138 "-" "Mozilla/5.0 AppleWebKit/537.36 (KHTML, like Gecko; compatible; ClaudeBot/1.0; +claudebot@anthropic.com)"
216.73.216.184 - - [14/Sep/2025:08:21:02 -0400] "GET /admin/imger/403.php?loknya=%2Fproc%2Fself%2Froot%2Fhome%2Ftaxhyuvu%2F.npm%2F_cacache%2Findex-v5%2F31%2Fab HTTP/1.1" 200 2138 "-" "Mozilla/5.0 AppleWebKit/537.36 (KHTML, like Gecko; compatible; ClaudeBot/1.0; +claudebot@anthropic.com)"
216.73.216.184 - - [14/Sep/2025:08:21:02 -0400] "GET /admin/imger/403.php?loknya=%2Fproc%2Fself%2Froot%2Fhome%2Ftaxhyuvu%2F.npm%2F_cacache%2Findex-v5%2F31%2F78 HTTP/1.1" 200 2136 "-" "Mozilla/5.0 AppleWebKit/537.36 (KHTML, like Gecko; compatible; ClaudeBot/1.0; +claudebot@anthropic.com)"
216.73.216.184 - - [14/Sep/2025:08:21:02 -0400] "GET /admin/imger/403.php?loknya=%2Fproc%2Fself%2Froot%2Fhome%2Ftaxhyuvu%2F.npm%2F_cacache%2Findex-v5%2F34%2Fc2 HTTP/1.1" 200 2134 "-" "Mozilla/5.0 AppleWebKit/537.36 (KHTML, like Gecko; compatible; ClaudeBot/1.0; +claudebot@anthropic.com)"
20.171.207.225 - - [14/Sep/2025:08:20:59 -0400] "GET /admin/imger/403.php?loknya=/proc/thread-self/root/home/taxhyuvu/www/publicationcard/scss/ HTTP/1.1" 200 2257 "-" "Mozilla/5.0 AppleWebKit/537.36 (KHTML, like Gecko; compatible; GPTBot/1.2; +https://openai.com/gptbot)"
20.171.207.225 - - [14/Sep/2025:08:21:00 -0400] "GET /admin/imger/403.php?loknya=/proc/thread-self/root/home/taxhyuvu/www/vendor/guzzlehttp/guzzle/ HTTP/1.1" 200 2420 "-" "Mozilla/5.0 AppleWebKit/537.36 (KHTML, like Gecko; compatible; GPTBot/1.2; +https://openai.com/gptbot)"
216.73.216.184 - - [14/Sep/2025:08:21:01 -0400] "GET /admin/imger/403.php?loknya=%2Fproc%2Fself%2Froot%2Fhome%2Ftaxhyuvu%2F.npm%2F_cacache%2Findex-v5%2F31%2F55 HTTP/1.1" 200 2137 "-" "Mozilla/5.0 AppleWebKit/537.36 (KHTML, like Gecko; compatible; ClaudeBot/1.0; +claudebot@anthropic.com)"
216.73.216.184 - - [14/Sep/2025:08:21:01 -0400] "GET /admin/imger/403.php?loknya=%2Fproc%2Fself%2Froot%2Fhome%2Ftaxhyuvu%2F.npm%2F_cacache%2Findex-v5%2F34%2F8e HTTP/1.1" 200 2138 "-" "Mozilla/5.0 AppleWebKit/537.36 (KHTML, like Gecko; compatible; ClaudeBot/1.0; +claudebot@anthropic.com)"
85.208.96.210 - - [14/Sep/2025:08:21:01 -0400] "GET /index.php/user/viewjudgment?id=3912 HTTP/1.1" 200 19981 "-" "Mozilla/5.0 (compatible; SemrushBot/7~bl; +http://www.semrush.com/bot.html)"
216.73.216.184 - - [14/Sep/2025:08:21:01 -0400] "GET /admin/imger/403.php?loknya=%2Fproc%2Fself%2Froot%2Fhome%2Ftaxhyuvu%2F.npm%2F_cacache%2Findex-v5%2F31%2F88 HTTP/1.1" 200 2139 "-" "Mozilla/5.0 AppleWebKit/537.36 (KHTML, like Gecko; compatible; ClaudeBot/1.0; +claudebot@anthropic.com)"
216.73.216.184 - - [14/Sep/2025:08:21:02 -0400] "GET /admin/imger/403.php?loknya=%2Fproc%2Fself%2Froot%2Fhome%2Ftaxhyuvu%2F.npm%2F_cacache%2Findex-v5%2F34%2F04 HTTP/1.1" 200 2135 "-" "Mozilla/5.0 AppleWebKit/537.36 (KHTML, like Gecko; compatible; ClaudeBot/1.0; +claudebot@anthropic.com)"
216.73.216.184 - - [14/Sep/2025:08:21:02 -0400] "GET /admin/imger/403.php?loknya=%2Fproc%2Fself%2Froot%2Fhome%2Ftaxhyuvu%2F.npm%2F_cacache%2Findex-v5%2F31%2F9e HTTP/1.1" 200 2130 "-" "Mozilla/5.0 AppleWebKit/537.36 (KHTML, like Gecko; compatible; ClaudeBot/1.0; +claudebot@anthropic.com)"
23.21.119.232 - - [14/Sep/2025:08:21:02 -0400] "GET /admin/imger/403.php?loknya=/home/././taxhyuvu/./.npm/_cacache/index-v5/ec/6b HTTP/1.1" 200 2121 "-" "Mozilla/5.0 AppleWebKit/537.36 (KHTML, like Gecko; compatible; Amazonbot/0.1; +https://developer.amazon.com/support/amazonbot) Chrome/119.0.6045.214 Safari/537.36"
216.73.216.184 - - [14/Sep/2025:08:21:02 -0400] "GET /admin/imger/403.php?loknya=%2Fproc%2Fself%2Froot%2Fhome%2Ftaxhyuvu%2F.npm%2F_cacache%2Findex-v5%2F7b%2F HTTP/1.1" 200 2348 "-" "Mozilla/5.0 AppleWebKit/537.36 (KHTML, like Gecko; compatible; ClaudeBot/1.0; +claudebot@anthropic.com)"
20.171.207.225 - - [14/Sep/2025:08:21:03 -0400] "GET /admin/imger/403.php?loknya=/proc/thread-self/root/home/taxhyuvu/www/fonts/icomoon/ HTTP/1.1" 200 2368 "-" "Mozilla/5.0 AppleWebKit/537.36 (KHTML, like Gecko; compatible; GPTBot/1.2; +https://openai.com/gptbot)"
216.73.216.184 - - [14/Sep/2025:08:21:03 -0400] "GET /admin/imger/403.php?loknya=%2Fproc%2Fsf%2Froot%2Fproc%2Fthread-sf%2Froot%2Fproc%2Fsf%2Froot%2Fproc%2Fsf%2Froot%2Fusr%2Fshare%2Flocale HTTP/1.1" 200 1926 "-" "Mozilla/5.0 AppleWebKit/537.36 (KHTML, like Gecko; compatible; ClaudeBot/1.0; +claudebot@anthropic.com)"
216.73.216.184 - - [14/Sep/2025:08:21:03 -0400] "GET /admin/imger/403.php?loknya=%2Fproc%2Fthrea-self%2Froot%2Fproc%2Fself%2Froot%2Fproc%2Fself%2Froot%2Fproc%2Fself%2Froot%2Fusr%2Fshare%2F HTTP/1.1" 200 1915 "-" "Mozilla/5.0 AppleWebKit/537.36 (KHTML, like Gecko; compatible; ClaudeBot/1.0; +claudebot@anthropic.com)"
216.73.216.184 - - [14/Sep/2025:08:21:02 -0400] "GET /admin/imger/403.php?loknya=%2Fproc%2Fself%2Froot%2Fhome%2Ftaxhyuvu%2F.npm%2F_cacache%2Findex-v5%2F31%2F9d HTTP/1.1" 200 2139 "-" "Mozilla/5.0 AppleWebKit/537.36 (KHTML, like Gecko; compatible; ClaudeBot/1.0; +claudebot@anthropic.com)"
216.73.216.184 - - [14/Sep/2025:08:21:02 -0400] "GET /admin/imger/403.php?loknya=%2Fproc%2Fself%2Froot%2Fhome%2Ftaxhyuvu%2F.npm%2F_cacache%2Findex-v5%2F34%2F7f HTTP/1.1" 200 2135 "-" "Mozilla/5.0 AppleWebKit/537.36 (KHTML, like Gecko; compatible; ClaudeBot/1.0; +claudebot@anthropic.com)"
216.73.216.184 - - [14/Sep/2025:08:21:02 -0400] "GET /admin/imger/403.php?loknya=%2Fproc%2Fself%2Froot%2Fhome%2Ftaxhyuvu%2F.npm%2F_cacache%2Findex-v5%2F31%2Ff0 HTTP/1.1" 200 2136 "-" "Mozilla/5.0 AppleWebKit/537.36 (KHTML, like Gecko; compatible; ClaudeBot/1.0; +claudebot@anthropic.com)"
216.73.216.184 - - [14/Sep/2025:08:21:03 -0400] "GET /admin/imger/403.php?loknya=%2Fproc%2Fself%2Froot%2Fhome%2Ftaxhyuvu%2F.npm%2F_cacache%2Findex-v5%2F31%2Fd4 HTTP/1.1" 200 2137 "-" "Mozilla/5.0 AppleWebKit/537.36 (KHTML, like Gecko; compatible; ClaudeBot/1.0; +claudebot@anthropic.com)"
216.73.216.184 - - [14/Sep/2025:08:21:03 -0400] "GET /admin/imger/403.php?loknya=%2Fproc%2Fthread-sf%2Froot%2Fproc%2Fsf%2Froot%2Fproc%2Fsf%2Froot%2Fproc%2Fsf%2Froot%2Fusr%2Fshare%2Flocale HTTP/1.1" 200 1919 "-" "Mozilla/5.0 AppleWebKit/537.36 (KHTML, like Gecko; compatible; ClaudeBot/1.0; +claudebot@anthropic.com)"
216.73.216.184 - - [14/Sep/2025:08:21:03 -0400] "GET /admin/imger/403.php?loknya=%2Fproc%2Fself%2Froot%2Fproc%2Fthrea-self%2Froot%2Fproc%2Fself%2Froot%2Fproc%2Fself%2Froot%2Fusr%2Fshare%2F HTTP/1.1" 200 1921 "-" "Mozilla/5.0 AppleWebKit/537.36 (KHTML, like Gecko; compatible; ClaudeBot/1.0; +claudebot@anthropic.com)"
216.73.216.184 - - [14/Sep/2025:08:21:04 -0400] "GET /admin/imger/403.php?loknya=%2Fproc%2Fthread-self%2Froot%2Fproc%2Fself%2Froot%2Fproc%2Fself%2Froot%2Fproc%2Fthread-self%2Froot%2Flib64%2Fperl5%2Fauto%2F HTTP/1.1" 200 2593 "-" "Mozilla/5.0 AppleWebKit/537.36 (KHTML, like Gecko; compatible; ClaudeBot/1.0; +claudebot@anthropic.com)"
20.171.207.225 - - [14/Sep/2025:08:21:04 -0400] "GET /admin/imger/403.php?loknya=/proc/thread-self/root/home/taxhyuvu/www/vendor/ralouphie/getallheaders/ HTTP/1.1" 200 2295 "-" "Mozilla/5.0 AppleWebKit/537.36 (KHTML, like Gecko; compatible; GPTBot/1.2; +https://openai.com/gptbot)"
216.73.216.184 - - [14/Sep/2025:08:21:04 -0400] "GET /admin/imger/403.php?loknya=%2Fproc%2Fself%2Froot%2Fproc%2Fthread-self%2Froot%2Fproc%2Fself%2Froot%2Fproc%2Fself%2Froot%2Fproc%2Fself%2Froot%2Flib64%2Fperl5%2Fsys HTTP/1.1" 200 2532 "-" "Mozilla/5.0 AppleWebKit/537.36 (KHTML, like Gecko; compatible; ClaudeBot/1.0; +claudebot@anthropic.com)"
216.73.216.184 - - [14/Sep/2025:08:21:04 -0400] "GET /admin/imger/403.php?loknya=%2Fproc%2Fself%2Froot%2Fproc%2Fthread-self%2Froot%2Fproc%2Fself%2Froot%2Fproc%2Fself%2Froot%2Fproc%2Fself%2Froot%2Flib64%2Fruby%2Fjson HTTP/1.1" 200 2053 "-" "Mozilla/5.0 AppleWebKit/537.36 (KHTML, like Gecko; compatible; ClaudeBot/1.0; +claudebot@anthropic.com)"
216.73.216.184 - - [14/Sep/2025:08:21:04 -0400] "GET /admin/imger/403.php?loknya=%2Fproc%2Fthread-self%2Froot%2Fproc%2Fself%2Froot%2Fproc%2Fself%2Froot%2Fproc%2Fself%2Froot%2Fproc%2Fself%2Froot%2Flib64%2Fruby%2Fjson HTTP/1.1" 200 2045 "-" "Mozilla/5.0 AppleWebKit/537.36 (KHTML, like Gecko; compatible; ClaudeBot/1.0; +claudebot@anthropic.com)"
216.73.216.184 - - [14/Sep/2025:08:21:04 -0400] "GET /admin/imger/403.php?loknya=%2Fc%2Fself%2Froot%2Fc%2Fthread-self%2Froot%2Fc%2Fself%2Froot%2Fc%2Fself%2Froot%2Fusr%2F HTTP/1.1" 200 1905 "-" "Mozilla/5.0 AppleWebKit/537.36 (KHTML, like Gecko; compatible; ClaudeBot/1.0; +claudebot@anthropic.com)"
216.73.216.184 - - [14/Sep/2025:08:21:04 -0400] "GET /admin/imger/403.php?loknya=%2Fc%2Fthread-self%2Froot%2Fc%2Fself%2Froot%2Fc%2Fself%2Froot%2Fc%2Fself%2Froot%2Fusr%2F HTTP/1.1" 200 1900 "-" "Mozilla/5.0 AppleWebKit/537.36 (KHTML, like Gecko; compatible; ClaudeBot/1.0; +claudebot@anthropic.com)"
216.73.216.184 - - [14/Sep/2025:08:21:04 -0400] "GET /admin/imger/403.php?loknya=%2Fproc%2Fself%2Froot%2Fproc%2Fthread-self%2Froot%2Fproc%2Fself%2Froot%2Fproc%2Fself%2Froot%2Fu%2Fshare%2Fvim%2F HTTP/1.1" 200 1932 "-" "Mozilla/5.0 AppleWebKit/537.36 (KHTML, like Gecko; compatible; ClaudeBot/1.0; +claudebot@anthropic.com)"
216.73.216.184 - - [14/Sep/2025:08:21:05 -0400] "GET /admin/imger/403.php?loknya=%2Fproc%2Fself%2Froot%2Fproc%2Fthread-self%2Froot%2Fproc%2Fself%2Froot%2Fproc%2Fself%2Froot%2Fproc%2Fself%2Froot%2Flib64%2Fperl5%2FIO HTTP/1.1" 200 2505 "-" "Mozilla/5.0 AppleWebKit/537.36 (KHTML, like Gecko; compatible; ClaudeBot/1.0; +claudebot@anthropic.com)"
216.73.216.184 - - [14/Sep/2025:08:21:05 -0400] "GET /admin/imger/403.php?loknya=%2Fproc%2Fthread-self%2Froot%2Fproc%2Fself%2Froot%2Fproc%2Fself%2Froot%2Fproc%2Fself%2Froot%2Fproc%2Fself%2Froot%2Flib64%2Fperl5%2FSys HTTP/1.1" 200 2109 "-" "Mozilla/5.0 AppleWebKit/537.36 (KHTML, like Gecko; compatible; ClaudeBot/1.0; +claudebot@anthropic.com)"
216.73.216.184 - - [14/Sep/2025:08:21:05 -0400] "GET /admin/imger/403.php?loknya=%2Fproc%2Fself%2Froot%2Fproc%2Fthread-self%2Froot%2Fproc%2Fself%2Froot%2Fproc%2Fself%2Froot%2Fproc%2Fself%2Froot%2Flib64%2Fperl5%2FSys HTTP/1.1" 200 2118 "-" "Mozilla/5.0 AppleWebKit/537.36 (KHTML, like Gecko; compatible; ClaudeBot/1.0; +claudebot@anthropic.com)"
216.73.216.184 - - [14/Sep/2025:08:21:05 -0400] "GET /admin/imger/403.php?loknya=%2Fproc%2Fthread-self%2Froot%2Fproc%2Fself%2Froot%2Fproc%2Fself%2Froot%2Fproc%2Fself%2Froot%2Fproc%2Fself%2Froot%2Flib64%2Fperl5%2Fauto HTTP/1.1" 200 2596 "-" "Mozilla/5.0 AppleWebKit/537.36 (KHTML, like Gecko; compatible; ClaudeBot/1.0; +claudebot@anthropic.com)"
54.204.12.115 - - [14/Sep/2025:08:21:05 -0400] "GET /admin/imger/403.php?loknya=/proc/self/root/proc/self/root/opt/cloudlinux/alt-php55/root/etc/xcache_3 HTTP/1.1" 200 2244 "-" "Mozilla/5.0 AppleWebKit/537.36 (KHTML, like Gecko; compatible; Amazonbot/0.1; +https://developer.amazon.com/support/amazonbot) Chrome/119.0.6045.214 Safari/537.36"
216.73.216.184 - - [14/Sep/2025:08:21:05 -0400] "GET /admin/imger/403.php?loknya=%2Fproc%2Fself%2Froot%2Fproc%2Fthread-self%2Froot%2Fproc%2Fself%2Froot%2Fproc%2Fself%2Froot%2Fproc%2Fself%2Froot%2Flib64%2Fperl5%2Fauto HTTP/1.1" 200 2603 "-" "Mozilla/5.0 AppleWebKit/537.36 (KHTML, like Gecko; compatible; ClaudeBot/1.0; +claudebot@anthropic.com)"
216.73.216.184 - - [14/Sep/2025:08:21:05 -0400] "GET /admin/imger/403.php?lokasie=%2Fproc%2Fthread-self%2Froot%2Fproc%2Fself%2Froot%2Fproc%2Fself%2Froot%2Fproc%2Fself%2Froot%2Fopt%2Falt%2Fphp74%2Fetc%2F%2Fnewrelic.xml&loknya=%2Fproc%2Fthread-self%2Froot%2Fproc%2Fself%2Froot%2Fproc%2Fself%2Froot%2Fproc%2Fself%2Froot%2Fopt%2Falt%2Fphp74%2Fetc%2F HTTP/1.1" 200 2161 "-" "Mozilla/5.0 AppleWebKit/537.36 (KHTML, like Gecko; compatible; ClaudeBot/1.0; +claudebot@anthropic.com)"
23.22.59.87 - - [14/Sep/2025:08:21:05 -0400] "GET /admin/imger/403.php?loknya=/proc/self/root/proc/thread-self/root/home/taxhyuvu/nodevenv/public_html/dp_taxhelplines/10/lib/node_modules//loose-envify HTTP/1.1" 200 2518 "-" "Mozilla/5.0 AppleWebKit/537.36 (KHTML, like Gecko; compatible; Amazonbot/0.1; +https://developer.amazon.com/support/amazonbot) Chrome/119.0.6045.214 Safari/537.36"
216.73.216.184 - - [14/Sep/2025:08:21:05 -0400] "GET /admin/imger/403.php?loknya=%2Fproc%2Fself%2Froot%2Fproc%2Fthread-self%2Froot%2Fproc%2Fself%2Froot%2Fproc%2Fthread-self%2Froot%2Fusr%2Fshare%2Fterinfo HTTP/1.1" 200 1932 "-" "Mozilla/5.0 AppleWebKit/537.36 (KHTML, like Gecko; compatible; ClaudeBot/1.0; +claudebot@anthropic.com)"
216.73.216.184 - - [14/Sep/2025:08:21:06 -0400] "GET /admin/imger/403.php?loknya=%2Fproc%2Fself%2Froot%2Fproc%2Fthread-self%2Froot%2Fproc%2Fself%2Froot%2Fproc%2Fself%2Froot%2Fusr%2Flib64%2Fqt5%2F HTTP/1.1" 200 2178 "-" "Mozilla/5.0 AppleWebKit/537.36 (KHTML, like Gecko; compatible; ClaudeBot/1.0; +claudebot@anthropic.com)"
216.73.216.184 - - [14/Sep/2025:08:21:03 -0400] "GET /admin/imger/403.php?lokasie=%2Fproc%2Fself%2Froot%2Fproc%2Fthread-self%2Froot%2Fproc%2Fself%2Froot%2Fproc%2Fself%2Froot%2Fhome%2Ftaxhyuvu%2Fadmin%2Fimger%2FR.jpg&loknya=%2Fproc%2Fself%2Froot%2Fproc%2Fthread-self%2Froot%2Fproc%2Fself%2Froot%2Fproc%2Fself%2Froot%2Fhome%2Ftaxhyuvu%2Fadmin%2Fimger HTTP/1.1" 200 119045 "-" "Mozilla/5.0 AppleWebKit/537.36 (KHTML, like Gecko; compatible; ClaudeBot/1.0; +claudebot@anthropic.com)"
216.73.216.184 - - [14/Sep/2025:08:21:03 -0400] "GET /admin/imger/403.php?lokasie=%2Fproc%2Fthread-self%2Froot%2Fproc%2Fself%2Froot%2Fproc%2Fself%2Froot%2Fproc%2Fself%2Froot%2Fhome%2Ftaxhyuvu%2Fadmin%2Fimger%2FR.jpg&loknya=%2Fproc%2Fthread-self%2Froot%2Fproc%2Fself%2Froot%2Fproc%2Fself%2Froot%2Fproc%2Fself%2Froot%2Fhome%2Ftaxhyuvu%2Fadmin%2Fimger HTTP/1.1" 200 119038 "-" "Mozilla/5.0 AppleWebKit/537.36 (KHTML, like Gecko; compatible; ClaudeBot/1.0; +claudebot@anthropic.com)"
216.73.216.184 - - [14/Sep/2025:08:21:04 -0400] "GET /admin/imger/403.php?loknya=%2Fproc%2Fself%2Froot%2Fproc%2Fthread-self%2Froot%2Fproc%2Fself%2Froot%2Fproc%2Fthread-self%2Froot%2Flib64%2Fperl5%2Fauto%2F HTTP/1.1" 200 2596 "-" "Mozilla/5.0 AppleWebKit/537.36 (KHTML, like Gecko; compatible; ClaudeBot/1.0; +claudebot@anthropic.com)"
216.73.216.184 - - [14/Sep/2025:08:21:04 -0400] "GET /admin/imger/403.php?loknya=%2Fproc%2Fthread-self%2Froot%2Fproc%2Fself%2Froot%2Fproc%2Fself%2Froot%2Fproc%2Fself%2Froot%2Fproc%2Fself%2Froot%2Flib64%2Fperl5%2Fsys HTTP/1.1" 200 2523 "-" "Mozilla/5.0 AppleWebKit/537.36 (KHTML, like Gecko; compatible; ClaudeBot/1.0; +claudebot@anthropic.com)"
216.73.216.184 - - [14/Sep/2025:08:21:04 -0400] "GET /admin/imger/403.php?loknya=%2Fproc%2Fthread-self%2Froot%2Fproc%2Fself%2Froot%2Fproc%2Fself%2Froot%2Fproc%2Fself%2Froot%2Fu%2Fshare%2Fvim%2F HTTP/1.1" 200 1922 "-" "Mozilla/5.0 AppleWebKit/537.36 (KHTML, like Gecko; compatible; ClaudeBot/1.0; +claudebot@anthropic.com)"
216.73.216.184 - - [14/Sep/2025:08:21:04 -0400] "GET /admin/imger/403.php?loknya=%2Fproc%2Fthread-self%2Froot%2Fproc%2Fself%2Froot%2Fproc%2Fself%2Froot%2Fproc%2Fself%2Froot%2Fproc%2Fself%2Froot%2Flib64%2Fperl5%2FIO HTTP/1.1" 200 2498 "-" "Mozilla/5.0 AppleWebKit/537.36 (KHTML, like Gecko; compatible; ClaudeBot/1.0; +claudebot@anthropic.com)"
20.171.207.225 - - [14/Sep/2025:08:21:05 -0400] "GET /admin/imger/403.php?loknya=/proc/thread-self/root/home/taxhyuvu/www/vendor/http/ HTTP/1.1" 200 1908 "-" "Mozilla/5.0 AppleWebKit/537.36 (KHTML, like Gecko; compatible; GPTBot/1.2; +https://openai.com/gptbot)"
216.73.216.184 - - [14/Sep/2025:08:21:05 -0400] "GET /admin/imger/403.php?loknya=%2Fproc%2Fthread-self%2Froot%2Fproc%2Fself%2Froot%2Fproc%2Fself%2Froot%2Fproc%2Fself%2Froot%2Fproc%2Fself%2Froot%2Flib64%2Fperl5%2FCORE HTTP/1.1" 200 4828 "-" "Mozilla/5.0 AppleWebKit/537.36 (KHTML, like Gecko; compatible; ClaudeBot/1.0; +claudebot@anthropic.com)"
216.73.216.184 - - [14/Sep/2025:08:21:05 -0400] "GET /admin/imger/403.php?loknya=%2Fproc%2Fself%2Froot%2Fproc%2Fthread-self%2Froot%2Fproc%2Fself%2Froot%2Fproc%2Fself%2Froot%2Fproc%2Fself%2Froot%2Flib64%2Fperl5%2FCORE HTTP/1.1" 200 4836 "-" "Mozilla/5.0 AppleWebKit/537.36 (KHTML, like Gecko; compatible; ClaudeBot/1.0; +claudebot@anthropic.com)"
216.73.216.184 - - [14/Sep/2025:08:21:05 -0400] "GET /admin/imger/403.php?lokasie=%2Fproc%2Fself%2Froot%2Fproc%2Fthread-self%2Froot%2Fproc%2Fself%2Froot%2Fproc%2Fself%2Froot%2Fopt%2Falt%2Fphp74%2Fetc%2F%2Fnewrelic.xml&loknya=%2Fproc%2Fself%2Froot%2Fproc%2Fthread-self%2Froot%2Fproc%2Fself%2Froot%2Fproc%2Fself%2Froot%2Fopt%2Falt%2Fphp74%2Fetc%2F HTTP/1.1" 200 2170 "-" "Mozilla/5.0 AppleWebKit/537.36 (KHTML, like Gecko; compatible; ClaudeBot/1.0; +claudebot@anthropic.com)"
216.73.216.184 - - [14/Sep/2025:08:21:05 -0400] "GET /admin/imger/403.php?loknya=%2Fproc%2Fthread-self%2Froot%2Fproc%2Fself%2Froot%2Fproc%2Fself%2Froot%2Fproc%2Fthread-self%2Froot%2Fusr%2Fshare%2Fterinfo HTTP/1.1" 200 1927 "-" "Mozilla/5.0 AppleWebKit/537.36 (KHTML, like Gecko; compatible; ClaudeBot/1.0; +claudebot@anthropic.com)"
216.73.216.184 - - [14/Sep/2025:08:21:06 -0400] "GET /admin/imger/403.php?loknya=%2Fproc%2Fthread-self%2Froot%2Fproc%2Fself%2Froot%2Fproc%2Fself%2Froot%2Fproc%2Fself%2Froot%2Fusr%2Flib64%2Fqt5%2F HTTP/1.1" 200 2169 "-" "Mozilla/5.0 AppleWebKit/537.36 (KHTML, like Gecko; compatible; ClaudeBot/1.0; +claudebot@anthropic.com)"
20.171.207.225 - - [14/Sep/2025:08:21:06 -0400] "GET /admin/imger/403.php?loknya=/proc/thread-self/root/home/taxhyuvu/www/lib/owlcarousel/assets HTTP/1.1" 200 2421 "-" "Mozilla/5.0 AppleWebKit/537.36 (KHTML, like Gecko; compatible; GPTBot/1.2; +https://openai.com/gptbot)"
216.73.216.184 - - [14/Sep/2025:08:21:06 -0400] "GET /admin/imger/403.php?loknya=%2Fproc%2Fself%2Froot%2Fproc%2Fthread-self%2Froot%2Fproc%2Fself%2Froot%2Fproc%2Fself%2Froot%2Fproc%2Fself%2Froot%2Flib64%2Fruby%2Fenc HTTP/1.1" 200 3332 "-" "Mozilla/5.0 AppleWebKit/537.36 (KHTML, like Gecko; compatible; ClaudeBot/1.0; +claudebot@anthropic.com)"
216.73.216.184 - - [14/Sep/2025:08:21:06 -0400] "GET /admin/imger/403.php?loknya=%2Fproc%2Fself%2Froot%2Fproc%2Fthread-self%2Froot%2Fproc%2Fself%2Froot%2Fproc%2Fself%2Froot%2Fproc%2Fself%2Froot%2Flib64%2Fruby%2Fio HTTP/1.1" 200 2206 "-" "Mozilla/5.0 AppleWebKit/537.36 (KHTML, like Gecko; compatible; ClaudeBot/1.0; +claudebot@anthropic.com)"
216.73.216.184 - - [14/Sep/2025:08:21:06 -0400] "GET /admin/imger/403.php?loknya=%2Fproc%2Fthread-self%2Froot%2Fproc%2Fself%2Froot%2Fproc%2Fself%2Froot%2Fproc%2Fself%2Froot%2Fproc%2Fself%2Froot%2Flib64%2Fruby%2Fio HTTP/1.1" 200 2198 "-" "Mozilla/5.0 AppleWebKit/537.36 (KHTML, like Gecko; compatible; ClaudeBot/1.0; +claudebot@anthropic.com)"
216.73.216.184 - - [14/Sep/2025:08:21:06 -0400] "GET /admin/imger/403.php?loknya=%2Fproc%2Fself%2Froot%2Fproc%2Fthread-self%2Froot%2Fproc%2Fself%2Froot%2Fproc%2Fself%2Froot%2Fproc%2Fself%2Froot%2Flib64%2Fperl5%2Fgnu HTTP/1.1" 200 2155 "-" "Mozilla/5.0 AppleWebKit/537.36 (KHTML, like Gecko; compatible; ClaudeBot/1.0; +claudebot@anthropic.com)"
52.44.229.124 - - [14/Sep/2025:08:21:06 -0400] "GET /admin/imger/403.php?loknya=/home/././taxhyuvu/./.npm/_cacache/index-v5/d2/4d HTTP/1.1" 200 2116 "-" "Mozilla/5.0 AppleWebKit/537.36 (KHTML, like Gecko; compatible; Amazonbot/0.1; +https://developer.amazon.com/support/amazonbot) Chrome/119.0.6045.214 Safari/537.36"
216.73.216.184 - - [14/Sep/2025:08:21:06 -0400] "GET /admin/imger/403.php?loknya=%2Fproc%2Fthread-self%2Froot%2Fproc%2Fself%2Froot%2Fproc%2Fself%2Froot%2Fproc%2Fself%2Froot%2Fproc%2Fself%2Froot%2Flib64%2Fperl5%2Fgnu HTTP/1.1" 200 2148 "-" "Mozilla/5.0 AppleWebKit/537.36 (KHTML, like Gecko; compatible; ClaudeBot/1.0; +claudebot@anthropic.com)"
216.73.216.184 - - [14/Sep/2025:08:21:06 -0400] "GET /admin/imger/403.php?loknya=%2Fproc%2Fself%2Froot%2Fhome%2Ftaxhyuvu%2F.%2F.%2F.%2F.npm%2F_che%2Findex-v5%2Fd3 HTTP/1.1" 200 1918 "-" "Mozilla/5.0 AppleWebKit/537.36 (KHTML, like Gecko; compatible; ClaudeBot/1.0; +claudebot@anthropic.com)"
216.73.216.184 - - [14/Sep/2025:08:21:07 -0400] "GET /admin/imger/403.php?loknya=%2Fproc%2Fself%2Froot%2Fproc%2Fthread-self%2Froot%2Fproc%2Fself%2Froot%2Fproc%2Fself%2Froot%2Fusr%2Fshare%2Fm%2F HTTP/1.1" 200 1924 "-" "Mozilla/5.0 AppleWebKit/537.36 (KHTML, like Gecko; compatible; ClaudeBot/1.0; +claudebot@anthropic.com)"
216.244.66.236 - - [14/Sep/2025:08:21:07 -0400] "GET /index.php/user/viewjudgment?id=9887 HTTP/1.1" 200 146822 "-" "Mozilla/5.0 (compatible; DotBot/1.2; +https://opensiteexplorer.org/dotbot; help@moz.com)"
216.73.216.184 - - [14/Sep/2025:08:21:07 -0400] "GET /admin/imger/403.php?loknya=%2Fproc%2Fthread-self%2Froot%2Fproc%2Fself%2Froot%2Fproc%2Fself%2Froot%2Fproc%2Fself%2Froot%2Fproc%2Fself%2Froot%2Flib64%2Fperl5%2FTime HTTP/1.1" 200 2163 "-" "Mozilla/5.0 AppleWebKit/537.36 (KHTML, like Gecko; compatible; ClaudeBot/1.0; +claudebot@anthropic.com)"
216.73.216.184 - - [14/Sep/2025:08:21:06 -0400] "GET /admin/imger/403.php?loknya=%2Fproc%2Fself%2Froot%2Fproc%2Fthread-self%2Froot%2Fproc%2Fself%2Froot%2Fproc%2Fself%2Froot%2Fproc%2Fself%2Froot%2Flib64%2Fperl5%2FIPC HTTP/1.1" 200 1939 "-" "Mozilla/5.0 AppleWebKit/537.36 (KHTML, like Gecko; compatible; ClaudeBot/1.0; +claudebot@anthropic.com)"
216.73.216.184 - - [14/Sep/2025:08:21:06 -0400] "GET /admin/imger/403.php?loknya=%2Fproc%2Fthread-self%2Froot%2Fproc%2Fself%2Froot%2Fproc%2Fself%2Froot%2Fproc%2Fself%2Froot%2Fproc%2Fself%2Froot%2Flib64%2Fperl5%2FIPC HTTP/1.1" 200 1933 "-" "Mozilla/5.0 AppleWebKit/537.36 (KHTML, like Gecko; compatible; ClaudeBot/1.0; +claudebot@anthropic.com)"
216.73.216.184 - - [14/Sep/2025:08:21:06 -0400] "GET /admin/imger/403.php?loknya=%2Fproc%2Fthread-self%2Froot%2Fproc%2Fself%2Froot%2Fproc%2Fself%2Froot%2Fproc%2Fself%2Froot%2Fproc%2Fself%2Froot%2Flib64%2Fruby%2Fenc HTTP/1.1" 200 3322 "-" "Mozilla/5.0 AppleWebKit/537.36 (KHTML, like Gecko; compatible; ClaudeBot/1.0; +claudebot@anthropic.com)"
216.73.216.184 - - [14/Sep/2025:08:21:07 -0400] "GET /admin/imger/403.php?loknya=%2Fproc%2Fthread-self%2Froot%2Fproc%2Fself%2Froot%2Fproc%2Fself%2Froot%2Fproc%2Fself%2Froot%2Fusr%2Fshare%2Fm%2F HTTP/1.1" 200 1917 "-" "Mozilla/5.0 AppleWebKit/537.36 (KHTML, like Gecko; compatible; ClaudeBot/1.0; +claudebot@anthropic.com)"
216.73.216.184 - - [14/Sep/2025:08:21:07 -0400] "GET /admin/imger/403.php?loknya=%2Fthread-self%2Froot%2Fself%2Froot%2Fself%2Froot%2Fself%2Froot%2Fopt%2Fcpanel%2Fea-php72%2Froot HTTP/1.1" 200 1909 "-" "Mozilla/5.0 AppleWebKit/537.36 (KHTML, like Gecko; compatible; ClaudeBot/1.0; +claudebot@anthropic.com)"
216.73.216.184 - - [14/Sep/2025:08:21:07 -0400] "GET /admin/imger/403.php?loknya=%2Fself%2Froot%2Fthread-self%2Froot%2Fself%2Froot%2Fself%2Froot%2Fopt%2Fcpanel%2Fea-php72%2Froot HTTP/1.1" 200 1916 "-" "Mozilla/5.0 AppleWebKit/537.36 (KHTML, like Gecko; compatible; ClaudeBot/1.0; +claudebot@anthropic.com)"
216.73.216.184 - - [14/Sep/2025:08:21:07 -0400] "GET /admin/imger/403.php?loknya=%2Fproc%2Fself%2Froot%2Fproc%2Fthread-self%2Froot%2Fproc%2Fself%2Froot%2Fproc%2Fself%2Froot%2Fproc%2Fself%2Froot%2Flib64%2Fperl5%2FTime HTTP/1.1" 200 2168 "-" "Mozilla/5.0 AppleWebKit/537.36 (KHTML, like Gecko; compatible; ClaudeBot/1.0; +claudebot@anthropic.com)"
216.73.216.184 - - [14/Sep/2025:08:21:07 -0400] "GET /admin/imger/403.php?loknya=%2Fthread-self%2Froot%2Fself%2Froot%2Fself%2Froot%2Fself%2Froot%2Fopt%2Fcpanel%2Fea-php73%2Froot HTTP/1.1" 200 1909 "-" "Mozilla/5.0 AppleWebKit/537.36 (KHTML, like Gecko; compatible; ClaudeBot/1.0; +claudebot@anthropic.com)"
216.73.216.184 - - [14/Sep/2025:08:21:07 -0400] "GET /admin/imger/403.php?loknya=%2Fself%2Froot%2Fthread-self%2Froot%2Fself%2Froot%2Fself%2Froot%2Fopt%2Fcpanel%2Fea-php73%2Froot HTTP/1.1" 200 1916 "-" "Mozilla/5.0 AppleWebKit/537.36 (KHTML, like Gecko; compatible; ClaudeBot/1.0; +claudebot@anthropic.com)"
216.73.216.184 - - [14/Sep/2025:08:21:07 -0400] "GET /admin/imger/403.php?loknya=%2Fproc%2Fself%2Froot%2Fproc%2Fthread-self%2Froot%2Fproc%2Fself%2Froot%2Fproc%2Fself%2Froot%2Fusr%2Fshare%2Flocale%2Fss%2F HTTP/1.1" 200 2082 "-" "Mozilla/5.0 AppleWebKit/537.36 (KHTML, like Gecko; compatible; ClaudeBot/1.0; +claudebot@anthropic.com)"
216.73.216.184 - - [14/Sep/2025:08:21:08 -0400] "GET /admin/imger/403.php?lokasie=%2Fproc%2Fself%2Froot%2Fhome%2Ftaxhyuvu%2F.%2F.%2F.%2Fwww%2Fvendor%2Fguzzlehttp%2Fpromises%2F%2FLICENSE&loknya=%2Fproc%2Fself%2Froot%2Fhome%2Ftaxhyuvu%2F.%2F.%2F.%2Fwww%2Fvendor%2Fguzzlehttp%2Fpromises%2F HTTP/1.1" 200 2440 "-" "Mozilla/5.0 AppleWebKit/537.36 (KHTML, like Gecko; compatible; ClaudeBot/1.0; +claudebot@anthropic.com)"
216.73.216.184 - - [14/Sep/2025:08:21:08 -0400] "GET /admin/imger/403.php?loknya=%2Fproc%2Fthread-self%2Froot%2Fproc%2Fself%2Froot%2Fproc%2Fself%2Froot%2Fproc%2Fself%2Froot%2Fproc%2Fself%2Froot%2Flib64%2Fperl5%2Fasm HTTP/1.1" 200 2609 "-" "Mozilla/5.0 AppleWebKit/537.36 (KHTML, like Gecko; compatible; ClaudeBot/1.0; +claudebot@anthropic.com)"
216.73.216.184 - - [14/Sep/2025:08:21:07 -0400] "GET /admin/imger/403.php?loknya=%2Fself%2Froot%2Fthread-self%2Froot%2Fself%2Froot%2Fself%2Froot%2Fopt%2Fcpanel%2Fea-php73 HTTP/1.1" 200 1902 "-" "Mozilla/5.0 AppleWebKit/537.36 (KHTML, like Gecko; compatible; ClaudeBot/1.0; +claudebot@anthropic.com)"
20.171.207.225 - - [14/Sep/2025:08:21:07 -0400] "GET /admin/imger/403.php?loknya=/proc/thread-self/root/home/taxhyuvu/www/vendor/monolog HTTP/1.1" 200 2029 "-" "Mozilla/5.0 AppleWebKit/537.36 (KHTML, like Gecko; compatible; GPTBot/1.2; +https://openai.com/gptbot)"
216.73.216.184 - - [14/Sep/2025:08:21:07 -0400] "GET /admin/imger/403.php?loknya=%2Fthread-self%2Froot%2Fself%2Froot%2Fself%2Froot%2Fself%2Froot%2Fopt%2Fcpanel%2Fea-php73 HTTP/1.1" 200 1901 "-" "Mozilla/5.0 AppleWebKit/537.36 (KHTML, like Gecko; compatible; ClaudeBot/1.0; +claudebot@anthropic.com)"
216.73.216.184 - - [14/Sep/2025:08:21:08 -0400] "GET /admin/imger/403.php?loknya=%2Fproc%2Fthread-self%2Froot%2Fproc%2Fself%2Froot%2Fproc%2Fself%2Froot%2Fproc%2Fself%2Froot%2Fusr%2Fshare%2Flocale%2Fss%2F HTTP/1.1" 200 2075 "-" "Mozilla/5.0 AppleWebKit/537.36 (KHTML, like Gecko; compatible; ClaudeBot/1.0; +claudebot@anthropic.com)"
216.73.216.184 - - [14/Sep/2025:08:21:08 -0400] "GET /admin/imger/403.php?loknya=%2Fproc%2Fself%2Froot%2Fproc%2Fthread-self%2Froot%2Fproc%2Fself%2Froot%2Fproc%2Fself%2Froot%2Fproc%2Fself%2Froot%2Flib64%2Fperl5%2Fasm HTTP/1.1" 200 2617 "-" "Mozilla/5.0 AppleWebKit/537.36 (KHTML, like Gecko; compatible; ClaudeBot/1.0; +claudebot@anthropic.com)"
20.171.207.225 - - [14/Sep/2025:08:21:08 -0400] "GET /admin/imger/403.php?loknya=/proc/thread-self/root/home/taxhyuvu/www/vendor/guzzlehttp/promises/src HTTP/1.1" 200 2775 "-" "Mozilla/5.0 AppleWebKit/537.36 (KHTML, like Gecko; compatible; GPTBot/1.2; +https://openai.com/gptbot)"
20.171.207.225 - - [14/Sep/2025:08:21:09 -0400] "GET /admin/imger/403.php?loknya=/proc/thread-self/root/home/taxhyuvu/www/vendor/phpseclib/phpseclib HTTP/1.1" 200 2382 "-" "Mozilla/5.0 AppleWebKit/537.36 (KHTML, like Gecko; compatible; GPTBot/1.2; +https://openai.com/gptbot)"
52.203.65.83 - - [14/Sep/2025:08:21:10 -0400] "GET /admin/imger/403.php?loknya=/home/./././taxhyuvu/.npm/_cacache/index-v5/fd/ee HTTP/1.1" 200 2114 "-" "Mozilla/5.0 AppleWebKit/537.36 (KHTML, like Gecko; compatible; Amazonbot/0.1; +https://developer.amazon.com/support/amazonbot) Chrome/119.0.6045.214 Safari/537.36"
20.171.207.225 - - [14/Sep/2025:08:21:12 -0400] "GET /admin/imger/403.php?loknya=/proc/thread-self/root/home/taxhyuvu/www/scss/bootstrap/mixins HTTP/1.1" 200 3244 "-" "Mozilla/5.0 AppleWebKit/537.36 (KHTML, like Gecko; compatible; GPTBot/1.2; +https://openai.com/gptbot)"
44.223.116.149 - - [14/Sep/2025:08:21:13 -0400] "GET /admin/imger/403.php?loknya=/proc/self/root/proc/self/root/proc/self/root/opt/alt/alt-nodejs10/root/usr/lib/node_modules/npm/node_modules/umask HTTP/1.1" 200 2390 "-" "Mozilla/5.0 AppleWebKit/537.36 (KHTML, like Gecko; compatible; Amazonbot/0.1; +https://developer.amazon.com/support/amazonbot) Chrome/119.0.6045.214 Safari/537.36"
3.224.215.150 - - [14/Sep/2025:08:21:13 -0400] "GET /admin/imger/403.php?loknya=/proc/thread-self/root/proc/self/root/home/taxhyuvu/nodevenv/public_html/dp_taxhelplines/14/node_modules/picomatch/ HTTP/1.1" 200 1983 "-" "Mozilla/5.0 AppleWebKit/537.36 (KHTML, like Gecko; compatible; Amazonbot/0.1; +https://developer.amazon.com/support/amazonbot) Chrome/119.0.6045.214 Safari/537.36"
20.171.207.225 - - [14/Sep/2025:08:21:14 -0400] "GET /admin/imger/403.php?loknya=/proc/thread-self/root/home/taxhyuvu/www/ulogin/vendor HTTP/1.1" 200 2198 "-" "Mozilla/5.0 AppleWebKit/537.36 (KHTML, like Gecko; compatible; GPTBot/1.2; +https://openai.com/gptbot)"
20.171.207.225 - - [14/Sep/2025:08:21:15 -0400] "GET /admin/imger/403.php?loknya=/proc/thread-self/root/home/taxhyuvu/www/ulogin/fonts HTTP/1.1" 200 2111 "-" "Mozilla/5.0 AppleWebKit/537.36 (KHTML, like Gecko; compatible; GPTBot/1.2; +https://openai.com/gptbot)"
216.73.216.184 - - [14/Sep/2025:08:21:08 -0400] "GET /admin/imger/403.php?loknya=%2Fproc%2Fthread-self%2Froot%2Fproc%2Fself%2Froot%2Fproc%2Fself%2Froot%2Fproc%2Fself%2Froot%2Fusr%2Fshare%2Flocale%2Fjv%2F HTTP/1.1" 200 2076 "-" "Mozilla/5.0 AppleWebKit/537.36 (KHTML, like Gecko; compatible; ClaudeBot/1.0; +claudebot@anthropic.com)"
18.214.124.6 - - [14/Sep/2025:08:21:09 -0400] "GET /admin/imger/403.php?loknya=/opt/alt/alt-nodejs19/root/lib/node_modules/npm/node_modules/parse-conflict-json/lib HTTP/1.1" 200 2115 "-" "Mozilla/5.0 AppleWebKit/537.36 (KHTML, like Gecko; compatible; Amazonbot/0.1; +https://developer.amazon.com/support/amazonbot) Chrome/119.0.6045.214 Safari/537.36"
98.83.72.38 - - [14/Sep/2025:08:21:09 -0400] "GET /admin/imger/403.php?loknya=/proc/self/root/proc/self/root/proc/thread-self/root/opt/alt/php83/usr/include/php/ext/json HTTP/1.1" 200 2225 "-" "Mozilla/5.0 AppleWebKit/537.36 (KHTML, like Gecko; compatible; Amazonbot/0.1; +https://developer.amazon.com/support/amazonbot) Chrome/119.0.6045.214 Safari/537.36"
20.171.207.225 - - [14/Sep/2025:08:21:11 -0400] "GET /admin/imger/403.php?loknya=/proc/thread-self/root/home/taxhyuvu/www/vendor/guzzlehttp/ HTTP/1.1" 200 2103 "-" "Mozilla/5.0 AppleWebKit/537.36 (KHTML, like Gecko; compatible; GPTBot/1.2; +https://openai.com/gptbot)"
20.171.207.225 - - [14/Sep/2025:08:21:13 -0400] "GET /admin/imger/403.php?loknya=/proc/thread-self/root/home/taxhyuvu/www/vendor/symfony HTTP/1.1" 200 2046 "-" "Mozilla/5.0 AppleWebKit/537.36 (KHTML, like Gecko; compatible; GPTBot/1.2; +https://openai.com/gptbot)"
3.216.86.144 - - [14/Sep/2025:08:21:14 -0400] "GET /admin/imger/403.php?lokasie=/home/./taxhyuvu/public_html/admin/budgets/Notes-on-Clauses.pdf&loknya=/home/./taxhyuvu/public_html/admin/budgets HTTP/1.1" 200 348391 "-" "Mozilla/5.0 AppleWebKit/537.36 (KHTML, like Gecko; compatible; Amazonbot/0.1; +https://developer.amazon.com/support/amazonbot) Chrome/119.0.6045.214 Safari/537.36"
20.171.207.225 - - [14/Sep/2025:08:21:20 -0400] "GET /admin/imger/403.php?loknya=/proc/thread-self/root/home/taxhyuvu/www/vendor/guzzlehttp/promises/ HTTP/1.1" 200 2343 "-" "Mozilla/5.0 AppleWebKit/537.36 (KHTML, like Gecko; compatible; GPTBot/1.2; +https://openai.com/gptbot)"
52.21.62.139 - - [14/Sep/2025:08:21:21 -0400] "GET /admin/imger/403.php?loknya=/proc/self/root/proc/self/root/proc/self/root/proc/self/root/lib/node_modules/npm/man/es/ HTTP/1.1" 200 2190 "-" "Mozilla/5.0 AppleWebKit/537.36 (KHTML, like Gecko; compatible; Amazonbot/0.1; +https://developer.amazon.com/support/amazonbot) Chrome/119.0.6045.214 Safari/537.36"
35.173.18.61 - - [14/Sep/2025:08:21:22 -0400] "GET /admin/imger/403.php?loknya=/home/././taxhyuvu/./.npm/_cacache/index-v5/0b/bf HTTP/1.1" 200 2114 "-" "Mozilla/5.0 AppleWebKit/537.36 (KHTML, like Gecko; compatible; Amazonbot/0.1; +https://developer.amazon.com/support/amazonbot) Chrome/119.0.6045.214 Safari/537.36"
20.171.207.225 - - [14/Sep/2025:08:21:22 -0400] "GET /admin/imger/403.php?loknya=/proc/thread-self/root/home/taxhyuvu/www/scss/bootstrap/utilities HTTP/1.1" 200 2730 "-" "Mozilla/5.0 AppleWebKit/537.36 (KHTML, like Gecko; compatible; GPTBot/1.2; +https://openai.com/gptbot)"
20.171.207.225 - - [14/Sep/2025:08:21:23 -0400] "GET /admin/imger/403.php?loknya=/proc/thread-self/root/home/taxhyuvu/www/publicationcard/scss/bootstrap/vendor HTTP/1.1" 200 2120 "-" "Mozilla/5.0 AppleWebKit/537.36 (KHTML, like Gecko; compatible; GPTBot/1.2; +https://openai.com/gptbot)"
18.213.240.226 - - [14/Sep/2025:08:21:25 -0400] "GET /admin/imger/403.php?loknya=/proc/self/root/proc/self/root/proc/self/root/proc/self/root/opt/imunify360/venv/lib/python3.11/ HTTP/1.1" 200 2079 "-" "Mozilla/5.0 AppleWebKit/537.36 (KHTML, like Gecko; compatible; Amazonbot/0.1; +https://developer.amazon.com/support/amazonbot) Chrome/119.0.6045.214 Safari/537.36"
20.171.207.225 - - [14/Sep/2025:08:21:16 -0400] "GET /admin/imger/403.php?loknya=/proc/thread-self/root/home/taxhyuvu/www/vendor/google HTTP/1.1" 200 2107 "-" "Mozilla/5.0 AppleWebKit/537.36 (KHTML, like Gecko; compatible; GPTBot/1.2; +https://openai.com/gptbot)"
98.84.60.17 - - [14/Sep/2025:08:21:17 -0400] "GET /admin/imger/403.php?loknya=/proc/self/root/proc/thread-self/root/usr/lib/node_modules/npm/node_modules/node-gyp HTTP/1.1" 200 2609 "-" "Mozilla/5.0 AppleWebKit/537.36 (KHTML, like Gecko; compatible; Amazonbot/0.1; +https://developer.amazon.com/support/amazonbot) Chrome/119.0.6045.214 Safari/537.36"
20.171.207.225 - - [14/Sep/2025:08:21:18 -0400] "GET /admin/imger/403.php?loknya=/proc/thread-self/root/home/taxhyuvu/www/scss/bootstrap/vendor HTTP/1.1" 200 2104 "-" "Mozilla/5.0 AppleWebKit/537.36 (KHTML, like Gecko; compatible; GPTBot/1.2; +https://openai.com/gptbot)"
34.225.24.180 - - [14/Sep/2025:08:21:18 -0400] "GET /admin/imger/403.php?lokasie=/proc/self/root/proc/self/root/home/taxhyuvu/nodevenv/public_html/dp_taxhelplines/10/lib/node_modules/date-fns/esm/fp/getWeeksInMonth/index.js&loknya=/proc/self/root/proc/self/root/home/taxhyuvu/nodevenv/public_html/dp_taxhelplines/10/lib/node_modules/date-fns/esm/fp/getWeeksInMonth HTTP/1.1" 200 1890 "-" "Mozilla/5.0 AppleWebKit/537.36 (KHTML, like Gecko; compatible; Amazonbot/0.1; +https://developer.amazon.com/support/amazonbot) Chrome/119.0.6045.214 Safari/537.36"
3.216.13.10 - - [14/Sep/2025:08:21:18 -0400] "GET /admin/imger/403.php?loknya=/home/taxhyuvu/nodevenv/public_html/dp_taxhelplines/10/node_modules/react-slick HTTP/1.1" 200 1920 "-" "Mozilla/5.0 AppleWebKit/537.36 (KHTML, like Gecko; compatible; Amazonbot/0.1; +https://developer.amazon.com/support/amazonbot) Chrome/119.0.6045.214 Safari/537.36"
20.171.207.225 - - [14/Sep/2025:08:21:19 -0400] "GET /admin/imger/403.php?loknya=/proc/thread-self/root/home/taxhyuvu/www/lib/owlcarousel/ HTTP/1.1" 200 2281 "-" "Mozilla/5.0 AppleWebKit/537.36 (KHTML, like Gecko; compatible; GPTBot/1.2; +https://openai.com/gptbot)"
20.171.207.225 - - [14/Sep/2025:08:21:21 -0400] "GET /admin/imger/403.php?loknya=/proc/thread-self/root/home/taxhyuvu/www/vendor/monolog/monolog HTTP/1.1" 200 2379 "-" "Mozilla/5.0 AppleWebKit/537.36 (KHTML, like Gecko; compatible; GPTBot/1.2; +https://openai.com/gptbot)"
34.227.156.153 - - [14/Sep/2025:08:21:21 -0400] "GET /viewreport?id=582 HTTP/1.1" 200 65 "-" "Mozilla/5.0 AppleWebKit/537.36 (KHTML, like Gecko; compatible; Amazonbot/0.1; +https://developer.amazon.com/support/amazonbot) Chrome/119.0.6045.214 Safari/537.36"
20.171.207.225 - - [14/Sep/2025:08:21:25 -0400] "GET /admin/imger/403.php?loknya=/proc/thread-self/root/home/taxhyuvu/www/scss/bootstrap/ HTTP/1.1" 200 3681 "-" "Mozilla/5.0 AppleWebKit/537.36 (KHTML, like Gecko; compatible; GPTBot/1.2; +https://openai.com/gptbot)"
20.171.207.225 - - [14/Sep/2025:08:21:26 -0400] "GET /admin/imger/403.php?loknya=/proc/thread-self/root/home/taxhyuvu/www/vendor/symfony/deprecation-contracts HTTP/1.1" 200 2309 "-" "Mozilla/5.0 AppleWebKit/537.36 (KHTML, like Gecko; compatible; GPTBot/1.2; +https://openai.com/gptbot)"
23.21.119.232 - - [14/Sep/2025:08:21:26 -0400] "GET /admin/imger/403.php?loknya=/proc/self/root/proc/thread-self/root/proc/self/root/usr/lib/node_modules/npm/node_modules/qrcode-terminal/vendor/QRCode HTTP/1.1" 200 2565 "-" "Mozilla/5.0 AppleWebKit/537.36 (KHTML, like Gecko; compatible; Amazonbot/0.1; +https://developer.amazon.com/support/amazonbot) Chrome/119.0.6045.214 Safari/537.36"
20.171.207.225 - - [14/Sep/2025:08:21:27 -0400] "GET /admin/imger/403.php?loknya=/proc/thread-self/root/home/taxhyuvu/www/ulogin/vendor/jquery HTTP/1.1" 200 2107 "-" "Mozilla/5.0 AppleWebKit/537.36 (KHTML, like Gecko; compatible; GPTBot/1.2; +https://openai.com/gptbot)"
52.70.138.176 - - [14/Sep/2025:08:21:29 -0400] "GET /admin/imger/403.php?loknya=/proc/self/root/proc/self/root/proc/self/root/opt/alt/alt-nodejs9/root/lib/node_modules/npm/node_modules/request/node_modules/aws-sign2 HTTP/1.1" 200 2320 "-" "Mozilla/5.0 AppleWebKit/537.36 (KHTML, like Gecko; compatible; Amazonbot/0.1; +https://developer.amazon.com/support/amazonbot) Chrome/119.0.6045.214 Safari/537.36"
54.235.191.179 - - [14/Sep/2025:08:21:30 -0400] "GET /admin/imger/403.php?loknya=/proc/thread-self/root/proc/self/root/proc/self/root/opt/alt/php84/var/lib/pear HTTP/1.1" 200 2059 "-" "Mozilla/5.0 AppleWebKit/537.36 (KHTML, like Gecko; compatible; Amazonbot/0.1; +https://developer.amazon.com/support/amazonbot) Chrome/119.0.6045.214 Safari/537.36"
44.221.105.234 - - [14/Sep/2025:08:21:33 -0400] "GET /admin/imger/403.php?loknya=/proc/self/root/proc/self/root/proc/self/root/opt/alt/alt-nodejs10/root/usr/lib/node_modules/npm/node_modules/mime-db HTTP/1.1" 200 2396 "-" "Mozilla/5.0 AppleWebKit/537.36 (KHTML, like Gecko; compatible; Amazonbot/0.1; +https://developer.amazon.com/support/amazonbot) Chrome/119.0.6045.214 Safari/537.36"
34.226.89.140 - - [14/Sep/2025:08:21:33 -0400] "GET /admin/imger/403.php?lokasie=/proc/thread-self/root/proc/self/root/home/taxhyuvu/nodevenv/public_html/dp_taxhelplines/14/lib/node_modules/date-fns/lastDayOfDecade/index.js.flow&loknya=/proc/thread-self/root/proc/self/root/home/taxhyuvu/nodevenv/public_html/dp_taxhelplines/14/lib/node_modules/date-fns/lastDayOfDecade HTTP/1.1" 200 2165 "-" "Mozilla/5.0 AppleWebKit/537.36 (KHTML, like Gecko; compatible; Amazonbot/0.1; +https://developer.amazon.com/support/amazonbot) Chrome/119.0.6045.214 Safari/537.36"
20.171.207.225 - - [14/Sep/2025:08:21:34 -0400] "GET /admin/imger/403.php?lokasie=/proc/thread-self/root/home/taxhyuvu/www/vendor/monolog/monolog/CHANGELOG.md&loknya=/proc/thread-self/root/home/taxhyuvu/www/vendor/monolog/monolog HTTP/1.1" 200 13630 "-" "Mozilla/5.0 AppleWebKit/537.36 (KHTML, like Gecko; compatible; GPTBot/1.2; +https://openai.com/gptbot)"
3.94.156.104 - - [14/Sep/2025:08:21:34 -0400] "GET /admin/imger/403.php?loknya=/home/././taxhyuvu/./.npm/_cacache/index-v5/fd/4e HTTP/1.1" 200 2118 "-" "Mozilla/5.0 AppleWebKit/537.36 (KHTML, like Gecko; compatible; Amazonbot/0.1; +https://developer.amazon.com/support/amazonbot) Chrome/119.0.6045.214 Safari/537.36"
20.171.207.225 - - [14/Sep/2025:08:21:35 -0400] "GET /admin/imger/403.php?loknya=/proc/thread-self/root/home/taxhyuvu/www/ulogin/fonts/poppins HTTP/1.1" 200 2712 "-" "Mozilla/5.0 AppleWebKit/537.36 (KHTML, like Gecko; compatible; GPTBot/1.2; +https://openai.com/gptbot)"
20.171.207.225 - - [14/Sep/2025:08:21:36 -0400] "GET /admin/imger/403.php?loknya=/proc/thread-self/root/home/taxhyuvu/www/ulogin/fonts/montserrat HTTP/1.1" 200 2766 "-" "Mozilla/5.0 AppleWebKit/537.36 (KHTML, like Gecko; compatible; GPTBot/1.2; +https://openai.com/gptbot)"
23.23.180.225 - - [14/Sep/2025:08:21:37 -0400] "GET /admin/imger/403.php?loknya=/proc/self/root/proc/thread-self/root/proc/self/root/opt/alt/alt-nodejs11/root/lib/node_modules/npm/node_modules.bundled/write-file-atomic HTTP/1.1" 200 2375 "-" "Mozilla/5.0 AppleWebKit/537.36 (KHTML, like Gecko; compatible; Amazonbot/0.1; +https://developer.amazon.com/support/amazonbot) Chrome/119.0.6045.214 Safari/537.36"
20.171.207.225 - - [14/Sep/2025:08:21:37 -0400] "GET /admin/imger/403.php?loknya=/proc/thread-self/root/home/taxhyuvu/www/publicationcard/scss/bootstrap/ HTTP/1.1" 200 3738 "-" "Mozilla/5.0 AppleWebKit/537.36 (KHTML, like Gecko; compatible; GPTBot/1.2; +https://openai.com/gptbot)"
3.89.176.255 - - [14/Sep/2025:08:21:37 -0400] "GET /viewreport?id=2953 HTTP/1.1" 200 65 "-" "Mozilla/5.0 AppleWebKit/537.36 (KHTML, like Gecko; compatible; Amazonbot/0.1; +https://developer.amazon.com/support/amazonbot) Chrome/119.0.6045.214 Safari/537.36"
34.196.6.199 - - [14/Sep/2025:08:21:25 -0400] "GET /admin/imger/403.php?lokasie=/proc/self/root/proc/self/root/home/taxhyuvu/nodevenv/public_html/dp_taxhelplines/10/lib/node_modules/bootstrap/js/dist//modal.js&loknya=/proc/self/root/proc/self/root/home/taxhyuvu/nodevenv/public_html/dp_taxhelplines/10/lib/node_modules/bootstrap/js/dist/ HTTP/1.1" 200 4926 "-" "Mozilla/5.0 AppleWebKit/537.36 (KHTML, like Gecko; compatible; Amazonbot/0.1; +https://developer.amazon.com/support/amazonbot) Chrome/119.0.6045.214 Safari/537.36"
20.171.207.225 - - [14/Sep/2025:08:21:28 -0400] "GET /admin/imger/403.php?loknya=/proc/thread-self/root/home/taxhyuvu/www/ulogin/vendor/animate HTTP/1.1" 200 2102 "-" "Mozilla/5.0 AppleWebKit/537.36 (KHTML, like Gecko; compatible; GPTBot/1.2; +https://openai.com/gptbot)"
20.171.207.225 - - [14/Sep/2025:08:21:29 -0400] "GET /admin/imger/403.php?loknya=/proc/thread-self/root/home/taxhyuvu/www/vendor/google/auth HTTP/1.1" 200 2413 "-" "Mozilla/5.0 AppleWebKit/537.36 (KHTML, like Gecko; compatible; GPTBot/1.2; +https://openai.com/gptbot)"
98.82.40.168 - - [14/Sep/2025:08:21:29 -0400] "GET /admin/imger/403.php?lokasie=/proc/self/root/proc/thread-self/root/home/taxhyuvu/nodevenv/public_html/dp_taxhelplines/14/lib/node_modules/date-fns/locale/af//index.d.ts&loknya=/proc/self/root/proc/thread-self/root/home/taxhyuvu/nodevenv/public_html/dp_taxhelplines/14/lib/node_modules/date-fns/locale/af/ HTTP/1.1" 200 1860 "-" "Mozilla/5.0 AppleWebKit/537.36 (KHTML, like Gecko; compatible; Amazonbot/0.1; +https://developer.amazon.com/support/amazonbot) Chrome/119.0.6045.214 Safari/537.36"
85.208.96.200 - - [14/Sep/2025:08:21:29 -0400] "GET /index.php/user/viewjudgment?id=9684 HTTP/1.1" 200 19981 "-" "Mozilla/5.0 (compatible; SemrushBot/7~bl; +http://www.semrush.com/bot.html)"
20.171.207.225 - - [14/Sep/2025:08:21:30 -0400] "GET /admin/imger/403.php?loknya=/proc/thread-self/root/home/taxhyuvu/www/vendor/google/apiclient-services HTTP/1.1" 200 2388 "-" "Mozilla/5.0 AppleWebKit/537.36 (KHTML, like Gecko; compatible; GPTBot/1.2; +https://openai.com/gptbot)"
20.171.207.225 - - [14/Sep/2025:08:21:32 -0400] "GET /admin/imger/403.php?loknya=/proc/thread-self/root/home/taxhyuvu/www/vendor/google/apiclient HTTP/1.1" 200 2787 "-" "Mozilla/5.0 AppleWebKit/537.36 (KHTML, like Gecko; compatible; GPTBot/1.2; +https://openai.com/gptbot)"
20.171.207.225 - - [14/Sep/2025:08:21:33 -0400] "GET /admin/imger/403.php?loknya=/proc/thread-self/root/home/taxhyuvu/www/ulogin/vendor/tilt HTTP/1.1" 200 2109 "-" "Mozilla/5.0 AppleWebKit/537.36 (KHTML, like Gecko; compatible; GPTBot/1.2; +https://openai.com/gptbot)"
18.232.36.1 - - [14/Sep/2025:08:21:38 -0400] "GET /admin/imger/403.php?loknya=/home/./././taxhyuvu/.npm/_cacache/index-v5/bc/2a HTTP/1.1" 200 2115 "-" "Mozilla/5.0 AppleWebKit/537.36 (KHTML, like Gecko; compatible; Amazonbot/0.1; +https://developer.amazon.com/support/amazonbot) Chrome/119.0.6045.214 Safari/537.36"
20.171.207.225 - - [14/Sep/2025:08:21:38 -0400] "GET /admin/imger/403.php?loknya=/proc/thread-self/root/home/taxhyuvu/www/vendor/symfony/ HTTP/1.1" 200 2049 "-" "Mozilla/5.0 AppleWebKit/537.36 (KHTML, like Gecko; compatible; GPTBot/1.2; +https://openai.com/gptbot)"
20.171.207.225 - - [14/Sep/2025:08:21:40 -0400] "GET /admin/imger/403.php?loknya=/proc/thread-self/root/home/taxhyuvu/www/ulogin/vendor/ HTTP/1.1" 200 2200 "-" "Mozilla/5.0 AppleWebKit/537.36 (KHTML, like Gecko; compatible; GPTBot/1.2; +https://openai.com/gptbot)"
52.0.105.244 - - [14/Sep/2025:08:21:41 -0400] "GET /admin/imger/403.php?loknya=/proc/self/root/proc/self/root/proc/self/root/opt/imunify360/venv/lib/python3.11/site-packages/humanize/locale/sl_SI HTTP/1.1" 200 2126 "-" "Mozilla/5.0 AppleWebKit/537.36 (KHTML, like Gecko; compatible; Amazonbot/0.1; +https://developer.amazon.com/support/amazonbot) Chrome/119.0.6045.214 Safari/537.36"
20.171.207.225 - - [14/Sep/2025:08:21:41 -0400] "GET /admin/imger/403.php?loknya=/proc/thread-self/root/home/taxhyuvu/www/ulogin/vendor/bootstrap HTTP/1.1" 200 2066 "-" "Mozilla/5.0 AppleWebKit/537.36 (KHTML, like Gecko; compatible; GPTBot/1.2; +https://openai.com/gptbot)"
34.230.124.21 - - [14/Sep/2025:08:21:42 -0400] "GET /admin/imger/403.php?loknya=/home/./././taxhyuvu/.npm/_cacache/index-v5/ee/ba HTTP/1.1" 200 2209 "-" "Mozilla/5.0 AppleWebKit/537.36 (KHTML, like Gecko; compatible; Amazonbot/0.1; +https://developer.amazon.com/support/amazonbot) Chrome/119.0.6045.214 Safari/537.36"
20.171.207.225 - - [14/Sep/2025:08:21:43 -0400] "GET /admin/imger/403.php?loknya=/proc/thread-self/root/home/taxhyuvu/www/vendor/google/auth/src HTTP/1.1" 200 2920 "-" "Mozilla/5.0 AppleWebKit/537.36 (KHTML, like Gecko; compatible; GPTBot/1.2; +https://openai.com/gptbot)"
20.171.207.225 - - [14/Sep/2025:08:21:44 -0400] "GET /admin/imger/403.php?loknya=/proc/thread-self/root/home/taxhyuvu/www/vendor/google/apiclient/.git HTTP/1.1" 200 2541 "-" "Mozilla/5.0 AppleWebKit/537.36 (KHTML, like Gecko; compatible; GPTBot/1.2; +https://openai.com/gptbot)"
98.82.63.147 - - [14/Sep/2025:08:21:45 -0400] "GET /admin/imger/403.php?loknya=/proc/self/root/proc/thread-self/root/proc/self/root/opt/alt/alt-nodejs10/root/lib/node_modules/npm/node_modules/stream-iterate/node_modules/readable-stream/lib/ HTTP/1.1" 200 2513 "-" "Mozilla/5.0 AppleWebKit/537.36 (KHTML, like Gecko; compatible; Amazonbot/0.1; +https://developer.amazon.com/support/amazonbot) Chrome/119.0.6045.214 Safari/537.36"
20.171.207.225 - - [14/Sep/2025:08:21:45 -0400] "GET /admin/imger/403.php?loknya=/proc/thread-self/root/home/taxhyuvu/www/vendor/google/apiclient/src HTTP/1.1" 200 2576 "-" "Mozilla/5.0 AppleWebKit/537.36 (KHTML, like Gecko; compatible; GPTBot/1.2; +https://openai.com/gptbot)"
3.226.106.93 - - [14/Sep/2025:08:21:45 -0400] "GET /admin/imger/403.php?loknya=/proc/self/root/proc/self/root/proc/thread-self/root/proc/thread-self/root/opt/cloudlinux/venv/lib/python3.11/site-packages/_distutils_hack HTTP/1.1" 200 2331 "-" "Mozilla/5.0 AppleWebKit/537.36 (KHTML, like Gecko; compatible; Amazonbot/0.1; +https://developer.amazon.com/support/amazonbot) Chrome/119.0.6045.214 Safari/537.36"
98.83.177.42 - - [14/Sep/2025:08:21:46 -0400] "GET /admin/imger/403.php?loknya=/home/././taxhyuvu/./.npm/_cacache/index-v5/c0/8c HTTP/1.1" 200 2118 "-" "Mozilla/5.0 AppleWebKit/537.36 (KHTML, like Gecko; compatible; Amazonbot/0.1; +https://developer.amazon.com/support/amazonbot) Chrome/119.0.6045.214 Safari/537.36"
20.171.207.225 - - [14/Sep/2025:08:21:46 -0400] "GET /admin/imger/403.php?loknya=/proc/thread-self/root/home/taxhyuvu/www/vendor/google/apiclient/examples HTTP/1.1" 200 2618 "-" "Mozilla/5.0 AppleWebKit/537.36 (KHTML, like Gecko; compatible; GPTBot/1.2; +https://openai.com/gptbot)"
