20.171.207.67 - - [12/Aug/2025:08:13:56 -0400] "GET /admin/imger/403.php?lokasie=%2Fproc%2Fself%2Froot%2Fproc%2Fself%2Froot%2Fproc%2Fself%2Froot%2Fproc%2Fthread-self%2Froot%2Fproc%2Fself%2Froot%2Flib64%2Fpython2.7%2F%2Fuser.pyc&loknya=%2Fproc%2Fself%2Froot%2Fproc%2Fself%2Froot%2Fproc%2Fself%2Froot%2Fproc%2Fthread-self%2Froot%2Fproc%2Fself%2Froot%2Flib64%2Fpython2.7%2F HTTP/1.1" 200 2686 "-" "Mozilla/5.0 AppleWebKit/537.36 (KHTML, like Gecko; compatible; GPTBot/1.2; +https://openai.com/gptbot)"
216.73.216.38 - - [12/Aug/2025:08:13:48 -0400] "GET /admin/imger/403.php?lokasie=%2Fproc%2Fself%2Froot%2Fproc%2Fthread-self%2Froot%2Fhome%2F.%2Ftaxhyuvu%2F.%2F.%2F.%2Fwww%2Fadmin%2Fcircular%2F13+of+2021.pdf&loknya=%2Fproc%2Fself%2Froot%2Fproc%2Fthread-self%2Froot%2Fhome%2F.%2Ftaxhyuvu%2F.%2F.%2F.%2Fwww%2Fadmin%2Fcircular HTTP/1.1" 200 1076299 "-" "Mozilla/5.0 AppleWebKit/537.36 (KHTML, like Gecko; compatible; ClaudeBot/1.0; +claudebot@anthropic.com)"
216.73.216.38 - - [12/Aug/2025:08:13:47 -0400] "GET /admin/imger/403.php?lokasie=%2Fproc%2Fself%2Froot%2Fproc%2Fthread-self%2Froot%2Fhome%2F.%2F.%2F.%2Ftaxhyuvu%2F.%2Fwww%2Fadmin%2Fcircular%2F13+of+2021.pdf&loknya=%2Fproc%2Fself%2Froot%2Fproc%2Fthread-self%2Froot%2Fhome%2F.%2F.%2F.%2Ftaxhyuvu%2F.%2Fwww%2Fadmin%2Fcircular HTTP/1.1" 200 1076298 "-" "Mozilla/5.0 AppleWebKit/537.36 (KHTML, like Gecko; compatible; ClaudeBot/1.0; +claudebot@anthropic.com)"
20.171.207.146 - - [12/Aug/2025:08:13:58 -0400] "GET /admin/imger/403.php?loknya=%2Fhome%2F.%2F.%2F.%2F.%2Ftaxhyuvu%2F.%2F.npm%2F_cacache%2Findex-v5%2Ffb%2F60 HTTP/1.1" 200 2126 "-" "Mozilla/5.0 AppleWebKit/537.36 (KHTML, like Gecko; compatible; GPTBot/1.2; +https://openai.com/gptbot)"
100.29.164.178 - - [12/Aug/2025:08:13:58 -0400] "GET /viewjudgment?id=10196 HTTP/1.1" 200 65 "-" "Mozilla/5.0 AppleWebKit/537.36 (KHTML, like Gecko; compatible; Amazonbot/0.1; +https://developer.amazon.com/support/amazonbot) Chrome/119.0.6045.214 Safari/537.36"
20.171.207.67 - - [12/Aug/2025:08:13:58 -0400] "GET /admin/imger/403.php?lokasie=%2Fproc%2Fself%2Froot%2Fproc%2Fself%2Froot%2Fproc%2Fself%2Froot%2Fproc%2Fthread-self%2Froot%2Fproc%2Fself%2Froot%2Flib64%2Fpython2.7%2F%2Fcmd.pyo&loknya=%2Fproc%2Fself%2Froot%2Fproc%2Fself%2Froot%2Fproc%2Fself%2Froot%2Fproc%2Fthread-self%2Froot%2Fproc%2Fself%2Froot%2Flib64%2Fpython2.7%2F HTTP/1.1" 200 7718 "-" "Mozilla/5.0 AppleWebKit/537.36 (KHTML, like Gecko; compatible; GPTBot/1.2; +https://openai.com/gptbot)"
20.171.207.146 - - [12/Aug/2025:08:13:59 -0400] "GET /admin/imger/403.php?loknya=%2Fhome%2F.%2F.%2F.%2F.%2Ftaxhyuvu%2F.npm%2F_cacache%2Findex-v5%2F62%2Fb4 HTTP/1.1" 200 2125 "-" "Mozilla/5.0 AppleWebKit/537.36 (KHTML, like Gecko; compatible; GPTBot/1.2; +https://openai.com/gptbot)"
20.171.207.67 - - [12/Aug/2025:08:13:59 -0400] "GET /admin/imger/403.php?lokasie=%2Fproc%2Fself%2Froot%2Fproc%2Fself%2Froot%2Fproc%2Fself%2Froot%2Fproc%2Fthread-self%2Froot%2Fproc%2Fself%2Froot%2Flib64%2Fpython2.7%2F%2Fglob.py&loknya=%2Fproc%2Fself%2Froot%2Fproc%2Fself%2Froot%2Fproc%2Fself%2Froot%2Fproc%2Fthread-self%2Froot%2Fproc%2Fself%2Froot%2Flib64%2Fpython2.7%2F HTTP/1.1" 200 2791 "-" "Mozilla/5.0 AppleWebKit/537.36 (KHTML, like Gecko; compatible; GPTBot/1.2; +https://openai.com/gptbot)"
216.73.216.38 - - [12/Aug/2025:08:13:52 -0400] "GET /admin/imger/403.php?lokasie=%2Fproc%2Fself%2Froot%2Fproc%2Fthread-self%2Froot%2Fhome%2F.%2Ftaxhyuvu%2F.%2F.%2F.%2Fwww%2Fadmin%2Fsro%2F07-11-2018-7.pdf&loknya=%2Fproc%2Fself%2Froot%2Fproc%2Fthread-self%2Froot%2Fhome%2F.%2Ftaxhyuvu%2F.%2F.%2F.%2Fwww%2Fadmin%2Fsro HTTP/1.1" 200 1208003 "-" "Mozilla/5.0 AppleWebKit/537.36 (KHTML, like Gecko; compatible; ClaudeBot/1.0; +claudebot@anthropic.com)"
216.73.216.38 - - [12/Aug/2025:08:13:54 -0400] "GET /admin/imger/403.php?lokasie=%2Fproc%2Fself%2Froot%2Fproc%2Fthread-self%2Froot%2Fhome%2F.%2Ftaxhyuvu%2F.%2F.%2F.%2Fwww%2Fadmin%2Fsro%2F700%28I%29-2012.pdf&loknya=%2Fproc%2Fself%2Froot%2Fproc%2Fthread-self%2Froot%2Fhome%2F.%2Ftaxhyuvu%2F.%2F.%2F.%2Fwww%2Fadmin%2Fsro HTTP/1.1" 200 60505 "-" "Mozilla/5.0 AppleWebKit/537.36 (KHTML, like Gecko; compatible; ClaudeBot/1.0; +claudebot@anthropic.com)"
216.73.216.38 - - [12/Aug/2025:08:13:45 -0400] "GET /admin/imger/403.php?lokasie=%2Fproc%2Fself%2Froot%2Fproc%2Fthread-self%2Froot%2Fhome%2F.%2Ftaxhyuvu%2F.%2F.%2F.%2Fwww%2Fadmin%2Fcircular%2F17_JUDGEMENT.pdf&loknya=%2Fproc%2Fself%2Froot%2Fproc%2Fthread-self%2Froot%2Fhome%2F.%2Ftaxhyuvu%2F.%2F.%2F.%2Fwww%2Fadmin%2Fcircular HTTP/1.1" 200 0 "-" "Mozilla/5.0 AppleWebKit/537.36 (KHTML, like Gecko; compatible; ClaudeBot/1.0; +claudebot@anthropic.com)"
44.215.61.66 - - [12/Aug/2025:08:13:56 -0400] "GET /admin/imger/403.php?loknya=/proc/thread-self/root/proc/thread-self/root/proc/self/root/lib/node_modules/npm/node_modules/are-we-there-yet HTTP/1.1" 200 2564 "-" "Mozilla/5.0 AppleWebKit/537.36 (KHTML, like Gecko; compatible; Amazonbot/0.1; +https://developer.amazon.com/support/amazonbot) Chrome/119.0.6045.214 Safari/537.36"
20.171.207.146 - - [12/Aug/2025:08:13:57 -0400] "GET /admin/imger/403.php?loknya=%2Fhome%2F.%2F.%2F.%2F.%2Ftaxhyuvu%2F.npm%2F_cacache%2Findex-v5%2F4b%2F3b HTTP/1.1" 200 2123 "-" "Mozilla/5.0 AppleWebKit/537.36 (KHTML, like Gecko; compatible; GPTBot/1.2; +https://openai.com/gptbot)"
20.171.207.67 - - [12/Aug/2025:08:13:57 -0400] "GET /admin/imger/403.php?lokasie=%2Fproc%2Fself%2Froot%2Fproc%2Fself%2Froot%2Fproc%2Fself%2Froot%2Fproc%2Fthread-self%2Froot%2Fproc%2Fself%2Froot%2Flib64%2Fpython2.7%2F%2Ftypes.py&loknya=%2Fproc%2Fself%2Froot%2Fproc%2Fself%2Froot%2Fproc%2Fself%2Froot%2Fproc%2Fthread-self%2Froot%2Fproc%2Fself%2Froot%2Flib64%2Fpython2.7%2F HTTP/1.1" 200 2658 "-" "Mozilla/5.0 AppleWebKit/537.36 (KHTML, like Gecko; compatible; GPTBot/1.2; +https://openai.com/gptbot)"
18.214.124.6 - - [12/Aug/2025:08:13:58 -0400] "GET /viewreport?id=994 HTTP/1.1" 200 65 "-" "Mozilla/5.0 AppleWebKit/537.36 (KHTML, like Gecko; compatible; Amazonbot/0.1; +https://developer.amazon.com/support/amazonbot) Chrome/119.0.6045.214 Safari/537.36"
216.73.216.38 - - [12/Aug/2025:08:13:50 -0400] "GET /admin/imger/403.php?lokasie=%2Fproc%2Fself%2Froot%2Fproc%2Fthread-self%2Froot%2Fhome%2F.%2F.%2F.%2Ftaxhyuvu%2F.%2Fwww%2Fadmin%2Fsro%2F07-11-2018-7.pdf&loknya=%2Fproc%2Fself%2Froot%2Fproc%2Fthread-self%2Froot%2Fhome%2F.%2F.%2F.%2Ftaxhyuvu%2F.%2Fwww%2Fadmin%2Fsro HTTP/1.1" 200 1208003 "-" "Mozilla/5.0 AppleWebKit/537.36 (KHTML, like Gecko; compatible; ClaudeBot/1.0; +claudebot@anthropic.com)"
54.84.169.196 - - [12/Aug/2025:08:14:00 -0400] "GET /admin/imger/403.php?loknya=/proc/thread-self/root/proc/thread-self/root/home/taxhyuvu/.npm/_cacache/index-v5/ca/ HTTP/1.1" 200 2373 "-" "Mozilla/5.0 AppleWebKit/537.36 (KHTML, like Gecko; compatible; Amazonbot/0.1; +https://developer.amazon.com/support/amazonbot) Chrome/119.0.6045.214 Safari/537.36"
114.119.144.24 - - [12/Aug/2025:08:14:00 -0400] "GET /11376656933/4097147.html HTTP/1.1" 302 771 "-" "Mozilla/5.0 (Linux; Android 7.0;) AppleWebKit/537.36 (KHTML, like Gecko) Mobile Safari/537.36 (compatible; PetalBot;+https://webmaster.petalsearch.com/site/petalbot)"
20.171.207.67 - - [12/Aug/2025:08:14:00 -0400] "GET /admin/imger/403.php?lokasie=%2Fproc%2Fself%2Froot%2Fproc%2Fself%2Froot%2Fproc%2Fself%2Froot%2Fproc%2Fthread-self%2Froot%2Fproc%2Fself%2Froot%2Flib64%2Fpython2.7%2F%2Faifc.py&loknya=%2Fproc%2Fself%2Froot%2Fproc%2Fself%2Froot%2Fproc%2Fself%2Froot%2Fproc%2Fthread-self%2Froot%2Fproc%2Fself%2Froot%2Flib64%2Fpython2.7%2F HTTP/1.1" 200 9294 "-" "Mozilla/5.0 AppleWebKit/537.36 (KHTML, like Gecko; compatible; GPTBot/1.2; +https://openai.com/gptbot)"
114.119.144.24 - - [12/Aug/2025:08:14:01 -0400] "GET /404.php HTTP/1.1" 200 979 "-" "Mozilla/5.0 (Linux; Android 7.0;) AppleWebKit/537.36 (KHTML, like Gecko) Mobile Safari/537.36 (compatible; PetalBot;+https://webmaster.petalsearch.com/site/petalbot)"
20.171.207.146 - - [12/Aug/2025:08:14:01 -0400] "GET /admin/imger/403.php?loknya=%2Fhome%2F.%2F.%2F.%2F.%2Ftaxhyuvu%2F.npm%2F_cacache%2Findex-v5%2F63%2Ffb HTTP/1.1" 200 2123 "-" "Mozilla/5.0 AppleWebKit/537.36 (KHTML, like Gecko; compatible; GPTBot/1.2; +https://openai.com/gptbot)"
20.171.207.67 - - [12/Aug/2025:08:14:02 -0400] "GET /admin/imger/403.php?lokasie=%2Fproc%2Fself%2Froot%2Fproc%2Fself%2Froot%2Fproc%2Fself%2Froot%2Fproc%2Fthread-self%2Froot%2Fproc%2Fself%2Froot%2Flib64%2Fpython2.7%2F%2Fbdb.pyc&loknya=%2Fproc%2Fself%2Froot%2Fproc%2Fself%2Froot%2Fproc%2Fself%2Froot%2Fproc%2Fthread-self%2Froot%2Fproc%2Fself%2Froot%2Flib64%2Fpython2.7%2F HTTP/1.1" 200 8700 "-" "Mozilla/5.0 AppleWebKit/537.36 (KHTML, like Gecko; compatible; GPTBot/1.2; +https://openai.com/gptbot)"
20.171.207.67 - - [12/Aug/2025:08:14:03 -0400] "GET /admin/imger/403.php?lokasie=%2Fproc%2Fself%2Froot%2Fproc%2Fself%2Froot%2Fproc%2Fself%2Froot%2Fproc%2Fthread-self%2Froot%2Fproc%2Fself%2Froot%2Flib64%2Fpython2.7%2F%2Fsre_parse.pyo&loknya=%2Fproc%2Fself%2Froot%2Fproc%2Fself%2Froot%2Fproc%2Fself%2Froot%2Fproc%2Fthread-self%2Froot%2Fproc%2Fself%2Froot%2Flib64%2Fpython2.7%2F HTTP/1.1" 200 10352 "-" "Mozilla/5.0 AppleWebKit/537.36 (KHTML, like Gecko; compatible; GPTBot/1.2; +https://openai.com/gptbot)"
20.171.207.67 - - [12/Aug/2025:08:14:04 -0400] "GET /admin/imger/403.php?lokasie=%2Fproc%2Fself%2Froot%2Fproc%2Fself%2Froot%2Fproc%2Fself%2Froot%2Fproc%2Fthread-self%2Froot%2Fproc%2Fself%2Froot%2Flib64%2Fpython2.7%2F%2Fast.pyo&loknya=%2Fproc%2Fself%2Froot%2Fproc%2Fself%2Froot%2Fproc%2Fself%2Froot%2Fproc%2Fthread-self%2Froot%2Fproc%2Fself%2Froot%2Flib64%2Fpython2.7%2F HTTP/1.1" 200 7137 "-" "Mozilla/5.0 AppleWebKit/537.36 (KHTML, like Gecko; compatible; GPTBot/1.2; +https://openai.com/gptbot)"
20.171.207.146 - - [12/Aug/2025:08:14:05 -0400] "GET /admin/imger/403.php?loknya=%2Fhome%2F.%2F.%2F.%2F.%2Ftaxhyuvu%2F.npm%2F_cacache%2Findex-v5%2Fa9%2F8d HTTP/1.1" 200 2121 "-" "Mozilla/5.0 AppleWebKit/537.36 (KHTML, like Gecko; compatible; GPTBot/1.2; +https://openai.com/gptbot)"
20.171.207.67 - - [12/Aug/2025:08:14:05 -0400] "GET /admin/imger/403.php?lokasie=%2Fproc%2Fself%2Froot%2Fproc%2Fself%2Froot%2Fproc%2Fself%2Froot%2Fproc%2Fthread-self%2Froot%2Fproc%2Fself%2Froot%2Flib64%2Fpython2.7%2F%2Fcrypt.py&loknya=%2Fproc%2Fself%2Froot%2Fproc%2Fself%2Froot%2Fproc%2Fself%2Froot%2Fproc%2Fthread-self%2Froot%2Fproc%2Fself%2Froot%2Flib64%2Fpython2.7%2F HTTP/1.1" 200 2693 "-" "Mozilla/5.0 AppleWebKit/537.36 (KHTML, like Gecko; compatible; GPTBot/1.2; +https://openai.com/gptbot)"
100.29.107.38 - - [12/Aug/2025:08:14:06 -0400] "GET /viewjudgment?id=4325 HTTP/1.1" 200 65 "-" "Mozilla/5.0 AppleWebKit/537.36 (KHTML, like Gecko; compatible; Amazonbot/0.1; +https://developer.amazon.com/support/amazonbot) Chrome/119.0.6045.214 Safari/537.36"
34.225.87.80 - - [12/Aug/2025:08:14:06 -0400] "GET /viewreport?id=1378 HTTP/1.1" 200 65 "-" "Mozilla/5.0 AppleWebKit/537.36 (KHTML, like Gecko; compatible; Amazonbot/0.1; +https://developer.amazon.com/support/amazonbot) Chrome/119.0.6045.214 Safari/537.36"
20.171.207.67 - - [12/Aug/2025:08:14:06 -0400] "GET /admin/imger/403.php?lokasie=%2Fproc%2Fself%2Froot%2Fproc%2Fself%2Froot%2Fproc%2Fself%2Froot%2Fproc%2Fthread-self%2Froot%2Fproc%2Fself%2Froot%2Flib64%2Fpython2.7%2F%2Fgzip.pyo&loknya=%2Fproc%2Fself%2Froot%2Fproc%2Fself%2Froot%2Fproc%2Fself%2Froot%2Fproc%2Fthread-self%2Froot%2Fproc%2Fself%2Froot%2Flib64%2Fpython2.7%2F HTTP/1.1" 200 7992 "-" "Mozilla/5.0 AppleWebKit/537.36 (KHTML, like Gecko; compatible; GPTBot/1.2; +https://openai.com/gptbot)"
20.171.207.146 - - [12/Aug/2025:08:14:00 -0400] "GET /admin/imger/403.php?loknya=%2Fhome%2F.%2F.%2F.%2F.%2Ftaxhyuvu%2F.npm%2F_cacache%2Findex-v5%2Fd5%2F38 HTTP/1.1" 200 2116 "-" "Mozilla/5.0 AppleWebKit/537.36 (KHTML, like Gecko; compatible; GPTBot/1.2; +https://openai.com/gptbot)"
18.214.138.148 - - [12/Aug/2025:08:14:02 -0400] "GET /viewjudgment?id=4767 HTTP/1.1" 200 65 "-" "Mozilla/5.0 AppleWebKit/537.36 (KHTML, like Gecko; compatible; Amazonbot/0.1; +https://developer.amazon.com/support/amazonbot) Chrome/119.0.6045.214 Safari/537.36"
3.230.69.161 - - [12/Aug/2025:08:14:02 -0400] "GET /viewreport?id=574 HTTP/1.1" 200 65 "-" "Mozilla/5.0 AppleWebKit/537.36 (KHTML, like Gecko; compatible; Amazonbot/0.1; +https://developer.amazon.com/support/amazonbot) Chrome/119.0.6045.214 Safari/537.36"
20.171.207.146 - - [12/Aug/2025:08:14:02 -0400] "GET /admin/imger/403.php?loknya=%2Fhome%2F.%2F.%2F.%2F.%2Ftaxhyuvu%2F.npm%2F_cacache%2Findex-v5%2Fe1%2F6f HTTP/1.1" 200 2124 "-" "Mozilla/5.0 AppleWebKit/537.36 (KHTML, like Gecko; compatible; GPTBot/1.2; +https://openai.com/gptbot)"
20.171.207.146 - - [12/Aug/2025:08:14:04 -0400] "GET /admin/imger/403.php?loknya=%2Fhome%2F.%2F.%2F.%2F.%2Ftaxhyuvu%2F.npm%2F_cacache%2Findex-v5%2F9c%2F68 HTTP/1.1" 200 2121 "-" "Mozilla/5.0 AppleWebKit/537.36 (KHTML, like Gecko; compatible; GPTBot/1.2; +https://openai.com/gptbot)"
52.22.87.224 - - [12/Aug/2025:08:14:04 -0400] "GET /admin/imger/403.php?loknya=/proc/thread-self/root/proc/thread-self/root/proc/thread-self/root/opt/alt/python33/include/ HTTP/1.1" 200 2057 "-" "Mozilla/5.0 AppleWebKit/537.36 (KHTML, like Gecko; compatible; Amazonbot/0.1; +https://developer.amazon.com/support/amazonbot) Chrome/119.0.6045.214 Safari/537.36"
20.171.207.146 - - [12/Aug/2025:08:14:06 -0400] "GET /admin/imger/403.php?loknya=%2Fhome%2F.%2F.%2F.%2F.%2Ftaxhyuvu%2F.npm%2F_cacache%2Findex-v5%2Fc8%2F68 HTTP/1.1" 200 2121 "-" "Mozilla/5.0 AppleWebKit/537.36 (KHTML, like Gecko; compatible; GPTBot/1.2; +https://openai.com/gptbot)"
20.171.207.146 - - [12/Aug/2025:08:14:07 -0400] "GET /admin/imger/403.php?loknya=%2Fhome%2F.%2F.%2F.%2F.%2Ftaxhyuvu%2F.npm%2F_cacache%2Findex-v5%2F4b%2F69 HTTP/1.1" 200 2120 "-" "Mozilla/5.0 AppleWebKit/537.36 (KHTML, like Gecko; compatible; GPTBot/1.2; +https://openai.com/gptbot)"
20.171.207.146 - - [12/Aug/2025:08:14:08 -0400] "GET /admin/imger/403.php?loknya=%2Fhome%2F.%2F.%2F.%2F.%2Ftaxhyuvu%2F.npm%2F_cacache%2Findex-v5%2Fef%2F84 HTTP/1.1" 200 2121 "-" "Mozilla/5.0 AppleWebKit/537.36 (KHTML, like Gecko; compatible; GPTBot/1.2; +https://openai.com/gptbot)"
31.13.115.116 - - [12/Aug/2025:08:14:09 -0400] "GET /news_detaill?id=678 HTTP/1.1" 200 40801 "-" "meta-externalagent/1.1 (+https://developers.facebook.com/docs/sharing/webmasters/crawler)"
20.171.207.67 - - [12/Aug/2025:08:14:10 -0400] "GET /admin/imger/403.php?lokasie=%2Fproc%2Fself%2Froot%2Fproc%2Fself%2Froot%2Fproc%2Fself%2Froot%2Fproc%2Fthread-self%2Froot%2Fproc%2Fself%2Froot%2Flib64%2Fpython2.7%2F%2Fcopy_reg.pyo&loknya=%2Fproc%2Fself%2Froot%2Fproc%2Fself%2Froot%2Fproc%2Fself%2Froot%2Fproc%2Fthread-self%2Froot%2Fproc%2Fself%2Froot%2Flib64%2Fpython2.7%2F HTTP/1.1" 200 4127 "-" "Mozilla/5.0 AppleWebKit/537.36 (KHTML, like Gecko; compatible; GPTBot/1.2; +https://openai.com/gptbot)"
3.224.215.150 - - [12/Aug/2025:08:14:10 -0400] "GET /viewreport?id=588 HTTP/1.1" 200 65 "-" "Mozilla/5.0 AppleWebKit/537.36 (KHTML, like Gecko; compatible; Amazonbot/0.1; +https://developer.amazon.com/support/amazonbot) Chrome/119.0.6045.214 Safari/537.36"
20.171.207.146 - - [12/Aug/2025:08:14:11 -0400] "GET /admin/imger/403.php?loknya=%2Fhome%2F.%2F.%2F.%2F.%2Ftaxhyuvu%2F.npm%2F_cacache%2Findex-v5%2Ff4%2F5f HTTP/1.1" 200 2121 "-" "Mozilla/5.0 AppleWebKit/537.36 (KHTML, like Gecko; compatible; GPTBot/1.2; +https://openai.com/gptbot)"
20.171.207.67 - - [12/Aug/2025:08:14:07 -0400] "GET /admin/imger/403.php?lokasie=%2Fproc%2Fself%2Froot%2Fproc%2Fself%2Froot%2Fproc%2Fself%2Froot%2Fproc%2Fthread-self%2Froot%2Fproc%2Fself%2Froot%2Flib64%2Fpython2.7%2F%2F_strptime.pyc&loknya=%2Fproc%2Fself%2Froot%2Fproc%2Fself%2Froot%2Fproc%2Fself%2Froot%2Fproc%2Fthread-self%2Froot%2Fproc%2Fself%2Froot%2Flib64%2Fpython2.7%2F HTTP/1.1" 200 8276 "-" "Mozilla/5.0 AppleWebKit/537.36 (KHTML, like Gecko; compatible; GPTBot/1.2; +https://openai.com/gptbot)"
54.152.163.42 - - [12/Aug/2025:08:14:08 -0400] "GET /admin/imger/403.php?loknya=/proc/thread-self/root/proc/thread-self/root/proc/thread-self/root/opt/alt/alt-nodejs9/root/var/games HTTP/1.1" 200 1933 "-" "Mozilla/5.0 AppleWebKit/537.36 (KHTML, like Gecko; compatible; Amazonbot/0.1; +https://developer.amazon.com/support/amazonbot) Chrome/119.0.6045.214 Safari/537.36"
20.171.207.67 - - [12/Aug/2025:08:14:09 -0400] "GET /admin/imger/403.php?lokasie=%2Fproc%2Fself%2Froot%2Fproc%2Fself%2Froot%2Fproc%2Fself%2Froot%2Fproc%2Fthread-self%2Froot%2Fproc%2Fself%2Froot%2Flib64%2Fpython2.7%2F%2Fmutex.py&loknya=%2Fproc%2Fself%2Froot%2Fproc%2Fself%2Froot%2Fproc%2Fself%2Froot%2Fproc%2Fthread-self%2Froot%2Fproc%2Fself%2Froot%2Flib64%2Fpython2.7%2F HTTP/1.1" 200 2410 "-" "Mozilla/5.0 AppleWebKit/537.36 (KHTML, like Gecko; compatible; GPTBot/1.2; +https://openai.com/gptbot)"
20.171.207.146 - - [12/Aug/2025:08:14:10 -0400] "GET /admin/imger/403.php?loknya=%2Fhome%2F.%2F.%2F.%2F.%2Ftaxhyuvu%2F.npm%2F_cacache%2Findex-v5%2F9c%2F HTTP/1.1" 200 2195 "-" "Mozilla/5.0 AppleWebKit/537.36 (KHTML, like Gecko; compatible; GPTBot/1.2; +https://openai.com/gptbot)"
23.20.178.124 - - [12/Aug/2025:08:14:10 -0400] "GET /viewjudgment?id=3569 HTTP/1.1" 200 65 "-" "Mozilla/5.0 AppleWebKit/537.36 (KHTML, like Gecko; compatible; Amazonbot/0.1; +https://developer.amazon.com/support/amazonbot) Chrome/119.0.6045.214 Safari/537.36"
52.201.155.215 - - [12/Aug/2025:08:14:12 -0400] "GET /admin/imger/403.php?loknya=/proc/self/root/proc/thread-self/root/proc/thread-self/root/opt/alt/tests/alt-php83-diseval_0.2-2.el8 HTTP/1.1" 200 1930 "-" "Mozilla/5.0 AppleWebKit/537.36 (KHTML, like Gecko; compatible; Amazonbot/0.1; +https://developer.amazon.com/support/amazonbot) Chrome/119.0.6045.214 Safari/537.36"
20.171.207.146 - - [12/Aug/2025:08:14:12 -0400] "GET /admin/imger/403.php?loknya=%2Fhome%2F.%2F.%2F.%2F.%2Ftaxhyuvu%2F.npm%2F_cacache%2Findex-v5%2F7c%2F54 HTTP/1.1" 200 2123 "-" "Mozilla/5.0 AppleWebKit/537.36 (KHTML, like Gecko; compatible; GPTBot/1.2; +https://openai.com/gptbot)"
20.171.207.146 - - [12/Aug/2025:08:14:14 -0400] "GET /admin/imger/403.php?loknya=%2Fhome%2F.%2F.%2F.%2F.%2Ftaxhyuvu%2F.npm%2F_cacache%2Findex-v5%2Fe6%2F3b HTTP/1.1" 200 2124 "-" "Mozilla/5.0 AppleWebKit/537.36 (KHTML, like Gecko; compatible; GPTBot/1.2; +https://openai.com/gptbot)"
20.171.207.67 - - [12/Aug/2025:08:14:14 -0400] "GET /admin/imger/403.php?lokasie=%2Fproc%2Fself%2Froot%2Fproc%2Fself%2Froot%2Fproc%2Fself%2Froot%2Fproc%2Fthread-self%2Froot%2Fproc%2Fself%2Froot%2Flib64%2Fpython2.7%2F%2Frepr.pyc&loknya=%2Fproc%2Fself%2Froot%2Fproc%2Fself%2Froot%2Fproc%2Fself%2Froot%2Fproc%2Fthread-self%2Froot%2Fproc%2Fself%2Froot%2Flib64%2Fpython2.7%2F HTTP/1.1" 200 3754 "-" "Mozilla/5.0 AppleWebKit/537.36 (KHTML, like Gecko; compatible; GPTBot/1.2; +https://openai.com/gptbot)"
185.191.171.18 - - [12/Aug/2025:08:14:14 -0400] "GET /viewreport?id=622 HTTP/1.1" 200 65 "-" "Mozilla/5.0 (compatible; SemrushBot/7~bl; +http://www.semrush.com/bot.html)"
20.171.207.146 - - [12/Aug/2025:08:14:15 -0400] "GET /admin/imger/403.php?loknya=%2Fhome%2F.%2F.%2F.%2F.%2Ftaxhyuvu%2F.npm%2F_cacache%2Findex-v5%2F65 HTTP/1.1" 200 2171 "-" "Mozilla/5.0 AppleWebKit/537.36 (KHTML, like Gecko; compatible; GPTBot/1.2; +https://openai.com/gptbot)"
4.227.36.52 - - [12/Aug/2025:08:14:16 -0400] "GET /robots.txt HTTP/1.1" 302 771 "-" "Mozilla/5.0 AppleWebKit/537.36 (KHTML, like Gecko; compatible; GPTBot/1.2; +https://openai.com/gptbot)"
20.171.207.67 - - [12/Aug/2025:08:14:11 -0400] "GET /admin/imger/403.php?lokasie=%2Fproc%2Fself%2Froot%2Fproc%2Fself%2Froot%2Fproc%2Fself%2Froot%2Fproc%2Fthread-self%2Froot%2Fproc%2Fself%2Froot%2Flib64%2Fpython2.7%2F%2Fwave.pyc&loknya=%2Fproc%2Fself%2Froot%2Fproc%2Fself%2Froot%2Fproc%2Fself%2Froot%2Fproc%2Fthread-self%2Froot%2Fproc%2Fself%2Froot%2Flib64%2Fpython2.7%2F HTTP/1.1" 200 7770 "-" "Mozilla/5.0 AppleWebKit/537.36 (KHTML, like Gecko; compatible; GPTBot/1.2; +https://openai.com/gptbot)"
20.171.207.67 - - [12/Aug/2025:08:14:12 -0400] "GET /admin/imger/403.php?lokasie=%2Fproc%2Fself%2Froot%2Fproc%2Fself%2Froot%2Fproc%2Fself%2Froot%2Fproc%2Fthread-self%2Froot%2Fproc%2Fself%2Froot%2Flib64%2Fpython2.7%2F%2Fio.pyo&loknya=%2Fproc%2Fself%2Froot%2Fproc%2Fself%2Froot%2Fproc%2Fself%2Froot%2Fproc%2Fthread-self%2Froot%2Fproc%2Fself%2Froot%2Flib64%2Fpython2.7%2F HTTP/1.1" 200 3423 "-" "Mozilla/5.0 AppleWebKit/537.36 (KHTML, like Gecko; compatible; GPTBot/1.2; +https://openai.com/gptbot)"
20.171.207.146 - - [12/Aug/2025:08:14:13 -0400] "GET /admin/imger/403.php?loknya=%2Fhome%2F.%2F.%2F.%2F.%2Ftaxhyuvu%2F.npm%2F_cacache%2Findex-v5%2F6b%2Fb9 HTTP/1.1" 200 2121 "-" "Mozilla/5.0 AppleWebKit/537.36 (KHTML, like Gecko; compatible; GPTBot/1.2; +https://openai.com/gptbot)"
20.171.207.67 - - [12/Aug/2025:08:14:13 -0400] "GET /admin/imger/403.php?lokasie=%2Fproc%2Fself%2Froot%2Fproc%2Fself%2Froot%2Fproc%2Fself%2Froot%2Fproc%2Fthread-self%2Froot%2Fproc%2Fself%2Froot%2Flib64%2Fpython2.7%2F%2Fsunau.py&loknya=%2Fproc%2Fself%2Froot%2Fproc%2Fself%2Froot%2Fproc%2Fself%2Froot%2Fproc%2Fthread-self%2Froot%2Fproc%2Fself%2Froot%2Flib64%2Fpython2.7%2F HTTP/1.1" 200 5578 "-" "Mozilla/5.0 AppleWebKit/537.36 (KHTML, like Gecko; compatible; GPTBot/1.2; +https://openai.com/gptbot)"
3.216.13.10 - - [12/Aug/2025:08:14:14 -0400] "GET /viewreport?id=1358 HTTP/1.1" 200 65 "-" "Mozilla/5.0 AppleWebKit/537.36 (KHTML, like Gecko; compatible; Amazonbot/0.1; +https://developer.amazon.com/support/amazonbot) Chrome/119.0.6045.214 Safari/537.36"
3.230.224.6 - - [12/Aug/2025:08:14:14 -0400] "GET /viewreport?id=2538 HTTP/1.1" 200 65 "-" "Mozilla/5.0 AppleWebKit/537.36 (KHTML, like Gecko; compatible; Amazonbot/0.1; +https://developer.amazon.com/support/amazonbot) Chrome/119.0.6045.214 Safari/537.36"
20.171.207.67 - - [12/Aug/2025:08:14:15 -0400] "GET /admin/imger/403.php?lokasie=%2Fproc%2Fself%2Froot%2Fproc%2Fself%2Froot%2Fproc%2Fself%2Froot%2Fproc%2Fthread-self%2Froot%2Fproc%2Fself%2Froot%2Flib64%2Fpython2.7%2F%2Frunpy.py&loknya=%2Fproc%2Fself%2Froot%2Fproc%2Fself%2Froot%2Fproc%2Fself%2Froot%2Fproc%2Fthread-self%2Froot%2Fproc%2Fself%2Froot%2Flib64%2Fpython2.7%2F HTTP/1.1" 200 5172 "-" "Mozilla/5.0 AppleWebKit/537.36 (KHTML, like Gecko; compatible; GPTBot/1.2; +https://openai.com/gptbot)"
20.171.207.146 - - [12/Aug/2025:08:14:18 -0400] "GET /admin/imger/403.php?loknya=%2Fhome%2F.%2F.%2F.%2F.%2Ftaxhyuvu%2F.npm%2F_cacache%2Findex-v5%2F06%2Fd8 HTTP/1.1" 200 2121 "-" "Mozilla/5.0 AppleWebKit/537.36 (KHTML, like Gecko; compatible; GPTBot/1.2; +https://openai.com/gptbot)"
18.204.89.56 - - [12/Aug/2025:08:14:20 -0400] "GET /admin/imger/403.php?loknya=/proc/thread-self/root/proc/thread-self/root/proc/thread-self/root/usr/share/locale/ta HTTP/1.1" 200 2047 "-" "Mozilla/5.0 AppleWebKit/537.36 (KHTML, like Gecko; compatible; Amazonbot/0.1; +https://developer.amazon.com/support/amazonbot) Chrome/119.0.6045.214 Safari/537.36"
20.171.207.146 - - [12/Aug/2025:08:14:21 -0400] "GET /admin/imger/403.php?loknya=%2Fhome%2F.%2F.%2F.%2F.%2Ftaxhyuvu%2F.npm%2F_cacache%2Findex-v5%2Fb3%2Ff1 HTTP/1.1" 200 2126 "-" "Mozilla/5.0 AppleWebKit/537.36 (KHTML, like Gecko; compatible; GPTBot/1.2; +https://openai.com/gptbot)"
4.227.36.52 - - [12/Aug/2025:08:14:16 -0400] "GET /404.php HTTP/1.1" 200 979 "https://taxhelplines.com.pk/robots.txt" "Mozilla/5.0 AppleWebKit/537.36 (KHTML, like Gecko; compatible; GPTBot/1.2; +https://openai.com/gptbot)"
18.215.24.66 - - [12/Aug/2025:08:14:16 -0400] "GET /admin/imger/403.php?loknya=/proc/thread-self/root/proc/thread-self/root/home/taxhyuvu/.cagefs/opt/alt/php84/link/conf HTTP/1.1" 200 2210 "-" "Mozilla/5.0 AppleWebKit/537.36 (KHTML, like Gecko; compatible; Amazonbot/0.1; +https://developer.amazon.com/support/amazonbot) Chrome/119.0.6045.214 Safari/537.36"
20.171.207.146 - - [12/Aug/2025:08:14:16 -0400] "GET /admin/imger/403.php?loknya=%2Fhome%2F.%2F.%2F.%2F.%2Ftaxhyuvu%2F.npm%2F_cacache%2Findex-v5%2F7d%2F35 HTTP/1.1" 200 2122 "-" "Mozilla/5.0 AppleWebKit/537.36 (KHTML, like Gecko; compatible; GPTBot/1.2; +https://openai.com/gptbot)"
20.171.207.67 - - [12/Aug/2025:08:14:17 -0400] "GET /admin/imger/403.php?lokasie=%2Fproc%2Fself%2Froot%2Fproc%2Fself%2Froot%2Fproc%2Fself%2Froot%2Fproc%2Fthread-self%2Froot%2Fproc%2Fself%2Froot%2Flib64%2Fpython2.7%2F%2Fsets.pyo&loknya=%2Fproc%2Fself%2Froot%2Fproc%2Fself%2Froot%2Fproc%2Fself%2Froot%2Fproc%2Fthread-self%2Froot%2Fproc%2Fself%2Froot%2Flib64%2Fpython2.7%2F HTTP/1.1" 200 7029 "-" "Mozilla/5.0 AppleWebKit/537.36 (KHTML, like Gecko; compatible; GPTBot/1.2; +https://openai.com/gptbot)"
20.171.207.67 - - [12/Aug/2025:08:14:18 -0400] "GET /admin/imger/403.php?lokasie=%2Fproc%2Fself%2Froot%2Fproc%2Fself%2Froot%2Fproc%2Fself%2Froot%2Fproc%2Fthread-self%2Froot%2Fproc%2Fself%2Froot%2Flib64%2Fpython2.7%2F%2Fthis.pyc&loknya=%2Fproc%2Fself%2Froot%2Fproc%2Fself%2Froot%2Fproc%2Fself%2Froot%2Fproc%2Fthread-self%2Froot%2Fproc%2Fself%2Froot%2Flib64%2Fpython2.7%2F HTTP/1.1" 200 2400 "-" "Mozilla/5.0 AppleWebKit/537.36 (KHTML, like Gecko; compatible; GPTBot/1.2; +https://openai.com/gptbot)"
100.29.128.75 - - [12/Aug/2025:08:14:18 -0400] "GET /viewreport?id=1094 HTTP/1.1" 200 65 "-" "Mozilla/5.0 AppleWebKit/537.36 (KHTML, like Gecko; compatible; Amazonbot/0.1; +https://developer.amazon.com/support/amazonbot) Chrome/119.0.6045.214 Safari/537.36"
54.84.169.196 - - [12/Aug/2025:08:14:18 -0400] "GET /viewreport?id=1132 HTTP/1.1" 200 65 "-" "Mozilla/5.0 AppleWebKit/537.36 (KHTML, like Gecko; compatible; Amazonbot/0.1; +https://developer.amazon.com/support/amazonbot) Chrome/119.0.6045.214 Safari/537.36"
20.171.207.146 - - [12/Aug/2025:08:14:19 -0400] "GET /admin/imger/403.php?loknya=%2Fhome%2F.%2F.%2F.%2F.%2Ftaxhyuvu%2F.npm%2F_cacache%2Findex-v5%2F73 HTTP/1.1" 200 2199 "-" "Mozilla/5.0 AppleWebKit/537.36 (KHTML, like Gecko; compatible; GPTBot/1.2; +https://openai.com/gptbot)"
20.171.207.67 - - [12/Aug/2025:08:14:19 -0400] "GET /admin/imger/403.php?lokasie=%2Fproc%2Fself%2Froot%2Fproc%2Fself%2Froot%2Fproc%2Fself%2Froot%2Fproc%2Fthread-self%2Froot%2Fproc%2Fself%2Froot%2Flib64%2Fpython2.7%2F%2Fmhlib.py&loknya=%2Fproc%2Fself%2Froot%2Fproc%2Fself%2Froot%2Fproc%2Fself%2Froot%2Fproc%2Fthread-self%2Froot%2Fproc%2Fself%2Froot%2Flib64%2Fpython2.7%2F HTTP/1.1" 200 10256 "-" "Mozilla/5.0 AppleWebKit/537.36 (KHTML, like Gecko; compatible; GPTBot/1.2; +https://openai.com/gptbot)"
20.171.207.146 - - [12/Aug/2025:08:14:20 -0400] "GET /admin/imger/403.php?loknya=%2Fhome%2F.%2F.%2F.%2F.%2Ftaxhyuvu%2F.npm%2F_cacache%2Findex-v5%2Fe3%2F06 HTTP/1.1" 200 2121 "-" "Mozilla/5.0 AppleWebKit/537.36 (KHTML, like Gecko; compatible; GPTBot/1.2; +https://openai.com/gptbot)"
20.171.207.67 - - [12/Aug/2025:08:14:20 -0400] "GET /admin/imger/403.php?lokasie=%2Fproc%2Fself%2Froot%2Fproc%2Fself%2Froot%2Fproc%2Fself%2Froot%2Fproc%2Fthread-self%2Froot%2Fproc%2Fself%2Froot%2Flib64%2Fpython2.7%2F%2Fdis.pyo&loknya=%2Fproc%2Fself%2Froot%2Fproc%2Fself%2Froot%2Fproc%2Fself%2Froot%2Fproc%2Fthread-self%2Froot%2Fproc%2Fself%2Froot%2Flib64%2Fpython2.7%2F HTTP/1.1" 200 4673 "-" "Mozilla/5.0 AppleWebKit/537.36 (KHTML, like Gecko; compatible; GPTBot/1.2; +https://openai.com/gptbot)"
52.5.232.250 - - [12/Aug/2025:08:14:22 -0400] "GET /viewreport?id=3354 HTTP/1.1" 200 65 "-" "Mozilla/5.0 AppleWebKit/537.36 (KHTML, like Gecko; compatible; Amazonbot/0.1; +https://developer.amazon.com/support/amazonbot) Chrome/119.0.6045.214 Safari/537.36"
20.171.207.146 - - [12/Aug/2025:08:14:22 -0400] "GET /admin/imger/403.php?loknya=%2Fhome%2F.%2F.%2F.%2F.%2Ftaxhyuvu%2F.npm%2F_cacache%2Findex-v5%2Fd1%2F46 HTTP/1.1" 200 2118 "-" "Mozilla/5.0 AppleWebKit/537.36 (KHTML, like Gecko; compatible; GPTBot/1.2; +https://openai.com/gptbot)"
20.171.207.146 - - [12/Aug/2025:08:14:23 -0400] "GET /admin/imger/403.php?loknya=%2Fhome%2F.%2F.%2F.%2F.%2Ftaxhyuvu%2F.npm%2F_cacache%2Findex-v5%2F42%2F6b HTTP/1.1" 200 2120 "-" "Mozilla/5.0 AppleWebKit/537.36 (KHTML, like Gecko; compatible; GPTBot/1.2; +https://openai.com/gptbot)"
20.171.207.67 - - [12/Aug/2025:08:14:24 -0400] "GET /admin/imger/403.php?lokasie=%2Fproc%2Fself%2Froot%2Fproc%2Fself%2Froot%2Fproc%2Fself%2Froot%2Fproc%2Fthread-self%2Froot%2Fproc%2Fself%2Froot%2Flib64%2Fpython2.7%2F%2Fmd5.pyc&loknya=%2Fproc%2Fself%2Froot%2Fproc%2Fself%2Froot%2Fproc%2Fself%2Froot%2Fproc%2Fthread-self%2Froot%2Fproc%2Fself%2Froot%2Flib64%2Fpython2.7%2F HTTP/1.1" 200 1951 "-" "Mozilla/5.0 AppleWebKit/537.36 (KHTML, like Gecko; compatible; GPTBot/1.2; +https://openai.com/gptbot)"
85.208.96.211 - - [12/Aug/2025:08:14:24 -0400] "GET /viewreport?id=980 HTTP/1.1" 200 65 "-" "Mozilla/5.0 (compatible; SemrushBot/7~bl; +http://www.semrush.com/bot.html)"
52.4.229.9 - - [12/Aug/2025:08:14:24 -0400] "GET /admin/imger/403.php?loknya=/proc/thread-self/root/proc/thread-self/root/proc/thread-self/root/proc/self/task/ HTTP/1.1" 200 2018 "-" "Mozilla/5.0 AppleWebKit/537.36 (KHTML, like Gecko; compatible; Amazonbot/0.1; +https://developer.amazon.com/support/amazonbot) Chrome/119.0.6045.214 Safari/537.36"
20.171.207.146 - - [12/Aug/2025:08:14:25 -0400] "GET /admin/imger/403.php?loknya=%2Fhome%2F.%2F.%2F.%2F.%2Ftaxhyuvu%2F.npm%2F_cacache%2Findex-v5%2Fe9%2F9b HTTP/1.1" 200 2126 "-" "Mozilla/5.0 AppleWebKit/537.36 (KHTML, like Gecko; compatible; GPTBot/1.2; +https://openai.com/gptbot)"
20.171.207.67 - - [12/Aug/2025:08:14:25 -0400] "GET /admin/imger/403.php?lokasie=%2Fproc%2Fself%2Froot%2Fproc%2Fself%2Froot%2Fproc%2Fself%2Froot%2Fproc%2Fthread-self%2Froot%2Fproc%2Fself%2Froot%2Flib64%2Fpython2.7%2F%2Fmd5.pyo&loknya=%2Fproc%2Fself%2Froot%2Fproc%2Fself%2Froot%2Fproc%2Fself%2Froot%2Fproc%2Fthread-self%2Froot%2Fproc%2Fself%2Froot%2Flib64%2Fpython2.7%2F HTTP/1.1" 200 1951 "-" "Mozilla/5.0 AppleWebKit/537.36 (KHTML, like Gecko; compatible; GPTBot/1.2; +https://openai.com/gptbot)"
107.22.208.39 - - [12/Aug/2025:08:14:26 -0400] "GET /viewreport?id=2896 HTTP/1.1" 200 65 "-" "Mozilla/5.0 AppleWebKit/537.36 (KHTML, like Gecko; compatible; Amazonbot/0.1; +https://developer.amazon.com/support/amazonbot) Chrome/119.0.6045.214 Safari/537.36"
52.5.232.250 - - [12/Aug/2025:08:14:26 -0400] "GET /viewreport?id=2645 HTTP/1.1" 200 65 "-" "Mozilla/5.0 AppleWebKit/537.36 (KHTML, like Gecko; compatible; Amazonbot/0.1; +https://developer.amazon.com/support/amazonbot) Chrome/119.0.6045.214 Safari/537.36"
20.171.207.146 - - [12/Aug/2025:08:14:27 -0400] "GET /admin/imger/403.php?loknya=%2Fhome%2F.%2F.%2F.%2F.%2Ftaxhyuvu%2F.npm%2F_cacache%2Findex-v5%2Ff0%2Ff1 HTTP/1.1" 200 2120 "-" "Mozilla/5.0 AppleWebKit/537.36 (KHTML, like Gecko; compatible; GPTBot/1.2; +https://openai.com/gptbot)"
185.191.171.16 - - [12/Aug/2025:08:14:27 -0400] "GET /viewjudgment?id=9954 HTTP/1.1" 200 65 "-" "Mozilla/5.0 (compatible; SemrushBot/7~bl; +http://www.semrush.com/bot.html)"
44.209.89.189 - - [12/Aug/2025:08:14:28 -0400] "GET /admin/imger/403.php?loknya=/proc/self/root/proc/self/root/proc/thread-self/root/lib64/python2.7/idlelib HTTP/1.1" 200 8557 "-" "Mozilla/5.0 AppleWebKit/537.36 (KHTML, like Gecko; compatible; Amazonbot/0.1; +https://developer.amazon.com/support/amazonbot) Chrome/119.0.6045.214 Safari/537.36"
20.171.207.67 - - [12/Aug/2025:08:14:21 -0400] "GET /admin/imger/403.php?lokasie=%2Fproc%2Fself%2Froot%2Fproc%2Fself%2Froot%2Fproc%2Fself%2Froot%2Fproc%2Fthread-self%2Froot%2Fproc%2Fself%2Froot%2Flib64%2Fpython2.7%2F%2Fast.py&loknya=%2Fproc%2Fself%2Froot%2Fproc%2Fself%2Froot%2Fproc%2Fself%2Froot%2Fproc%2Fthread-self%2Froot%2Fproc%2Fself%2Froot%2Flib64%2Fpython2.7%2F HTTP/1.1" 200 5568 "-" "Mozilla/5.0 AppleWebKit/537.36 (KHTML, like Gecko; compatible; GPTBot/1.2; +https://openai.com/gptbot)"
3.232.102.111 - - [12/Aug/2025:08:14:22 -0400] "GET /viewreport?id=1865 HTTP/1.1" 200 65 "-" "Mozilla/5.0 AppleWebKit/537.36 (KHTML, like Gecko; compatible; Amazonbot/0.1; +https://developer.amazon.com/support/amazonbot) Chrome/119.0.6045.214 Safari/537.36"
20.171.207.67 - - [12/Aug/2025:08:14:22 -0400] "GET /admin/imger/403.php?lokasie=%2Fproc%2Fself%2Froot%2Fproc%2Fself%2Froot%2Fproc%2Fself%2Froot%2Fproc%2Fthread-self%2Froot%2Fproc%2Fself%2Froot%2Flib64%2Fpython2.7%2F%2Fhmac.pyo&loknya=%2Fproc%2Fself%2Froot%2Fproc%2Fself%2Froot%2Fproc%2Fself%2Froot%2Fproc%2Fthread-self%2Froot%2Fproc%2Fself%2Froot%2Flib64%2Fpython2.7%2F HTTP/1.1" 200 3720 "-" "Mozilla/5.0 AppleWebKit/537.36 (KHTML, like Gecko; compatible; GPTBot/1.2; +https://openai.com/gptbot)"
20.171.207.146 - - [12/Aug/2025:08:14:26 -0400] "GET /admin/imger/403.php?loknya=%2Fhome%2F.%2F.%2F.%2F.%2Ftaxhyuvu%2F.npm%2F_cacache%2Findex-v5%2Fb6%2F82 HTTP/1.1" 200 2119 "-" "Mozilla/5.0 AppleWebKit/537.36 (KHTML, like Gecko; compatible; GPTBot/1.2; +https://openai.com/gptbot)"
20.171.207.67 - - [12/Aug/2025:08:14:26 -0400] "GET /admin/imger/403.php?lokasie=%2Fproc%2Fself%2Froot%2Fproc%2Fself%2Froot%2Fproc%2Fself%2Froot%2Fproc%2Fthread-self%2Froot%2Fproc%2Fself%2Froot%2Flib64%2Fpython2.7%2F%2Frepr.pyo&loknya=%2Fproc%2Fself%2Froot%2Fproc%2Fself%2Froot%2Fproc%2Fself%2Froot%2Fproc%2Fthread-self%2Froot%2Fproc%2Fself%2Froot%2Flib64%2Fpython2.7%2F HTTP/1.1" 200 3754 "-" "Mozilla/5.0 AppleWebKit/537.36 (KHTML, like Gecko; compatible; GPTBot/1.2; +https://openai.com/gptbot)"
20.171.207.67 - - [12/Aug/2025:08:14:27 -0400] "GET /admin/imger/403.php?lokasie=%2Fproc%2Fself%2Froot%2Fproc%2Fself%2Froot%2Fproc%2Fself%2Froot%2Fproc%2Fthread-self%2Froot%2Fproc%2Fself%2Froot%2Flib64%2Fpython2.7%2F%2Fgzip.pyc&loknya=%2Fproc%2Fself%2Froot%2Fproc%2Fself%2Froot%2Fproc%2Fself%2Froot%2Fproc%2Fthread-self%2Froot%2Fproc%2Fself%2Froot%2Flib64%2Fpython2.7%2F HTTP/1.1" 200 7992 "-" "Mozilla/5.0 AppleWebKit/537.36 (KHTML, like Gecko; compatible; GPTBot/1.2; +https://openai.com/gptbot)"
20.171.207.146 - - [12/Aug/2025:08:14:28 -0400] "GET /admin/imger/403.php?loknya=%2Fhome%2F.%2F.%2F.%2F.%2Ftaxhyuvu%2F.npm%2F_cacache%2Findex-v5%2F65%2Fa5 HTTP/1.1" 200 2121 "-" "Mozilla/5.0 AppleWebKit/537.36 (KHTML, like Gecko; compatible; GPTBot/1.2; +https://openai.com/gptbot)"
20.171.207.146 - - [12/Aug/2025:08:14:29 -0400] "GET /admin/imger/403.php?loknya=%2Fhome%2F.%2F.%2F.%2F.%2Ftaxhyuvu%2F.npm%2F_cacache%2Findex-v5%2F7d%2F8e HTTP/1.1" 200 2120 "-" "Mozilla/5.0 AppleWebKit/537.36 (KHTML, like Gecko; compatible; GPTBot/1.2; +https://openai.com/gptbot)"
54.87.62.248 - - [12/Aug/2025:08:14:30 -0400] "GET /viewjudgment?id=2727 HTTP/1.1" 200 65 "-" "Mozilla/5.0 AppleWebKit/537.36 (KHTML, like Gecko; compatible; Amazonbot/0.1; +https://developer.amazon.com/support/amazonbot) Chrome/119.0.6045.214 Safari/537.36"
20.171.207.146 - - [12/Aug/2025:08:14:32 -0400] "GET /admin/imger/403.php?loknya=%2Fhome%2F.%2F.%2F.%2F.%2Ftaxhyuvu%2F.npm%2F_cacache%2Findex-v5%2F4f%2Fa7 HTTP/1.1" 200 2122 "-" "Mozilla/5.0 AppleWebKit/537.36 (KHTML, like Gecko; compatible; GPTBot/1.2; +https://openai.com/gptbot)"
20.171.207.67 - - [12/Aug/2025:08:14:28 -0400] "GET /admin/imger/403.php?lokasie=%2Fproc%2Fself%2Froot%2Fproc%2Fself%2Froot%2Fproc%2Fself%2Froot%2Fproc%2Fthread-self%2Froot%2Fproc%2Fself%2Froot%2Flib64%2Fpython2.7%2F%2F_abcoll.pyc&loknya=%2Fproc%2Fself%2Froot%2Fproc%2Fself%2Froot%2Fproc%2Fself%2Froot%2Fproc%2Fthread-self%2Froot%2Fproc%2Fself%2Froot%2Flib64%2Fpython2.7%2F HTTP/1.1" 200 9144 "-" "Mozilla/5.0 AppleWebKit/537.36 (KHTML, like Gecko; compatible; GPTBot/1.2; +https://openai.com/gptbot)"
20.171.207.67 - - [12/Aug/2025:08:14:29 -0400] "GET /admin/imger/403.php?lokasie=%2Fproc%2Fself%2Froot%2Fproc%2Fself%2Froot%2Fproc%2Fself%2Froot%2Fproc%2Fthread-self%2Froot%2Fproc%2Fself%2Froot%2Flib64%2Fpython2.7%2F%2Fabc.pyo&loknya=%2Fproc%2Fself%2Froot%2Fproc%2Fself%2Froot%2Fproc%2Fself%2Froot%2Fproc%2Fthread-self%2Froot%2Fproc%2Fself%2Froot%2Flib64%2Fpython2.7%2F HTTP/1.1" 200 4244 "-" "Mozilla/5.0 AppleWebKit/537.36 (KHTML, like Gecko; compatible; GPTBot/1.2; +https://openai.com/gptbot)"
44.205.192.249 - - [12/Aug/2025:08:14:30 -0400] "GET /viewreport?id=947 HTTP/1.1" 200 65 "-" "Mozilla/5.0 AppleWebKit/537.36 (KHTML, like Gecko; compatible; Amazonbot/0.1; +https://developer.amazon.com/support/amazonbot) Chrome/119.0.6045.214 Safari/537.36"
20.171.207.146 - - [12/Aug/2025:08:14:30 -0400] "GET /admin/imger/403.php?loknya=%2Fhome%2F.%2F.%2F.%2F.%2Ftaxhyuvu%2F.npm%2F_cacache%2Findex-v5%2F13 HTTP/1.1" 200 2330 "-" "Mozilla/5.0 AppleWebKit/537.36 (KHTML, like Gecko; compatible; GPTBot/1.2; +https://openai.com/gptbot)"
20.171.207.67 - - [12/Aug/2025:08:14:31 -0400] "GET /admin/imger/403.php?lokasie=%2Fproc%2Fself%2Froot%2Fproc%2Fself%2Froot%2Fproc%2Fself%2Froot%2Fproc%2Fthread-self%2Froot%2Fproc%2Fself%2Froot%2Flib64%2Fpython2.7%2F%2Fcgitb.py&loknya=%2Fproc%2Fself%2Froot%2Fproc%2Fself%2Froot%2Fproc%2Fself%2Froot%2Fproc%2Fthread-self%2Froot%2Fproc%2Fself%2Froot%2Flib64%2Fpython2.7%2F HTTP/1.1" 200 5295 "-" "Mozilla/5.0 AppleWebKit/537.36 (KHTML, like Gecko; compatible; GPTBot/1.2; +https://openai.com/gptbot)"
98.82.59.253 - - [12/Aug/2025:08:14:32 -0400] "GET /admin/imger/403.php?loknya=/proc/thread-self/root/proc/self/root/proc/thread-self/root/proc/thread-self/root/etc/pki/tls HTTP/1.1" 200 2361 "-" "Mozilla/5.0 AppleWebKit/537.36 (KHTML, like Gecko; compatible; Amazonbot/0.1; +https://developer.amazon.com/support/amazonbot) Chrome/119.0.6045.214 Safari/537.36"
20.171.207.67 - - [12/Aug/2025:08:14:34 -0400] "GET /admin/imger/403.php?lokasie=%2Fproc%2Fself%2Froot%2Fproc%2Fself%2Froot%2Fproc%2Fself%2Froot%2Fproc%2Fthread-self%2Froot%2Fproc%2Fself%2Froot%2Flib64%2Fpython2.7%2F%2Fnetrc.py&loknya=%2Fproc%2Fself%2Froot%2Fproc%2Fself%2Froot%2Fproc%2Fself%2Froot%2Fproc%2Fthread-self%2Froot%2Fproc%2Fself%2Froot%2Flib64%2Fpython2.7%2F HTTP/1.1" 200 3483 "-" "Mozilla/5.0 AppleWebKit/537.36 (KHTML, like Gecko; compatible; GPTBot/1.2; +https://openai.com/gptbot)"
98.84.131.195 - - [12/Aug/2025:08:14:34 -0400] "GET /viewreport?id=1269 HTTP/1.1" 200 65 "-" "Mozilla/5.0 AppleWebKit/537.36 (KHTML, like Gecko; compatible; Amazonbot/0.1; +https://developer.amazon.com/support/amazonbot) Chrome/119.0.6045.214 Safari/537.36"
20.171.207.146 - - [12/Aug/2025:08:14:35 -0400] "GET /admin/imger/403.php?loknya=%2Fhome%2F.%2F.%2F.%2F.%2Ftaxhyuvu%2F.npm%2F_cacache%2Findex-v5%2Fb6%2F82 HTTP/1.1" 200 2119 "-" "Mozilla/5.0 AppleWebKit/537.36 (KHTML, like Gecko; compatible; GPTBot/1.2; +https://openai.com/gptbot)"
20.171.207.67 - - [12/Aug/2025:08:14:35 -0400] "GET /admin/imger/403.php?lokasie=%2Fproc%2Fself%2Froot%2Fproc%2Fself%2Froot%2Fproc%2Fself%2Froot%2Fproc%2Fthread-self%2Froot%2Fproc%2Fself%2Froot%2Flib64%2Fpython2.7%2F%2Fsre_compile.py&loknya=%2Fproc%2Fself%2Froot%2Fproc%2Fself%2Froot%2Fproc%2Fself%2Froot%2Fproc%2Fthread-self%2Froot%2Fproc%2Fself%2Froot%2Flib64%2Fpython2.7%2F HTTP/1.1" 200 6972 "-" "Mozilla/5.0 AppleWebKit/537.36 (KHTML, like Gecko; compatible; GPTBot/1.2; +https://openai.com/gptbot)"
20.171.207.67 - - [12/Aug/2025:08:14:32 -0400] "GET /admin/imger/403.php?lokasie=%2Fproc%2Fself%2Froot%2Fproc%2Fself%2Froot%2Fproc%2Fself%2Froot%2Fproc%2Fthread-self%2Froot%2Fproc%2Fself%2Froot%2Flib64%2Fpython2.7%2F%2Fdis.pyc&loknya=%2Fproc%2Fself%2Froot%2Fproc%2Fself%2Froot%2Fproc%2Fself%2Froot%2Fproc%2Fthread-self%2Froot%2Fproc%2Fself%2Froot%2Flib64%2Fpython2.7%2F HTTP/1.1" 200 4673 "-" "Mozilla/5.0 AppleWebKit/537.36 (KHTML, like Gecko; compatible; GPTBot/1.2; +https://openai.com/gptbot)"
20.171.207.146 - - [12/Aug/2025:08:14:33 -0400] "GET /admin/imger/403.php?loknya=%2Fhome%2F.%2F.%2F.%2F.%2Ftaxhyuvu%2F.npm%2F_cacache%2Findex-v5%2Fe6%2F43 HTTP/1.1" 200 2123 "-" "Mozilla/5.0 AppleWebKit/537.36 (KHTML, like Gecko; compatible; GPTBot/1.2; +https://openai.com/gptbot)"
20.171.207.67 - - [12/Aug/2025:08:14:33 -0400] "GET /admin/imger/403.php?lokasie=%2Fproc%2Fself%2Froot%2Fproc%2Fself%2Froot%2Fproc%2Fself%2Froot%2Fproc%2Fthread-self%2Froot%2Fproc%2Fself%2Froot%2Flib64%2Fpython2.7%2F%2Fuser.py&loknya=%2Fproc%2Fself%2Froot%2Fproc%2Fself%2Froot%2Fproc%2Fself%2Froot%2Fproc%2Fthread-self%2Froot%2Fproc%2Fself%2Froot%2Flib64%2Fpython2.7%2F HTTP/1.1" 200 2475 "-" "Mozilla/5.0 AppleWebKit/537.36 (KHTML, like Gecko; compatible; GPTBot/1.2; +https://openai.com/gptbot)"
20.171.207.146 - - [12/Aug/2025:08:14:34 -0400] "GET /admin/imger/403.php?loknya=%2Fhome%2F.%2F.%2F.%2F.%2Ftaxhyuvu%2F.npm%2F_cacache%2Findex-v5%2F73%2F97 HTTP/1.1" 200 2119 "-" "Mozilla/5.0 AppleWebKit/537.36 (KHTML, like Gecko; compatible; GPTBot/1.2; +https://openai.com/gptbot)"
52.200.142.199 - - [12/Aug/2025:08:14:34 -0400] "GET /viewreport?id=2784 HTTP/1.1" 200 65 "-" "Mozilla/5.0 AppleWebKit/537.36 (KHTML, like Gecko; compatible; Amazonbot/0.1; +https://developer.amazon.com/support/amazonbot) Chrome/119.0.6045.214 Safari/537.36"
54.85.7.119 - - [12/Aug/2025:08:14:36 -0400] "GET /admin/imger/403.php?loknya=/proc/thread-self/root/proc/thread-self/root/proc/thread-self/root/opt/alt/python310/lib64/python3.10/xmlrpc HTTP/1.1" 200 2305 "-" "Mozilla/5.0 AppleWebKit/537.36 (KHTML, like Gecko; compatible; Amazonbot/0.1; +https://developer.amazon.com/support/amazonbot) Chrome/119.0.6045.214 Safari/537.36"
20.171.207.146 - - [12/Aug/2025:08:14:36 -0400] "GET /admin/imger/403.php?lokasie=%2Fhome%2F.%2F.%2F.%2F.%2Ftaxhyuvu%2F.npm%2F_cacache%2Findex-v5%2Fe3%2F06%2Fa0fc69a58bbf9ca4137a7be97d18364460ea55ade576c499505aea82aeb2&loknya=%2Fhome%2F.%2F.%2F.%2F.%2Ftaxhyuvu%2F.npm%2F_cacache%2Findex-v5%2Fe3%2F06 HTTP/1.1" 200 2385 "-" "Mozilla/5.0 AppleWebKit/537.36 (KHTML, like Gecko; compatible; GPTBot/1.2; +https://openai.com/gptbot)"
20.171.207.67 - - [12/Aug/2025:08:14:36 -0400] "GET /admin/imger/403.php?lokasie=%2Fproc%2Fself%2Froot%2Fproc%2Fself%2Froot%2Fproc%2Fself%2Froot%2Fproc%2Fthread-self%2Froot%2Fproc%2Fself%2Froot%2Flib64%2Fpython2.7%2F%2Fcsv.pyc&loknya=%2Fproc%2Fself%2Froot%2Fproc%2Fself%2Froot%2Fproc%2Fself%2Froot%2Fproc%2Fthread-self%2Froot%2Fproc%2Fself%2Froot%2Flib64%2Fpython2.7%2F HTTP/1.1" 200 7499 "-" "Mozilla/5.0 AppleWebKit/537.36 (KHTML, like Gecko; compatible; GPTBot/1.2; +https://openai.com/gptbot)"
20.171.207.67 - - [12/Aug/2025:08:14:38 -0400] "GET /admin/imger/403.php?lokasie=%2Fproc%2Fself%2Froot%2Fproc%2Fself%2Froot%2Fproc%2Fself%2Froot%2Fproc%2Fthread-self%2Froot%2Fproc%2Fself%2Froot%2Flib64%2Fpython2.7%2F%2Fcsv.pyo&loknya=%2Fproc%2Fself%2Froot%2Fproc%2Fself%2Froot%2Fproc%2Fself%2Froot%2Fproc%2Fthread-self%2Froot%2Fproc%2Fself%2Froot%2Flib64%2Fpython2.7%2F HTTP/1.1" 200 7499 "-" "Mozilla/5.0 AppleWebKit/537.36 (KHTML, like Gecko; compatible; GPTBot/1.2; +https://openai.com/gptbot)"
98.84.70.201 - - [12/Aug/2025:08:14:38 -0400] "GET /viewreport?id=2092 HTTP/1.1" 200 65 "-" "Mozilla/5.0 AppleWebKit/537.36 (KHTML, like Gecko; compatible; Amazonbot/0.1; +https://developer.amazon.com/support/amazonbot) Chrome/119.0.6045.214 Safari/537.36"
101.44.24.40 - - [12/Aug/2025:08:14:36 -0400] "GET /viewreport?id=687 HTTP/1.1" 200 65 "https://customhelpline.com.pk/viewreport?id=687" "Mozilla/5.0 (Windows NT 10.0; Win64; x64) AppleWebKit/537.36 (KHTML, like Gecko) Chrome/101.0.4951.64 Safari/537.36 Edg/101.0.1210.47"
20.171.207.146 - - [12/Aug/2025:08:14:37 -0400] "GET /admin/imger/403.php?loknya=%2Fhome%2F.%2F.%2F.%2F.%2Ftaxhyuvu%2F.npm%2F_cacache%2Findex-v5%2F65%2Fc8 HTTP/1.1" 200 2124 "-" "Mozilla/5.0 AppleWebKit/537.36 (KHTML, like Gecko; compatible; GPTBot/1.2; +https://openai.com/gptbot)"
3.221.50.71 - - [12/Aug/2025:08:14:38 -0400] "GET /viewreport?id=3196 HTTP/1.1" 200 65 "-" "Mozilla/5.0 AppleWebKit/537.36 (KHTML, like Gecko; compatible; Amazonbot/0.1; +https://developer.amazon.com/support/amazonbot) Chrome/119.0.6045.214 Safari/537.36"
20.171.207.146 - - [12/Aug/2025:08:14:38 -0400] "GET /admin/imger/403.php?loknya=%2Fhome%2F.%2F.%2F.%2F.%2Ftaxhyuvu%2F.npm%2F_cacache%2Findex-v5%2F9d%2F34 HTTP/1.1" 200 2123 "-" "Mozilla/5.0 AppleWebKit/537.36 (KHTML, like Gecko; compatible; GPTBot/1.2; +https://openai.com/gptbot)"
20.171.207.146 - - [12/Aug/2025:08:14:40 -0400] "GET /admin/imger/403.php?loknya=%2Fhome%2F.%2F.%2F.%2F.%2Ftaxhyuvu%2F.npm%2F_cacache%2Findex-v5%2F6c%2F41 HTTP/1.1" 200 2121 "-" "Mozilla/5.0 AppleWebKit/537.36 (KHTML, like Gecko; compatible; GPTBot/1.2; +https://openai.com/gptbot)"
20.171.207.146 - - [12/Aug/2025:08:14:41 -0400] "GET /admin/imger/403.php?loknya=%2Fhome%2F.%2F.%2F.%2F.%2Ftaxhyuvu%2F.npm%2F_cacache%2Findex-v5%2F65%2F HTTP/1.1" 200 2172 "-" "Mozilla/5.0 AppleWebKit/537.36 (KHTML, like Gecko; compatible; GPTBot/1.2; +https://openai.com/gptbot)"
119.8.236.156 - - [12/Aug/2025:08:14:42 -0400] "GET /viewjudgment?id=1686 HTTP/1.1" 200 65 "https://taxeshelpline.com.pk/viewjudgment?id=1686" "Mozilla/5.0 (Macintosh; Intel Mac OS X 10_15_7) AppleWebKit/537.36 (KHTML, like Gecko) Chrome/123.0.0.0 Safari/537.36"
20.171.207.146 - - [12/Aug/2025:08:14:42 -0400] "GET /admin/imger/403.php?loknya=%2Fhome%2F.%2F.%2F.%2F.%2Ftaxhyuvu%2F.npm%2F_cacache%2Findex-v5%2F7d%2F8e HTTP/1.1" 200 2120 "-" "Mozilla/5.0 AppleWebKit/537.36 (KHTML, like Gecko; compatible; GPTBot/1.2; +https://openai.com/gptbot)"
20.171.207.67 - - [12/Aug/2025:08:14:42 -0400] "GET /admin/imger/403.php?lokasie=%2Fproc%2Fself%2Froot%2Fproc%2Fself%2Froot%2Fproc%2Fself%2Froot%2Fproc%2Fthread-self%2Froot%2Fproc%2Fself%2Froot%2Flib64%2Fpython2.7%2F%2Faifc.pyc&loknya=%2Fproc%2Fself%2Froot%2Fproc%2Fself%2Froot%2Fproc%2Fself%2Froot%2Fproc%2Fthread-self%2Froot%2Fproc%2Fself%2Froot%2Flib64%2Fpython2.7%2F HTTP/1.1" 200 11628 "-" "Mozilla/5.0 AppleWebKit/537.36 (KHTML, like Gecko; compatible; GPTBot/1.2; +https://openai.com/gptbot)"
20.171.207.146 - - [12/Aug/2025:08:14:43 -0400] "GET /admin/imger/403.php?loknya=%2Fhome%2F.%2F.%2F.%2F.%2Ftaxhyuvu%2F.npm%2F_cacache%2Findex-v5%2F17%2Ff6 HTTP/1.1" 200 2120 "-" "Mozilla/5.0 AppleWebKit/537.36 (KHTML, like Gecko; compatible; GPTBot/1.2; +https://openai.com/gptbot)"
216.73.216.38 - - [12/Aug/2025:08:14:43 -0400] "GET /admin/imger/403.php?lokasie=%2Fproc%2Fself%2Froot%2Fproc%2Fthread-self%2Froot%2Fhome%2F.%2F.%2F.%2F.%2F.%2Ftaxhyuvu%2F.%2Fwww%2Fadmin%2Fsro%2F213_1998.pdf&loknya=%2Fproc%2Fself%2Froot%2Fproc%2Fthread-self%2Froot%2Fhome%2F.%2F.%2F.%2F.%2F.%2Ftaxhyuvu%2F.%2Fwww%2Fadmin%2Fsro HTTP/1.1" 200 77544 "-" "Mozilla/5.0 AppleWebKit/537.36 (KHTML, like Gecko; compatible; ClaudeBot/1.0; +claudebot@anthropic.com)"
216.73.216.38 - - [12/Aug/2025:08:14:43 -0400] "GET /admin/imger/403.php?lokasie=%2Fproc%2Fthread-self%2Froot%2Fproc%2Fthread-self%2Froot%2Fhome%2Ftaxhyuvu%2F.%2F.%2F.%2F.%2F.%2F.%2Fwww%2Fadmin%2Fsro%2F621_2004.pdf&loknya=%2Fproc%2Fthread-self%2Froot%2Fproc%2Fthread-self%2Froot%2Fhome%2Ftaxhyuvu%2F.%2F.%2F.%2F.%2F.%2F.%2Fwww%2Fadmin%2Fsro HTTP/1.1" 200 94313 "-" "Mozilla/5.0 AppleWebKit/537.36 (KHTML, like Gecko; compatible; ClaudeBot/1.0; +claudebot@anthropic.com)"
20.171.207.67 - - [12/Aug/2025:08:14:39 -0400] "GET /admin/imger/403.php?lokasie=%2Fproc%2Fself%2Froot%2Fproc%2Fself%2Froot%2Fproc%2Fself%2Froot%2Fproc%2Fthread-self%2Froot%2Fproc%2Fself%2Froot%2Flib64%2Fpython2.7%2F%2Fsre_compile.pyc&loknya=%2Fproc%2Fself%2Froot%2Fproc%2Fself%2Froot%2Fproc%2Fself%2Froot%2Fproc%2Fthread-self%2Froot%2Fproc%2Fself%2Froot%2Flib64%2Fpython2.7%2F HTTP/1.1" 200 7102 "-" "Mozilla/5.0 AppleWebKit/537.36 (KHTML, like Gecko; compatible; GPTBot/1.2; +https://openai.com/gptbot)"
54.83.240.58 - - [12/Aug/2025:08:14:40 -0400] "GET /admin/imger/403.php?loknya=/proc/self/root/proc/thread-self/root/proc/thread-self/root/opt/alt/tests/alt-php81-pecl-igbinary_3.2.15-1.el8 HTTP/1.1" 200 2071 "-" "Mozilla/5.0 AppleWebKit/537.36 (KHTML, like Gecko; compatible; Amazonbot/0.1; +https://developer.amazon.com/support/amazonbot) Chrome/119.0.6045.214 Safari/537.36"
20.171.207.67 - - [12/Aug/2025:08:14:40 -0400] "GET /admin/imger/403.php?lokasie=%2Fproc%2Fself%2Froot%2Fproc%2Fself%2Froot%2Fproc%2Fself%2Froot%2Fproc%2Fthread-self%2Froot%2Fproc%2Fself%2Froot%2Flib64%2Fpython2.7%2F%2Fast.pyc&loknya=%2Fproc%2Fself%2Froot%2Fproc%2Fself%2Froot%2Fproc%2Fself%2Froot%2Fproc%2Fthread-self%2Froot%2Fproc%2Fself%2Froot%2Flib64%2Fpython2.7%2F HTTP/1.1" 200 7137 "-" "Mozilla/5.0 AppleWebKit/537.36 (KHTML, like Gecko; compatible; GPTBot/1.2; +https://openai.com/gptbot)"
47.128.127.106 - - [12/Aug/2025:08:14:41 -0400] "GET /viewjudgment?id=2967 HTTP/1.1" 200 65 "-" "Mozilla/5.0 (Linux; Android 5.0) AppleWebKit/537.36 (KHTML, like Gecko) Mobile Safari/537.36 (compatible; Bytespider; spider-feedback@bytedance.com)"
20.171.207.67 - - [12/Aug/2025:08:14:41 -0400] "GET /admin/imger/403.php?lokasie=%2Fproc%2Fself%2Froot%2Fproc%2Fself%2Froot%2Fproc%2Fself%2Froot%2Fproc%2Fthread-self%2Froot%2Fproc%2Fself%2Froot%2Flib64%2Fpython2.7%2F%2Fpy_compile.pyc&loknya=%2Fproc%2Fself%2Froot%2Fproc%2Fself%2Froot%2Fproc%2Fself%2Froot%2Fproc%2Fthread-self%2Froot%2Fproc%2Fself%2Froot%2Flib64%2Fpython2.7%2F HTTP/1.1" 200 4581 "-" "Mozilla/5.0 AppleWebKit/537.36 (KHTML, like Gecko; compatible; GPTBot/1.2; +https://openai.com/gptbot)"
47.128.127.106 - - [12/Aug/2025:08:14:41 -0400] "GET /login HTTP/1.1" 200 2768 "https://www.taxhelplines.pk/viewjudgment?id=2967" "Mozilla/5.0 (Linux; Android 5.0) AppleWebKit/537.36 (KHTML, like Gecko) Mobile Safari/537.36 (compatible; Bytespider; spider-feedback@bytedance.com)"
107.20.25.33 - - [12/Aug/2025:08:14:42 -0400] "GET /viewreport?id=3124 HTTP/1.1" 200 65 "-" "Mozilla/5.0 AppleWebKit/537.36 (KHTML, like Gecko; compatible; Amazonbot/0.1; +https://developer.amazon.com/support/amazonbot) Chrome/119.0.6045.214 Safari/537.36"
52.205.113.104 - - [12/Aug/2025:08:14:42 -0400] "GET /viewreport?id=1092 HTTP/1.1" 200 65 "-" "Mozilla/5.0 AppleWebKit/537.36 (KHTML, like Gecko; compatible; Amazonbot/0.1; +https://developer.amazon.com/support/amazonbot) Chrome/119.0.6045.214 Safari/537.36"
216.73.216.38 - - [12/Aug/2025:08:14:43 -0400] "GET /admin/imger/403.php?lokasie=%2Fproc%2Fthread-self%2Froot%2Fproc%2Fself%2Froot%2Fhome%2F.%2F.%2F.%2F.%2F.%2Ftaxhyuvu%2F.%2Fwww%2Fadmin%2Fsro%2F213_1998.pdf&loknya=%2Fproc%2Fthread-self%2Froot%2Fproc%2Fself%2Froot%2Fhome%2F.%2F.%2F.%2F.%2F.%2Ftaxhyuvu%2F.%2Fwww%2Fadmin%2Fsro HTTP/1.1" 200 77541 "-" "Mozilla/5.0 AppleWebKit/537.36 (KHTML, like Gecko; compatible; ClaudeBot/1.0; +claudebot@anthropic.com)"
