172.192.63.114 - - [03/Aug/2025:13:54:59 -0400] "GET /.well-known/pki-validation/about.php?p= HTTP/1.1" 301 795 "-" "-"
172.192.63.114 - - [03/Aug/2025:13:55:01 -0400] "GET /radio.php HTTP/1.1" 301 795 "-" "-"
172.192.63.114 - - [03/Aug/2025:13:55:01 -0400] "GET /1.php?option&path=/www/wwwroot/www.mkgseattlestore.com HTTP/1.1" 301 795 "-" "-"
172.192.63.114 - - [03/Aug/2025:13:55:02 -0400] "GET /404.php HTTP/1.1" 301 795 "-" "-"
68.218.88.48 - - [03/Aug/2025:13:52:30 -0400] "GET /akcc.php HTTP/1.1" 301 795 "-" "-"
172.192.63.114 - - [03/Aug/2025:13:54:42 -0400] "GET /wp-content/plugins/hellopress/wp_filemanager.php HTTP/1.1" 301 795 "-" "-"
172.192.63.114 - - [03/Aug/2025:13:54:42 -0400] "GET /autoload_classmap.php?p=%09%09%09%09%09%09%09%09%09%09%09%09%09%09%20/file.php?fm=true&delete=license.txt&path=/home/nevzatus/shroomsdeliverynearme.com/ HTTP/1.1" 301 795 "-" "-"
172.192.63.114 - - [03/Aug/2025:13:54:43 -0400] "GET /file.php?fm=true&delete=license.txt&path=/home/nevzatus/shroomsdeliverynearme.com/ HTTP/1.1" 301 795 "-" "-"
172.192.63.114 - - [03/Aug/2025:13:54:44 -0400] "GET /file.php?fm=true&delete=license.txt&path=/home/nevzatus/shroomsdeliverynearme.com/ HTTP/1.1" 301 795 "-" "-"
172.192.63.114 - - [03/Aug/2025:13:54:44 -0400] "GET /wp-content/plugins/wp-help/index.php HTTP/1.1" 301 795 "-" "-"
172.192.63.114 - - [03/Aug/2025:13:54:46 -0400] "GET /wp-includes/ID3/index.php?p= HTTP/1.1" 301 795 "-" "-"
172.192.63.114 - - [03/Aug/2025:13:54:46 -0400] "GET /wp-admin/css/colors/blue/index.php HTTP/1.1" 301 795 "-" "-"
172.192.63.114 - - [03/Aug/2025:13:54:47 -0400] "GET /wp-admin/js/index.php HTTP/1.1" 301 795 "-" "-"
172.192.63.114 - - [03/Aug/2025:13:54:48 -0400] "GET /admin/function.php?fm=true&path=/home/u838495715/domains/aviconindia.com/public_html/admin HTTP/1.1" 301 795 "-" "-"
172.192.63.114 - - [03/Aug/2025:13:54:49 -0400] "GET /file.php?fm=true&delete=license.txt&path=/home/ujdxbnpt/radhakrishnaschool.in/ HTTP/1.1" 301 795 "-" "-"
172.192.63.114 - - [03/Aug/2025:13:54:49 -0400] "GET /text.php?fm=true&delete=license.txt&path=/var/www/vhosts/demomikucha.com/httpdocs/ HTTP/1.1" 301 795 "-" "-"
172.192.63.114 - - [03/Aug/2025:13:54:50 -0400] "GET /themes/zMousse/otuz1.php HTTP/1.1" 301 795 "-" "-"
172.192.63.114 - - [03/Aug/2025:13:54:51 -0400] "GET /file.php?fm=true&delete=license.txt&path=/customers/2/a/b/cmbaatuop/webroots/29f11c9f/ HTTP/1.1" 301 795 "-" "-"
172.192.63.114 - - [03/Aug/2025:13:54:51 -0400] "GET /404.php?fm=true&delete=license.txt&path=/home/u746949441/domains/psac.in/public_html/ HTTP/1.1" 301 795 "-" "-"
172.192.63.114 - - [03/Aug/2025:13:54:51 -0400] "GET /2.php?fm=true&delete=.htacess&path=/home/u783661527/domains/pedvmax.com.br/public_html/ HTTP/1.1" 301 795 "-" "-"
172.192.63.114 - - [03/Aug/2025:13:54:53 -0400] "GET /file.php?fm=true&delete=license.txt&path=/customers/e/7/8/c3veehjbe/webroots/sites/httpdocs/ HTTP/1.1" 301 795 "-" "-"
172.192.63.114 - - [03/Aug/2025:13:54:53 -0400] "GET /app.php?fm=true&delete=.htaccess&path=/home/u996667838/domains/prudenture.com/public_html/ HTTP/1.1" 301 795 "-" "-"
172.192.63.114 - - [03/Aug/2025:13:54:55 -0400] "GET /byp.php HTTP/1.1" 301 795 "-" "-"
172.192.63.114 - - [03/Aug/2025:13:54:55 -0400] "GET /classwithtostring.php?p= HTTP/1.1" 301 795 "-" "-"
172.192.63.114 - - [03/Aug/2025:13:54:57 -0400] "GET /tinyfilemanager.php?p= HTTP/1.1" 301 795 "-" "-"
172.192.63.114 - - [03/Aug/2025:13:54:58 -0400] "GET /wp-content/index.php HTTP/1.1" 301 795 "-" "-"
172.192.63.114 - - [03/Aug/2025:13:54:59 -0400] "GET /default.php HTTP/1.1" 301 795 "-" "-"
172.192.63.114 - - [03/Aug/2025:13:54:59 -0400] "GET /db.php HTTP/1.1" 301 795 "-" "-"
172.192.63.114 - - [03/Aug/2025:13:54:59 -0400] "GET /text.php HTTP/1.1" 301 795 "-" "-"
172.192.63.114 - - [03/Aug/2025:13:55:00 -0400] "GET /admin.php?fm=true&delete=license.txt&path=/home/u756317209/domains/regmaeducation.com/public_html/ HTTP/1.1" 301 795 "-" "-"
172.192.63.114 - - [03/Aug/2025:13:55:00 -0400] "GET /manager.php?p= HTTP/1.1" 301 795 "-" "-"
172.192.63.114 - - [03/Aug/2025:13:55:00 -0400] "GET /wp-content/admin.php?fm=true&delete=license.txt&path=/home/gcynslpl/clinicalpsychologistpretoria.com/ HTTP/1.1" 301 795 "-" "-"
172.192.63.114 - - [03/Aug/2025:13:55:02 -0400] "GET /bless.php?fm=true&delete=.htaccess.bk&path=/home/u392878141/domains/siigmatech.com/public_html/ HTTP/1.1" 301 795 "-" "-"
172.192.63.114 - - [03/Aug/2025:13:55:02 -0400] "GET /wp-content/themes/twenty/twenty.php HTTP/1.1" 301 795 "-" "-"
216.244.66.236 - - [03/Aug/2025:14:05:37 -0400] "GET /robots.txt HTTP/1.1" 301 795 "-" "Mozilla/5.0 (compatible; DotBot/1.2; +https://opensiteexplorer.org/dotbot; help@moz.com)"
20.171.207.170 - - [03/Aug/2025:14:20:21 -0400] "GET /admin/imger/403.php?lokasie=%2Fproc%2Flve%2Fmap&loknya=%2Fproc%2Flve HTTP/1.1" 301 795 "-" "Mozilla/5.0 AppleWebKit/537.36 (KHTML, like Gecko; compatible; GPTBot/1.2; +https://openai.com/gptbot)"
20.171.207.170 - - [03/Aug/2025:14:20:34 -0400] "GET /admin/imger/403.php?lokasie=%2Fproc%2Fnet%2Ftcp&loknya=%2Fproc%2Fnet HTTP/1.1" 301 795 "-" "Mozilla/5.0 AppleWebKit/537.36 (KHTML, like Gecko; compatible; GPTBot/1.2; +https://openai.com/gptbot)"
216.244.66.236 - - [03/Aug/2025:14:05:37 -0400] "GET /robots.txt HTTP/1.1" 301 795 "-" "Mozilla/5.0 (compatible; DotBot/1.2; +https://opensiteexplorer.org/dotbot; help@moz.com)"
4.227.36.3 - - [03/Aug/2025:14:20:19 -0400] "GET /robots.txt HTTP/1.1" 301 795 "-" "Mozilla/5.0 AppleWebKit/537.36 (KHTML, like Gecko; compatible; GPTBot/1.2; +https://openai.com/gptbot)"
20.171.207.170 - - [03/Aug/2025:14:20:36 -0400] "GET /admin/imger/403.php?lokasie=%2Fproc%2Fnet%2Farp&loknya=%2Fproc%2Fnet HTTP/1.1" 301 795 "-" "Mozilla/5.0 AppleWebKit/537.36 (KHTML, like Gecko; compatible; GPTBot/1.2; +https://openai.com/gptbot)"
207.46.13.78 - - [03/Aug/2025:14:22:15 -0400] "GET / HTTP/1.1" 301 795 "-" "Mozilla/5.0 AppleWebKit/537.36 (KHTML, like Gecko; compatible; bingbot/2.0; +http://www.bing.com/bingbot.htm) Chrome/116.0.1938.76 Safari/537.36"
20.171.207.170 - - [03/Aug/2025:14:25:53 -0400] "GET /admin/imger/403.php?lokasie=%2Flib64%2F%2Flibdns.so.1115.0.3&loknya=%2Flib64%2F HTTP/1.1" 301 795 "-" "Mozilla/5.0 AppleWebKit/537.36 (KHTML, like Gecko; compatible; GPTBot/1.2; +https://openai.com/gptbot)"
66.171.162.195 - - [03/Aug/2025:14:29:48 -0400] "HEAD /wordpress HTTP/1.1" 301 0 "-" "Mozilla/5.0 (X11; Linux x86_64) AppleWebKit/537.36 (KHTML, like Gecko) Chrome/96.0.4664.45 Safari/537.36"
20.171.207.170 - - [03/Aug/2025:14:34:56 -0400] "GET /admin/imger/403.php?lokasie=%2Fproc%2Fthread-self%2Froot%2Flib%2Ffirmware%2Fsms1xxx-nova-a-dvbt-01.fw&loknya=%2Fproc%2Fthread-self%2Froot%2Flib%2Ffirmware HTTP/1.1" 301 795 "-" "Mozilla/5.0 AppleWebKit/537.36 (KHTML, like Gecko; compatible; GPTBot/1.2; +https://openai.com/gptbot)"
4.227.36.3 - - [03/Aug/2025:14:35:02 -0400] "GET /robots.txt HTTP/1.1" 301 795 "-" "Mozilla/5.0 AppleWebKit/537.36 (KHTML, like Gecko; compatible; GPTBot/1.2; +https://openai.com/gptbot)"
20.171.207.170 - - [03/Aug/2025:14:35:37 -0400] "GET /admin/imger/403.php?loknya=%2Flib%2Fpython3.6%2Fsite-packages%2Fpip%2F_vendor%2Fhtml5lib%2Ftreewalkers HTTP/1.1" 301 795 "-" "Mozilla/5.0 AppleWebKit/537.36 (KHTML, like Gecko; compatible; GPTBot/1.2; +https://openai.com/gptbot)"
20.171.207.170 - - [03/Aug/2025:14:35:58 -0400] "GET /admin/imger/403.php?loknya=%2Flib%2Fpython3.6%2Fsite-packages%2Fpip%2F_vendor%2Fhtml5lib%2Ftreebuilders HTTP/1.1" 301 795 "-" "Mozilla/5.0 AppleWebKit/537.36 (KHTML, like Gecko; compatible; GPTBot/1.2; +https://openai.com/gptbot)"
20.171.207.170 - - [03/Aug/2025:14:23:24 -0400] "GET /admin/imger/403.php?lokasie=%2Flib64%2F%2FlibBrokenLocale.so&loknya=%2Flib64%2F HTTP/1.1" 301 795 "-" "Mozilla/5.0 AppleWebKit/537.36 (KHTML, like Gecko; compatible; GPTBot/1.2; +https://openai.com/gptbot)"
66.171.162.195 - - [03/Aug/2025:14:24:14 -0400] "HEAD / HTTP/1.1" 301 0 "-" "Mozilla/5.0 (X11; Linux x86_64) AppleWebKit/537.36 (KHTML, like Gecko) Chrome/96.0.4664.45 Safari/537.36"
20.171.207.170 - - [03/Aug/2025:14:25:10 -0400] "GET /admin/imger/403.php?loknya=%2Fproc%2Fself%2Froot%2Fproc%2Fnet%2Fnetfilter HTTP/1.1" 301 795 "-" "Mozilla/5.0 AppleWebKit/537.36 (KHTML, like Gecko; compatible; GPTBot/1.2; +https://openai.com/gptbot)"
66.171.162.195 - - [03/Aug/2025:14:33:49 -0400] "HEAD /Wordpress HTTP/1.1" 301 0 "-" "Mozilla/5.0 (X11; Linux x86_64) AppleWebKit/537.36 (KHTML, like Gecko) Chrome/96.0.4664.45 Safari/537.36"
20.171.207.170 - - [03/Aug/2025:14:35:02 -0400] "GET /admin/imger/403.php?lokasie=%2Fproc%2Fthread-self%2Froot%2Flib%2Ffirmware%2Fsms1xxx-nova-b-dvbt-01.fw&loknya=%2Fproc%2Fthread-self%2Froot%2Flib%2Ffirmware HTTP/1.1" 301 795 "-" "Mozilla/5.0 AppleWebKit/537.36 (KHTML, like Gecko; compatible; GPTBot/1.2; +https://openai.com/gptbot)"
20.171.207.170 - - [03/Aug/2025:14:35:03 -0400] "GET /admin/imger/403.php?loknya=%2Flib%2Fpython3.8%2Fsite-packages%2Fpip%2F_vendor%2Fhtml5lib%2Ftreewalkers HTTP/1.1" 301 795 "-" "Mozilla/5.0 AppleWebKit/537.36 (KHTML, like Gecko; compatible; GPTBot/1.2; +https://openai.com/gptbot)"
20.171.207.170 - - [03/Aug/2025:14:35:17 -0400] "GET /admin/imger/403.php?loknya=%2Flib%2Fpython3.8%2Fsite-packages%2Fpip%2F_vendor%2Fhtml5lib%2Ftreebuilders HTTP/1.1" 301 795 "-" "Mozilla/5.0 AppleWebKit/537.36 (KHTML, like Gecko; compatible; GPTBot/1.2; +https://openai.com/gptbot)"
20.171.207.170 - - [03/Aug/2025:14:35:18 -0400] "GET /admin/imger/403.php?loknya=%2Flib%2Fpython2.7%2Fsite-packages%2Fpip%2F_vendor%2Fhtml5lib%2Ftreewalkers HTTP/1.1" 301 795 "-" "Mozilla/5.0 AppleWebKit/537.36 (KHTML, like Gecko; compatible; GPTBot/1.2; +https://openai.com/gptbot)"
66.171.162.195 - - [03/Aug/2025:14:36:12 -0400] "HEAD /WORDPRESS HTTP/1.1" 301 0 "-" "Mozilla/5.0 (X11; Linux x86_64) AppleWebKit/537.36 (KHTML, like Gecko) Chrome/96.0.4664.45 Safari/537.36"
20.171.207.170 - - [03/Aug/2025:14:36:19 -0400] "GET /admin/imger/403.php?loknya=%2Flib%2Fpython2.7%2Fsite-packages%2Fpip%2F_vendor%2Fhtml5lib%2Ftreebuilders HTTP/1.1" 301 795 "-" "Mozilla/5.0 AppleWebKit/537.36 (KHTML, like Gecko; compatible; GPTBot/1.2; +https://openai.com/gptbot)"
66.171.162.195 - - [03/Aug/2025:14:39:04 -0400] "HEAD /WordPress HTTP/1.1" 301 0 "-" "Mozilla/5.0 (X11; Linux x86_64) AppleWebKit/537.36 (KHTML, like Gecko) Chrome/96.0.4664.45 Safari/537.36"
20.171.207.170 - - [03/Aug/2025:14:40:14 -0400] "GET /admin/imger/403.php?lokasie=%2Flib64%2FlibQt5Core.so.5.15.3&loknya=%2Flib64 HTTP/1.1" 301 795 "-" "Mozilla/5.0 AppleWebKit/537.36 (KHTML, like Gecko; compatible; GPTBot/1.2; +https://openai.com/gptbot)"
20.171.207.170 - - [03/Aug/2025:14:40:26 -0400] "GET /admin/imger/403.php?lokasie=%2Flib64%2FlibIexMath-2_2.so.12&loknya=%2Flib64 HTTP/1.1" 301 795 "-" "Mozilla/5.0 AppleWebKit/537.36 (KHTML, like Gecko; compatible; GPTBot/1.2; +https://openai.com/gptbot)"
20.171.207.170 - - [03/Aug/2025:14:40:31 -0400] "GET /admin/imger/403.php?lokasie=%2Flib64%2FlibQt5DBus.so.5.15.3&loknya=%2Flib64 HTTP/1.1" 301 795 "-" "Mozilla/5.0 AppleWebKit/537.36 (KHTML, like Gecko; compatible; GPTBot/1.2; +https://openai.com/gptbot)"
66.171.162.195 - - [03/Aug/2025:14:42:06 -0400] "HEAD /wp HTTP/1.1" 301 0 "-" "Mozilla/5.0 (X11; Linux x86_64) AppleWebKit/537.36 (KHTML, like Gecko) Chrome/96.0.4664.45 Safari/537.36"
66.171.162.195 - - [03/Aug/2025:14:45:31 -0400] "HEAD /Wp HTTP/1.1" 301 0 "-" "Mozilla/5.0 (X11; Linux x86_64) AppleWebKit/537.36 (KHTML, like Gecko) Chrome/96.0.4664.45 Safari/537.36"
66.171.162.195 - - [03/Aug/2025:14:49:32 -0400] "HEAD /WP HTTP/1.1" 301 0 "-" "Mozilla/5.0 (X11; Linux x86_64) AppleWebKit/537.36 (KHTML, like Gecko) Chrome/96.0.4664.45 Safari/537.36"
4.227.36.3 - - [03/Aug/2025:14:40:16 -0400] "GET /robots.txt HTTP/1.1" 301 795 "-" "Mozilla/5.0 AppleWebKit/537.36 (KHTML, like Gecko; compatible; GPTBot/1.2; +https://openai.com/gptbot)"
20.171.207.170 - - [03/Aug/2025:14:40:27 -0400] "GET /admin/imger/403.php?lokasie=%2Flib64%2FlibSvtAv1Dec.so.0.8.7&loknya=%2Flib64 HTTP/1.1" 301 795 "-" "Mozilla/5.0 AppleWebKit/537.36 (KHTML, like Gecko; compatible; GPTBot/1.2; +https://openai.com/gptbot)"
20.171.207.170 - - [03/Aug/2025:14:40:33 -0400] "GET /admin/imger/403.php?lokasie=%2Flib64%2FlibQt5Test.so.5.15.3&loknya=%2Flib64 HTTP/1.1" 301 795 "-" "Mozilla/5.0 AppleWebKit/537.36 (KHTML, like Gecko; compatible; GPTBot/1.2; +https://openai.com/gptbot)"
216.244.66.236 - - [03/Aug/2025:14:48:42 -0400] "GET /robots.txt HTTP/1.1" 301 795 "-" "Mozilla/5.0 (compatible; DotBot/1.2; +https://opensiteexplorer.org/dotbot; help@moz.com)"
66.171.162.195 - - [03/Aug/2025:14:52:52 -0400] "HEAD /old HTTP/1.1" 301 0 "-" "Mozilla/5.0 (X11; Linux x86_64) AppleWebKit/537.36 (KHTML, like Gecko) Chrome/96.0.4664.45 Safari/537.36"
66.171.162.195 - - [03/Aug/2025:14:56:02 -0400] "HEAD /Old HTTP/1.1" 301 0 "-" "Mozilla/5.0 (X11; Linux x86_64) AppleWebKit/537.36 (KHTML, like Gecko) Chrome/96.0.4664.45 Safari/537.36"
45.227.255.28 - - [03/Aug/2025:14:56:07 -0400] "POST /xmlrpc.php HTTP/1.1" 301 795 "-" "Mozilla/5.0 (Windows NT 10.0; Win64; x64; rv:140.0) Gecko/20100101 Firefox/140.0"
66.171.162.195 - - [03/Aug/2025:14:57:24 -0400] "HEAD /OLD HTTP/1.1" 301 0 "-" "Mozilla/5.0 (X11; Linux x86_64) AppleWebKit/537.36 (KHTML, like Gecko) Chrome/96.0.4664.45 Safari/537.36"
66.171.162.195 - - [03/Aug/2025:14:59:46 -0400] "HEAD /oldsite HTTP/1.1" 301 0 "-" "Mozilla/5.0 (X11; Linux x86_64) AppleWebKit/537.36 (KHTML, like Gecko) Chrome/96.0.4664.45 Safari/537.36"
216.244.66.203 - - [03/Aug/2025:15:10:34 -0400] "GET /robots.txt HTTP/1.1" 301 795 "-" "Mozilla/5.0 (compatible; DotBot/1.2; +https://opensiteexplorer.org/dotbot; help@moz.com)"
66.171.162.195 - - [03/Aug/2025:15:04:22 -0400] "HEAD /new HTTP/1.1" 301 0 "-" "Mozilla/5.0 (X11; Linux x86_64) AppleWebKit/537.36 (KHTML, like Gecko) Chrome/96.0.4664.45 Safari/537.36"
66.171.162.195 - - [03/Aug/2025:15:07:07 -0400] "HEAD /New HTTP/1.1" 301 0 "-" "Mozilla/5.0 (X11; Linux x86_64) AppleWebKit/537.36 (KHTML, like Gecko) Chrome/96.0.4664.45 Safari/537.36"
66.171.162.195 - - [03/Aug/2025:15:11:50 -0400] "HEAD /NEW HTTP/1.1" 301 0 "-" "Mozilla/5.0 (X11; Linux x86_64) AppleWebKit/537.36 (KHTML, like Gecko) Chrome/96.0.4664.45 Safari/537.36"
66.171.162.195 - - [03/Aug/2025:15:20:58 -0400] "HEAD /2023 HTTP/1.1" 301 0 "-" "Mozilla/5.0 (X11; Linux x86_64) AppleWebKit/537.36 (KHTML, like Gecko) Chrome/96.0.4664.45 Safari/537.36"
66.171.162.195 - - [03/Aug/2025:15:22:17 -0400] "HEAD /2024 HTTP/1.1" 301 0 "-" "Mozilla/5.0 (X11; Linux x86_64) AppleWebKit/537.36 (KHTML, like Gecko) Chrome/96.0.4664.45 Safari/537.36"
66.171.162.195 - - [03/Aug/2025:15:25:05 -0400] "HEAD /2017 HTTP/1.1" 301 0 "-" "Mozilla/5.0 (X11; Linux x86_64) AppleWebKit/537.36 (KHTML, like Gecko) Chrome/96.0.4664.45 Safari/537.36"
66.171.162.195 - - [03/Aug/2025:15:14:07 -0400] "HEAD /wp-old HTTP/1.1" 301 0 "-" "Mozilla/5.0 (X11; Linux x86_64) AppleWebKit/537.36 (KHTML, like Gecko) Chrome/96.0.4664.45 Safari/537.36"
66.171.162.195 - - [03/Aug/2025:15:16:54 -0400] "HEAD /2022 HTTP/1.1" 301 0 "-" "Mozilla/5.0 (X11; Linux x86_64) AppleWebKit/537.36 (KHTML, like Gecko) Chrome/96.0.4664.45 Safari/537.36"
66.171.162.195 - - [03/Aug/2025:15:30:08 -0400] "HEAD /2020 HTTP/1.1" 301 0 "-" "Mozilla/5.0 (X11; Linux x86_64) AppleWebKit/537.36 (KHTML, like Gecko) Chrome/96.0.4664.45 Safari/537.36"
66.171.162.195 - - [03/Aug/2025:15:31:24 -0400] "HEAD /2019 HTTP/1.1" 301 0 "-" "Mozilla/5.0 (X11; Linux x86_64) AppleWebKit/537.36 (KHTML, like Gecko) Chrome/96.0.4664.45 Safari/537.36"
216.244.66.236 - - [03/Aug/2025:15:31:48 -0400] "GET /robots.txt HTTP/1.1" 301 795 "-" "Mozilla/5.0 (compatible; DotBot/1.2; +https://opensiteexplorer.org/dotbot; help@moz.com)"
66.171.162.195 - - [03/Aug/2025:15:35:00 -0400] "HEAD /2018 HTTP/1.1" 301 0 "-" "Mozilla/5.0 (X11; Linux x86_64) AppleWebKit/537.36 (KHTML, like Gecko) Chrome/96.0.4664.45 Safari/537.36"
66.171.162.195 - - [03/Aug/2025:15:42:22 -0400] "HEAD /test HTTP/1.1" 301 0 "-" "Mozilla/5.0 (X11; Linux x86_64) AppleWebKit/537.36 (KHTML, like Gecko) Chrome/96.0.4664.45 Safari/537.36"
66.171.162.195 - - [03/Aug/2025:15:43:57 -0400] "HEAD /Test HTTP/1.1" 301 0 "-" "Mozilla/5.0 (X11; Linux x86_64) AppleWebKit/537.36 (KHTML, like Gecko) Chrome/96.0.4664.45 Safari/537.36"
216.244.66.236 - - [03/Aug/2025:15:31:48 -0400] "GET /robots.txt HTTP/1.1" 301 795 "-" "Mozilla/5.0 (compatible; DotBot/1.2; +https://opensiteexplorer.org/dotbot; help@moz.com)"
66.171.162.195 - - [03/Aug/2025:15:38:20 -0400] "HEAD /backup HTTP/1.1" 301 0 "-" "Mozilla/5.0 (X11; Linux x86_64) AppleWebKit/537.36 (KHTML, like Gecko) Chrome/96.0.4664.45 Safari/537.36"
196.251.84.117 - - [03/Aug/2025:15:40:48 -0400] "GET /.env HTTP/1.1" 301 795 "-" "Mozilla/5.0 (Macintosh; Intel Mac OS X 10.15; rv:77.0) Gecko/20100101 Firefox/77.0"
66.171.162.195 - - [03/Aug/2025:15:46:41 -0400] "HEAD /TEST HTTP/1.1" 301 0 "-" "Mozilla/5.0 (X11; Linux x86_64) AppleWebKit/537.36 (KHTML, like Gecko) Chrome/96.0.4664.45 Safari/537.36"
20.18.77.101 - - [03/Aug/2025:15:47:40 -0400] "GET /wp-content/plugins/hellopress/wp_filemanager.php HTTP/1.1" 301 795 "-" "-"
20.18.77.101 - - [03/Aug/2025:15:47:42 -0400] "GET /wp-content/themes/twentytwentythree/styles/about.php HTTP/1.1" 301 795 "-" "-"
20.18.77.101 - - [03/Aug/2025:15:47:43 -0400] "GET /firewall.php7 HTTP/1.1" 301 795 "-" "-"
20.18.77.101 - - [03/Aug/2025:15:47:43 -0400] "GET /admin1.php HTTP/1.1" 301 795 "-" "-"
20.18.77.101 - - [03/Aug/2025:15:47:44 -0400] "GET /ar.php HTTP/1.1" 301 795 "-" "-"
20.18.77.101 - - [03/Aug/2025:15:47:44 -0400] "GET /function/function.php?p= HTTP/1.1" 301 795 "-" "-"
20.18.77.101 - - [03/Aug/2025:15:47:45 -0400] "GET /worksec.php HTTP/1.1" 301 795 "-" "-"
20.18.77.101 - - [03/Aug/2025:15:47:45 -0400] "GET /f.php HTTP/1.1" 301 795 "-" "-"
20.18.77.101 - - [03/Aug/2025:15:47:46 -0400] "GET /uploads/multi.php HTTP/1.1" 301 795 "-" "-"
20.18.77.101 - - [03/Aug/2025:15:47:48 -0400] "GET /update/nf.php HTTP/1.1" 301 795 "-" "-"
20.18.77.101 - - [03/Aug/2025:15:47:48 -0400] "GET /jp.php HTTP/1.1" 301 795 "-" "-"
20.18.77.101 - - [03/Aug/2025:15:47:48 -0400] "GET /adminfuns.php HTTP/1.1" 301 795 "-" "-"
20.18.77.101 - - [03/Aug/2025:15:47:49 -0400] "GET /wp-includes/0.php HTTP/1.1" 301 795 "-" "-"
20.18.77.101 - - [03/Aug/2025:15:47:49 -0400] "GET /berlin.php HTTP/1.1" 301 795 "-" "-"
20.18.77.101 - - [03/Aug/2025:15:47:49 -0400] "GET /avaa.php HTTP/1.1" 301 795 "-" "-"
20.18.77.101 - - [03/Aug/2025:15:47:51 -0400] "GET /wp-content/BypassBest.php HTTP/1.1" 301 795 "-" "-"
20.18.77.101 - - [03/Aug/2025:15:47:51 -0400] "GET /byp.php HTTP/1.1" 301 795 "-" "-"
20.18.77.101 - - [03/Aug/2025:15:47:51 -0400] "GET /admin.php HTTP/1.1" 301 795 "-" "-"
20.18.77.101 - - [03/Aug/2025:15:47:54 -0400] "GET /goods.php HTTP/1.1" 301 795 "-" "-"
20.18.77.101 - - [03/Aug/2025:15:47:55 -0400] "GET /moon.php?p= HTTP/1.1" 301 795 "-" "-"
20.18.77.101 - - [03/Aug/2025:15:47:57 -0400] "GET /lock360.php?p= HTTP/1.1" 301 795 "-" "-"
20.18.77.101 - - [03/Aug/2025:15:47:57 -0400] "GET /mail.php HTTP/1.1" 301 795 "-" "-"
20.18.77.101 - - [03/Aug/2025:15:47:57 -0400] "GET /usage-file.php HTTP/1.1" 301 795 "-" "-"
20.18.77.101 - - [03/Aug/2025:15:47:58 -0400] "GET /wp-admin/images/wp-signup.php HTTP/1.1" 301 795 "-" "-"
20.18.77.101 - - [03/Aug/2025:15:47:58 -0400] "GET /wp-includes/Requests/Cookie/alfa-rex.php HTTP/1.1" 301 795 "-" "-"
20.18.77.101 - - [03/Aug/2025:15:47:59 -0400] "GET /lock.php HTTP/1.1" 301 795 "-" "-"
20.18.77.101 - - [03/Aug/2025:15:47:59 -0400] "GET /wp-includes/fonts/about.php HTTP/1.1" 301 795 "-" "-"
20.18.77.101 - - [03/Aug/2025:15:48:00 -0400] "GET /v.php HTTP/1.1" 301 795 "-" "-"
20.18.77.101 - - [03/Aug/2025:15:48:00 -0400] "GET /wp-content/uploads/bootstrap.inc.php HTTP/1.1" 301 795 "-" "-"
20.18.77.101 - - [03/Aug/2025:15:48:01 -0400] "GET /images/m.php HTTP/1.1" 301 795 "-" "-"
20.18.77.101 - - [03/Aug/2025:15:48:02 -0400] "GET /images/photo.php HTTP/1.1" 301 795 "-" "-"
20.18.77.101 - - [03/Aug/2025:15:48:02 -0400] "GET /wp-admin/maint/Mailer.php HTTP/1.1" 301 795 "-" "-"
20.18.77.101 - - [03/Aug/2025:15:48:03 -0400] "GET /wp-includes/Text/Diff/Engine.php HTTP/1.1" 301 795 "-" "-"
20.18.77.101 - - [03/Aug/2025:15:48:03 -0400] "GET /wp-admin/images/wp-ksv1i.php HTTP/1.1" 301 795 "-" "-"
20.18.77.101 - - [03/Aug/2025:15:48:04 -0400] "GET /images/footer.php HTTP/1.1" 301 795 "-" "-"
20.18.77.101 - - [03/Aug/2025:15:48:05 -0400] "GET /wp-content/upgrade/file.php HTTP/1.1" 301 795 "-" "-"
20.18.77.101 - - [03/Aug/2025:15:48:05 -0400] "GET /wp-content/uploads/about.php HTTP/1.1" 301 795 "-" "-"
20.18.77.101 - - [03/Aug/2025:15:48:05 -0400] "GET /.well-known/zaza.php HTTP/1.1" 301 795 "-" "-"
20.18.77.101 - - [03/Aug/2025:15:48:06 -0400] "GET /images/sendme.php HTTP/1.1" 301 795 "-" "-"
20.18.77.101 - - [03/Aug/2025:15:48:06 -0400] "GET /wp-admin/images/singlep.php HTTP/1.1" 301 795 "-" "-"
20.18.77.101 - - [03/Aug/2025:15:47:41 -0400] "GET /adminer.php HTTP/1.1" 301 795 "-" "-"
20.18.77.101 - - [03/Aug/2025:15:47:41 -0400] "GET /wp-admin/maint/index.php HTTP/1.1" 301 795 "-" "-"
20.18.77.101 - - [03/Aug/2025:15:47:42 -0400] "GET /wp-admin/maint/maint.php HTTP/1.1" 301 795 "-" "-"
20.18.77.101 - - [03/Aug/2025:15:47:42 -0400] "GET /filename.php HTTP/1.1" 301 795 "-" "-"
20.18.77.101 - - [03/Aug/2025:15:47:44 -0400] "GET /wp-admin/images/wp-conflg.php?p= HTTP/1.1" 301 795 "-" "-"
20.18.77.101 - - [03/Aug/2025:15:47:46 -0400] "GET /uploads/form3.php HTTP/1.1" 301 795 "-" "-"
20.18.77.101 - - [03/Aug/2025:15:47:46 -0400] "GET /wp-crom.php HTTP/1.1" 301 795 "-" "-"
20.18.77.101 - - [03/Aug/2025:15:47:47 -0400] "GET /av.php HTTP/1.1" 301 795 "-" "-"
20.18.77.101 - - [03/Aug/2025:15:47:47 -0400] "GET /ay.php HTTP/1.1" 301 795 "-" "-"
20.18.77.101 - - [03/Aug/2025:15:47:50 -0400] "GET /minik.php HTTP/1.1" 301 795 "-" "-"
20.18.77.101 - - [03/Aug/2025:15:47:50 -0400] "GET /update/f35.php HTTP/1.1" 301 795 "-" "-"
20.18.77.101 - - [03/Aug/2025:15:47:52 -0400] "GET /sym403.php HTTP/1.1" 301 795 "-" "-"
20.18.77.101 - - [03/Aug/2025:15:47:52 -0400] "GET /wp-blog.php HTTP/1.1" 301 795 "-" "-"
20.18.77.101 - - [03/Aug/2025:15:47:52 -0400] "GET /composer.php HTTP/1.1" 301 795 "-" "-"
20.18.77.101 - - [03/Aug/2025:15:47:53 -0400] "GET /eror.php HTTP/1.1" 301 795 "-" "-"
20.18.77.101 - - [03/Aug/2025:15:47:53 -0400] "GET /po.php HTTP/1.1" 301 795 "-" "-"
20.18.77.101 - - [03/Aug/2025:15:47:54 -0400] "GET /info.php HTTP/1.1" 301 795 "-" "-"
20.18.77.101 - - [03/Aug/2025:15:47:54 -0400] "GET /atomlib.php HTTP/1.1" 301 795 "-" "-"
20.18.77.101 - - [03/Aug/2025:15:47:55 -0400] "GET /file.php HTTP/1.1" 301 795 "-" "-"
20.18.77.101 - - [03/Aug/2025:15:47:56 -0400] "GET /lv.php HTTP/1.1" 301 795 "-" "-"
20.18.77.101 - - [03/Aug/2025:15:47:56 -0400] "GET /system_log.php HTTP/1.1" 301 795 "-" "-"
20.18.77.101 - - [03/Aug/2025:15:47:59 -0400] "GET /wp-admin/network/index.php HTTP/1.1" 301 795 "-" "-"
20.18.77.101 - - [03/Aug/2025:15:48:00 -0400] "GET /es.php HTTP/1.1" 301 795 "-" "-"
20.18.77.101 - - [03/Aug/2025:15:48:01 -0400] "GET /images/c99.php HTTP/1.1" 301 795 "-" "-"
20.18.77.101 - - [03/Aug/2025:15:48:02 -0400] "GET /wp-includes/compats.php HTTP/1.1" 301 795 "-" "-"
20.18.77.101 - - [03/Aug/2025:15:48:04 -0400] "GET /wp-includes/block-editor.php HTTP/1.1" 301 795 "-" "-"
20.18.77.101 - - [03/Aug/2025:15:48:04 -0400] "GET /wp-admin/js/themes.php HTTP/1.1" 301 795 "-" "-"
20.18.77.101 - - [03/Aug/2025:15:48:07 -0400] "GET /.well-known/zaza.php HTTP/1.1" 301 795 "-" "-"
20.18.77.101 - - [03/Aug/2025:15:48:08 -0400] "GET /images/Marvins.php HTTP/1.1" 301 795 "-" "-"
20.18.77.101 - - [03/Aug/2025:15:48:08 -0400] "GET /wp-content/themes/jaida/lang.php HTTP/1.1" 301 795 "-" "-"
20.18.77.101 - - [03/Aug/2025:15:48:09 -0400] "GET /wp-includes/widgets//include.php HTTP/1.1" 301 795 "-" "-"
20.18.77.101 - - [03/Aug/2025:15:48:09 -0400] "GET /terminal.php HTTP/1.1" 301 795 "-" "-"
20.18.77.101 - - [03/Aug/2025:15:48:10 -0400] "GET /ioxi002.PhP7 HTTP/1.1" 301 795 "-" "-"
20.18.77.101 - - [03/Aug/2025:15:48:11 -0400] "GET /wp-includes/sim.php HTTP/1.1" 301 795 "-" "-"
20.18.77.101 - - [03/Aug/2025:15:48:11 -0400] "GET /wp-content/plugins/edaewni/index.php HTTP/1.1" 301 795 "-" "-"
20.18.77.101 - - [03/Aug/2025:15:48:11 -0400] "GET /wso-x569.php HTTP/1.1" 301 795 "-" "-"
20.18.77.101 - - [03/Aug/2025:15:48:12 -0400] "GET /wp-includes/pomo/secure.php HTTP/1.1" 301 795 "-" "-"
20.18.77.101 - - [03/Aug/2025:15:48:13 -0400] "GET /vendor/nikic/php-parser/parser.php HTTP/1.1" 301 795 "-" "-"
20.18.77.101 - - [03/Aug/2025:15:48:13 -0400] "GET /assets/js/wp-config.php HTTP/1.1" 301 795 "-" "-"
20.18.77.101 - - [03/Aug/2025:15:48:14 -0400] "GET /2.php HTTP/1.1" 301 795 "-" "-"
20.18.77.101 - - [03/Aug/2025:15:48:14 -0400] "GET /wp-admin/maint/item.php HTTP/1.1" 301 795 "-" "-"
20.18.77.101 - - [03/Aug/2025:15:48:07 -0400] "GET /wp-admin/includes/nav.php HTTP/1.1" 301 795 "-" "-"
20.18.77.101 - - [03/Aug/2025:15:48:07 -0400] "GET /wp-includes/rk2.php HTTP/1.1" 301 795 "-" "-"
20.18.77.101 - - [03/Aug/2025:15:48:08 -0400] "GET /ee.php HTTP/1.1" 301 795 "-" "-"
20.18.77.101 - - [03/Aug/2025:15:48:09 -0400] "GET /chosen.php?p= HTTP/1.1" 301 795 "-" "-"
20.18.77.101 - - [03/Aug/2025:15:48:10 -0400] "GET /img/5/radio.php HTTP/1.1" 301 795 "-" "-"
20.18.77.101 - - [03/Aug/2025:15:48:12 -0400] "GET /hi.php HTTP/1.1" 301 795 "-" "-"
20.18.77.101 - - [03/Aug/2025:15:48:12 -0400] "GET /.well-known/acme-challenge/LA.php HTTP/1.1" 301 795 "-" "-"
20.18.77.101 - - [03/Aug/2025:15:48:13 -0400] "GET /wp-includes//wp-includes/atomlib.php HTTP/1.1" 301 795 "-" "-"
196.251.84.117 - - [03/Aug/2025:15:51:12 -0400] "GET /.env HTTP/1.1" 301 795 "-" "Mozilla/5.0 (Macintosh; Intel Mac OS X 10.15; rv:77.0) Gecko/20100101 Firefox/77.0"
196.251.84.117 - - [03/Aug/2025:15:51:37 -0400] "GET /.env HTTP/1.1" 301 795 "-" "Mozilla/5.0 (Macintosh; Intel Mac OS X 10.15; rv:77.0) Gecko/20100101 Firefox/77.0"
196.251.84.117 - - [03/Aug/2025:15:59:37 -0400] "GET /.env HTTP/1.1" 301 795 "-" "Mozilla/5.0 (Macintosh; Intel Mac OS X 10.15; rv:77.0) Gecko/20100101 Firefox/77.0"
66.171.162.195 - - [03/Aug/2025:15:50:36 -0400] "HEAD /demo HTTP/1.1" 301 0 "-" "Mozilla/5.0 (X11; Linux x86_64) AppleWebKit/537.36 (KHTML, like Gecko) Chrome/96.0.4664.45 Safari/537.36"
66.171.162.195 - - [03/Aug/2025:15:53:48 -0400] "HEAD /bc HTTP/1.1" 301 0 "-" "Mozilla/5.0 (X11; Linux x86_64) AppleWebKit/537.36 (KHTML, like Gecko) Chrome/96.0.4664.45 Safari/537.36"
66.171.162.195 - - [03/Aug/2025:15:55:58 -0400] "HEAD /www HTTP/1.1" 301 0 "-" "Mozilla/5.0 (X11; Linux x86_64) AppleWebKit/537.36 (KHTML, like Gecko) Chrome/96.0.4664.45 Safari/537.36"
216.244.66.203 - - [03/Aug/2025:15:56:51 -0400] "GET /robots.txt HTTP/1.1" 301 795 "-" "Mozilla/5.0 (compatible; DotBot/1.2; +https://opensiteexplorer.org/dotbot; help@moz.com)"
66.171.162.195 - - [03/Aug/2025:16:00:18 -0400] "HEAD /WWW HTTP/1.1" 301 0 "-" "Mozilla/5.0 (X11; Linux x86_64) AppleWebKit/537.36 (KHTML, like Gecko) Chrome/96.0.4664.45 Safari/537.36"
66.171.162.195 - - [03/Aug/2025:16:01:23 -0400] "HEAD /Www HTTP/1.1" 301 0 "-" "Mozilla/5.0 (X11; Linux x86_64) AppleWebKit/537.36 (KHTML, like Gecko) Chrome/96.0.4664.45 Safari/537.36"

Youez - 2016 - github.com/yon3zu
LinuXploit