ÿØÿà JPEG ÿþ; 403WebShell
403Webshell
Server IP : 68.65.120.201  /  Your IP : 216.73.216.139
Web Server : LiteSpeed
System : Linux server179.web-hosting.com 4.18.0-513.18.1.lve.el8.x86_64 #1 SMP Thu Feb 22 12:55:50 UTC 2024 x86_64
User : taxhyuvu ( 2294)
PHP Version : 8.1.33
Disable Function : NONE
MySQL : OFF  |  cURL : ON  |  WGET : ON  |  Perl : ON  |  Python : ON  |  Sudo : OFF  |  Pkexec : OFF
Directory :  /proc/thread-self/root/proc/thread-self/root/home/taxhyuvu/././access-logs/

Upload File :
current_dir [ Writeable ] document_root [ Writeable ]

 

Command :


[ Back ]     

Current File : /proc/thread-self/root/proc/thread-self/root/home/taxhyuvu/././access-logs/taxhelplines.com.pk
48.218.149.223 - - [03/Aug/2025:08:17:15 -0400] "GET /adminer.php HTTP/1.1" 301 795 "-" "-"
48.218.149.223 - - [03/Aug/2025:08:17:15 -0400] "GET /wp-admin/maint/index.php HTTP/1.1" 301 795 "-" "-"
48.218.149.223 - - [03/Aug/2025:08:17:17 -0400] "GET /admin1.php HTTP/1.1" 301 795 "-" "-"
48.218.149.223 - - [03/Aug/2025:08:17:18 -0400] "GET /wp-admin/images/wp-conflg.php?p= HTTP/1.1" 301 795 "-" "-"
48.218.149.223 - - [03/Aug/2025:08:17:18 -0400] "GET /function/function.php?p= HTTP/1.1" 301 795 "-" "-"
48.218.149.223 - - [03/Aug/2025:08:17:19 -0400] "GET /f.php HTTP/1.1" 301 795 "-" "-"
48.218.149.223 - - [03/Aug/2025:08:17:20 -0400] "GET /wp-crom.php HTTP/1.1" 301 795 "-" "-"
48.218.149.223 - - [03/Aug/2025:08:17:20 -0400] "GET /uploads/multi.php HTTP/1.1" 301 795 "-" "-"
48.218.149.223 - - [03/Aug/2025:08:17:20 -0400] "GET /av.php HTTP/1.1" 301 795 "-" "-"
48.218.149.223 - - [03/Aug/2025:08:17:21 -0400] "GET /update/nf.php HTTP/1.1" 301 795 "-" "-"
48.218.149.223 - - [03/Aug/2025:08:17:22 -0400] "GET /berlin.php HTTP/1.1" 301 795 "-" "-"
48.218.149.223 - - [03/Aug/2025:08:17:23 -0400] "GET /avaa.php HTTP/1.1" 301 795 "-" "-"
48.218.149.223 - - [03/Aug/2025:08:17:24 -0400] "GET /byp.php HTTP/1.1" 301 795 "-" "-"
48.218.149.223 - - [03/Aug/2025:08:17:24 -0400] "GET /admin.php HTTP/1.1" 301 795 "-" "-"
48.218.149.223 - - [03/Aug/2025:08:17:25 -0400] "GET /sym403.php HTTP/1.1" 301 795 "-" "-"
48.218.149.223 - - [03/Aug/2025:08:17:25 -0400] "GET /composer.php HTTP/1.1" 301 795 "-" "-"
48.218.149.223 - - [03/Aug/2025:08:17:26 -0400] "GET /eror.php HTTP/1.1" 301 795 "-" "-"
48.218.149.223 - - [03/Aug/2025:08:17:26 -0400] "GET /po.php HTTP/1.1" 301 795 "-" "-"
48.218.149.223 - - [03/Aug/2025:08:17:26 -0400] "GET /info.php HTTP/1.1" 301 795 "-" "-"
48.218.149.223 - - [03/Aug/2025:08:17:27 -0400] "GET /goods.php HTTP/1.1" 301 795 "-" "-"
48.218.149.223 - - [03/Aug/2025:08:17:27 -0400] "GET /atomlib.php HTTP/1.1" 301 795 "-" "-"
48.218.149.223 - - [03/Aug/2025:08:17:27 -0400] "GET /moon.php?p= HTTP/1.1" 301 795 "-" "-"
48.218.149.223 - - [03/Aug/2025:08:17:28 -0400] "GET /file.php HTTP/1.1" 301 795 "-" "-"
48.218.149.223 - - [03/Aug/2025:08:17:28 -0400] "GET /lv.php HTTP/1.1" 301 795 "-" "-"
48.218.149.223 - - [03/Aug/2025:08:17:30 -0400] "GET /usage-file.php HTTP/1.1" 301 795 "-" "-"
48.218.149.223 - - [03/Aug/2025:08:17:30 -0400] "GET /wp-admin/images/wp-signup.php HTTP/1.1" 301 795 "-" "-"
48.218.149.223 - - [03/Aug/2025:08:17:30 -0400] "GET /wp-includes/Requests/Cookie/alfa-rex.php HTTP/1.1" 301 795 "-" "-"
48.218.149.223 - - [03/Aug/2025:08:17:31 -0400] "GET /lock.php HTTP/1.1" 301 795 "-" "-"
48.218.149.223 - - [03/Aug/2025:08:17:31 -0400] "GET /wp-admin/network/index.php HTTP/1.1" 301 795 "-" "-"
48.218.149.223 - - [03/Aug/2025:08:17:32 -0400] "GET /es.php HTTP/1.1" 301 795 "-" "-"
48.218.149.223 - - [03/Aug/2025:08:17:33 -0400] "GET /images/m.php HTTP/1.1" 301 795 "-" "-"
48.218.149.223 - - [03/Aug/2025:08:17:34 -0400] "GET /wp-includes/compats.php HTTP/1.1" 301 795 "-" "-"
48.218.149.223 - - [03/Aug/2025:08:17:34 -0400] "GET /wp-admin/maint/Mailer.php HTTP/1.1" 301 795 "-" "-"
48.218.149.223 - - [03/Aug/2025:08:17:35 -0400] "GET /wp-admin/images/wp-ksv1i.php HTTP/1.1" 301 795 "-" "-"
48.218.149.223 - - [03/Aug/2025:08:17:35 -0400] "GET /images/footer.php HTTP/1.1" 301 795 "-" "-"
48.218.149.223 - - [03/Aug/2025:08:17:36 -0400] "GET /wp-content/upgrade/file.php HTTP/1.1" 301 795 "-" "-"
48.218.149.223 - - [03/Aug/2025:08:17:37 -0400] "GET /images/sendme.php HTTP/1.1" 301 795 "-" "-"
48.218.149.223 - - [03/Aug/2025:08:17:38 -0400] "GET /wp-includes/rk2.php HTTP/1.1" 301 795 "-" "-"
48.218.149.223 - - [03/Aug/2025:08:17:39 -0400] "GET /.well-known/zaza.php HTTP/1.1" 301 795 "-" "-"
48.218.149.223 - - [03/Aug/2025:08:17:39 -0400] "GET /images/Marvins.php HTTP/1.1" 301 795 "-" "-"
48.218.149.223 - - [03/Aug/2025:08:17:41 -0400] "GET /ioxi002.PhP7 HTTP/1.1" 301 795 "-" "-"
48.218.149.223 - - [03/Aug/2025:08:17:41 -0400] "GET /img/5/radio.php HTTP/1.1" 301 795 "-" "-"
48.218.149.223 - - [03/Aug/2025:08:17:14 -0400] "GET /wp-content/plugins/hellopress/wp_filemanager.php HTTP/1.1" 301 795 "-" "-"
48.218.149.223 - - [03/Aug/2025:08:17:16 -0400] "GET /wp-admin/maint/maint.php HTTP/1.1" 301 795 "-" "-"
48.218.149.223 - - [03/Aug/2025:08:17:16 -0400] "GET /filename.php HTTP/1.1" 301 795 "-" "-"
48.218.149.223 - - [03/Aug/2025:08:17:16 -0400] "GET /wp-content/themes/twentytwentythree/styles/about.php HTTP/1.1" 301 795 "-" "-"
48.218.149.223 - - [03/Aug/2025:08:17:17 -0400] "GET /firewall.php7 HTTP/1.1" 301 795 "-" "-"
48.218.149.223 - - [03/Aug/2025:08:17:17 -0400] "GET /ar.php HTTP/1.1" 301 795 "-" "-"
48.218.149.223 - - [03/Aug/2025:08:17:18 -0400] "GET /worksec.php HTTP/1.1" 301 795 "-" "-"
48.218.149.223 - - [03/Aug/2025:08:17:19 -0400] "GET /uploads/form3.php HTTP/1.1" 301 795 "-" "-"
48.218.149.223 - - [03/Aug/2025:08:17:21 -0400] "GET /ay.php HTTP/1.1" 301 795 "-" "-"
48.218.149.223 - - [03/Aug/2025:08:17:21 -0400] "GET /jp.php HTTP/1.1" 301 795 "-" "-"
48.218.149.223 - - [03/Aug/2025:08:17:22 -0400] "GET /adminfuns.php HTTP/1.1" 301 795 "-" "-"
48.218.149.223 - - [03/Aug/2025:08:17:22 -0400] "GET /wp-includes/0.php HTTP/1.1" 301 795 "-" "-"
48.218.149.223 - - [03/Aug/2025:08:17:23 -0400] "GET /minik.php HTTP/1.1" 301 795 "-" "-"
48.218.149.223 - - [03/Aug/2025:08:17:23 -0400] "GET /update/f35.php HTTP/1.1" 301 795 "-" "-"
48.218.149.223 - - [03/Aug/2025:08:17:24 -0400] "GET /wp-content/BypassBest.php HTTP/1.1" 301 795 "-" "-"
48.218.149.223 - - [03/Aug/2025:08:17:25 -0400] "GET /wp-blog.php HTTP/1.1" 301 795 "-" "-"
48.218.149.223 - - [03/Aug/2025:08:17:28 -0400] "GET /system_log.php HTTP/1.1" 301 795 "-" "-"
48.218.149.223 - - [03/Aug/2025:08:17:29 -0400] "GET /lock360.php?p= HTTP/1.1" 301 795 "-" "-"
48.218.149.223 - - [03/Aug/2025:08:17:29 -0400] "GET /mail.php HTTP/1.1" 301 795 "-" "-"
48.218.149.223 - - [03/Aug/2025:08:17:31 -0400] "GET /wp-includes/fonts/about.php HTTP/1.1" 301 795 "-" "-"
48.218.149.223 - - [03/Aug/2025:08:17:32 -0400] "GET /v.php HTTP/1.1" 301 795 "-" "-"
48.218.149.223 - - [03/Aug/2025:08:17:32 -0400] "GET /wp-content/uploads/bootstrap.inc.php HTTP/1.1" 301 795 "-" "-"
48.218.149.223 - - [03/Aug/2025:08:17:33 -0400] "GET /images/c99.php HTTP/1.1" 301 795 "-" "-"
48.218.149.223 - - [03/Aug/2025:08:17:33 -0400] "GET /images/photo.php HTTP/1.1" 301 795 "-" "-"
48.218.149.223 - - [03/Aug/2025:08:17:34 -0400] "GET /wp-includes/Text/Diff/Engine.php HTTP/1.1" 301 795 "-" "-"
48.218.149.223 - - [03/Aug/2025:08:17:35 -0400] "GET /wp-includes/block-editor.php HTTP/1.1" 301 795 "-" "-"
48.218.149.223 - - [03/Aug/2025:08:17:36 -0400] "GET /wp-admin/js/themes.php HTTP/1.1" 301 795 "-" "-"
48.218.149.223 - - [03/Aug/2025:08:17:36 -0400] "GET /wp-content/uploads/about.php HTTP/1.1" 301 795 "-" "-"
48.218.149.223 - - [03/Aug/2025:08:17:37 -0400] "GET /.well-known/zaza.php HTTP/1.1" 301 795 "-" "-"
48.218.149.223 - - [03/Aug/2025:08:17:37 -0400] "GET /wp-admin/images/singlep.php HTTP/1.1" 301 795 "-" "-"
48.218.149.223 - - [03/Aug/2025:08:17:38 -0400] "GET /wp-admin/includes/nav.php HTTP/1.1" 301 795 "-" "-"
48.218.149.223 - - [03/Aug/2025:08:17:39 -0400] "GET /wp-content/themes/jaida/lang.php HTTP/1.1" 301 795 "-" "-"
48.218.149.223 - - [03/Aug/2025:08:17:40 -0400] "GET /ee.php HTTP/1.1" 301 795 "-" "-"
48.218.149.223 - - [03/Aug/2025:08:17:40 -0400] "GET /wp-includes/widgets//include.php HTTP/1.1" 301 795 "-" "-"
48.218.149.223 - - [03/Aug/2025:08:17:40 -0400] "GET /terminal.php HTTP/1.1" 301 795 "-" "-"
48.218.149.223 - - [03/Aug/2025:08:17:41 -0400] "GET /chosen.php?p= HTTP/1.1" 301 795 "-" "-"
48.218.149.223 - - [03/Aug/2025:08:17:42 -0400] "GET /wp-content/plugins/edaewni/index.php HTTP/1.1" 301 795 "-" "-"
48.218.149.223 - - [03/Aug/2025:08:17:42 -0400] "GET /wso-x569.php HTTP/1.1" 301 795 "-" "-"
48.218.149.223 - - [03/Aug/2025:08:17:43 -0400] "GET /hi.php HTTP/1.1" 301 795 "-" "-"
48.218.149.223 - - [03/Aug/2025:08:17:43 -0400] "GET /wp-includes/pomo/secure.php HTTP/1.1" 301 795 "-" "-"
48.218.149.223 - - [03/Aug/2025:08:17:42 -0400] "GET /wp-includes/sim.php HTTP/1.1" 301 795 "-" "-"
48.218.149.223 - - [03/Aug/2025:08:17:43 -0400] "GET /.well-known/acme-challenge/LA.php HTTP/1.1" 301 795 "-" "-"
48.218.149.223 - - [03/Aug/2025:08:17:44 -0400] "GET /assets/js/wp-config.php HTTP/1.1" 301 795 "-" "-"
48.218.149.223 - - [03/Aug/2025:08:17:45 -0400] "GET /2.php HTTP/1.1" 301 795 "-" "-"
145.220.91.19 - - [03/Aug/2025:08:36:22 -0400] "GET / HTTP/1.1" 301 795 "-" "Mozilla/5.0 (Macintosh; Intel Mac OS X 10.15; rv:122.0) Gecko/20100101 Firefox/122.0"
48.218.149.223 - - [03/Aug/2025:08:17:44 -0400] "GET /vendor/nikic/php-parser/parser.php HTTP/1.1" 301 795 "-" "-"
48.218.149.223 - - [03/Aug/2025:08:17:44 -0400] "GET /wp-includes//wp-includes/atomlib.php HTTP/1.1" 301 795 "-" "-"
48.218.149.223 - - [03/Aug/2025:08:17:45 -0400] "GET /wp-admin/maint/item.php HTTP/1.1" 301 795 "-" "-"
216.244.66.236 - - [03/Aug/2025:08:52:14 -0400] "GET /robots.txt HTTP/1.1" 301 795 "-" "Mozilla/5.0 (compatible; DotBot/1.2; +https://opensiteexplorer.org/dotbot; help@moz.com)"
51.68.111.242 - - [03/Aug/2025:08:52:30 -0400] "GET / HTTP/1.1" 301 795 "-" "Mozilla/5.0 (compatible; MJ12bot/v2.0.2; http://mj12bot.com/)"
216.244.66.203 - - [03/Aug/2025:08:56:18 -0400] "GET /robots.txt HTTP/1.1" 301 795 "-" "Mozilla/5.0 (compatible; DotBot/1.2; +https://opensiteexplorer.org/dotbot; help@moz.com)"
35.167.67.212 - - [03/Aug/2025:08:56:21 -0400] "GET / HTTP/1.1" 301 795 "-" "Mozilla/5.0 (X11; Linux x86_64) AppleWebKit/537.36 (KHTML, like Gecko) Chrome/83.0.4103.97 Safari/537.36"
216.244.66.236 - - [03/Aug/2025:08:52:14 -0400] "GET /robots.txt HTTP/1.1" 301 795 "-" "Mozilla/5.0 (compatible; DotBot/1.2; +https://opensiteexplorer.org/dotbot; help@moz.com)"
51.68.111.242 - - [03/Aug/2025:08:52:29 -0400] "GET /robots.txt HTTP/1.1" 301 795 "-" "Mozilla/5.0 (compatible; MJ12bot/v2.0.2; http://mj12bot.com/)"
173.252.83.9 - - [03/Aug/2025:09:15:26 -0400] "GET /robots.txt HTTP/1.1" 301 795 "-" "facebookexternalhit/1.1 (+http://www.facebook.com/externalhit_uatext.php)"
57.141.2.5 - - [03/Aug/2025:09:15:36 -0400] "GET /admin/imger/ HTTP/1.1" 301 795 "-" "meta-externalagent/1.1 (+https://developers.facebook.com/docs/sharing/webmasters/crawler)"
173.252.83.115 - - [03/Aug/2025:09:15:38 -0400] "GET /robots.txt HTTP/1.1" 301 795 "-" "facebookexternalhit/1.1 (+http://www.facebook.com/externalhit_uatext.php)"
66.249.79.132 - - [03/Aug/2025:09:18:14 -0400] "GET /robots.txt HTTP/1.1" 301 795 "-" "Mozilla/5.0 (compatible; Googlebot/2.1; +http://www.google.com/bot.html)"
40.81.226.177 - - [03/Aug/2025:09:11:50 -0400] "GET / HTTP/1.1" 301 795 "-" "Mozilla/5.0 (Windows NT 10.0; Win64; x64) AppleWebKit/537.36 (KHTML, like Gecko) Chrome/80.0.3987.149 Safari/537.36"
173.252.83.114 - - [03/Aug/2025:09:15:35 -0400] "GET /robots.txt HTTP/1.1" 301 795 "-" "facebookexternalhit/1.1 (+http://www.facebook.com/externalhit_uatext.php)"
66.249.79.132 - - [03/Aug/2025:09:18:14 -0400] "GET /ads.txt HTTP/1.1" 301 795 "-" "Google-adstxt"
66.249.79.131 - - [03/Aug/2025:09:21:37 -0400] "GET /robots.txt HTTP/1.1" 301 795 "-" "Mozilla/5.0 (compatible; Googlebot/2.1; +http://www.google.com/bot.html)"
66.249.79.131 - - [03/Aug/2025:09:21:37 -0400] "GET / HTTP/1.1" 301 795 "-" "Mozilla/5.0 (Linux; Android 6.0.1; Nexus 5X Build/MMB29P) AppleWebKit/537.36 (KHTML, like Gecko) Chrome/138.0.7204.183 Mobile Safari/537.36 (compatible; Googlebot/2.1; +http://www.google.com/bot.html)"
68.218.88.48 - - [03/Aug/2025:09:22:43 -0400] "GET /image-gallery.php HTTP/1.1" 301 795 "-" "-"
68.218.88.48 - - [03/Aug/2025:09:22:43 -0400] "GET /image-gallery.php HTTP/1.1" 301 795 "-" "-"
68.218.88.48 - - [03/Aug/2025:09:22:44 -0400] "GET /ContainerAwareTrait.php HTTP/1.1" 301 795 "-" "-"
68.218.88.48 - - [03/Aug/2025:09:22:44 -0400] "GET /ContainerAwareTrait.php HTTP/1.1" 301 795 "-" "-"
68.218.88.48 - - [03/Aug/2025:09:22:44 -0400] "GET /ContainerAwareTrait.php HTTP/1.1" 301 795 "-" "-"
68.218.88.48 - - [03/Aug/2025:09:22:44 -0400] "GET /ContainerAwareTrait.php HTTP/1.1" 301 795 "-" "-"
89.163.242.76 - - [03/Aug/2025:09:24:14 -0400] "GET /thoms.php HTTP/1.1" 301 795 "www.google.com" "Mozlila/5.0 (Linux; Android 7.0; SM-G892A Bulid/NRD90M; wv) AppleWebKit/537.36 (KHTML, like Gecko) Version/4.0 Chrome/60.0.3112.107 Moblie Safari/537.36"
68.218.88.48 - - [03/Aug/2025:09:22:41 -0400] "GET /wp-content/plugins/hellopress/wp_filemanager.php HTTP/1.1" 301 795 "-" "-"
68.218.88.48 - - [03/Aug/2025:09:22:41 -0400] "GET /wp-content/plugins/hellopress/wp_filemanager.php HTTP/1.1" 301 795 "-" "-"
68.218.88.48 - - [03/Aug/2025:09:22:41 -0400] "GET /wp-content/plugins/hellopress/wp_filemanager.php HTTP/1.1" 301 795 "-" "-"
68.218.88.48 - - [03/Aug/2025:09:22:42 -0400] "GET /wp-content/plugins/hellopress/wp_filemanager.php HTTP/1.1" 301 795 "-" "-"
68.218.88.48 - - [03/Aug/2025:09:22:42 -0400] "GET /wp-content/plugins/hellopress/wp_filemanager.php HTTP/1.1" 301 795 "-" "-"
68.218.88.48 - - [03/Aug/2025:09:22:42 -0400] "GET /wp-content/plugins/hellopress/wp_filemanager.php HTTP/1.1" 301 795 "-" "-"
68.218.88.48 - - [03/Aug/2025:09:22:43 -0400] "GET /image-gallery.php HTTP/1.1" 301 795 "-" "-"
68.218.88.48 - - [03/Aug/2025:09:22:43 -0400] "GET /image-gallery.php HTTP/1.1" 301 795 "-" "-"
68.218.88.48 - - [03/Aug/2025:09:22:43 -0400] "GET /image-gallery.php HTTP/1.1" 301 795 "-" "-"
68.218.88.48 - - [03/Aug/2025:09:22:43 -0400] "GET /image-gallery.php HTTP/1.1" 301 795 "-" "-"
68.218.88.48 - - [03/Aug/2025:09:22:44 -0400] "GET /ContainerAwareTrait.php HTTP/1.1" 301 795 "-" "-"
68.218.88.48 - - [03/Aug/2025:09:22:44 -0400] "GET /ContainerAwareTrait.php HTTP/1.1" 301 795 "-" "-"
216.244.66.236 - - [03/Aug/2025:09:37:46 -0400] "GET /robots.txt HTTP/1.1" 301 795 "-" "Mozilla/5.0 (compatible; DotBot/1.2; +https://opensiteexplorer.org/dotbot; help@moz.com)"
216.244.66.203 - - [03/Aug/2025:09:42:04 -0400] "GET /robots.txt HTTP/1.1" 301 795 "-" "Mozilla/5.0 (compatible; DotBot/1.2; +https://opensiteexplorer.org/dotbot; help@moz.com)"
216.244.66.203 - - [03/Aug/2025:09:42:04 -0400] "GET /robots.txt HTTP/1.1" 301 795 "-" "Mozilla/5.0 (compatible; DotBot/1.2; +https://opensiteexplorer.org/dotbot; help@moz.com)"
89.163.242.76 - - [03/Aug/2025:09:43:06 -0400] "GET /thoms.php HTTP/1.1" 301 795 "www.google.com" "Mozlila/5.0 (Linux; Android 7.0; SM-G892A Bulid/NRD90M; wv) AppleWebKit/537.36 (KHTML, like Gecko) Version/4.0 Chrome/60.0.3112.107 Moblie Safari/537.36"
89.163.242.76 - - [03/Aug/2025:09:44:22 -0400] "GET /thoms.php HTTP/1.1" 301 795 "www.google.com" "Mozlila/5.0 (Linux; Android 7.0; SM-G892A Bulid/NRD90M; wv) AppleWebKit/537.36 (KHTML, like Gecko) Version/4.0 Chrome/60.0.3112.107 Moblie Safari/537.36"
13.79.146.122 - - [03/Aug/2025:10:02:14 -0400] "GET /wp-admin/css/ HTTP/1.1" 301 795 "binance.com" "Mozilla/5.0 (Windows NT 10.0; Win64; x64) AppleWebKit/537.36 (KHTML, like Gecko) Chrome/90.0.4430.85 Safari/537.36"
13.79.146.122 - - [03/Aug/2025:10:02:47 -0400] "GET /wp-admin/css/ HTTP/1.1" 301 795 "binance.com" "Mozilla/5.0 (Windows NT 10.0; Win64; x64) AppleWebKit/537.36 (KHTML, like Gecko) Chrome/90.0.4430.85 Safari/537.36"
104.153.66.100 - - [03/Aug/2025:10:08:06 -0400] "HEAD /Wordpress HTTP/1.1" 301 0 "-" "Mozilla/5.0 (X11; Linux x86_64) AppleWebKit/537.36 (KHTML, like Gecko) Chrome/96.0.4664.45 Safari/537.36"
170.106.37.134 - - [03/Aug/2025:10:08:29 -0400] "GET / HTTP/1.1" 301 795 "-" "Mozilla/5.0 (iPhone; CPU iPhone OS 13_2_3 like Mac OS X) AppleWebKit/605.1.15 (KHTML, like Gecko) Version/13.0.3 Mobile/15E148 Safari/604.1"
104.153.66.100 - - [03/Aug/2025:09:55:47 -0400] "HEAD / HTTP/1.1" 301 0 "-" "Mozilla/5.0 (X11; Linux x86_64) AppleWebKit/537.36 (KHTML, like Gecko) Chrome/96.0.4664.45 Safari/537.36"
104.153.66.100 - - [03/Aug/2025:10:02:08 -0400] "HEAD /wordpress HTTP/1.1" 301 0 "-" "Mozilla/5.0 (X11; Linux x86_64) AppleWebKit/537.36 (KHTML, like Gecko) Chrome/96.0.4664.45 Safari/537.36"
13.79.146.122 - - [03/Aug/2025:10:02:27 -0400] "GET /wp-admin/css/ HTTP/1.1" 301 795 "binance.com" "Mozilla/5.0 (Windows NT 10.0; Win64; x64) AppleWebKit/537.36 (KHTML, like Gecko) Chrome/90.0.4430.85 Safari/537.36"
44.237.232.19 - - [03/Aug/2025:10:04:33 -0400] "GET /robots.txt HTTP/1.1" 301 795 "-" "HawaiiBot"
104.153.66.100 - - [03/Aug/2025:10:17:05 -0400] "HEAD /wp HTTP/1.1" 301 0 "-" "Mozilla/5.0 (X11; Linux x86_64) AppleWebKit/537.36 (KHTML, like Gecko) Chrome/96.0.4664.45 Safari/537.36"
104.153.66.100 - - [03/Aug/2025:10:23:33 -0400] "HEAD /Wp HTTP/1.1" 301 0 "-" "Mozilla/5.0 (X11; Linux x86_64) AppleWebKit/537.36 (KHTML, like Gecko) Chrome/96.0.4664.45 Safari/537.36"
104.153.66.100 - - [03/Aug/2025:10:10:38 -0400] "HEAD /WORDPRESS HTTP/1.1" 301 0 "-" "Mozilla/5.0 (X11; Linux x86_64) AppleWebKit/537.36 (KHTML, like Gecko) Chrome/96.0.4664.45 Safari/537.36"
104.153.66.100 - - [03/Aug/2025:10:15:03 -0400] "HEAD /WordPress HTTP/1.1" 301 0 "-" "Mozilla/5.0 (X11; Linux x86_64) AppleWebKit/537.36 (KHTML, like Gecko) Chrome/96.0.4664.45 Safari/537.36"
40.77.167.131 - - [03/Aug/2025:10:18:42 -0400] "GET /viewjudgment?id=4778 HTTP/1.1" 301 795 "-" "Mozilla/5.0 AppleWebKit/537.36 (KHTML, like Gecko; compatible; bingbot/2.0; +http://www.bing.com/bingbot.htm) Chrome/116.0.1938.76 Safari/537.36"
216.244.66.236 - - [03/Aug/2025:10:23:39 -0400] "GET /robots.txt HTTP/1.1" 301 795 "-" "Mozilla/5.0 (compatible; DotBot/1.2; +https://opensiteexplorer.org/dotbot; help@moz.com)"
216.244.66.236 - - [03/Aug/2025:10:23:39 -0400] "GET /robots.txt HTTP/1.1" 301 795 "-" "Mozilla/5.0 (compatible; DotBot/1.2; +https://opensiteexplorer.org/dotbot; help@moz.com)"
104.153.66.100 - - [03/Aug/2025:10:24:09 -0400] "HEAD /WP HTTP/1.1" 301 0 "-" "Mozilla/5.0 (X11; Linux x86_64) AppleWebKit/537.36 (KHTML, like Gecko) Chrome/96.0.4664.45 Safari/537.36"
104.153.66.100 - - [03/Aug/2025:10:29:36 -0400] "HEAD /old HTTP/1.1" 301 0 "-" "Mozilla/5.0 (X11; Linux x86_64) AppleWebKit/537.36 (KHTML, like Gecko) Chrome/96.0.4664.45 Safari/537.36"
40.77.167.17 - - [03/Aug/2025:10:35:26 -0400] "GET /viewreport?id=652 HTTP/1.1" 301 795 "-" "Mozilla/5.0 AppleWebKit/537.36 (KHTML, like Gecko; compatible; bingbot/2.0; +http://www.bing.com/bingbot.htm) Chrome/116.0.1938.76 Safari/537.36"
104.153.66.100 - - [03/Aug/2025:10:41:17 -0400] "HEAD /oldsite HTTP/1.1" 301 0 "-" "Mozilla/5.0 (X11; Linux x86_64) AppleWebKit/537.36 (KHTML, like Gecko) Chrome/96.0.4664.45 Safari/537.36"
104.153.66.100 - - [03/Aug/2025:10:42:39 -0400] "HEAD /new HTTP/1.1" 301 0 "-" "Mozilla/5.0 (X11; Linux x86_64) AppleWebKit/537.36 (KHTML, like Gecko) Chrome/96.0.4664.45 Safari/537.36"
104.153.66.100 - - [03/Aug/2025:10:32:09 -0400] "HEAD /Old HTTP/1.1" 301 0 "-" "Mozilla/5.0 (X11; Linux x86_64) AppleWebKit/537.36 (KHTML, like Gecko) Chrome/96.0.4664.45 Safari/537.36"
104.153.66.100 - - [03/Aug/2025:10:35:32 -0400] "HEAD /OLD HTTP/1.1" 301 0 "-" "Mozilla/5.0 (X11; Linux x86_64) AppleWebKit/537.36 (KHTML, like Gecko) Chrome/96.0.4664.45 Safari/537.36"
104.153.66.100 - - [03/Aug/2025:10:47:35 -0400] "HEAD /New HTTP/1.1" 301 0 "-" "Mozilla/5.0 (X11; Linux x86_64) AppleWebKit/537.36 (KHTML, like Gecko) Chrome/96.0.4664.45 Safari/537.36"
104.153.66.100 - - [03/Aug/2025:10:51:55 -0400] "HEAD /NEW HTTP/1.1" 301 0 "-" "Mozilla/5.0 (X11; Linux x86_64) AppleWebKit/537.36 (KHTML, like Gecko) Chrome/96.0.4664.45 Safari/537.36"
104.153.66.100 - - [03/Aug/2025:10:52:38 -0400] "HEAD /wp-old HTTP/1.1" 301 0 "-" "Mozilla/5.0 (X11; Linux x86_64) AppleWebKit/537.36 (KHTML, like Gecko) Chrome/96.0.4664.45 Safari/537.36"
104.153.66.100 - - [03/Aug/2025:10:58:58 -0400] "HEAD /2022 HTTP/1.1" 301 0 "-" "Mozilla/5.0 (X11; Linux x86_64) AppleWebKit/537.36 (KHTML, like Gecko) Chrome/96.0.4664.45 Safari/537.36"
104.153.66.100 - - [03/Aug/2025:11:05:37 -0400] "HEAD /2024 HTTP/1.1" 301 0 "-" "Mozilla/5.0 (X11; Linux x86_64) AppleWebKit/537.36 (KHTML, like Gecko) Chrome/96.0.4664.45 Safari/537.36"
104.153.66.100 - - [03/Aug/2025:11:00:12 -0400] "HEAD /2023 HTTP/1.1" 301 0 "-" "Mozilla/5.0 (X11; Linux x86_64) AppleWebKit/537.36 (KHTML, like Gecko) Chrome/96.0.4664.45 Safari/537.36"
104.153.66.100 - - [03/Aug/2025:11:07:50 -0400] "HEAD /2017 HTTP/1.1" 301 0 "-" "Mozilla/5.0 (X11; Linux x86_64) AppleWebKit/537.36 (KHTML, like Gecko) Chrome/96.0.4664.45 Safari/537.36"
66.249.79.73 - - [03/Aug/2025:11:08:09 -0400] "GET / HTTP/1.1" 301 795 "-" "Mozilla/5.0 (Linux; Android 6.0.1; Nexus 5X Build/MMB29P) AppleWebKit/537.36 (KHTML, like Gecko) Chrome/138.0.7204.183 Mobile Safari/537.36 (compatible; Googlebot/2.1; +http://www.google.com/bot.html)"
216.244.66.236 - - [03/Aug/2025:11:08:35 -0400] "GET /robots.txt HTTP/1.1" 301 795 "-" "Mozilla/5.0 (compatible; DotBot/1.2; +https://opensiteexplorer.org/dotbot; help@moz.com)"
104.153.66.100 - - [03/Aug/2025:11:10:56 -0400] "HEAD /2020 HTTP/1.1" 301 0 "-" "Mozilla/5.0 (X11; Linux x86_64) AppleWebKit/537.36 (KHTML, like Gecko) Chrome/96.0.4664.45 Safari/537.36"
104.153.66.100 - - [03/Aug/2025:11:14:17 -0400] "HEAD /2019 HTTP/1.1" 301 0 "-" "Mozilla/5.0 (X11; Linux x86_64) AppleWebKit/537.36 (KHTML, like Gecko) Chrome/96.0.4664.45 Safari/537.36"
216.244.66.236 - - [03/Aug/2025:11:08:35 -0400] "GET /robots.txt HTTP/1.1" 301 795 "-" "Mozilla/5.0 (compatible; DotBot/1.2; +https://opensiteexplorer.org/dotbot; help@moz.com)"
43.166.247.155 - - [03/Aug/2025:11:18:36 -0400] "GET / HTTP/1.1" 301 795 "-" "Mozilla/5.0 (iPhone; CPU iPhone OS 13_2_3 like Mac OS X) AppleWebKit/605.1.15 (KHTML, like Gecko) Version/13.0.3 Mobile/15E148 Safari/604.1"
104.153.66.100 - - [03/Aug/2025:11:26:50 -0400] "HEAD /test HTTP/1.1" 301 0 "-" "Mozilla/5.0 (X11; Linux x86_64) AppleWebKit/537.36 (KHTML, like Gecko) Chrome/96.0.4664.45 Safari/537.36"
104.153.66.100 - - [03/Aug/2025:11:30:59 -0400] "HEAD /Test HTTP/1.1" 301 0 "-" "Mozilla/5.0 (X11; Linux x86_64) AppleWebKit/537.36 (KHTML, like Gecko) Chrome/96.0.4664.45 Safari/537.36"
104.153.66.100 - - [03/Aug/2025:11:31:18 -0400] "HEAD /TEST HTTP/1.1" 301 0 "-" "Mozilla/5.0 (X11; Linux x86_64) AppleWebKit/537.36 (KHTML, like Gecko) Chrome/96.0.4664.45 Safari/537.36"
104.153.66.100 - - [03/Aug/2025:11:20:02 -0400] "HEAD /2018 HTTP/1.1" 301 0 "-" "Mozilla/5.0 (X11; Linux x86_64) AppleWebKit/537.36 (KHTML, like Gecko) Chrome/96.0.4664.45 Safari/537.36"
205.210.31.36 - - [03/Aug/2025:11:20:26 -0400] "GET / HTTP/1.1" 301 795 "-" "-"
104.153.66.100 - - [03/Aug/2025:11:23:36 -0400] "HEAD /backup HTTP/1.1" 301 0 "-" "Mozilla/5.0 (X11; Linux x86_64) AppleWebKit/537.36 (KHTML, like Gecko) Chrome/96.0.4664.45 Safari/537.36"
54.174.58.240 - - [03/Aug/2025:11:32:37 -0400] "GET /robots.txt HTTP/1.1" 301 795 "-" "Mozilla/5.0 (compatible; HubSpot Crawler; +https://www.hubspot.com)"
104.153.66.100 - - [03/Aug/2025:11:37:35 -0400] "HEAD /demo HTTP/1.1" 301 0 "-" "Mozilla/5.0 (X11; Linux x86_64) AppleWebKit/537.36 (KHTML, like Gecko) Chrome/96.0.4664.45 Safari/537.36"
109.199.118.129 - - [03/Aug/2025:11:43:53 -0400] "GET / HTTP/1.1" 301 795 "-" "Mozilla/5.0 (Windows NT 10.0; Win64; x64) AppleWebKit/537.36 (KHTML, like Gecko) Chrome/91.0.4472.114 Safari/537.36 Edg/91.0.864.54"
104.153.66.100 - - [03/Aug/2025:11:49:34 -0400] "HEAD /Www HTTP/1.1" 301 0 "-" "Mozilla/5.0 (X11; Linux x86_64) AppleWebKit/537.36 (KHTML, like Gecko) Chrome/96.0.4664.45 Safari/537.36"
104.153.66.100 - - [03/Aug/2025:11:38:37 -0400] "HEAD /bc HTTP/1.1" 301 0 "-" "Mozilla/5.0 (X11; Linux x86_64) AppleWebKit/537.36 (KHTML, like Gecko) Chrome/96.0.4664.45 Safari/537.36"
104.153.66.100 - - [03/Aug/2025:11:43:23 -0400] "HEAD /www HTTP/1.1" 301 0 "-" "Mozilla/5.0 (X11; Linux x86_64) AppleWebKit/537.36 (KHTML, like Gecko) Chrome/96.0.4664.45 Safari/537.36"
104.153.66.100 - - [03/Aug/2025:11:47:56 -0400] "HEAD /WWW HTTP/1.1" 301 0 "-" "Mozilla/5.0 (X11; Linux x86_64) AppleWebKit/537.36 (KHTML, like Gecko) Chrome/96.0.4664.45 Safari/537.36"
104.153.66.100 - - [03/Aug/2025:12:02:52 -0400] "HEAD /bk HTTP/1.1" 301 0 "-" "Mozilla/5.0 (X11; Linux x86_64) AppleWebKit/537.36 (KHTML, like Gecko) Chrome/96.0.4664.45 Safari/537.36"
104.153.66.100 - - [03/Aug/2025:12:06:01 -0400] "HEAD /Backup HTTP/1.1" 301 0 "-" "Mozilla/5.0 (X11; Linux x86_64) AppleWebKit/537.36 (KHTML, like Gecko) Chrome/96.0.4664.45 Safari/537.36"
216.244.66.236 - - [03/Aug/2025:11:52:46 -0400] "GET /robots.txt HTTP/1.1" 301 795 "-" "Mozilla/5.0 (compatible; DotBot/1.2; +https://opensiteexplorer.org/dotbot; help@moz.com)"
104.153.66.100 - - [03/Aug/2025:11:53:17 -0400] "HEAD /2021 HTTP/1.1" 301 0 "-" "Mozilla/5.0 (X11; Linux x86_64) AppleWebKit/537.36 (KHTML, like Gecko) Chrome/96.0.4664.45 Safari/537.36"
104.153.66.100 - - [03/Aug/2025:11:56:52 -0400] "HEAD /main HTTP/1.1" 301 0 "-" "Mozilla/5.0 (X11; Linux x86_64) AppleWebKit/537.36 (KHTML, like Gecko) Chrome/96.0.4664.45 Safari/537.36"
104.153.66.100 - - [03/Aug/2025:12:01:23 -0400] "HEAD /old-site HTTP/1.1" 301 0 "-" "Mozilla/5.0 (X11; Linux x86_64) AppleWebKit/537.36 (KHTML, like Gecko) Chrome/96.0.4664.45 Safari/537.36"
104.153.66.100 - - [03/Aug/2025:12:09:25 -0400] "HEAD /BACKUP HTTP/1.1" 301 0 "-" "Mozilla/5.0 (X11; Linux x86_64) AppleWebKit/537.36 (KHTML, like Gecko) Chrome/96.0.4664.45 Safari/537.36"
114.119.156.175 - - [03/Aug/2025:12:11:03 -0400] "GET /robots.txt HTTP/1.1" 301 795 "-" "Mozilla/5.0 (compatible;PetalBot;+https://webmaster.petalsearch.com/site/petalbot)"
104.153.66.100 - - [03/Aug/2025:12:12:16 -0400] "HEAD /SHOP HTTP/1.1" 301 0 "-" "Mozilla/5.0 (X11; Linux x86_64) AppleWebKit/537.36 (KHTML, like Gecko) Chrome/96.0.4664.45 Safari/537.36"
104.153.66.100 - - [03/Aug/2025:12:16:03 -0400] "HEAD /Shop HTTP/1.1" 301 0 "-" "Mozilla/5.0 (X11; Linux x86_64) AppleWebKit/537.36 (KHTML, like Gecko) Chrome/96.0.4664.45 Safari/537.36"
104.153.66.100 - - [03/Aug/2025:12:19:36 -0400] "HEAD /shop HTTP/1.1" 301 0 "-" "Mozilla/5.0 (X11; Linux x86_64) AppleWebKit/537.36 (KHTML, like Gecko) Chrome/96.0.4664.45 Safari/537.36"
104.153.66.100 - - [03/Aug/2025:12:22:49 -0400] "HEAD /bak HTTP/1.1" 301 0 "-" "Mozilla/5.0 (X11; Linux x86_64) AppleWebKit/537.36 (KHTML, like Gecko) Chrome/96.0.4664.45 Safari/537.36"
104.153.66.100 - - [03/Aug/2025:12:31:57 -0400] "HEAD /bac HTTP/1.1" 301 0 "-" "Mozilla/5.0 (X11; Linux x86_64) AppleWebKit/537.36 (KHTML, like Gecko) Chrome/96.0.4664.45 Safari/537.36"
104.153.66.100 - - [03/Aug/2025:12:32:30 -0400] "HEAD /sito HTTP/1.1" 301 0 "-" "Mozilla/5.0 (X11; Linux x86_64) AppleWebKit/537.36 (KHTML, like Gecko) Chrome/96.0.4664.45 Safari/537.36"
162.62.132.25 - - [03/Aug/2025:12:37:28 -0400] "GET / HTTP/1.1" 301 795 "-" "Mozilla/5.0 (iPhone; CPU iPhone OS 13_2_3 like Mac OS X) AppleWebKit/605.1.15 (KHTML, like Gecko) Version/13.0.3 Mobile/15E148 Safari/604.1"
216.244.66.236 - - [03/Aug/2025:12:37:32 -0400] "GET /robots.txt HTTP/1.1" 301 795 "-" "Mozilla/5.0 (compatible; DotBot/1.2; +https://opensiteexplorer.org/dotbot; help@moz.com)"
114.119.149.3 - - [03/Aug/2025:12:39:21 -0400] "GET /robots.txt HTTP/1.1" 301 795 "-" "Mozilla/5.0 (compatible;PetalBot;+https://webmaster.petalsearch.com/site/petalbot)"
104.153.66.100 - - [03/Aug/2025:12:27:05 -0400] "HEAD /sitio HTTP/1.1" 301 0 "-" "Mozilla/5.0 (X11; Linux x86_64) AppleWebKit/537.36 (KHTML, like Gecko) Chrome/96.0.4664.45 Safari/537.36"
104.153.66.100 - - [03/Aug/2025:12:35:45 -0400] "HEAD /site HTTP/1.1" 301 0 "-" "Mozilla/5.0 (X11; Linux x86_64) AppleWebKit/537.36 (KHTML, like Gecko) Chrome/96.0.4664.45 Safari/537.36"
194.145.227.125 - - [03/Aug/2025:12:37:31 -0400] "GET /components/com_joomleague/assets/classes/open-flash-chart/ofc_upload_image.php HTTP/1.1" 301 795 "-" "ALittle Client"
216.244.66.236 - - [03/Aug/2025:12:37:32 -0400] "GET /robots.txt HTTP/1.1" 301 795 "-" "Mozilla/5.0 (compatible; DotBot/1.2; +https://opensiteexplorer.org/dotbot; help@moz.com)"
104.153.66.100 - - [03/Aug/2025:12:40:26 -0400] "HEAD /Site HTTP/1.1" 301 0 "-" "Mozilla/5.0 (X11; Linux x86_64) AppleWebKit/537.36 (KHTML, like Gecko) Chrome/96.0.4664.45 Safari/537.36"
2a06:98c0:3600::103 - - [03/Aug/2025:12:43:30 -0400] "GET /wordpress/wp-admin/setup-config.php HTTP/1.1" 301 795 "-" "Mozilla/5.0 (Windows NT 10.0; Win64; x64) AppleWebKit/537.36 (KHTML, like Gecko) Chrome/138.0.0.0 Safari/537.36"
2a06:98c0:3600::103 - - [03/Aug/2025:12:44:00 -0400] "GET /wp-admin/setup-config.php HTTP/1.1" 301 795 "-" "Mozilla/5.0 (Windows NT 10.0; Win64; x64) AppleWebKit/537.36 (KHTML, like Gecko) Chrome/138.0.0.0 Safari/537.36"
104.153.66.100 - - [03/Aug/2025:12:44:24 -0400] "HEAD /SITE HTTP/1.1" 301 0 "-" "Mozilla/5.0 (X11; Linux x86_64) AppleWebKit/537.36 (KHTML, like Gecko) Chrome/96.0.4664.45 Safari/537.36"
2a06:98c0:3600::103 - - [03/Aug/2025:12:45:07 -0400] "GET /wp-admin/setup-config.php HTTP/1.1" 301 795 "-" "Mozilla/5.0 (Windows NT 10.0; Win64; x64) AppleWebKit/537.36 (KHTML, like Gecko) Chrome/138.0.0.0 Safari/537.36"
2a06:98c0:3600::103 - - [03/Aug/2025:12:47:09 -0400] "GET /wordpress/wp-admin/setup-config.php HTTP/1.1" 301 795 "-" "Mozilla/5.0 (Windows NT 10.0; Win64; x64) AppleWebKit/537.36 (KHTML, like Gecko) Chrome/138.0.0.0 Safari/537.36"
66.249.79.132 - - [03/Aug/2025:12:48:17 -0400] "GET /ads.txt HTTP/1.1" 301 795 "-" "Mozilla/5.0 (compatible; Googlebot/2.1; +http://www.google.com/bot.html)"
216.244.66.203 - - [03/Aug/2025:12:53:40 -0400] "GET /robots.txt HTTP/1.1" 301 795 "-" "Mozilla/5.0 (compatible; DotBot/1.2; +https://opensiteexplorer.org/dotbot; help@moz.com)"
40.88.21.235 - - [03/Aug/2025:12:56:55 -0400] "GET / HTTP/1.1" 301 795 "http://taxhelplines.com.pk/" "DuckDuckBot/1.1; (+http://duckduckgo.com/duckduckbot.html)"
40.88.21.235 - - [03/Aug/2025:12:56:56 -0400] "GET /favicon.ico HTTP/1.1" 301 795 "http://taxhelplines.com.pk/favicon.ico" "DuckDuckBot/1.1; (+http://duckduckgo.com/duckduckbot.html)"
104.153.66.100 - - [03/Aug/2025:12:48:21 -0400] "HEAD /blog HTTP/1.1" 301 0 "-" "Mozilla/5.0 (X11; Linux x86_64) AppleWebKit/537.36 (KHTML, like Gecko) Chrome/96.0.4664.45 Safari/537.36"
104.153.66.100 - - [03/Aug/2025:12:48:56 -0400] "HEAD /BLOG HTTP/1.1" 301 0 "-" "Mozilla/5.0 (X11; Linux x86_64) AppleWebKit/537.36 (KHTML, like Gecko) Chrome/96.0.4664.45 Safari/537.36"
54.149.19.55 - - [03/Aug/2025:12:49:43 -0400] "GET /robots.txt HTTP/1.1" 301 795 "-" "HawaiiBot"
104.153.66.100 - - [03/Aug/2025:12:53:24 -0400] "HEAD /Blog HTTP/1.1" 301 0 "-" "Mozilla/5.0 (X11; Linux x86_64) AppleWebKit/537.36 (KHTML, like Gecko) Chrome/96.0.4664.45 Safari/537.36"
4.227.36.3 - - [03/Aug/2025:12:58:33 -0400] "GET /robots.txt HTTP/1.1" 301 795 "-" "Mozilla/5.0 AppleWebKit/537.36 (KHTML, like Gecko; compatible; GPTBot/1.2; +https://openai.com/gptbot)"
20.171.207.230 - - [03/Aug/2025:12:58:33 -0400] "GET /admin/imger/403.php?loknya=%2Fproc%2Fself%2Froot%2Fvar%2Flib%2Fmysql%2Fprakesbo_vehiclemanagement HTTP/1.1" 301 795 "-" "Mozilla/5.0 AppleWebKit/537.36 (KHTML, like Gecko; compatible; GPTBot/1.2; +https://openai.com/gptbot)"
20.171.207.230 - - [03/Aug/2025:12:58:36 -0400] "GET /admin/imger/403.php?loknya=%2Fproc%2Fself%2Froot%2Fvar%2Flib%2Fmysql%2Fprakesbo_attendancesystem HTTP/1.1" 301 795 "-" "Mozilla/5.0 AppleWebKit/537.36 (KHTML, like Gecko; compatible; GPTBot/1.2; +https://openai.com/gptbot)"
20.171.207.230 - - [03/Aug/2025:13:16:27 -0400] "GET /admin/imger/403.php?lokasie=%2Fusr%2Flib%2Fsystemd%2Fsystem%2Fplymouth-read-write.service&loknya=%2Fusr%2Flib%2Fsystemd%2Fsystem HTTP/1.1" 301 795 "-" "Mozilla/5.0 AppleWebKit/537.36 (KHTML, like Gecko; compatible; GPTBot/1.2; +https://openai.com/gptbot)"
4.227.36.3 - - [03/Aug/2025:13:16:32 -0400] "GET /robots.txt HTTP/1.1" 301 795 "-" "Mozilla/5.0 AppleWebKit/537.36 (KHTML, like Gecko; compatible; GPTBot/1.2; +https://openai.com/gptbot)"
20.171.207.230 - - [03/Aug/2025:13:16:41 -0400] "GET /admin/imger/403.php?lokasie=%2Flib64%2F%2Flibtheora.so.0&loknya=%2Flib64%2F HTTP/1.1" 301 795 "-" "Mozilla/5.0 AppleWebKit/537.36 (KHTML, like Gecko; compatible; GPTBot/1.2; +https://openai.com/gptbot)"
66.249.79.131 - - [03/Aug/2025:13:18:15 -0400] "GET /ads.txt HTTP/1.1" 301 795 "-" "Google-adstxt"
4.227.36.3 - - [03/Aug/2025:13:21:36 -0400] "GET /robots.txt HTTP/1.1" 301 795 "-" "Mozilla/5.0 AppleWebKit/537.36 (KHTML, like Gecko; compatible; GPTBot/1.2; +https://openai.com/gptbot)"
20.171.207.230 - - [03/Aug/2025:13:21:41 -0400] "GET /admin/imger/403.php?lokasie=%2Flib64%2F%2Flibgssrpc.so.4&loknya=%2Flib64%2F HTTP/1.1" 301 795 "-" "Mozilla/5.0 AppleWebKit/537.36 (KHTML, like Gecko; compatible; GPTBot/1.2; +https://openai.com/gptbot)"
20.171.207.230 - - [03/Aug/2025:13:22:05 -0400] "GET /admin/imger/403.php?lokasie=%2Flib64%2F%2Flibncurses.so.6&loknya=%2Flib64%2F HTTP/1.1" 301 795 "-" "Mozilla/5.0 AppleWebKit/537.36 (KHTML, like Gecko; compatible; GPTBot/1.2; +https://openai.com/gptbot)"
20.171.207.230 - - [03/Aug/2025:13:22:07 -0400] "GET /admin/imger/403.php?lokasie=%2Flib64%2F%2Flibtevent.so.0&loknya=%2Flib64%2F HTTP/1.1" 301 795 "-" "Mozilla/5.0 AppleWebKit/537.36 (KHTML, like Gecko; compatible; GPTBot/1.2; +https://openai.com/gptbot)"
20.171.207.230 - - [03/Aug/2025:13:22:13 -0400] "GET /admin/imger/403.php?lokasie=%2Flib64%2F%2Flibxmlrpc.so.3&loknya=%2Flib64%2F HTTP/1.1" 301 795 "-" "Mozilla/5.0 AppleWebKit/537.36 (KHTML, like Gecko; compatible; GPTBot/1.2; +https://openai.com/gptbot)"
20.171.207.230 - - [03/Aug/2025:13:22:21 -0400] "GET /admin/imger/403.php?lokasie=%2Flib64%2F%2Flibcfitsio.so.7&loknya=%2Flib64%2F HTTP/1.1" 301 795 "-" "Mozilla/5.0 AppleWebKit/537.36 (KHTML, like Gecko; compatible; GPTBot/1.2; +https://openai.com/gptbot)"
20.171.207.230 - - [03/Aug/2025:13:22:22 -0400] "GET /admin/imger/403.php?lokasie=%2Flib64%2F%2Flibsystemd.so.0&loknya=%2Flib64%2F HTTP/1.1" 301 795 "-" "Mozilla/5.0 AppleWebKit/537.36 (KHTML, like Gecko; compatible; GPTBot/1.2; +https://openai.com/gptbot)"
20.171.207.230 - - [03/Aug/2025:13:22:29 -0400] "GET /admin/imger/403.php?lokasie=%2Flib64%2F%2Flibhogweed.so.4&loknya=%2Flib64%2F HTTP/1.1" 301 795 "-" "Mozilla/5.0 AppleWebKit/537.36 (KHTML, like Gecko; compatible; GPTBot/1.2; +https://openai.com/gptbot)"
20.171.207.230 - - [03/Aug/2025:13:22:30 -0400] "GET /admin/imger/403.php?lokasie=%2Flib64%2F%2Flibprocps.so.7&loknya=%2Flib64%2F HTTP/1.1" 301 795 "-" "Mozilla/5.0 AppleWebKit/537.36 (KHTML, like Gecko; compatible; GPTBot/1.2; +https://openai.com/gptbot)"
20.171.207.230 - - [03/Aug/2025:13:22:32 -0400] "GET /admin/imger/403.php?lokasie=%2Flib64%2F%2FlibXrender.so.1&loknya=%2Flib64%2F HTTP/1.1" 301 795 "-" "Mozilla/5.0 AppleWebKit/537.36 (KHTML, like Gecko; compatible; GPTBot/1.2; +https://openai.com/gptbot)"
20.171.207.230 - - [03/Aug/2025:13:22:45 -0400] "GET /admin/imger/403.php?lokasie=%2Flib64%2F%2FlibXdamage.so.1&loknya=%2Flib64%2F HTTP/1.1" 301 795 "-" "Mozilla/5.0 AppleWebKit/537.36 (KHTML, like Gecko; compatible; GPTBot/1.2; +https://openai.com/gptbot)"
20.171.207.230 - - [03/Aug/2025:13:22:47 -0400] "GET /admin/imger/403.php?lokasie=%2Flib64%2F%2Flibpthread.so.0&loknya=%2Flib64%2F HTTP/1.1" 301 795 "-" "Mozilla/5.0 AppleWebKit/537.36 (KHTML, like Gecko; compatible; GPTBot/1.2; +https://openai.com/gptbot)"
20.171.207.230 - - [03/Aug/2025:13:16:30 -0400] "GET /admin/imger/403.php?lokasie=%2Flib%2Fsystemd%2Fsystem%2Fplymouth-read-write.service&loknya=%2Flib%2Fsystemd%2Fsystem HTTP/1.1" 301 795 "-" "Mozilla/5.0 AppleWebKit/537.36 (KHTML, like Gecko; compatible; GPTBot/1.2; +https://openai.com/gptbot)"
20.171.207.230 - - [03/Aug/2025:13:16:32 -0400] "GET /admin/imger/403.php?lokasie=%2Flib64%2F%2Flibwiretap.so.8&loknya=%2Flib64%2F HTTP/1.1" 301 795 "-" "Mozilla/5.0 AppleWebKit/537.36 (KHTML, like Gecko; compatible; GPTBot/1.2; +https://openai.com/gptbot)"
20.171.207.230 - - [03/Aug/2025:13:16:45 -0400] "GET /admin/imger/403.php?lokasie=%2Flib64%2F%2Flibselinux.so.1&loknya=%2Flib64%2F HTTP/1.1" 301 795 "-" "Mozilla/5.0 AppleWebKit/537.36 (KHTML, like Gecko; compatible; GPTBot/1.2; +https://openai.com/gptbot)"
216.244.66.236 - - [03/Aug/2025:13:21:46 -0400] "GET /robots.txt HTTP/1.1" 301 795 "-" "Mozilla/5.0 (compatible; DotBot/1.2; +https://opensiteexplorer.org/dotbot; help@moz.com)"
216.244.66.236 - - [03/Aug/2025:13:21:46 -0400] "GET /robots.txt HTTP/1.1" 301 795 "-" "Mozilla/5.0 (compatible; DotBot/1.2; +https://opensiteexplorer.org/dotbot; help@moz.com)"
43.130.32.245 - - [03/Aug/2025:13:21:59 -0400] "GET / HTTP/1.1" 301 795 "-" "Mozilla/5.0 (iPhone; CPU iPhone OS 13_2_3 like Mac OS X) AppleWebKit/605.1.15 (KHTML, like Gecko) Version/13.0.3 Mobile/15E148 Safari/604.1"
20.171.207.230 - - [03/Aug/2025:13:22:03 -0400] "GET /admin/imger/403.php?lokasie=%2Flib64%2F%2Flibcgraph.so.6&loknya=%2Flib64%2F HTTP/1.1" 301 795 "-" "Mozilla/5.0 AppleWebKit/537.36 (KHTML, like Gecko; compatible; GPTBot/1.2; +https://openai.com/gptbot)"
20.171.207.230 - - [03/Aug/2025:13:22:12 -0400] "GET /admin/imger/403.php?lokasie=%2Flib64%2F%2FlibXrandr.so.2&loknya=%2Flib64%2F HTTP/1.1" 301 795 "-" "Mozilla/5.0 AppleWebKit/537.36 (KHTML, like Gecko; compatible; GPTBot/1.2; +https://openai.com/gptbot)"
20.171.207.230 - - [03/Aug/2025:13:22:15 -0400] "GET /admin/imger/403.php?lokasie=%2Flib64%2F%2Flibsndfile.so.1&loknya=%2Flib64%2F HTTP/1.1" 301 795 "-" "Mozilla/5.0 AppleWebKit/537.36 (KHTML, like Gecko; compatible; GPTBot/1.2; +https://openai.com/gptbot)"
20.171.207.230 - - [03/Aug/2025:13:22:20 -0400] "GET /admin/imger/403.php?lokasie=%2Flib64%2F%2Flibrecode.so.0&loknya=%2Flib64%2F HTTP/1.1" 301 795 "-" "Mozilla/5.0 AppleWebKit/537.36 (KHTML, like Gecko; compatible; GPTBot/1.2; +https://openai.com/gptbot)"
20.171.207.230 - - [03/Aug/2025:13:22:23 -0400] "GET /admin/imger/403.php?lokasie=%2Flib64%2F%2Flibleveldb.so.1&loknya=%2Flib64%2F HTTP/1.1" 301 795 "-" "Mozilla/5.0 AppleWebKit/537.36 (KHTML, like Gecko; compatible; GPTBot/1.2; +https://openai.com/gptbot)"
20.171.207.230 - - [03/Aug/2025:13:22:39 -0400] "GET /admin/imger/403.php?lokasie=%2Flib64%2F%2Flibdvdnav.so.4&loknya=%2Flib64%2F HTTP/1.1" 301 795 "-" "Mozilla/5.0 AppleWebKit/537.36 (KHTML, like Gecko; compatible; GPTBot/1.2; +https://openai.com/gptbot)"
20.171.207.230 - - [03/Aug/2025:13:22:40 -0400] "GET /admin/imger/403.php?lokasie=%2Flib64%2F%2FlibXfixes.so.3&loknya=%2Flib64%2F HTTP/1.1" 301 795 "-" "Mozilla/5.0 AppleWebKit/537.36 (KHTML, like Gecko; compatible; GPTBot/1.2; +https://openai.com/gptbot)"
20.171.207.230 - - [03/Aug/2025:13:22:42 -0400] "GET /admin/imger/403.php?lokasie=%2Flib64%2F%2Flibxcb-dri2.so&loknya=%2Flib64%2F HTTP/1.1" 301 795 "-" "Mozilla/5.0 AppleWebKit/537.36 (KHTML, like Gecko; compatible; GPTBot/1.2; +https://openai.com/gptbot)"
20.171.207.230 - - [03/Aug/2025:13:22:44 -0400] "GET /admin/imger/403.php?lokasie=%2Flib64%2F%2Flibhistory.so.7&loknya=%2Flib64%2F HTTP/1.1" 301 795 "-" "Mozilla/5.0 AppleWebKit/537.36 (KHTML, like Gecko; compatible; GPTBot/1.2; +https://openai.com/gptbot)"
20.171.207.230 - - [03/Aug/2025:13:22:54 -0400] "GET /admin/imger/403.php?lokasie=%2Flib64%2F%2Flibmcrypt.so.4&loknya=%2Flib64%2F HTTP/1.1" 301 795 "-" "Mozilla/5.0 AppleWebKit/537.36 (KHTML, like Gecko; compatible; GPTBot/1.2; +https://openai.com/gptbot)"
20.171.207.230 - - [03/Aug/2025:13:23:05 -0400] "GET /admin/imger/403.php?lokasie=%2Flib64%2F%2Flibpkgconf.so.3&loknya=%2Flib64%2F HTTP/1.1" 301 795 "-" "Mozilla/5.0 AppleWebKit/537.36 (KHTML, like Gecko; compatible; GPTBot/1.2; +https://openai.com/gptbot)"
20.171.207.230 - - [03/Aug/2025:13:23:13 -0400] "GET /admin/imger/403.php?lokasie=%2Flib64%2F%2Flibatomic.so.1&loknya=%2Flib64%2F HTTP/1.1" 301 795 "-" "Mozilla/5.0 AppleWebKit/537.36 (KHTML, like Gecko; compatible; GPTBot/1.2; +https://openai.com/gptbot)"
20.171.207.230 - - [03/Aug/2025:13:23:15 -0400] "GET /admin/imger/403.php?lokasie=%2Flib64%2F%2Flibibverbs.so.1&loknya=%2Flib64%2F HTTP/1.1" 301 795 "-" "Mozilla/5.0 AppleWebKit/537.36 (KHTML, like Gecko; compatible; GPTBot/1.2; +https://openai.com/gptbot)"
20.171.207.230 - - [03/Aug/2025:13:23:16 -0400] "GET /admin/imger/403.php?lokasie=%2Flib64%2F%2Flibvmtools.so.0&loknya=%2Flib64%2F HTTP/1.1" 301 795 "-" "Mozilla/5.0 AppleWebKit/537.36 (KHTML, like Gecko; compatible; GPTBot/1.2; +https://openai.com/gptbot)"
20.171.207.230 - - [03/Aug/2025:13:23:25 -0400] "GET /admin/imger/403.php?lokasie=%2Flib64%2F%2Flibpcrecpp.so.0&loknya=%2Flib64%2F HTTP/1.1" 301 795 "-" "Mozilla/5.0 AppleWebKit/537.36 (KHTML, like Gecko; compatible; GPTBot/1.2; +https://openai.com/gptbot)"
20.171.207.230 - - [03/Aug/2025:13:23:28 -0400] "GET /admin/imger/403.php?lokasie=%2Flib64%2F%2Flibaugeas.so.0&loknya=%2Flib64%2F HTTP/1.1" 301 795 "-" "Mozilla/5.0 AppleWebKit/537.36 (KHTML, like Gecko; compatible; GPTBot/1.2; +https://openai.com/gptbot)"
20.171.207.230 - - [03/Aug/2025:13:23:31 -0400] "GET /admin/imger/403.php?lokasie=%2Flib64%2F%2Flibdvdread.so.4&loknya=%2Flib64%2F HTTP/1.1" 301 795 "-" "Mozilla/5.0 AppleWebKit/537.36 (KHTML, like Gecko; compatible; GPTBot/1.2; +https://openai.com/gptbot)"
20.171.207.230 - - [03/Aug/2025:13:23:35 -0400] "GET /admin/imger/403.php?lokasie=%2Flib64%2F%2FlibodbcnnS.so.2&loknya=%2Flib64%2F HTTP/1.1" 301 795 "-" "Mozilla/5.0 AppleWebKit/537.36 (KHTML, like Gecko; compatible; GPTBot/1.2; +https://openai.com/gptbot)"
20.171.207.230 - - [03/Aug/2025:13:22:48 -0400] "GET /admin/imger/403.php?lokasie=%2Flib64%2F%2Flibjasper.so.4&loknya=%2Flib64%2F HTTP/1.1" 301 795 "-" "Mozilla/5.0 AppleWebKit/537.36 (KHTML, like Gecko; compatible; GPTBot/1.2; +https://openai.com/gptbot)"
20.171.207.230 - - [03/Aug/2025:13:22:49 -0400] "GET /admin/imger/403.php?lokasie=%2Flib64%2F%2Flibhandle.so.1&loknya=%2Flib64%2F HTTP/1.1" 301 795 "-" "Mozilla/5.0 AppleWebKit/537.36 (KHTML, like Gecko; compatible; GPTBot/1.2; +https://openai.com/gptbot)"
20.171.207.230 - - [03/Aug/2025:13:22:52 -0400] "GET /admin/imger/403.php?lokasie=%2Flib64%2F%2Flibdatrie.so.1&loknya=%2Flib64%2F HTTP/1.1" 301 795 "-" "Mozilla/5.0 AppleWebKit/537.36 (KHTML, like Gecko; compatible; GPTBot/1.2; +https://openai.com/gptbot)"
20.171.207.230 - - [03/Aug/2025:13:22:57 -0400] "GET /admin/imger/403.php?lokasie=%2Flib64%2F%2Flibsnappy.so.1&loknya=%2Flib64%2F HTTP/1.1" 301 795 "-" "Mozilla/5.0 AppleWebKit/537.36 (KHTML, like Gecko; compatible; GPTBot/1.2; +https://openai.com/gptbot)"
20.171.207.230 - - [03/Aug/2025:13:23:03 -0400] "GET /admin/imger/403.php?lokasie=%2Flib64%2F%2FlibodbcmyS.so.2&loknya=%2Flib64%2F HTTP/1.1" 301 795 "-" "Mozilla/5.0 AppleWebKit/537.36 (KHTML, like Gecko; compatible; GPTBot/1.2; +https://openai.com/gptbot)"
20.171.207.230 - - [03/Aug/2025:13:23:04 -0400] "GET /admin/imger/403.php?lokasie=%2Flib64%2F%2Flibtommath.so.1&loknya=%2Flib64%2F HTTP/1.1" 301 795 "-" "Mozilla/5.0 AppleWebKit/537.36 (KHTML, like Gecko; compatible; GPTBot/1.2; +https://openai.com/gptbot)"
20.171.207.230 - - [03/Aug/2025:13:23:11 -0400] "GET /admin/imger/403.php?lokasie=%2Flib64%2F%2Flibpanelw.so.5&loknya=%2Flib64%2F HTTP/1.1" 301 795 "-" "Mozilla/5.0 AppleWebKit/537.36 (KHTML, like Gecko; compatible; GPTBot/1.2; +https://openai.com/gptbot)"
20.171.207.230 - - [03/Aug/2025:13:23:19 -0400] "GET /admin/imger/403.php?lokasie=%2Flib64%2F%2Flibparted.so.2&loknya=%2Flib64%2F HTTP/1.1" 301 795 "-" "Mozilla/5.0 AppleWebKit/537.36 (KHTML, like Gecko; compatible; GPTBot/1.2; +https://openai.com/gptbot)"
20.171.207.230 - - [03/Aug/2025:13:23:20 -0400] "GET /admin/imger/403.php?lokasie=%2Flib64%2F%2Flibrpmsign.so.8&loknya=%2Flib64%2F HTTP/1.1" 301 795 "-" "Mozilla/5.0 AppleWebKit/537.36 (KHTML, like Gecko; compatible; GPTBot/1.2; +https://openai.com/gptbot)"
20.171.207.230 - - [03/Aug/2025:13:23:23 -0400] "GET /admin/imger/403.php?lokasie=%2Flib64%2F%2Flibmspack.so.0&loknya=%2Flib64%2F HTTP/1.1" 301 795 "-" "Mozilla/5.0 AppleWebKit/537.36 (KHTML, like Gecko; compatible; GPTBot/1.2; +https://openai.com/gptbot)"
20.171.207.230 - - [03/Aug/2025:13:23:26 -0400] "GET /admin/imger/403.php?lokasie=%2Flib64%2F%2Flibauparse.so.0&loknya=%2Flib64%2F HTTP/1.1" 301 795 "-" "Mozilla/5.0 AppleWebKit/537.36 (KHTML, like Gecko; compatible; GPTBot/1.2; +https://openai.com/gptbot)"
20.171.207.230 - - [03/Aug/2025:13:23:27 -0400] "GET /admin/imger/403.php?lokasie=%2Flib64%2F%2Flibdhcpctl.so.0&loknya=%2Flib64%2F HTTP/1.1" 301 795 "-" "Mozilla/5.0 AppleWebKit/537.36 (KHTML, like Gecko; compatible; GPTBot/1.2; +https://openai.com/gptbot)"
20.171.207.230 - - [03/Aug/2025:13:23:33 -0400] "GET /admin/imger/403.php?lokasie=%2Flib64%2F%2Flibodbccr.so.2&loknya=%2Flib64%2F HTTP/1.1" 301 795 "-" "Mozilla/5.0 AppleWebKit/537.36 (KHTML, like Gecko; compatible; GPTBot/1.2; +https://openai.com/gptbot)"
20.171.207.230 - - [03/Aug/2025:13:23:34 -0400] "GET /admin/imger/403.php?lokasie=%2Flib64%2F%2Flibgearman.so.8&loknya=%2Flib64%2F HTTP/1.1" 301 795 "-" "Mozilla/5.0 AppleWebKit/537.36 (KHTML, like Gecko; compatible; GPTBot/1.2; +https://openai.com/gptbot)"
20.171.207.230 - - [03/Aug/2025:13:23:45 -0400] "GET /admin/imger/403.php?loknya=%2Fproc%2F2722246%2Froot%2Flib%2FNetworkManager HTTP/1.1" 301 795 "-" "Mozilla/5.0 AppleWebKit/537.36 (KHTML, like Gecko; compatible; GPTBot/1.2; +https://openai.com/gptbot)"
4.227.36.3 - - [03/Aug/2025:13:35:11 -0400] "GET /robots.txt HTTP/1.1" 301 795 "-" "Mozilla/5.0 AppleWebKit/537.36 (KHTML, like Gecko; compatible; GPTBot/1.2; +https://openai.com/gptbot)"
4.227.36.3 - - [03/Aug/2025:13:45:04 -0400] "GET /robots.txt HTTP/1.1" 301 795 "-" "Mozilla/5.0 AppleWebKit/537.36 (KHTML, like Gecko; compatible; GPTBot/1.2; +https://openai.com/gptbot)"
52.1.106.130 - - [03/Aug/2025:13:45:46 -0400] "GET /sros?tax=Punjab%20Province HTTP/1.1" 301 795 "-" "Mozilla/5.0 AppleWebKit/537.36 (KHTML, like Gecko; compatible; Amazonbot/0.1; +https://developer.amazon.com/support/amazonbot) Chrome/119.0.6045.214 Safari/537.36"
4.227.36.76 - - [03/Aug/2025:13:35:11 -0400] "GET /robots.txt HTTP/1.1" 301 795 "-" "Mozilla/5.0 AppleWebKit/537.36 (KHTML, like Gecko; compatible; GPTBot/1.2; +https://openai.com/gptbot)"
20.171.207.170 - - [03/Aug/2025:13:45:04 -0400] "GET / HTTP/1.1" 301 795 "-" "Mozilla/5.0 AppleWebKit/537.36 (KHTML, like Gecko; compatible; GPTBot/1.2; +https://openai.com/gptbot)"
68.218.88.48 - - [03/Aug/2025:13:52:29 -0400] "GET /wp-content/plugins/hellopress/wp_filemanager.php HTTP/1.1" 301 795 "-" "-"
68.218.88.48 - - [03/Aug/2025:13:52:31 -0400] "GET /ms-load.php HTTP/1.1" 301 795 "-" "-"
172.192.63.114 - - [03/Aug/2025:13:54:43 -0400] "GET /about.php?dir=/home/sarazi/public_html HTTP/1.1" 301 795 "-" "-"
172.192.63.114 - - [03/Aug/2025:13:54:43 -0400] "GET /cc.php%20/admin.php?fm=true&delete=license.txt&path=/www/wwwroot/www.globalcasinolist.net/ HTTP/1.1" 301 795 "-" "-"
172.192.63.114 - - [03/Aug/2025:13:54:45 -0400] "GET /wp-admin/css/colors/blue/index.php HTTP/1.1" 301 795 "-" "-"
172.192.63.114 - - [03/Aug/2025:13:54:45 -0400] "GET /filemanager.php HTTP/1.1" 301 795 "-" "-"
172.192.63.114 - - [03/Aug/2025:13:54:45 -0400] "GET /wp-info.php?p=%2Fhome%2Fkaltimti%2Finstaweb%2Fmimbar-minangnews.com%2Fnew HTTP/1.1" 301 795 "-" "-"
172.192.63.114 - - [03/Aug/2025:13:54:46 -0400] "GET /as.php?option&path=/home/mbeluggf/localmodelfreelance02.com HTTP/1.1" 301 795 "-" "-"
172.192.63.114 - - [03/Aug/2025:13:54:47 -0400] "GET /file.php?fm=true&delete=license.txt&path=/home10/joyncrafting/public_html/ HTTP/1.1" 301 795 "-" "-"
172.192.63.114 - - [03/Aug/2025:13:54:47 -0400] "GET /inputs.php HTTP/1.1" 301 795 "-" "-"
172.192.63.114 - - [03/Aug/2025:13:54:48 -0400] "GET /wp-includes/Text/network.php HTTP/1.1" 301 795 "-" "-"
172.192.63.114 - - [03/Aug/2025:13:54:48 -0400] "GET /wp-content/packed.php?option&path=/nas/content/live/commerceeq/wp-content HTTP/1.1" 301 795 "-" "-"
172.192.63.114 - - [03/Aug/2025:13:54:49 -0400] "GET /wp-content/themes/index.php HTTP/1.1" 301 795 "-" "-"
172.192.63.114 - - [03/Aug/2025:13:54:50 -0400] "GET /autoload_classmap.php HTTP/1.1" 301 795 "-" "-"
172.192.63.114 - - [03/Aug/2025:13:54:50 -0400] "GET /as.php HTTP/1.1" 301 795 "-" "-"
172.192.63.114 - - [03/Aug/2025:13:54:52 -0400] "GET /about/function.php HTTP/1.1" 301 795 "-" "-"
172.192.63.114 - - [03/Aug/2025:13:54:52 -0400] "GET /text.php?fm=true&delete=.htaccess&path=/home/ssbacha1/public_html/ HTTP/1.1" 301 795 "-" "-"
172.192.63.114 - - [03/Aug/2025:13:54:52 -0400] "GET /default.php HTTP/1.1" 301 795 "-" "-"
172.192.63.114 - - [03/Aug/2025:13:54:53 -0400] "GET /.well-known/acme-challenge/index.php HTTP/1.1" 301 795 "-" "-"
172.192.63.114 - - [03/Aug/2025:13:54:54 -0400] "GET /makeasmtp.php?p= HTTP/1.1" 301 795 "-" "-"
172.192.63.114 - - [03/Aug/2025:13:54:54 -0400] "GET /plugins.php HTTP/1.1" 301 795 "-" "-"
172.192.63.114 - - [03/Aug/2025:13:54:54 -0400] "GET /admin.php?fm=true&delete=license.txt&path=/www/wwwroot/www.globalcasinolist.net/ HTTP/1.1" 301 795 "-" "-"
172.192.63.114 - - [03/Aug/2025:13:54:55 -0400] "GET /atomlib.php HTTP/1.1" 301 795 "-" "-"
172.192.63.114 - - [03/Aug/2025:13:54:56 -0400] "GET /autoload_classmap.php?p= HTTP/1.1" 301 795 "-" "-"
172.192.63.114 - - [03/Aug/2025:13:54:56 -0400] "GET /wp-content/uploads/autoload_classmap.php HTTP/1.1" 301 795 "-" "-"
172.192.63.114 - - [03/Aug/2025:13:54:56 -0400] "GET /atomlib.php HTTP/1.1" 301 795 "-" "-"
172.192.63.114 - - [03/Aug/2025:13:54:57 -0400] "GET /autoload_classmap.php HTTP/1.1" 301 795 "-" "-"
172.192.63.114 - - [03/Aug/2025:13:54:58 -0400] "GET /home.php HTTP/1.1" 301 795 "-" "-"
172.192.63.114 - - [03/Aug/2025:13:54:58 -0400] "GET /.well-known/pki-validation/about.php?p= HTTP/1.1" 301 795 "-" "-"
